[INFO] fetching crate google-dataproc1 5.0.2+20230103...
[INFO] testing google-dataproc1-5.0.2+20230103 against 1.69.0 for beta-1.70-1
[INFO] extracting crate google-dataproc1 5.0.2+20230103 into /workspace/builds/worker-5-tc1/source
[INFO] validating manifest of crates.io crate google-dataproc1 5.0.2+20230103 on toolchain 1.69.0
[INFO] running `Command { std: CARGO_HOME="/workspace/cargo-home" RUSTUP_HOME="/workspace/rustup-home" "/workspace/cargo-home/bin/cargo" "+1.69.0" "metadata" "--manifest-path" "Cargo.toml" "--no-deps", kill_on_drop: false }`
[INFO] started tweaking crates.io crate google-dataproc1 5.0.2+20230103
[INFO] finished tweaking crates.io crate google-dataproc1 5.0.2+20230103
[INFO] tweaked toml for crates.io crate google-dataproc1 5.0.2+20230103 written to /workspace/builds/worker-5-tc1/source/Cargo.toml
[INFO] running `Command { std: CARGO_HOME="/workspace/cargo-home" RUSTUP_HOME="/workspace/rustup-home" __CARGO_TEST_CHANNEL_OVERRIDE_DO_NOT_USE_THIS="nightly" "/workspace/cargo-home/bin/cargo" "+1.69.0" "generate-lockfile" "--manifest-path" "Cargo.toml" "-Zno-index-update", kill_on_drop: false }`
[INFO] running `Command { std: CARGO_HOME="/workspace/cargo-home" RUSTUP_HOME="/workspace/rustup-home" "/workspace/cargo-home/bin/cargo" "+1.69.0" "fetch" "--manifest-path" "Cargo.toml", kill_on_drop: false }`
[INFO] [stderr]  Downloading crates ...
[INFO] [stderr]   Downloaded google-apis-common v5.0.4
[INFO] [stderr]   Downloaded yup-oauth2 v8.1.1
[INFO] running `Command { std: "docker" "create" "-v" "/var/lib/crater-agent-workspace/builds/worker-5-tc1/target:/opt/rustwide/target:rw,Z" "-v" "/var/lib/crater-agent-workspace/builds/worker-5-tc1/source:/opt/rustwide/workdir:ro,Z" "-v" "/var/lib/crater-agent-workspace/cargo-home:/opt/rustwide/cargo-home:ro,Z" "-v" "/var/lib/crater-agent-workspace/rustup-home:/opt/rustwide/rustup-home:ro,Z" "-e" "SOURCE_DIR=/opt/rustwide/workdir" "-e" "CARGO_TARGET_DIR=/opt/rustwide/target" "-e" "CARGO_HOME=/opt/rustwide/cargo-home" "-e" "RUSTUP_HOME=/opt/rustwide/rustup-home" "-w" "/opt/rustwide/workdir" "-m" "1610612736" "--user" "0:0" "--network" "none" "ghcr.io/rust-lang/crates-build-env/linux@sha256:5ff2268d62e97bff2cde7d5815dd6ed5b47097566f13b8d0ca110b04b60e07ed" "/opt/rustwide/cargo-home/bin/cargo" "+1.69.0" "metadata" "--no-deps" "--format-version=1", kill_on_drop: false }`
[INFO] [stdout] deacfb1b4a8caa5706b9c0d387615626c0330f88a4971d0b39227312f0ff0bf7
[INFO] running `Command { std: "docker" "start" "-a" "deacfb1b4a8caa5706b9c0d387615626c0330f88a4971d0b39227312f0ff0bf7", kill_on_drop: false }`
[INFO] running `Command { std: "docker" "inspect" "deacfb1b4a8caa5706b9c0d387615626c0330f88a4971d0b39227312f0ff0bf7", kill_on_drop: false }`
[INFO] running `Command { std: "docker" "rm" "-f" "deacfb1b4a8caa5706b9c0d387615626c0330f88a4971d0b39227312f0ff0bf7", kill_on_drop: false }`
[INFO] [stdout] deacfb1b4a8caa5706b9c0d387615626c0330f88a4971d0b39227312f0ff0bf7
[INFO] running `Command { std: "docker" "create" "-v" "/var/lib/crater-agent-workspace/builds/worker-5-tc1/target:/opt/rustwide/target:rw,Z" "-v" "/var/lib/crater-agent-workspace/builds/worker-5-tc1/source:/opt/rustwide/workdir:ro,Z" "-v" "/var/lib/crater-agent-workspace/cargo-home:/opt/rustwide/cargo-home:ro,Z" "-v" "/var/lib/crater-agent-workspace/rustup-home:/opt/rustwide/rustup-home:ro,Z" "-e" "SOURCE_DIR=/opt/rustwide/workdir" "-e" "CARGO_TARGET_DIR=/opt/rustwide/target" "-e" "CARGO_INCREMENTAL=0" "-e" "RUST_BACKTRACE=full" "-e" "RUSTFLAGS=--cap-lints=warn" "-e" "RUSTDOCFLAGS=--cap-lints=warn" "-e" "CARGO_HOME=/opt/rustwide/cargo-home" "-e" "RUSTUP_HOME=/opt/rustwide/rustup-home" "-w" "/opt/rustwide/workdir" "-m" "1610612736" "--user" "0:0" "--network" "none" "ghcr.io/rust-lang/crates-build-env/linux@sha256:5ff2268d62e97bff2cde7d5815dd6ed5b47097566f13b8d0ca110b04b60e07ed" "/opt/rustwide/cargo-home/bin/cargo" "+1.69.0" "build" "--frozen" "--message-format=json", kill_on_drop: false }`
[INFO] [stdout] dfc162873e9da6549817bf5ac8ffcf6780cde8f05a2708238acd209c7f33f845
[INFO] running `Command { std: "docker" "start" "-a" "dfc162873e9da6549817bf5ac8ffcf6780cde8f05a2708238acd209c7f33f845", kill_on_drop: false }`
[INFO] [stderr]    Compiling syn v2.0.15
[INFO] [stderr]    Compiling libc v0.2.142
[INFO] [stderr]    Compiling log v0.4.17
[INFO] [stderr]    Compiling futures-core v0.3.28
[INFO] [stderr]    Compiling fnv v1.0.7
[INFO] [stderr]    Compiling cc v1.0.79
[INFO] [stderr]    Compiling futures-channel v0.3.28
[INFO] [stderr]    Compiling futures-sink v0.3.28
[INFO] [stderr]    Compiling bytes v1.4.0
[INFO] [stderr]    Compiling tokio v1.28.0
[INFO] [stderr]    Compiling futures-util v0.3.28
[INFO] [stderr]    Compiling tracing-core v0.1.30
[INFO] [stderr]    Compiling indexmap v1.9.3
[INFO] [stderr]    Compiling unicode-bidi v0.3.13
[INFO] [stderr]    Compiling http v0.2.9
[INFO] [stderr]    Compiling rustls v0.20.8
[INFO] [stderr]    Compiling ident_case v1.0.1
[INFO] [stderr]    Compiling hashbrown v0.12.3
[INFO] [stderr]    Compiling tracing v0.1.37
[INFO] [stderr]    Compiling socket2 v0.4.9
[INFO] [stderr]    Compiling ring v0.16.20
[INFO] [stderr]    Compiling mio v0.8.6
[INFO] [stderr]    Compiling httparse v1.8.0
[INFO] [stderr]    Compiling strsim v0.10.0
[INFO] [stderr]    Compiling num-traits v0.2.15
[INFO] [stderr]    Compiling base64 v0.21.0
[INFO] [stderr]    Compiling try-lock v0.2.4
[INFO] [stderr]    Compiling want v0.3.0
[INFO] [stderr]    Compiling http-body v0.4.5
[INFO] [stderr]    Compiling num-integer v0.1.45
[INFO] [stderr]    Compiling rustls-pemfile v1.0.2
[INFO] [stderr]    Compiling async-trait v0.1.68
[INFO] [stderr]    Compiling httpdate v1.0.2
[INFO] [stderr]    Compiling tower-service v0.3.2
[INFO] [stderr]    Compiling serde_json v1.0.96
[INFO] [stderr]    Compiling rustls-native-certs v0.6.2
[INFO] [stderr]    Compiling idna v0.3.0
[INFO] [stderr]    Compiling either v1.8.1
[INFO] [stderr]    Compiling matches v0.1.10
[INFO] [stderr]    Compiling iana-time-zone v0.1.56
[INFO] [stderr]    Compiling seahash v4.1.0
[INFO] [stderr]    Compiling idna v0.1.5
[INFO] [stderr]    Compiling itertools v0.10.5
[INFO] [stderr]    Compiling base64 v0.13.1
[INFO] [stderr]    Compiling percent-encoding v1.0.1
[INFO] [stderr]    Compiling url v2.3.1
[INFO] [stderr]    Compiling mime v0.3.17
[INFO] [stderr]    Compiling url v1.7.2
[INFO] [stderr]    Compiling darling_core v0.20.0
[INFO] [stderr]    Compiling sct v0.7.0
[INFO] [stderr]    Compiling webpki v0.22.0
[INFO] [stderr]    Compiling tokio-macros v2.1.0
[INFO] [stderr]    Compiling futures-macro v0.3.28
[INFO] [stderr]    Compiling serde_derive v1.0.160
[INFO] [stderr]    Compiling darling_macro v0.20.0
[INFO] [stderr]    Compiling darling v0.20.0
[INFO] [stderr]    Compiling serde_with_macros v2.3.3
[INFO] [stderr]    Compiling serde v1.0.160
[INFO] [stderr]    Compiling futures-executor v0.3.28
[INFO] [stderr]    Compiling futures v0.3.28
[INFO] [stderr]    Compiling tokio-util v0.7.8
[INFO] [stderr]    Compiling tokio-rustls v0.23.4
[INFO] [stderr]    Compiling h2 v0.3.18
[INFO] [stderr]    Compiling time v0.3.20
[INFO] [stderr]    Compiling serde_with v2.3.3
[INFO] [stderr]    Compiling chrono v0.4.24
[INFO] [stderr]    Compiling hyper v0.14.26
[INFO] [stderr]    Compiling hyper-rustls v0.23.2
[INFO] [stderr]    Compiling yup-oauth2 v8.1.1
[INFO] [stderr]    Compiling google-apis-common v5.0.4
[INFO] [stderr]    Compiling google-dataproc1 v5.0.2+20230103 (/opt/rustwide/workdir)
[INFO] [stderr]     Finished dev [unoptimized + debuginfo] target(s) in 1m 54s
[INFO] running `Command { std: "docker" "inspect" "dfc162873e9da6549817bf5ac8ffcf6780cde8f05a2708238acd209c7f33f845", kill_on_drop: false }`
[INFO] running `Command { std: "docker" "rm" "-f" "dfc162873e9da6549817bf5ac8ffcf6780cde8f05a2708238acd209c7f33f845", kill_on_drop: false }`
[INFO] [stdout] dfc162873e9da6549817bf5ac8ffcf6780cde8f05a2708238acd209c7f33f845
[INFO] running `Command { std: "docker" "create" "-v" "/var/lib/crater-agent-workspace/builds/worker-5-tc1/target:/opt/rustwide/target:rw,Z" "-v" "/var/lib/crater-agent-workspace/builds/worker-5-tc1/source:/opt/rustwide/workdir:ro,Z" "-v" "/var/lib/crater-agent-workspace/cargo-home:/opt/rustwide/cargo-home:ro,Z" "-v" "/var/lib/crater-agent-workspace/rustup-home:/opt/rustwide/rustup-home:ro,Z" "-e" "SOURCE_DIR=/opt/rustwide/workdir" "-e" "CARGO_TARGET_DIR=/opt/rustwide/target" "-e" "CARGO_INCREMENTAL=0" "-e" "RUST_BACKTRACE=full" "-e" "RUSTFLAGS=--cap-lints=warn" "-e" "RUSTDOCFLAGS=--cap-lints=warn" "-e" "CARGO_HOME=/opt/rustwide/cargo-home" "-e" "RUSTUP_HOME=/opt/rustwide/rustup-home" "-w" "/opt/rustwide/workdir" "-m" "1610612736" "--user" "0:0" "--network" "none" "ghcr.io/rust-lang/crates-build-env/linux@sha256:5ff2268d62e97bff2cde7d5815dd6ed5b47097566f13b8d0ca110b04b60e07ed" "/opt/rustwide/cargo-home/bin/cargo" "+1.69.0" "test" "--frozen" "--no-run" "--message-format=json", kill_on_drop: false }`
[INFO] [stdout] c58590ccfe62463334f2f58885fc484ee04447fdee5e4bd7aa93d97b538c3c90
[INFO] running `Command { std: "docker" "start" "-a" "c58590ccfe62463334f2f58885fc484ee04447fdee5e4bd7aa93d97b538c3c90", kill_on_drop: false }`
[INFO] [stderr]     Blocking waiting for file lock on package cache
[INFO] [stderr]    Compiling google-dataproc1 v5.0.2+20230103 (/opt/rustwide/workdir)
[INFO] [stderr]     Finished test [unoptimized + debuginfo] target(s) in 7.44s
[INFO] running `Command { std: "docker" "inspect" "c58590ccfe62463334f2f58885fc484ee04447fdee5e4bd7aa93d97b538c3c90", kill_on_drop: false }`
[INFO] running `Command { std: "docker" "rm" "-f" "c58590ccfe62463334f2f58885fc484ee04447fdee5e4bd7aa93d97b538c3c90", kill_on_drop: false }`
[INFO] [stdout] c58590ccfe62463334f2f58885fc484ee04447fdee5e4bd7aa93d97b538c3c90
[INFO] running `Command { std: "docker" "create" "-v" "/var/lib/crater-agent-workspace/builds/worker-5-tc1/target:/opt/rustwide/target:rw,Z" "-v" "/var/lib/crater-agent-workspace/builds/worker-5-tc1/source:/opt/rustwide/workdir:ro,Z" "-v" "/var/lib/crater-agent-workspace/cargo-home:/opt/rustwide/cargo-home:ro,Z" "-v" "/var/lib/crater-agent-workspace/rustup-home:/opt/rustwide/rustup-home:ro,Z" "-e" "SOURCE_DIR=/opt/rustwide/workdir" "-e" "CARGO_TARGET_DIR=/opt/rustwide/target" "-e" "CARGO_INCREMENTAL=0" "-e" "RUST_BACKTRACE=full" "-e" "RUSTFLAGS=--cap-lints=warn" "-e" "RUSTDOCFLAGS=--cap-lints=warn" "-e" "CARGO_HOME=/opt/rustwide/cargo-home" "-e" "RUSTUP_HOME=/opt/rustwide/rustup-home" "-w" "/opt/rustwide/workdir" "-m" "1610612736" "--user" "0:0" "--network" "none" "ghcr.io/rust-lang/crates-build-env/linux@sha256:5ff2268d62e97bff2cde7d5815dd6ed5b47097566f13b8d0ca110b04b60e07ed" "/opt/rustwide/cargo-home/bin/cargo" "+1.69.0" "test" "--frozen", kill_on_drop: false }`
[INFO] [stdout] 604f42e7d5164335a71cc5d901116b11fd2f6d64ba66d9949e7ff375b809cf6c
[INFO] running `Command { std: "docker" "start" "-a" "604f42e7d5164335a71cc5d901116b11fd2f6d64ba66d9949e7ff375b809cf6c", kill_on_drop: false }`
[INFO] [stderr]     Finished test [unoptimized + debuginfo] target(s) in 0.22s
[INFO] [stderr]      Running unittests src/lib.rs (/opt/rustwide/target/debug/deps/google_dataproc1-ed8dd6658983d4f2)
[INFO] [stdout] 
[INFO] [stdout] running 0 tests
[INFO] [stdout] 
[INFO] [stdout] test result: ok. 0 passed; 0 failed; 0 ignored; 0 measured; 0 filtered out; finished in 0.00s
[INFO] [stdout] 
[INFO] [stderr]    Doc-tests google-dataproc1
[INFO] [stdout] 
[INFO] [stdout] running 81 tests
[INFO] [stdout] test src/api.rs - api::ProjectLocationAutoscalingPolicyTestIamPermissionCall (line 6614) - compile ... ok
[INFO] [stdout] test src/api.rs - api::ProjectLocationAutoscalingPolicyGetIamPolicyCall (line 5747) - compile ... ok
[INFO] [stdout] test src/api.rs - api::ProjectLocationAutoscalingPolicyGetCall (line 5486) - compile ... ok
[INFO] [stdout] test src/api.rs - api::ProjectLocationAutoscalingPolicySetIamPolicyCall (line 6323) - compile ... ok
[INFO] [stdout] test src/api.rs - api::ProjectLocationAutoscalingPolicyCreateCall (line 4934) - compile ... ok
[INFO] [stdout] test src/api.rs - api::ProjectLocationAutoscalingPolicyDeleteCall (line 5225) - compile ... ok
[INFO] [stdout] test src/api.rs - api::ProjectLocationAutoscalingPolicyListCall (line 6038) - compile ... ok
[INFO] [stdout] test src/api.rs - api::Dataproc (line 58) - compile ... FAILED
[INFO] [stdout] test src/api.rs - api::ProjectLocationBatchCreateCall (line 7196) - compile ... ok
[INFO] [stdout] test src/api.rs - api::ProjectLocationAutoscalingPolicyUpdateCall (line 6905) - compile ... ok
[INFO] [stdout] test src/api.rs - api::ProjectLocationOperationCancelCall (line 8318) - compile ... ok
[INFO] [stdout] test src/api.rs - api::ProjectLocationBatchDeleteCall (line 7511) - compile ... ok
[INFO] [stdout] test src/api.rs - api::ProjectLocationBatchGetCall (line 7772) - compile ... ok
[INFO] [stdout] test src/api.rs - api::ProjectLocationBatchListCall (line 8033) - compile ... ok
[INFO] [stdout] test src/api.rs - api::ProjectLocationOperationDeleteCall (line 8579) - compile ... ok
[INFO] [stdout] test src/api.rs - api::ProjectLocationOperationListCall (line 9101) - compile ... ok
[INFO] [stdout] test src/api.rs - api::ProjectLocationWorkflowTemplateCreateCall (line 9398) - compile ... ok
[INFO] [stdout] test src/api.rs - api::ProjectLocationWorkflowTemplateDeleteCall (line 9689) - compile ... ok
[INFO] [stdout] test src/api.rs - api::ProjectLocationWorkflowTemplateGetCall (line 9962) - compile ... ok
[INFO] [stdout] test src/api.rs - api::ProjectLocationOperationGetCall (line 8840) - compile ... ok
[INFO] [stdout] test src/api.rs - api::ProjectLocationWorkflowTemplateInstantiateCall (line 10526) - compile ... ok
[INFO] [stdout] test src/api.rs - api::ProjectLocationWorkflowTemplateGetIamPolicyCall (line 10235) - compile ... ok
[INFO] [stdout] test src/api.rs - api::ProjectLocationWorkflowTemplateSetIamPolicyCall (line 11405) - compile ... ok
[INFO] [stdout] test src/api.rs - api::ProjectLocationWorkflowTemplateListCall (line 11120) - compile ... ok
[INFO] [stdout] test src/api.rs - api::ProjectLocationWorkflowTemplateInstantiateInlineCall (line 10817) - compile ... ok
[INFO] [stdout] test src/api.rs - api::ProjectLocationWorkflowTemplateTestIamPermissionCall (line 11696) - compile ... ok
[INFO] [stdout] test src/api.rs - api::ProjectLocationWorkflowTemplateUpdateCall (line 11987) - compile ... ok
[INFO] [stdout] test src/api.rs - api::ProjectMethods (line 3382) - compile ... ok
[INFO] [stdout] test src/api.rs - api::ProjectRegionAutoscalingPolicyCreateCall (line 12278) - compile ... ok
[INFO] [stdout] test src/api.rs - api::ProjectRegionAutoscalingPolicyGetCall (line 12830) - compile ... ok
[INFO] [stdout] test src/api.rs - api::ProjectRegionAutoscalingPolicyDeleteCall (line 12569) - compile ... ok
[INFO] [stdout] test src/api.rs - api::ProjectRegionAutoscalingPolicyGetIamPolicyCall (line 13091) - compile ... ok
[INFO] [stdout] test src/api.rs - api::ProjectRegionAutoscalingPolicyListCall (line 13382) - compile ... ok
[INFO] [stdout] test src/api.rs - api::ProjectRegionAutoscalingPolicySetIamPolicyCall (line 13667) - compile ... ok
[INFO] [stdout] test src/api.rs - api::ProjectRegionAutoscalingPolicyUpdateCall (line 14249) - compile ... ok
[INFO] [stdout] test src/api.rs - api::ProjectRegionClusterDiagnoseCall (line 16043) - compile ... ok
[INFO] [stdout] test src/api.rs - api::ProjectRegionAutoscalingPolicyTestIamPermissionCall (line 13958) - compile ... ok
[INFO] [stdout] test src/api.rs - api::ProjectRegionClusterCreateCall (line 15407) - compile ... ok
[INFO] [stdout] test src/api.rs - api::ProjectRegionClusterDeleteCall (line 15734) - compile ... ok
[INFO] [stdout] test src/api.rs - api::ProjectRegionClusterGetIamPolicyCall (line 16643) - compile ... ok
[INFO] [stdout] test src/api.rs - api::ProjectRegionClusterGetCall (line 16358) - compile ... ok
[INFO] [stdout] test src/api.rs - api::ProjectRegionClusterInjectCredentialCall (line 16934) - compile ... ok
[INFO] [stdout] test src/api.rs - api::ProjectRegionClusterListCall (line 17249) - compile ... ok
[INFO] [stdout] test src/api.rs - api::ProjectRegionClusterNodeGroupResizeCall (line 15116) - compile ... ok
[INFO] [stdout] test src/api.rs - api::ProjectRegionClusterNodeGroupCreateCall (line 14540) - compile ... ok
[INFO] [stdout] test src/api.rs - api::ProjectRegionClusterNodeGroupGetCall (line 14855) - compile ... ok
[INFO] [stdout] test src/api.rs - api::ProjectRegionClusterRepairCall (line 17909) - compile ... ok
[INFO] [stdout] test src/api.rs - api::ProjectRegionClusterSetIamPolicyCall (line 18224) - compile ... ok
[INFO] [stdout] test src/api.rs - api::ProjectRegionClusterStopCall (line 18830) - compile ... ok
[INFO] [stdout] test src/api.rs - api::ProjectRegionClusterTestIamPermissionCall (line 19145) - compile ... ok
[INFO] [stdout] test src/api.rs - api::ProjectRegionClusterStartCall (line 18515) - compile ... ok
[INFO] [stdout] test src/api.rs - api::ProjectRegionClusterPatchCall (line 17558) - compile ... FAILED
[INFO] [stdout] test src/api.rs - api::ProjectRegionJobDeleteCall (line 19751) - compile ... ok
[INFO] [stdout] test src/api.rs - api::ProjectRegionJobCancelCall (line 19436) - compile ... ok
[INFO] [stdout] test src/api.rs - api::ProjectRegionJobGetCall (line 20036) - compile ... ok
[INFO] [stdout] test src/api.rs - api::ProjectRegionJobGetIamPolicyCall (line 20321) - compile ... ok
[INFO] [stdout] test src/api.rs - api::ProjectRegionJobPatchCall (line 20945) - compile ... FAILED
[INFO] [stdout] test src/api.rs - api::ProjectRegionJobSubmitAsOperationCall (line 21866) - compile ... ok
[INFO] [stdout] test src/api.rs - api::ProjectRegionJobListCall (line 20612) - compile ... ok
[INFO] [stdout] test src/api.rs - api::ProjectRegionJobSetIamPolicyCall (line 21272) - compile ... ok
[INFO] [stdout] test src/api.rs - api::ProjectRegionJobTestIamPermissionCall (line 22169) - compile ... ok
[INFO] [stdout] test src/api.rs - api::ProjectRegionOperationDeleteCall (line 22721) - compile ... ok
[INFO] [stdout] test src/api.rs - api::ProjectRegionJobSubmitCall (line 21563) - compile ... ok
[INFO] [stdout] test src/api.rs - api::ProjectRegionOperationCancelCall (line 22460) - compile ... ok
[INFO] [stdout] test src/api.rs - api::ProjectRegionOperationListCall (line 23534) - compile ... ok
[INFO] [stdout] test src/api.rs - api::ProjectRegionWorkflowTemplateGetCall (line 24977) - compile ... ok
[INFO] [stdout] test src/api.rs - api::ProjectRegionWorkflowTemplateCreateCall (line 24413) - compile ... ok
[INFO] [stdout] test src/api.rs - api::ProjectRegionOperationGetCall (line 22982) - compile ... ok
[INFO] [stdout] test src/api.rs - api::ProjectRegionOperationGetIamPolicyCall (line 23243) - compile ... ok
[INFO] [stdout] test src/api.rs - api::ProjectRegionWorkflowTemplateDeleteCall (line 24704) - compile ... ok
[INFO] [stdout] test src/api.rs - api::ProjectRegionOperationSetIamPolicyCall (line 23831) - compile ... ok
[INFO] [stdout] test src/api.rs - api::ProjectRegionOperationTestIamPermissionCall (line 24122) - compile ... ok
[INFO] [stdout] test src/lib.rs - (line 49) ... ignored
[INFO] [stdout] test src/api.rs - api::ProjectRegionWorkflowTemplateGetIamPolicyCall (line 25250) - compile ... ok
[INFO] [stdout] test src/api.rs - api::ProjectRegionWorkflowTemplateInstantiateCall (line 25541) - compile ... ok
[INFO] [stdout] test src/api.rs - api::ProjectRegionWorkflowTemplateInstantiateInlineCall (line 25832) - compile ... ok
[INFO] [stdout] test src/api.rs - api::ProjectRegionWorkflowTemplateListCall (line 26135) - compile ... ok
[INFO] [stdout] test src/api.rs - api::ProjectRegionWorkflowTemplateSetIamPolicyCall (line 26420) - compile ... ok
[INFO] [stdout] test src/api.rs - api::ProjectRegionWorkflowTemplateUpdateCall (line 27002) - compile ... ok
[INFO] [stdout] test src/api.rs - api::ProjectRegionWorkflowTemplateTestIamPermissionCall (line 26711) - compile ... ok
[INFO] [stdout] test src/lib.rs - (line 90) - compile ... FAILED
[INFO] [stdout] 
[INFO] [stdout] failures:
[INFO] [stdout] 
[INFO] [stdout] ---- src/api.rs - api::Dataproc (line 58) stdout ----
[INFO] [stdout] error[E0308]: mismatched types
[INFO] [stdout]      --> src/api.rs:90:27
[INFO] [stdout]       |
[INFO] [stdout] 33    |              .update_mask(&Default::default())
[INFO] [stdout]       |               ----------- ^^^^^^^^^^^^^^^^^^^ expected `FieldMask`, found `&_`
[INFO] [stdout]       |               |
[INFO] [stdout]       |               arguments to this method are incorrect
[INFO] [stdout]       |
[INFO] [stdout]       = note: expected struct `FieldMask`
[INFO] [stdout]               found reference `&_`
[INFO] [stdout] note: method defined here
[INFO] [stdout]      --> /opt/rustwide/workdir/src/api.rs:17807:12
[INFO] [stdout]       |
[INFO] [stdout] 17807 |     pub fn update_mask(mut self, new_value: client::FieldMask) -> ProjectRegionClusterPatchCall<'a, S> {
[INFO] [stdout]       |            ^^^^^^^^^^^
[INFO] [stdout] help: consider removing the borrow
[INFO] [stdout]       |
[INFO] [stdout] 33    -              .update_mask(&Default::default())
[INFO] [stdout] 33    +              .update_mask(Default::default())
[INFO] [stdout]       |
[INFO] [stdout] 
[INFO] [stdout] error: aborting due to previous error
[INFO] [stdout] 
[INFO] [stdout] For more information about this error, try `rustc --explain E0308`.
[INFO] [stdout] Couldn't compile the test.
[INFO] [stdout] ---- src/api.rs - api::ProjectRegionClusterPatchCall (line 17558) stdout ----
[INFO] [stdout] error[E0308]: mismatched types
[INFO] [stdout]      --> src/api.rs:17582:27
[INFO] [stdout]       |
[INFO] [stdout] 25    |              .update_mask(&Default::default())
[INFO] [stdout]       |               ----------- ^^^^^^^^^^^^^^^^^^^ expected `FieldMask`, found `&_`
[INFO] [stdout]       |               |
[INFO] [stdout]       |               arguments to this method are incorrect
[INFO] [stdout]       |
[INFO] [stdout]       = note: expected struct `FieldMask`
[INFO] [stdout]               found reference `&_`
[INFO] [stdout] note: method defined here
[INFO] [stdout]      --> /opt/rustwide/workdir/src/api.rs:17807:12
[INFO] [stdout]       |
[INFO] [stdout] 17807 |     pub fn update_mask(mut self, new_value: client::FieldMask) -> ProjectRegionClusterPatchCall<'a, S> {
[INFO] [stdout]       |            ^^^^^^^^^^^
[INFO] [stdout] help: consider removing the borrow
[INFO] [stdout]       |
[INFO] [stdout] 25    -              .update_mask(&Default::default())
[INFO] [stdout] 25    +              .update_mask(Default::default())
[INFO] [stdout]       |
[INFO] [stdout] 
[INFO] [stdout] error: aborting due to previous error
[INFO] [stdout] 
[INFO] [stdout] For more information about this error, try `rustc --explain E0308`.
[INFO] [stdout] Couldn't compile the test.
[INFO] [stdout] ---- src/api.rs - api::ProjectRegionJobPatchCall (line 20945) stdout ----
[INFO] [stdout] error[E0308]: mismatched types
[INFO] [stdout]      --> src/api.rs:20969:27
[INFO] [stdout]       |
[INFO] [stdout] 25    |              .update_mask(&Default::default())
[INFO] [stdout]       |               ----------- ^^^^^^^^^^^^^^^^^^^ expected `FieldMask`, found `&_`
[INFO] [stdout]       |               |
[INFO] [stdout]       |               arguments to this method are incorrect
[INFO] [stdout]       |
[INFO] [stdout]       = note: expected struct `FieldMask`
[INFO] [stdout]               found reference `&_`
[INFO] [stdout] note: method defined here
[INFO] [stdout]      --> /opt/rustwide/workdir/src/api.rs:21184:12
[INFO] [stdout]       |
[INFO] [stdout] 21184 |     pub fn update_mask(mut self, new_value: client::FieldMask) -> ProjectRegionJobPatchCall<'a, S> {
[INFO] [stdout]       |            ^^^^^^^^^^^
[INFO] [stdout] help: consider removing the borrow
[INFO] [stdout]       |
[INFO] [stdout] 25    -              .update_mask(&Default::default())
[INFO] [stdout] 25    +              .update_mask(Default::default())
[INFO] [stdout]       |
[INFO] [stdout] 
[INFO] [stdout] error: aborting due to previous error
[INFO] [stdout] 
[INFO] [stdout] For more information about this error, try `rustc --explain E0308`.
[INFO] [stdout] Couldn't compile the test.
[INFO] [stdout] ---- src/lib.rs - (line 90) stdout ----
[INFO] [stdout] error[E0308]: mismatched types
[INFO] [stdout]      --> src/lib.rs:122:27
[INFO] [stdout]       |
[INFO] [stdout] 33    |              .update_mask(&Default::default())
[INFO] [stdout]       |               ----------- ^^^^^^^^^^^^^^^^^^^ expected `FieldMask`, found `&_`
[INFO] [stdout]       |               |
[INFO] [stdout]       |               arguments to this method are incorrect
[INFO] [stdout]       |
[INFO] [stdout]       = note: expected struct `FieldMask`
[INFO] [stdout]               found reference `&_`
[INFO] [stdout] note: method defined here
[INFO] [stdout]      --> /opt/rustwide/workdir/src/api.rs:17807:12
[INFO] [stdout]       |
[INFO] [stdout] 17807 |     pub fn update_mask(mut self, new_value: client::FieldMask) -> ProjectRegionClusterPatchCall<'a, S> {
[INFO] [stdout]       |            ^^^^^^^^^^^
[INFO] [stdout] help: consider removing the borrow
[INFO] [stdout]       |
[INFO] [stdout] 33    -              .update_mask(&Default::default())
[INFO] [stdout] 33    +              .update_mask(Default::default())
[INFO] [stdout]       |
[INFO] [stdout] 
[INFO] [stdout] error: aborting due to previous error
[INFO] [stdout] 
[INFO] [stdout] For more information about this error, try `rustc --explain E0308`.
[INFO] [stdout] Couldn't compile the test.
[INFO] [stdout] 
[INFO] [stdout] failures:
[INFO] [stdout]     src/api.rs - api::Dataproc (line 58)
[INFO] [stdout]     src/api.rs - api::ProjectRegionClusterPatchCall (line 17558)
[INFO] [stdout]     src/api.rs - api::ProjectRegionJobPatchCall (line 20945)
[INFO] [stdout]     src/lib.rs - (line 90)
[INFO] [stdout] 
[INFO] [stdout] test result: FAILED. 76 passed; 4 failed; 1 ignored; 0 measured; 0 filtered out; finished in 5.57s
[INFO] [stdout] 
[INFO] [stderr] error: doctest failed, to rerun pass `--doc`
[INFO] running `Command { std: "docker" "inspect" "604f42e7d5164335a71cc5d901116b11fd2f6d64ba66d9949e7ff375b809cf6c", kill_on_drop: false }`
[INFO] running `Command { std: "docker" "rm" "-f" "604f42e7d5164335a71cc5d901116b11fd2f6d64ba66d9949e7ff375b809cf6c", kill_on_drop: false }`
[INFO] [stdout] 604f42e7d5164335a71cc5d901116b11fd2f6d64ba66d9949e7ff375b809cf6c
