[INFO] fetching crate google-datacatalog1_beta1 5.0.2+20230117...
[INFO] testing google-datacatalog1_beta1-5.0.2+20230117 against 1.69.0 for beta-1.70-1
[INFO] extracting crate google-datacatalog1_beta1 5.0.2+20230117 into /workspace/builds/worker-5-tc1/source
[INFO] validating manifest of crates.io crate google-datacatalog1_beta1 5.0.2+20230117 on toolchain 1.69.0
[INFO] running `Command { std: CARGO_HOME="/workspace/cargo-home" RUSTUP_HOME="/workspace/rustup-home" "/workspace/cargo-home/bin/cargo" "+1.69.0" "metadata" "--manifest-path" "Cargo.toml" "--no-deps", kill_on_drop: false }`
[INFO] started tweaking crates.io crate google-datacatalog1_beta1 5.0.2+20230117
[INFO] finished tweaking crates.io crate google-datacatalog1_beta1 5.0.2+20230117
[INFO] tweaked toml for crates.io crate google-datacatalog1_beta1 5.0.2+20230117 written to /workspace/builds/worker-5-tc1/source/Cargo.toml
[INFO] running `Command { std: CARGO_HOME="/workspace/cargo-home" RUSTUP_HOME="/workspace/rustup-home" __CARGO_TEST_CHANNEL_OVERRIDE_DO_NOT_USE_THIS="nightly" "/workspace/cargo-home/bin/cargo" "+1.69.0" "generate-lockfile" "--manifest-path" "Cargo.toml" "-Zno-index-update", kill_on_drop: false }`
[INFO] running `Command { std: CARGO_HOME="/workspace/cargo-home" RUSTUP_HOME="/workspace/rustup-home" "/workspace/cargo-home/bin/cargo" "+1.69.0" "fetch" "--manifest-path" "Cargo.toml", kill_on_drop: false }`
[INFO] running `Command { std: "docker" "create" "-v" "/var/lib/crater-agent-workspace/builds/worker-5-tc1/target:/opt/rustwide/target:rw,Z" "-v" "/var/lib/crater-agent-workspace/builds/worker-5-tc1/source:/opt/rustwide/workdir:ro,Z" "-v" "/var/lib/crater-agent-workspace/cargo-home:/opt/rustwide/cargo-home:ro,Z" "-v" "/var/lib/crater-agent-workspace/rustup-home:/opt/rustwide/rustup-home:ro,Z" "-e" "SOURCE_DIR=/opt/rustwide/workdir" "-e" "CARGO_TARGET_DIR=/opt/rustwide/target" "-e" "CARGO_HOME=/opt/rustwide/cargo-home" "-e" "RUSTUP_HOME=/opt/rustwide/rustup-home" "-w" "/opt/rustwide/workdir" "-m" "1610612736" "--user" "0:0" "--network" "none" "ghcr.io/rust-lang/crates-build-env/linux@sha256:5ff2268d62e97bff2cde7d5815dd6ed5b47097566f13b8d0ca110b04b60e07ed" "/opt/rustwide/cargo-home/bin/cargo" "+1.69.0" "metadata" "--no-deps" "--format-version=1", kill_on_drop: false }`
[INFO] [stdout] 6757c3b2a7ec5855dac94c4a67ac6943fcec435baefef2100f2a4f49d88ffd6e
[INFO] running `Command { std: "docker" "start" "-a" "6757c3b2a7ec5855dac94c4a67ac6943fcec435baefef2100f2a4f49d88ffd6e", kill_on_drop: false }`
[INFO] running `Command { std: "docker" "inspect" "6757c3b2a7ec5855dac94c4a67ac6943fcec435baefef2100f2a4f49d88ffd6e", kill_on_drop: false }`
[INFO] running `Command { std: "docker" "rm" "-f" "6757c3b2a7ec5855dac94c4a67ac6943fcec435baefef2100f2a4f49d88ffd6e", kill_on_drop: false }`
[INFO] [stdout] 6757c3b2a7ec5855dac94c4a67ac6943fcec435baefef2100f2a4f49d88ffd6e
[INFO] running `Command { std: "docker" "create" "-v" "/var/lib/crater-agent-workspace/builds/worker-5-tc1/target:/opt/rustwide/target:rw,Z" "-v" "/var/lib/crater-agent-workspace/builds/worker-5-tc1/source:/opt/rustwide/workdir:ro,Z" "-v" "/var/lib/crater-agent-workspace/cargo-home:/opt/rustwide/cargo-home:ro,Z" "-v" "/var/lib/crater-agent-workspace/rustup-home:/opt/rustwide/rustup-home:ro,Z" "-e" "SOURCE_DIR=/opt/rustwide/workdir" "-e" "CARGO_TARGET_DIR=/opt/rustwide/target" "-e" "CARGO_INCREMENTAL=0" "-e" "RUST_BACKTRACE=full" "-e" "RUSTFLAGS=--cap-lints=warn" "-e" "RUSTDOCFLAGS=--cap-lints=warn" "-e" "CARGO_HOME=/opt/rustwide/cargo-home" "-e" "RUSTUP_HOME=/opt/rustwide/rustup-home" "-w" "/opt/rustwide/workdir" "-m" "1610612736" "--user" "0:0" "--network" "none" "ghcr.io/rust-lang/crates-build-env/linux@sha256:5ff2268d62e97bff2cde7d5815dd6ed5b47097566f13b8d0ca110b04b60e07ed" "/opt/rustwide/cargo-home/bin/cargo" "+1.69.0" "build" "--frozen" "--message-format=json", kill_on_drop: false }`
[INFO] [stdout] de55d36f367c50ef137afe040373c4790be2c8e1ca0b15a04112b789abf3bd91
[INFO] running `Command { std: "docker" "start" "-a" "de55d36f367c50ef137afe040373c4790be2c8e1ca0b15a04112b789abf3bd91", kill_on_drop: false }`
[INFO] [stderr]    Compiling proc-macro2 v1.0.56
[INFO] [stderr]    Compiling quote v1.0.26
[INFO] [stderr]    Compiling unicode-ident v1.0.8
[INFO] [stderr]    Compiling autocfg v1.1.0
[INFO] [stderr]    Compiling libc v0.2.142
[INFO] [stderr]    Compiling pin-project-lite v0.2.9
[INFO] [stderr]    Compiling log v0.4.17
[INFO] [stderr]    Compiling once_cell v1.17.1
[INFO] [stderr]    Compiling fnv v1.0.7
[INFO] [stderr]    Compiling futures-core v0.3.28
[INFO] [stderr]    Compiling cc v1.0.79
[INFO] [stderr]    Compiling bytes v1.4.0
[INFO] [stderr]    Compiling memchr v2.5.0
[INFO] [stderr]    Compiling futures-sink v0.3.28
[INFO] [stderr]    Compiling futures-channel v0.3.28
[INFO] [stderr]    Compiling futures-task v0.3.28
[INFO] [stderr]    Compiling futures-util v0.3.28
[INFO] [stderr]    Compiling serde_derive v1.0.160
[INFO] [stderr]    Compiling futures-io v0.3.28
[INFO] [stderr]    Compiling pin-utils v0.1.0
[INFO] [stderr]    Compiling tinyvec_macros v0.1.1
[INFO] [stderr]    Compiling spin v0.5.2
[INFO] [stderr]    Compiling untrusted v0.7.1
[INFO] [stderr]    Compiling itoa v1.0.6
[INFO] [stderr]    Compiling serde v1.0.160
[INFO] [stderr]    Compiling tinyvec v1.6.0
[INFO] [stderr]    Compiling tracing-core v0.1.30
[INFO] [stderr]    Compiling slab v0.4.8
[INFO] [stderr]    Compiling tokio v1.28.0
[INFO] [stderr]    Compiling indexmap v1.9.3
[INFO] [stderr]    Compiling http v0.2.9
[INFO] [stderr]    Compiling hashbrown v0.12.3
[INFO] [stderr]    Compiling unicode-bidi v0.3.13
[INFO] [stderr]    Compiling rustls v0.20.8
[INFO] [stderr]    Compiling tracing v0.1.37
[INFO] [stderr]    Compiling ident_case v1.0.1
[INFO] [stderr]    Compiling httparse v1.8.0
[INFO] [stderr]    Compiling syn v2.0.15
[INFO] [stderr]    Compiling socket2 v0.4.9
[INFO] [stderr]    Compiling mio v0.8.6
[INFO] [stderr]    Compiling strsim v0.10.0
[INFO] [stderr]    Compiling num-traits v0.2.15
[INFO] [stderr]    Compiling base64 v0.21.0
[INFO] [stderr]    Compiling try-lock v0.2.4
[INFO] [stderr]    Compiling want v0.3.0
[INFO] [stderr]    Compiling num-integer v0.1.45
[INFO] [stderr]    Compiling unicode-normalization v0.1.22
[INFO] [stderr]    Compiling rustls-pemfile v1.0.2
[INFO] [stderr]    Compiling http-body v0.4.5
[INFO] [stderr]    Compiling percent-encoding v2.2.0
[INFO] [stderr]    Compiling openssl-probe v0.1.5
[INFO] [stderr]    Compiling anyhow v1.0.71
[INFO] [stderr]    Compiling ring v0.16.20
[INFO] [stderr]    Compiling tower-service v0.3.2
[INFO] [stderr]    Compiling async-trait v0.1.68
[INFO] [stderr]    Compiling serde_json v1.0.96
[INFO] [stderr]    Compiling httpdate v1.0.2
[INFO] [stderr]    Compiling form_urlencoded v1.1.0
[INFO] [stderr]    Compiling idna v0.3.0
[INFO] [stderr]    Compiling rustls-native-certs v0.6.2
[INFO] [stderr]    Compiling ryu v1.0.13
[INFO] [stderr]    Compiling matches v0.1.10
[INFO] [stderr]    Compiling either v1.8.1
[INFO] [stderr]    Compiling time-core v0.1.0
[INFO] [stderr]    Compiling num_threads v0.1.6
[INFO] [stderr]    Compiling idna v0.1.5
[INFO] [stderr]    Compiling seahash v4.1.0
[INFO] [stderr]    Compiling iana-time-zone v0.1.56
[INFO] [stderr]    Compiling percent-encoding v1.0.1
[INFO] [stderr]    Compiling itertools v0.10.5
[INFO] [stderr]    Compiling base64 v0.13.1
[INFO] [stderr]    Compiling mime v0.3.17
[INFO] [stderr]    Compiling url v2.3.1
[INFO] [stderr]    Compiling url v1.7.2
[INFO] [stderr]    Compiling darling_core v0.20.0
[INFO] [stderr]    Compiling webpki v0.22.0
[INFO] [stderr]    Compiling sct v0.7.0
[INFO] [stderr]    Compiling futures-macro v0.3.28
[INFO] [stderr]    Compiling tokio-macros v2.1.0
[INFO] [stderr]    Compiling darling_macro v0.20.0
[INFO] [stderr]    Compiling darling v0.20.0
[INFO] [stderr]    Compiling serde_with_macros v2.3.3
[INFO] [stderr]    Compiling futures-executor v0.3.28
[INFO] [stderr]    Compiling futures v0.3.28
[INFO] [stderr]    Compiling tokio-util v0.7.8
[INFO] [stderr]    Compiling tokio-rustls v0.23.4
[INFO] [stderr]    Compiling h2 v0.3.18
[INFO] [stderr]    Compiling time v0.3.20
[INFO] [stderr]    Compiling serde_with v2.3.3
[INFO] [stderr]    Compiling chrono v0.4.24
[INFO] [stderr]    Compiling hyper v0.14.26
[INFO] [stderr]    Compiling hyper-rustls v0.23.2
[INFO] [stderr]    Compiling yup-oauth2 v8.1.1
[INFO] [stderr]    Compiling google-apis-common v5.0.4
[INFO] [stderr]    Compiling google-datacatalog1_beta1 v5.0.2+20230117 (/opt/rustwide/workdir)
[INFO] [stderr]     Finished dev [unoptimized + debuginfo] target(s) in 29.13s
[INFO] running `Command { std: "docker" "inspect" "de55d36f367c50ef137afe040373c4790be2c8e1ca0b15a04112b789abf3bd91", kill_on_drop: false }`
[INFO] running `Command { std: "docker" "rm" "-f" "de55d36f367c50ef137afe040373c4790be2c8e1ca0b15a04112b789abf3bd91", kill_on_drop: false }`
[INFO] [stdout] de55d36f367c50ef137afe040373c4790be2c8e1ca0b15a04112b789abf3bd91
[INFO] running `Command { std: "docker" "create" "-v" "/var/lib/crater-agent-workspace/builds/worker-5-tc1/target:/opt/rustwide/target:rw,Z" "-v" "/var/lib/crater-agent-workspace/builds/worker-5-tc1/source:/opt/rustwide/workdir:ro,Z" "-v" "/var/lib/crater-agent-workspace/cargo-home:/opt/rustwide/cargo-home:ro,Z" "-v" "/var/lib/crater-agent-workspace/rustup-home:/opt/rustwide/rustup-home:ro,Z" "-e" "SOURCE_DIR=/opt/rustwide/workdir" "-e" "CARGO_TARGET_DIR=/opt/rustwide/target" "-e" "CARGO_INCREMENTAL=0" "-e" "RUST_BACKTRACE=full" "-e" "RUSTFLAGS=--cap-lints=warn" "-e" "RUSTDOCFLAGS=--cap-lints=warn" "-e" "CARGO_HOME=/opt/rustwide/cargo-home" "-e" "RUSTUP_HOME=/opt/rustwide/rustup-home" "-w" "/opt/rustwide/workdir" "-m" "1610612736" "--user" "0:0" "--network" "none" "ghcr.io/rust-lang/crates-build-env/linux@sha256:5ff2268d62e97bff2cde7d5815dd6ed5b47097566f13b8d0ca110b04b60e07ed" "/opt/rustwide/cargo-home/bin/cargo" "+1.69.0" "test" "--frozen" "--no-run" "--message-format=json", kill_on_drop: false }`
[INFO] [stdout] 8a94ef6fc36a82a4a3f3bf0818a5f850ed46ce5a9f08894e409c31808b5df1ab
[INFO] running `Command { std: "docker" "start" "-a" "8a94ef6fc36a82a4a3f3bf0818a5f850ed46ce5a9f08894e409c31808b5df1ab", kill_on_drop: false }`
[INFO] [stderr]    Compiling google-datacatalog1_beta1 v5.0.2+20230117 (/opt/rustwide/workdir)
[INFO] [stderr]     Finished test [unoptimized + debuginfo] target(s) in 3.68s
[INFO] running `Command { std: "docker" "inspect" "8a94ef6fc36a82a4a3f3bf0818a5f850ed46ce5a9f08894e409c31808b5df1ab", kill_on_drop: false }`
[INFO] running `Command { std: "docker" "rm" "-f" "8a94ef6fc36a82a4a3f3bf0818a5f850ed46ce5a9f08894e409c31808b5df1ab", kill_on_drop: false }`
[INFO] [stdout] 8a94ef6fc36a82a4a3f3bf0818a5f850ed46ce5a9f08894e409c31808b5df1ab
[INFO] running `Command { std: "docker" "create" "-v" "/var/lib/crater-agent-workspace/builds/worker-5-tc1/target:/opt/rustwide/target:rw,Z" "-v" "/var/lib/crater-agent-workspace/builds/worker-5-tc1/source:/opt/rustwide/workdir:ro,Z" "-v" "/var/lib/crater-agent-workspace/cargo-home:/opt/rustwide/cargo-home:ro,Z" "-v" "/var/lib/crater-agent-workspace/rustup-home:/opt/rustwide/rustup-home:ro,Z" "-e" "SOURCE_DIR=/opt/rustwide/workdir" "-e" "CARGO_TARGET_DIR=/opt/rustwide/target" "-e" "CARGO_INCREMENTAL=0" "-e" "RUST_BACKTRACE=full" "-e" "RUSTFLAGS=--cap-lints=warn" "-e" "RUSTDOCFLAGS=--cap-lints=warn" "-e" "CARGO_HOME=/opt/rustwide/cargo-home" "-e" "RUSTUP_HOME=/opt/rustwide/rustup-home" "-w" "/opt/rustwide/workdir" "-m" "1610612736" "--user" "0:0" "--network" "none" "ghcr.io/rust-lang/crates-build-env/linux@sha256:5ff2268d62e97bff2cde7d5815dd6ed5b47097566f13b8d0ca110b04b60e07ed" "/opt/rustwide/cargo-home/bin/cargo" "+1.69.0" "test" "--frozen", kill_on_drop: false }`
[INFO] [stdout] 296bda575a348d85c47564e4a68fbc565ea8e041a5b807b4b6c19c389a134821
[INFO] running `Command { std: "docker" "start" "-a" "296bda575a348d85c47564e4a68fbc565ea8e041a5b807b4b6c19c389a134821", kill_on_drop: false }`
[INFO] [stderr]     Finished test [unoptimized + debuginfo] target(s) in 0.12s
[INFO] [stderr]      Running unittests src/lib.rs (/opt/rustwide/target/debug/deps/google_datacatalog1_beta1-9501c0b90e2a4a4e)
[INFO] [stdout] 
[INFO] [stdout] running 0 tests
[INFO] [stdout] 
[INFO] [stdout] test result: ok. 0 passed; 0 failed; 0 ignored; 0 measured; 0 filtered out; finished in 0.00s
[INFO] [stdout] 
[INFO] [stderr]    Doc-tests google-datacatalog1_beta1
[INFO] [stdout] 
[INFO] [stdout] running 61 tests
[INFO] [stdout] test src/api.rs - api::EntryLookupCall (line 2914) - compile ... ok
[INFO] [stdout] test src/api.rs - api::ProjectLocationEntryGroupDeleteCall (line 7770) - compile ... ok
[INFO] [stdout] test src/api.rs - api::CatalogMethods (line 1481) - compile ... ok
[INFO] [stdout] test src/api.rs - api::ProjectLocationEntryGroupEntryPatchCall (line 5733) - compile ... FAILED
[INFO] [stdout] test src/api.rs - api::ProjectLocationEntryGroupEntryListCall (line 5436) - compile ... FAILED
[INFO] [stdout] test src/api.rs - api::ProjectLocationEntryGroupEntryGetIamPolicyCall (line 5145) - compile ... ok
[INFO] [stdout] test src/api.rs - api::ProjectLocationEntryGroupCreateCall (line 7467) - compile ... ok
[INFO] [stdout] test src/api.rs - api::ProjectLocationEntryGroupEntryGetCall (line 4884) - compile ... ok
[INFO] [stdout] test src/api.rs - api::ProjectLocationEntryGroupEntryTagListCall (line 3732) - compile ... ok
[INFO] [stdout] test src/api.rs - api::ProjectLocationEntryGroupEntryTagDeleteCall (line 3471) - compile ... ok
[INFO] [stdout] test src/api.rs - api::CatalogSearchCall (line 2642) - compile ... ok
[INFO] [stdout] test src/api.rs - api::ProjectLocationEntryGroupEntryCreateCall (line 4320) - compile ... ok
[INFO] [stdout] test src/api.rs - api::ProjectLocationEntryGroupEntryDeleteCall (line 4623) - compile ... ok
[INFO] [stdout] test src/api.rs - api::EntryMethods (line 1539) - compile ... ok
[INFO] [stdout] test src/api.rs - api::DataCatalog (line 58) - compile ... ok
[INFO] [stdout] test src/api.rs - api::ProjectLocationEntryGroupPatchCall (line 8892) - compile ... FAILED
[INFO] [stdout] test src/api.rs - api::ProjectLocationEntryGroupListCall (line 8607) - compile ... ok
[INFO] [stdout] test src/api.rs - api::ProjectLocationEntryGroupEntryTagPatchCall (line 4017) - compile ... FAILED
[INFO] [stdout] test src/api.rs - api::ProjectLocationEntryGroupEntryTagCreateCall (line 3180) - compile ... ok
[INFO] [stdout] test src/api.rs - api::ProjectLocationEntryGroupEntryTestIamPermissionCall (line 6036) - compile ... ok
[INFO] [stdout] test src/api.rs - api::ProjectLocationEntryGroupTagListCall (line 6879) - compile ... ok
[INFO] [stdout] test src/api.rs - api::ProjectLocationEntryGroupGetIamPolicyCall (line 8316) - compile ... ok
[INFO] [stdout] test src/api.rs - api::ProjectLocationEntryGroupGetCall (line 8043) - compile ... FAILED
[INFO] [stdout] test src/api.rs - api::ProjectLocationEntryGroupTagPatchCall (line 7164) - compile ... FAILED
[INFO] [stdout] test src/api.rs - api::ProjectLocationTagTemplateFieldCreateCall (line 10068) - compile ... ok
[INFO] [stdout] test src/api.rs - api::ProjectLocationTagTemplateCreateCall (line 11238) - compile ... ok
[INFO] [stdout] test src/api.rs - api::ProjectLocationTagTemplateFieldRenameCall (line 10947) - compile ... ok
[INFO] [stdout] test src/api.rs - api::ProjectLocationTagTemplateDeleteCall (line 11541) - compile ... ok
[INFO] [stdout] test src/api.rs - api::ProjectLocationTagTemplateFieldPatchCall (line 10644) - compile ... FAILED
[INFO] [stdout] test src/api.rs - api::ProjectLocationTagTemplateGetCall (line 11814) - compile ... ok
[INFO] [stdout] test src/api.rs - api::ProjectLocationTagTemplateSetIamPolicyCall (line 12669) - compile ... ok
[INFO] [stdout] test src/api.rs - api::ProjectLocationEntryGroupTagCreateCall (line 6327) - compile ... ok
[INFO] [stdout] test src/api.rs - api::ProjectLocationEntryGroupSetIamPolicyCall (line 9195) - compile ... ok
[INFO] [stdout] test src/api.rs - api::ProjectLocationEntryGroupTagDeleteCall (line 6618) - compile ... ok
[INFO] [stdout] test src/api.rs - api::ProjectLocationTagTemplatePatchCall (line 12366) - compile ... FAILED
[INFO] [stdout] test src/api.rs - api::ProjectLocationTaxonomyExportCall (line 16077) - compile ... ok
[INFO] [stdout] test src/api.rs - api::ProjectLocationTagTemplateFieldDeleteCall (line 10371) - compile ... ok
[INFO] [stdout] test src/api.rs - api::ProjectLocationTagTemplateFieldEnumValueRenameCall (line 9777) - compile ... ok
[INFO] [stdout] test src/api.rs - api::ProjectLocationTaxonomyCreateCall (line 15525) - compile ... ok
[INFO] [stdout] test src/api.rs - api::ProjectLocationEntryGroupTestIamPermissionCall (line 9486) - compile ... ok
[INFO] [stdout] test src/api.rs - api::ProjectLocationTagTemplateTestIamPermissionCall (line 12960) - compile ... ok
[INFO] [stdout] test src/api.rs - api::ProjectLocationTaxonomyListCall (line 17208) - compile ... ok
[INFO] [stdout] test src/api.rs - api::ProjectLocationTaxonomyImportCall (line 16917) - compile ... ok
[INFO] [stdout] test src/api.rs - api::ProjectLocationTaxonomyGetIamPolicyCall (line 16626) - compile ... ok
[INFO] [stdout] test src/lib.rs - (line 53) ... ignored
[INFO] [stdout] test src/api.rs - api::ProjectLocationTagTemplateGetIamPolicyCall (line 12075) - compile ... ok
[INFO] [stdout] test src/api.rs - api::ProjectLocationTaxonomyDeleteCall (line 15816) - compile ... ok
[INFO] [stdout] test src/api.rs - api::ProjectLocationTaxonomyGetCall (line 16365) - compile ... ok
[INFO] [stdout] test src/api.rs - api::ProjectLocationTaxonomyPatchCall (line 17505) - compile ... FAILED
[INFO] [stdout] test src/api.rs - api::ProjectLocationTaxonomyPolicyTagPatchCall (line 14640) - compile ... FAILED
[INFO] [stdout] test src/api.rs - api::ProjectLocationTaxonomyPolicyTagSetIamPolicyCall (line 14943) - compile ... ok
[INFO] [stdout] test src/api.rs - api::ProjectLocationTaxonomyPolicyTagGetIamPolicyCall (line 14064) - compile ... ok
[INFO] [stdout] test src/api.rs - api::ProjectLocationTaxonomyPolicyTagListCall (line 14355) - compile ... ok
[INFO] [stdout] test src/api.rs - api::ProjectLocationTaxonomyPolicyTagGetCall (line 13803) - compile ... ok
[INFO] [stdout] test src/api.rs - api::ProjectLocationTaxonomyPolicyTagDeleteCall (line 13542) - compile ... ok
[INFO] [stdout] test src/api.rs - api::ProjectLocationTaxonomyPolicyTagCreateCall (line 13251) - compile ... ok
[INFO] [stdout] test src/api.rs - api::ProjectLocationTaxonomyPolicyTagTestIamPermissionCall (line 15234) - compile ... ok
[INFO] [stdout] test src/api.rs - api::ProjectLocationTaxonomySetIamPolicyCall (line 17808) - compile ... ok
[INFO] [stdout] test src/lib.rs - (line 85) - compile ... ok
[INFO] [stdout] test src/api.rs - api::ProjectLocationTaxonomyTestIamPermissionCall (line 18099) - compile ... ok
[INFO] [stderr] error: doctest failed, to rerun pass `--doc`
[INFO] [stdout] test src/api.rs - api::ProjectMethods (line 1594) - compile ... ok
[INFO] [stdout] 
[INFO] [stdout] failures:
[INFO] [stdout] 
[INFO] [stdout] ---- src/api.rs - api::ProjectLocationEntryGroupEntryPatchCall (line 5733) stdout ----
[INFO] [stdout] error[E0308]: mismatched types
[INFO] [stdout]     --> src/api.rs:5757:27
[INFO] [stdout]      |
[INFO] [stdout] 25   |              .update_mask(&Default::default())
[INFO] [stdout]      |               ----------- ^^^^^^^^^^^^^^^^^^^ expected `FieldMask`, found `&_`
[INFO] [stdout]      |               |
[INFO] [stdout]      |               arguments to this method are incorrect
[INFO] [stdout]      |
[INFO] [stdout]      = note: expected struct `FieldMask`
[INFO] [stdout]              found reference `&_`
[INFO] [stdout] note: method defined here
[INFO] [stdout]     --> /opt/rustwide/workdir/src/api.rs:5948:12
[INFO] [stdout]      |
[INFO] [stdout] 5948 |     pub fn update_mask(mut self, new_value: client::FieldMask) -> ProjectLocationEntryGroupEntryPatchCall<'a, S> {
[INFO] [stdout]      |            ^^^^^^^^^^^
[INFO] [stdout] help: consider removing the borrow
[INFO] [stdout]      |
[INFO] [stdout] 25   -              .update_mask(&Default::default())
[INFO] [stdout] 25   +              .update_mask(Default::default())
[INFO] [stdout]      |
[INFO] [stdout] 
[INFO] [stdout] error: aborting due to previous error
[INFO] [stdout] 
[INFO] [stdout] For more information about this error, try `rustc --explain E0308`.
[INFO] [stdout] Couldn't compile the test.
[INFO] [stdout] ---- src/api.rs - api::ProjectLocationEntryGroupEntryListCall (line 5436) stdout ----
[INFO] [stdout] error[E0308]: mismatched types
[INFO] [stdout]     --> src/api.rs:5454:25
[INFO] [stdout]      |
[INFO] [stdout] 19   |              .read_mask(&Default::default())
[INFO] [stdout]      |               --------- ^^^^^^^^^^^^^^^^^^^ expected `FieldMask`, found `&_`
[INFO] [stdout]      |               |
[INFO] [stdout]      |               arguments to this method are incorrect
[INFO] [stdout]      |
[INFO] [stdout]      = note: expected struct `FieldMask`
[INFO] [stdout]              found reference `&_`
[INFO] [stdout] note: method defined here
[INFO] [stdout]     --> /opt/rustwide/workdir/src/api.rs:5631:12
[INFO] [stdout]      |
[INFO] [stdout] 5631 |     pub fn read_mask(mut self, new_value: client::FieldMask) -> ProjectLocationEntryGroupEntryListCall<'a, S> {
[INFO] [stdout]      |            ^^^^^^^^^
[INFO] [stdout] help: consider removing the borrow
[INFO] [stdout]      |
[INFO] [stdout] 19   -              .read_mask(&Default::default())
[INFO] [stdout] 19   +              .read_mask(Default::default())
[INFO] [stdout]      |
[INFO] [stdout] 
[INFO] [stdout] error: aborting due to previous error
[INFO] [stdout] 
[INFO] [stdout] For more information about this error, try `rustc --explain E0308`.
[INFO] [stdout] Couldn't compile the test.
[INFO] [stdout] ---- src/api.rs - api::ProjectLocationEntryGroupPatchCall (line 8892) stdout ----
[INFO] [stdout] error[E0308]: mismatched types
[INFO] [stdout]     --> src/api.rs:8916:27
[INFO] [stdout]      |
[INFO] [stdout] 25   |              .update_mask(&Default::default())
[INFO] [stdout]      |               ----------- ^^^^^^^^^^^^^^^^^^^ expected `FieldMask`, found `&_`
[INFO] [stdout]      |               |
[INFO] [stdout]      |               arguments to this method are incorrect
[INFO] [stdout]      |
[INFO] [stdout]      = note: expected struct `FieldMask`
[INFO] [stdout]              found reference `&_`
[INFO] [stdout] note: method defined here
[INFO] [stdout]     --> /opt/rustwide/workdir/src/api.rs:9107:12
[INFO] [stdout]      |
[INFO] [stdout] 9107 |     pub fn update_mask(mut self, new_value: client::FieldMask) -> ProjectLocationEntryGroupPatchCall<'a, S> {
[INFO] [stdout]      |            ^^^^^^^^^^^
[INFO] [stdout] help: consider removing the borrow
[INFO] [stdout]      |
[INFO] [stdout] 25   -              .update_mask(&Default::default())
[INFO] [stdout] 25   +              .update_mask(Default::default())
[INFO] [stdout]      |
[INFO] [stdout] 
[INFO] [stdout] error: aborting due to previous error
[INFO] [stdout] 
[INFO] [stdout] For more information about this error, try `rustc --explain E0308`.
[INFO] [stdout] Couldn't compile the test.
[INFO] [stdout] ---- src/api.rs - api::ProjectLocationEntryGroupEntryTagPatchCall (line 4017) stdout ----
[INFO] [stdout] error[E0308]: mismatched types
[INFO] [stdout]     --> src/api.rs:4041:27
[INFO] [stdout]      |
[INFO] [stdout] 25   |              .update_mask(&Default::default())
[INFO] [stdout]      |               ----------- ^^^^^^^^^^^^^^^^^^^ expected `FieldMask`, found `&_`
[INFO] [stdout]      |               |
[INFO] [stdout]      |               arguments to this method are incorrect
[INFO] [stdout]      |
[INFO] [stdout]      = note: expected struct `FieldMask`
[INFO] [stdout]              found reference `&_`
[INFO] [stdout] note: method defined here
[INFO] [stdout]     --> /opt/rustwide/workdir/src/api.rs:4232:12
[INFO] [stdout]      |
[INFO] [stdout] 4232 |     pub fn update_mask(mut self, new_value: client::FieldMask) -> ProjectLocationEntryGroupEntryTagPatchCall<'a, S> {
[INFO] [stdout]      |            ^^^^^^^^^^^
[INFO] [stdout] help: consider removing the borrow
[INFO] [stdout]      |
[INFO] [stdout] 25   -              .update_mask(&Default::default())
[INFO] [stdout] 25   +              .update_mask(Default::default())
[INFO] [stdout]      |
[INFO] [stdout] 
[INFO] [stdout] error: aborting due to previous error
[INFO] [stdout] 
[INFO] [stdout] For more information about this error, try `rustc --explain E0308`.
[INFO] [stdout] Couldn't compile the test.
[INFO] [stdout] ---- src/api.rs - api::ProjectLocationEntryGroupGetCall (line 8043) stdout ----
[INFO] [stdout] error[E0308]: mismatched types
[INFO] [stdout]     --> src/api.rs:8061:25
[INFO] [stdout]      |
[INFO] [stdout] 19   |              .read_mask(&Default::default())
[INFO] [stdout]      |               --------- ^^^^^^^^^^^^^^^^^^^ expected `FieldMask`, found `&_`
[INFO] [stdout]      |               |
[INFO] [stdout]      |               arguments to this method are incorrect
[INFO] [stdout]      |
[INFO] [stdout]      = note: expected struct `FieldMask`
[INFO] [stdout]              found reference `&_`
[INFO] [stdout] note: method defined here
[INFO] [stdout]     --> /opt/rustwide/workdir/src/api.rs:8228:12
[INFO] [stdout]      |
[INFO] [stdout] 8228 |     pub fn read_mask(mut self, new_value: client::FieldMask) -> ProjectLocationEntryGroupGetCall<'a, S> {
[INFO] [stdout]      |            ^^^^^^^^^
[INFO] [stdout] help: consider removing the borrow
[INFO] [stdout]      |
[INFO] [stdout] 19   -              .read_mask(&Default::default())
[INFO] [stdout] 19   +              .read_mask(Default::default())
[INFO] [stdout]      |
[INFO] [stdout] 
[INFO] [stdout] error: aborting due to previous error
[INFO] [stdout] 
[INFO] [stdout] For more information about this error, try `rustc --explain E0308`.
[INFO] [stdout] Couldn't compile the test.
[INFO] [stdout] ---- src/api.rs - api::ProjectLocationEntryGroupTagPatchCall (line 7164) stdout ----
[INFO] [stdout] error[E0308]: mismatched types
[INFO] [stdout]     --> src/api.rs:7188:27
[INFO] [stdout]      |
[INFO] [stdout] 25   |              .update_mask(&Default::default())
[INFO] [stdout]      |               ----------- ^^^^^^^^^^^^^^^^^^^ expected `FieldMask`, found `&_`
[INFO] [stdout]      |               |
[INFO] [stdout]      |               arguments to this method are incorrect
[INFO] [stdout]      |
[INFO] [stdout]      = note: expected struct `FieldMask`
[INFO] [stdout]              found reference `&_`
[INFO] [stdout] note: method defined here
[INFO] [stdout]     --> /opt/rustwide/workdir/src/api.rs:7379:12
[INFO] [stdout]      |
[INFO] [stdout] 7379 |     pub fn update_mask(mut self, new_value: client::FieldMask) -> ProjectLocationEntryGroupTagPatchCall<'a, S> {
[INFO] [stdout]      |            ^^^^^^^^^^^
[INFO] [stdout] help: consider removing the borrow
[INFO] [stdout]      |
[INFO] [stdout] 25   -              .update_mask(&Default::default())
[INFO] [stdout] 25   +              .update_mask(Default::default())
[INFO] [stdout]      |
[INFO] [stdout] 
[INFO] [stdout] error: aborting due to previous error
[INFO] [stdout] 
[INFO] [stdout] For more information about this error, try `rustc --explain E0308`.
[INFO] [stdout] Couldn't compile the test.
[INFO] [stdout] ---- src/api.rs - api::ProjectLocationTagTemplateFieldPatchCall (line 10644) stdout ----
[INFO] [stdout] error[E0308]: mismatched types
[INFO] [stdout]      --> src/api.rs:10668:27
[INFO] [stdout]       |
[INFO] [stdout] 25    |              .update_mask(&Default::default())
[INFO] [stdout]       |               ----------- ^^^^^^^^^^^^^^^^^^^ expected `FieldMask`, found `&_`
[INFO] [stdout]       |               |
[INFO] [stdout]       |               arguments to this method are incorrect
[INFO] [stdout]       |
[INFO] [stdout]       = note: expected struct `FieldMask`
[INFO] [stdout]               found reference `&_`
[INFO] [stdout] note: method defined here
[INFO] [stdout]      --> /opt/rustwide/workdir/src/api.rs:10859:12
[INFO] [stdout]       |
[INFO] [stdout] 10859 |     pub fn update_mask(mut self, new_value: client::FieldMask) -> ProjectLocationTagTemplateFieldPatchCall<'a, S> {
[INFO] [stdout]       |            ^^^^^^^^^^^
[INFO] [stdout] help: consider removing the borrow
[INFO] [stdout]       |
[INFO] [stdout] 25    -              .update_mask(&Default::default())
[INFO] [stdout] 25    +              .update_mask(Default::default())
[INFO] [stdout]       |
[INFO] [stdout] 
[INFO] [stdout] error: aborting due to previous error
[INFO] [stdout] 
[INFO] [stdout] For more information about this error, try `rustc --explain E0308`.
[INFO] [stdout] Couldn't compile the test.
[INFO] [stdout] ---- src/api.rs - api::ProjectLocationTagTemplatePatchCall (line 12366) stdout ----
[INFO] [stdout] error[E0308]: mismatched types
[INFO] [stdout]      --> src/api.rs:12390:27
[INFO] [stdout]       |
[INFO] [stdout] 25    |              .update_mask(&Default::default())
[INFO] [stdout]       |               ----------- ^^^^^^^^^^^^^^^^^^^ expected `FieldMask`, found `&_`
[INFO] [stdout]       |               |
[INFO] [stdout]       |               arguments to this method are incorrect
[INFO] [stdout]       |
[INFO] [stdout]       = note: expected struct `FieldMask`
[INFO] [stdout]               found reference `&_`
[INFO] [stdout] note: method defined here
[INFO] [stdout]      --> /opt/rustwide/workdir/src/api.rs:12581:12
[INFO] [stdout]       |
[INFO] [stdout] 12581 |     pub fn update_mask(mut self, new_value: client::FieldMask) -> ProjectLocationTagTemplatePatchCall<'a, S> {
[INFO] [stdout]       |            ^^^^^^^^^^^
[INFO] [stdout] help: consider removing the borrow
[INFO] [stdout]       |
[INFO] [stdout] 25    -              .update_mask(&Default::default())
[INFO] [stdout] 25    +              .update_mask(Default::default())
[INFO] [stdout]       |
[INFO] [stdout] 
[INFO] [stdout] error: aborting due to previous error
[INFO] [stdout] 
[INFO] [stdout] For more information about this error, try `rustc --explain E0308`.
[INFO] [stdout] Couldn't compile the test.
[INFO] [stdout] ---- src/api.rs - api::ProjectLocationTaxonomyPatchCall (line 17505) stdout ----
[INFO] [stdout] error[E0308]: mismatched types
[INFO] [stdout]      --> src/api.rs:17529:27
[INFO] [stdout]       |
[INFO] [stdout] 25    |              .update_mask(&Default::default())
[INFO] [stdout]       |               ----------- ^^^^^^^^^^^^^^^^^^^ expected `FieldMask`, found `&_`
[INFO] [stdout]       |               |
[INFO] [stdout]       |               arguments to this method are incorrect
[INFO] [stdout]       |
[INFO] [stdout]       = note: expected struct `FieldMask`
[INFO] [stdout]               found reference `&_`
[INFO] [stdout] note: method defined here
[INFO] [stdout]      --> /opt/rustwide/workdir/src/api.rs:17720:12
[INFO] [stdout]       |
[INFO] [stdout] 17720 |     pub fn update_mask(mut self, new_value: client::FieldMask) -> ProjectLocationTaxonomyPatchCall<'a, S> {
[INFO] [stdout]       |            ^^^^^^^^^^^
[INFO] [stdout] help: consider removing the borrow
[INFO] [stdout]       |
[INFO] [stdout] 25    -              .update_mask(&Default::default())
[INFO] [stdout] 25    +              .update_mask(Default::default())
[INFO] [stdout]       |
[INFO] [stdout] 
[INFO] [stdout] error: aborting due to previous error
[INFO] [stdout] 
[INFO] [stdout] For more information about this error, try `rustc --explain E0308`.
[INFO] [stdout] Couldn't compile the test.
[INFO] [stdout] ---- src/api.rs - api::ProjectLocationTaxonomyPolicyTagPatchCall (line 14640) stdout ----
[INFO] [stdout] error[E0308]: mismatched types
[INFO] [stdout]      --> src/api.rs:14664:27
[INFO] [stdout]       |
[INFO] [stdout] 25    |              .update_mask(&Default::default())
[INFO] [stdout]       |               ----------- ^^^^^^^^^^^^^^^^^^^ expected `FieldMask`, found `&_`
[INFO] [stdout]       |               |
[INFO] [stdout]       |               arguments to this method are incorrect
[INFO] [stdout]       |
[INFO] [stdout]       = note: expected struct `FieldMask`
[INFO] [stdout]               found reference `&_`
[INFO] [stdout] note: method defined here
[INFO] [stdout]      --> /opt/rustwide/workdir/src/api.rs:14855:12
[INFO] [stdout]       |
[INFO] [stdout] 14855 |     pub fn update_mask(mut self, new_value: client::FieldMask) -> ProjectLocationTaxonomyPolicyTagPatchCall<'a, S> {
[INFO] [stdout]       |            ^^^^^^^^^^^
[INFO] [stdout] help: consider removing the borrow
[INFO] [stdout]       |
[INFO] [stdout] 25    -              .update_mask(&Default::default())
[INFO] [stdout] 25    +              .update_mask(Default::default())
[INFO] [stdout]       |
[INFO] [stdout] 
[INFO] [stdout] error: aborting due to previous error
[INFO] [stdout] 
[INFO] [stdout] For more information about this error, try `rustc --explain E0308`.
[INFO] [stdout] Couldn't compile the test.
[INFO] [stdout] 
[INFO] [stdout] failures:
[INFO] [stdout]     src/api.rs - api::ProjectLocationEntryGroupEntryListCall (line 5436)
[INFO] [stdout]     src/api.rs - api::ProjectLocationEntryGroupEntryPatchCall (line 5733)
[INFO] [stdout]     src/api.rs - api::ProjectLocationEntryGroupEntryTagPatchCall (line 4017)
[INFO] [stdout]     src/api.rs - api::ProjectLocationEntryGroupGetCall (line 8043)
[INFO] [stdout]     src/api.rs - api::ProjectLocationEntryGroupPatchCall (line 8892)
[INFO] [stdout]     src/api.rs - api::ProjectLocationEntryGroupTagPatchCall (line 7164)
[INFO] [stdout]     src/api.rs - api::ProjectLocationTagTemplateFieldPatchCall (line 10644)
[INFO] [stdout]     src/api.rs - api::ProjectLocationTagTemplatePatchCall (line 12366)
[INFO] [stdout]     src/api.rs - api::ProjectLocationTaxonomyPatchCall (line 17505)
[INFO] [stdout]     src/api.rs - api::ProjectLocationTaxonomyPolicyTagPatchCall (line 14640)
[INFO] [stdout] 
[INFO] [stdout] test result: FAILED. 50 passed; 10 failed; 1 ignored; 0 measured; 0 filtered out; finished in 1.28s
[INFO] [stdout] 
[INFO] running `Command { std: "docker" "inspect" "296bda575a348d85c47564e4a68fbc565ea8e041a5b807b4b6c19c389a134821", kill_on_drop: false }`
[INFO] running `Command { std: "docker" "rm" "-f" "296bda575a348d85c47564e4a68fbc565ea8e041a5b807b4b6c19c389a134821", kill_on_drop: false }`
[INFO] [stdout] 296bda575a348d85c47564e4a68fbc565ea8e041a5b807b4b6c19c389a134821
