[INFO] fetching crate google-connectors1 5.0.2+20230103...
[INFO] testing google-connectors1-5.0.2+20230103 against 1.69.0 for beta-1.70-1
[INFO] extracting crate google-connectors1 5.0.2+20230103 into /workspace/builds/worker-2-tc1/source
[INFO] validating manifest of crates.io crate google-connectors1 5.0.2+20230103 on toolchain 1.69.0
[INFO] running `Command { std: CARGO_HOME="/workspace/cargo-home" RUSTUP_HOME="/workspace/rustup-home" "/workspace/cargo-home/bin/cargo" "+1.69.0" "metadata" "--manifest-path" "Cargo.toml" "--no-deps", kill_on_drop: false }`
[INFO] started tweaking crates.io crate google-connectors1 5.0.2+20230103
[INFO] finished tweaking crates.io crate google-connectors1 5.0.2+20230103
[INFO] tweaked toml for crates.io crate google-connectors1 5.0.2+20230103 written to /workspace/builds/worker-2-tc1/source/Cargo.toml
[INFO] running `Command { std: CARGO_HOME="/workspace/cargo-home" RUSTUP_HOME="/workspace/rustup-home" __CARGO_TEST_CHANNEL_OVERRIDE_DO_NOT_USE_THIS="nightly" "/workspace/cargo-home/bin/cargo" "+1.69.0" "generate-lockfile" "--manifest-path" "Cargo.toml" "-Zno-index-update", kill_on_drop: false }`
[INFO] running `Command { std: CARGO_HOME="/workspace/cargo-home" RUSTUP_HOME="/workspace/rustup-home" "/workspace/cargo-home/bin/cargo" "+1.69.0" "fetch" "--manifest-path" "Cargo.toml", kill_on_drop: false }`
[INFO] [stderr]  Downloading crates ...
[INFO] [stderr]   Downloaded yup-oauth2 v8.1.1
[INFO] [stderr]   Downloaded google-apis-common v5.0.4
[INFO] running `Command { std: "docker" "create" "-v" "/var/lib/crater-agent-workspace/builds/worker-2-tc1/target:/opt/rustwide/target:rw,Z" "-v" "/var/lib/crater-agent-workspace/builds/worker-2-tc1/source:/opt/rustwide/workdir:ro,Z" "-v" "/var/lib/crater-agent-workspace/cargo-home:/opt/rustwide/cargo-home:ro,Z" "-v" "/var/lib/crater-agent-workspace/rustup-home:/opt/rustwide/rustup-home:ro,Z" "-e" "SOURCE_DIR=/opt/rustwide/workdir" "-e" "CARGO_TARGET_DIR=/opt/rustwide/target" "-e" "CARGO_HOME=/opt/rustwide/cargo-home" "-e" "RUSTUP_HOME=/opt/rustwide/rustup-home" "-w" "/opt/rustwide/workdir" "-m" "1610612736" "--user" "0:0" "--network" "none" "ghcr.io/rust-lang/crates-build-env/linux@sha256:5ff2268d62e97bff2cde7d5815dd6ed5b47097566f13b8d0ca110b04b60e07ed" "/opt/rustwide/cargo-home/bin/cargo" "+1.69.0" "metadata" "--no-deps" "--format-version=1", kill_on_drop: false }`
[INFO] [stdout] d3432248123fcb35865e7ee431cd0e13fdc93e0a9214aba7e35ebbd945edce84
[INFO] running `Command { std: "docker" "start" "-a" "d3432248123fcb35865e7ee431cd0e13fdc93e0a9214aba7e35ebbd945edce84", kill_on_drop: false }`
[INFO] running `Command { std: "docker" "inspect" "d3432248123fcb35865e7ee431cd0e13fdc93e0a9214aba7e35ebbd945edce84", kill_on_drop: false }`
[INFO] running `Command { std: "docker" "rm" "-f" "d3432248123fcb35865e7ee431cd0e13fdc93e0a9214aba7e35ebbd945edce84", kill_on_drop: false }`
[INFO] [stdout] d3432248123fcb35865e7ee431cd0e13fdc93e0a9214aba7e35ebbd945edce84
[INFO] running `Command { std: "docker" "create" "-v" "/var/lib/crater-agent-workspace/builds/worker-2-tc1/target:/opt/rustwide/target:rw,Z" "-v" "/var/lib/crater-agent-workspace/builds/worker-2-tc1/source:/opt/rustwide/workdir:ro,Z" "-v" "/var/lib/crater-agent-workspace/cargo-home:/opt/rustwide/cargo-home:ro,Z" "-v" "/var/lib/crater-agent-workspace/rustup-home:/opt/rustwide/rustup-home:ro,Z" "-e" "SOURCE_DIR=/opt/rustwide/workdir" "-e" "CARGO_TARGET_DIR=/opt/rustwide/target" "-e" "CARGO_INCREMENTAL=0" "-e" "RUST_BACKTRACE=full" "-e" "RUSTFLAGS=--cap-lints=warn" "-e" "RUSTDOCFLAGS=--cap-lints=warn" "-e" "CARGO_HOME=/opt/rustwide/cargo-home" "-e" "RUSTUP_HOME=/opt/rustwide/rustup-home" "-w" "/opt/rustwide/workdir" "-m" "1610612736" "--user" "0:0" "--network" "none" "ghcr.io/rust-lang/crates-build-env/linux@sha256:5ff2268d62e97bff2cde7d5815dd6ed5b47097566f13b8d0ca110b04b60e07ed" "/opt/rustwide/cargo-home/bin/cargo" "+1.69.0" "build" "--frozen" "--message-format=json", kill_on_drop: false }`
[INFO] [stdout] 57cb84c3bb319cbfb101dbf14aa281cba205f9c06e77b4816fcd7a454ac1fb8a
[INFO] running `Command { std: "docker" "start" "-a" "57cb84c3bb319cbfb101dbf14aa281cba205f9c06e77b4816fcd7a454ac1fb8a", kill_on_drop: false }`
[INFO] [stderr]    Compiling proc-macro2 v1.0.56
[INFO] [stderr]    Compiling unicode-ident v1.0.8
[INFO] [stderr]    Compiling quote v1.0.26
[INFO] [stderr]    Compiling libc v0.2.142
[INFO] [stderr]    Compiling once_cell v1.17.1
[INFO] [stderr]    Compiling pin-project-lite v0.2.9
[INFO] [stderr]    Compiling fnv v1.0.7
[INFO] [stderr]    Compiling futures-core v0.3.28
[INFO] [stderr]    Compiling ring v0.16.20
[INFO] [stderr]    Compiling slab v0.4.8
[INFO] [stderr]    Compiling memchr v2.5.0
[INFO] [stderr]    Compiling futures-channel v0.3.28
[INFO] [stderr]    Compiling futures-task v0.3.28
[INFO] [stderr]    Compiling bytes v1.4.0
[INFO] [stderr]    Compiling futures-sink v0.3.28
[INFO] [stderr]    Compiling tokio v1.28.0
[INFO] [stderr]    Compiling futures-util v0.3.28
[INFO] [stderr]    Compiling serde_derive v1.0.160
[INFO] [stderr]    Compiling socket2 v0.4.9
[INFO] [stderr]    Compiling mio v0.8.6
[INFO] [stderr]    Compiling syn v2.0.15
[INFO] [stderr]    Compiling futures-io v0.3.28
[INFO] [stderr]    Compiling tinyvec_macros v0.1.1
[INFO] [stderr]    Compiling serde v1.0.160
[INFO] [stderr]    Compiling spin v0.5.2
[INFO] [stderr]    Compiling pin-utils v0.1.0
[INFO] [stderr]    Compiling itoa v1.0.6
[INFO] [stderr]    Compiling untrusted v0.7.1
[INFO] [stderr]    Compiling tinyvec v1.6.0
[INFO] [stderr]    Compiling tracing-core v0.1.30
[INFO] [stderr]    Compiling indexmap v1.9.3
[INFO] [stderr]    Compiling http v0.2.9
[INFO] [stderr]    Compiling httparse v1.8.0
[INFO] [stderr]    Compiling ident_case v1.0.1
[INFO] [stderr]    Compiling rustls v0.20.8
[INFO] [stderr]    Compiling strsim v0.10.0
[INFO] [stderr]    Compiling tracing v0.1.37
[INFO] [stderr]    Compiling unicode-bidi v0.3.13
[INFO] [stderr]    Compiling hashbrown v0.12.3
[INFO] [stderr]    Compiling num-traits v0.2.15
[INFO] [stderr]    Compiling try-lock v0.2.4
[INFO] [stderr]    Compiling base64 v0.21.0
[INFO] [stderr]    Compiling unicode-normalization v0.1.22
[INFO] [stderr]    Compiling rustls-pemfile v1.0.2
[INFO] [stderr]    Compiling http-body v0.4.5
[INFO] [stderr]    Compiling want v0.3.0
[INFO] [stderr]    Compiling webpki v0.22.0
[INFO] [stderr]    Compiling sct v0.7.0
[INFO] [stderr]    Compiling num-integer v0.1.45
[INFO] [stderr]    Compiling tower-service v0.3.2
[INFO] [stderr]    Compiling httpdate v1.0.2
[INFO] [stderr]    Compiling serde_json v1.0.96
[INFO] [stderr]    Compiling async-trait v0.1.68
[INFO] [stderr]    Compiling openssl-probe v0.1.5
[INFO] [stderr]    Compiling anyhow v1.0.71
[INFO] [stderr]    Compiling rustls-native-certs v0.6.2
[INFO] [stderr]    Compiling form_urlencoded v1.1.0
[INFO] [stderr]    Compiling idna v0.3.0
[INFO] [stderr]    Compiling either v1.8.1
[INFO] [stderr]    Compiling ryu v1.0.13
[INFO] [stderr]    Compiling time-core v0.1.0
[INFO] [stderr]    Compiling matches v0.1.10
[INFO] [stderr]    Compiling num_threads v0.1.6
[INFO] [stderr]    Compiling idna v0.1.5
[INFO] [stderr]    Compiling itertools v0.10.5
[INFO] [stderr]    Compiling percent-encoding v1.0.1
[INFO] [stderr]    Compiling darling_core v0.20.0
[INFO] [stderr]    Compiling url v2.3.1
[INFO] [stderr]    Compiling base64 v0.13.1
[INFO] [stderr]    Compiling seahash v4.1.0
[INFO] [stderr]    Compiling iana-time-zone v0.1.56
[INFO] [stderr]    Compiling url v1.7.2
[INFO] [stderr]    Compiling mime v0.3.17
[INFO] [stderr]    Compiling futures-macro v0.3.28
[INFO] [stderr]    Compiling tokio-macros v2.1.0
[INFO] [stderr]    Compiling darling_macro v0.20.0
[INFO] [stderr]    Compiling darling v0.20.0
[INFO] [stderr]    Compiling serde_with_macros v2.3.3
[INFO] [stderr]    Compiling futures-executor v0.3.28
[INFO] [stderr]    Compiling futures v0.3.28
[INFO] [stderr]    Compiling tokio-util v0.7.8
[INFO] [stderr]    Compiling tokio-rustls v0.23.4
[INFO] [stderr]    Compiling h2 v0.3.18
[INFO] [stderr]    Compiling time v0.3.20
[INFO] [stderr]    Compiling serde_with v2.3.3
[INFO] [stderr]    Compiling chrono v0.4.24
[INFO] [stderr]    Compiling hyper v0.14.26
[INFO] [stderr]    Compiling hyper-rustls v0.23.2
[INFO] [stderr]    Compiling yup-oauth2 v8.1.1
[INFO] [stderr]    Compiling google-apis-common v5.0.4
[INFO] [stderr]    Compiling google-connectors1 v5.0.2+20230103 (/opt/rustwide/workdir)
[INFO] [stderr]     Finished dev [unoptimized + debuginfo] target(s) in 1m 20s
[INFO] running `Command { std: "docker" "inspect" "57cb84c3bb319cbfb101dbf14aa281cba205f9c06e77b4816fcd7a454ac1fb8a", kill_on_drop: false }`
[INFO] running `Command { std: "docker" "rm" "-f" "57cb84c3bb319cbfb101dbf14aa281cba205f9c06e77b4816fcd7a454ac1fb8a", kill_on_drop: false }`
[INFO] [stdout] 57cb84c3bb319cbfb101dbf14aa281cba205f9c06e77b4816fcd7a454ac1fb8a
[INFO] running `Command { std: "docker" "create" "-v" "/var/lib/crater-agent-workspace/builds/worker-2-tc1/target:/opt/rustwide/target:rw,Z" "-v" "/var/lib/crater-agent-workspace/builds/worker-2-tc1/source:/opt/rustwide/workdir:ro,Z" "-v" "/var/lib/crater-agent-workspace/cargo-home:/opt/rustwide/cargo-home:ro,Z" "-v" "/var/lib/crater-agent-workspace/rustup-home:/opt/rustwide/rustup-home:ro,Z" "-e" "SOURCE_DIR=/opt/rustwide/workdir" "-e" "CARGO_TARGET_DIR=/opt/rustwide/target" "-e" "CARGO_INCREMENTAL=0" "-e" "RUST_BACKTRACE=full" "-e" "RUSTFLAGS=--cap-lints=warn" "-e" "RUSTDOCFLAGS=--cap-lints=warn" "-e" "CARGO_HOME=/opt/rustwide/cargo-home" "-e" "RUSTUP_HOME=/opt/rustwide/rustup-home" "-w" "/opt/rustwide/workdir" "-m" "1610612736" "--user" "0:0" "--network" "none" "ghcr.io/rust-lang/crates-build-env/linux@sha256:5ff2268d62e97bff2cde7d5815dd6ed5b47097566f13b8d0ca110b04b60e07ed" "/opt/rustwide/cargo-home/bin/cargo" "+1.69.0" "test" "--frozen" "--no-run" "--message-format=json", kill_on_drop: false }`
[INFO] [stdout] fc033b2a159f0d4b837c7ae6d2b2db1a548994f094259f111c2005bb251f6599
[INFO] running `Command { std: "docker" "start" "-a" "fc033b2a159f0d4b837c7ae6d2b2db1a548994f094259f111c2005bb251f6599", kill_on_drop: false }`
[INFO] [stderr]    Compiling google-connectors1 v5.0.2+20230103 (/opt/rustwide/workdir)
[INFO] [stderr]     Finished test [unoptimized + debuginfo] target(s) in 3.51s
[INFO] running `Command { std: "docker" "inspect" "fc033b2a159f0d4b837c7ae6d2b2db1a548994f094259f111c2005bb251f6599", kill_on_drop: false }`
[INFO] running `Command { std: "docker" "rm" "-f" "fc033b2a159f0d4b837c7ae6d2b2db1a548994f094259f111c2005bb251f6599", kill_on_drop: false }`
[INFO] [stdout] fc033b2a159f0d4b837c7ae6d2b2db1a548994f094259f111c2005bb251f6599
[INFO] running `Command { std: "docker" "create" "-v" "/var/lib/crater-agent-workspace/builds/worker-2-tc1/target:/opt/rustwide/target:rw,Z" "-v" "/var/lib/crater-agent-workspace/builds/worker-2-tc1/source:/opt/rustwide/workdir:ro,Z" "-v" "/var/lib/crater-agent-workspace/cargo-home:/opt/rustwide/cargo-home:ro,Z" "-v" "/var/lib/crater-agent-workspace/rustup-home:/opt/rustwide/rustup-home:ro,Z" "-e" "SOURCE_DIR=/opt/rustwide/workdir" "-e" "CARGO_TARGET_DIR=/opt/rustwide/target" "-e" "CARGO_INCREMENTAL=0" "-e" "RUST_BACKTRACE=full" "-e" "RUSTFLAGS=--cap-lints=warn" "-e" "RUSTDOCFLAGS=--cap-lints=warn" "-e" "CARGO_HOME=/opt/rustwide/cargo-home" "-e" "RUSTUP_HOME=/opt/rustwide/rustup-home" "-w" "/opt/rustwide/workdir" "-m" "1610612736" "--user" "0:0" "--network" "none" "ghcr.io/rust-lang/crates-build-env/linux@sha256:5ff2268d62e97bff2cde7d5815dd6ed5b47097566f13b8d0ca110b04b60e07ed" "/opt/rustwide/cargo-home/bin/cargo" "+1.69.0" "test" "--frozen", kill_on_drop: false }`
[INFO] [stdout] 6673a5c64828da27ae441032ce5e13483d7a15457c91ee5e3a3eea080fabd8f3
[INFO] running `Command { std: "docker" "start" "-a" "6673a5c64828da27ae441032ce5e13483d7a15457c91ee5e3a3eea080fabd8f3", kill_on_drop: false }`
[INFO] [stderr]     Finished test [unoptimized + debuginfo] target(s) in 0.21s
[INFO] [stderr]      Running unittests src/lib.rs (/opt/rustwide/target/debug/deps/google_connectors1-78594d3f431c3461)
[INFO] [stdout] 
[INFO] [stdout] running 0 tests
[INFO] [stdout] 
[INFO] [stdout] test result: ok. 0 passed; 0 failed; 0 ignored; 0 measured; 0 filtered out; finished in 0.00s
[INFO] [stdout] 
[INFO] [stderr]    Doc-tests google-connectors1
[INFO] [stdout] 
[INFO] [stdout] running 32 tests
[INFO] [stdout] test src/api.rs - api::Connectors (line 58) - compile ... ok
[INFO] [stdout] test src/api.rs - api::ProjectLocationConnectionGetConnectionSchemaMetadataCall (line 4031) - compile ... ok
[INFO] [stdout] test src/api.rs - api::ProjectLocationConnectionGetIamPolicyCall (line 4292) - compile ... ok
[INFO] [stdout] test src/api.rs - api::ProjectLocationConnectionCreateCall (line 3194) - compile ... ok
[INFO] [stdout] test src/api.rs - api::ProjectLocationConnectionDeleteCall (line 3497) - compile ... ok
[INFO] [stdout] test src/api.rs - api::ProjectLocationConnectionConnectionSchemaMetadataRefreshCall (line 2309) - compile ... ok
[INFO] [stdout] test src/api.rs - api::ProjectLocationConnectionGetCall (line 3758) - compile ... ok
[INFO] [stdout] test src/api.rs - api::ProjectLocationConnectionSetIamPolicyCall (line 5189) - compile ... ok
[INFO] [stdout] test src/api.rs - api::ProjectLocationConnectionListCall (line 4565) - compile ... ok
[INFO] [stdout] test src/api.rs - api::ProjectLocationConnectionPatchCall (line 4886) - compile ... FAILED
[INFO] [stdout] test src/api.rs - api::ProjectLocationGetCall (line 9398) - compile ... ok
[INFO] [stdout] test src/api.rs - api::ProjectLocationConnectionRuntimeEntitySchemaListCall (line 2897) - compile ... ok
[INFO] [stdout] test src/api.rs - api::ProjectLocationConnectionRuntimeActionSchemaListCall (line 2600) - compile ... ok
[INFO] [stdout] test src/api.rs - api::ProjectLocationConnectionTestIamPermissionCall (line 5480) - compile ... ok
[INFO] [stdout] test src/api.rs - api::ProjectLocationGetRuntimeConfigCall (line 9659) - compile ... ok
[INFO] [stdout] test src/api.rs - api::ProjectLocationOperationDeleteCall (line 6062) - compile ... ok
[INFO] [stdout] test src/api.rs - api::ProjectLocationListCall (line 9920) - compile ... ok
[INFO] [stdout] test src/api.rs - api::ProjectLocationOperationCancelCall (line 5771) - compile ... ok
[INFO] [stdout] test src/api.rs - api::ProjectLocationOperationGetCall (line 6323) - compile ... ok
[INFO] [stdout] test src/api.rs - api::ProjectLocationProviderConnectorListCall (line 7712) - compile ... ok
[INFO] [stdout] test src/api.rs - api::ProjectLocationProviderConnectorVersionGetCall (line 6881) - compile ... ok
[INFO] [stdout] test src/api.rs - api::ProjectLocationProviderConnectorGetCall (line 7451) - compile ... ok
[INFO] [stdout] test src/api.rs - api::ProjectLocationOperationListCall (line 6584) - compile ... ok
[INFO] [stdout] test src/lib.rs - (line 49) ... ignored
[INFO] [stdout] test src/api.rs - api::ProjectLocationProviderConnectorVersionListCall (line 7154) - compile ... ok
[INFO] [stdout] test src/api.rs - api::ProjectLocationProviderGetCall (line 7997) - compile ... ok
[INFO] [stdout] test src/api.rs - api::ProjectLocationProviderSetIamPolicyCall (line 8816) - compile ... ok
[INFO] [stdout] test src/api.rs - api::ProjectMethods (line 1738) - compile ... ok
[INFO] [stdout] test src/api.rs - api::ProjectLocationProviderGetIamPolicyCall (line 8258) - compile ... ok
[INFO] [stdout] test src/api.rs - api::ProjectLocationProviderListCall (line 8531) - compile ... ok
[INFO] [stdout] test src/api.rs - api::ProjectLocationProviderTestIamPermissionCall (line 9107) - compile ... ok
[INFO] [stdout] test src/lib.rs - (line 77) - compile ... ok
[INFO] [stdout] 
[INFO] [stdout] failures:
[INFO] [stdout] 
[INFO] [stdout] ---- src/api.rs - api::ProjectLocationConnectionPatchCall (line 4886) stdout ----
[INFO] [stdout] error[E0308]: mismatched types
[INFO] [stdout]     --> src/api.rs:4910:27
[INFO] [stdout]      |
[INFO] [stdout] 25   |              .update_mask(&Default::default())
[INFO] [stdout]      |               ----------- ^^^^^^^^^^^^^^^^^^^ expected `FieldMask`, found `&_`
[INFO] [stdout]      |               |
[INFO] [stdout]      |               arguments to this method are incorrect
[INFO] [stdout]      |
[INFO] [stdout]      = note: expected struct `FieldMask`
[INFO] [stdout]              found reference `&_`
[INFO] [stdout] note: method defined here
[INFO] [stdout]     --> /opt/rustwide/workdir/src/api.rs:5101:12
[INFO] [stdout]      |
[INFO] [stdout] 5101 |     pub fn update_mask(mut self, new_value: client::FieldMask) -> ProjectLocationConnectionPatchCall<'a, S> {
[INFO] [stdout]      |            ^^^^^^^^^^^
[INFO] [stdout] help: consider removing the borrow
[INFO] [stdout]      |
[INFO] [stdout] 25   -              .update_mask(&Default::default())
[INFO] [stdout] 25   +              .update_mask(Default::default())
[INFO] [stdout]      |
[INFO] [stdout] 
[INFO] [stdout] error: aborting due to previous error
[INFO] [stdout] 
[INFO] [stdout] For more information about this error, try `rustc --explain E0308`.
[INFO] [stdout] Couldn't compile the test.
[INFO] [stdout] 
[INFO] [stdout] failures:
[INFO] [stdout]     src/api.rs - api::ProjectLocationConnectionPatchCall (line 4886)
[INFO] [stdout] 
[INFO] [stdout] test result: FAILED. 30 passed; 1 failed; 1 ignored; 0 measured; 0 filtered out; finished in 1.80s
[INFO] [stdout] 
[INFO] [stderr] error: doctest failed, to rerun pass `--doc`
[INFO] running `Command { std: "docker" "inspect" "6673a5c64828da27ae441032ce5e13483d7a15457c91ee5e3a3eea080fabd8f3", kill_on_drop: false }`
[INFO] running `Command { std: "docker" "rm" "-f" "6673a5c64828da27ae441032ce5e13483d7a15457c91ee5e3a3eea080fabd8f3", kill_on_drop: false }`
[INFO] [stdout] 6673a5c64828da27ae441032ce5e13483d7a15457c91ee5e3a3eea080fabd8f3
