[INFO] fetching crate google-cloudidentity1 5.0.2+20230117...
[INFO] testing google-cloudidentity1-5.0.2+20230117 against 1.69.0 for beta-1.70-1
[INFO] extracting crate google-cloudidentity1 5.0.2+20230117 into /workspace/builds/worker-1-tc1/source
[INFO] validating manifest of crates.io crate google-cloudidentity1 5.0.2+20230117 on toolchain 1.69.0
[INFO] running `Command { std: CARGO_HOME="/workspace/cargo-home" RUSTUP_HOME="/workspace/rustup-home" "/workspace/cargo-home/bin/cargo" "+1.69.0" "metadata" "--manifest-path" "Cargo.toml" "--no-deps", kill_on_drop: false }`
[INFO] started tweaking crates.io crate google-cloudidentity1 5.0.2+20230117
[INFO] finished tweaking crates.io crate google-cloudidentity1 5.0.2+20230117
[INFO] tweaked toml for crates.io crate google-cloudidentity1 5.0.2+20230117 written to /workspace/builds/worker-1-tc1/source/Cargo.toml
[INFO] running `Command { std: CARGO_HOME="/workspace/cargo-home" RUSTUP_HOME="/workspace/rustup-home" __CARGO_TEST_CHANNEL_OVERRIDE_DO_NOT_USE_THIS="nightly" "/workspace/cargo-home/bin/cargo" "+1.69.0" "generate-lockfile" "--manifest-path" "Cargo.toml" "-Zno-index-update", kill_on_drop: false }`
[INFO] running `Command { std: CARGO_HOME="/workspace/cargo-home" RUSTUP_HOME="/workspace/rustup-home" "/workspace/cargo-home/bin/cargo" "+1.69.0" "fetch" "--manifest-path" "Cargo.toml", kill_on_drop: false }`
[INFO] running `Command { std: "docker" "create" "-v" "/var/lib/crater-agent-workspace/builds/worker-1-tc1/target:/opt/rustwide/target:rw,Z" "-v" "/var/lib/crater-agent-workspace/builds/worker-1-tc1/source:/opt/rustwide/workdir:ro,Z" "-v" "/var/lib/crater-agent-workspace/cargo-home:/opt/rustwide/cargo-home:ro,Z" "-v" "/var/lib/crater-agent-workspace/rustup-home:/opt/rustwide/rustup-home:ro,Z" "-e" "SOURCE_DIR=/opt/rustwide/workdir" "-e" "CARGO_TARGET_DIR=/opt/rustwide/target" "-e" "CARGO_HOME=/opt/rustwide/cargo-home" "-e" "RUSTUP_HOME=/opt/rustwide/rustup-home" "-w" "/opt/rustwide/workdir" "-m" "1610612736" "--user" "0:0" "--network" "none" "ghcr.io/rust-lang/crates-build-env/linux@sha256:5ff2268d62e97bff2cde7d5815dd6ed5b47097566f13b8d0ca110b04b60e07ed" "/opt/rustwide/cargo-home/bin/cargo" "+1.69.0" "metadata" "--no-deps" "--format-version=1", kill_on_drop: false }`
[INFO] [stdout] e490861da89ee30d4893aa51236fb07d3939c4aa4a708ea5cef4300ff70cbf81
[INFO] running `Command { std: "docker" "start" "-a" "e490861da89ee30d4893aa51236fb07d3939c4aa4a708ea5cef4300ff70cbf81", kill_on_drop: false }`
[INFO] running `Command { std: "docker" "inspect" "e490861da89ee30d4893aa51236fb07d3939c4aa4a708ea5cef4300ff70cbf81", kill_on_drop: false }`
[INFO] running `Command { std: "docker" "rm" "-f" "e490861da89ee30d4893aa51236fb07d3939c4aa4a708ea5cef4300ff70cbf81", kill_on_drop: false }`
[INFO] [stdout] e490861da89ee30d4893aa51236fb07d3939c4aa4a708ea5cef4300ff70cbf81
[INFO] running `Command { std: "docker" "create" "-v" "/var/lib/crater-agent-workspace/builds/worker-1-tc1/target:/opt/rustwide/target:rw,Z" "-v" "/var/lib/crater-agent-workspace/builds/worker-1-tc1/source:/opt/rustwide/workdir:ro,Z" "-v" "/var/lib/crater-agent-workspace/cargo-home:/opt/rustwide/cargo-home:ro,Z" "-v" "/var/lib/crater-agent-workspace/rustup-home:/opt/rustwide/rustup-home:ro,Z" "-e" "SOURCE_DIR=/opt/rustwide/workdir" "-e" "CARGO_TARGET_DIR=/opt/rustwide/target" "-e" "CARGO_INCREMENTAL=0" "-e" "RUST_BACKTRACE=full" "-e" "RUSTFLAGS=--cap-lints=warn" "-e" "RUSTDOCFLAGS=--cap-lints=warn" "-e" "CARGO_HOME=/opt/rustwide/cargo-home" "-e" "RUSTUP_HOME=/opt/rustwide/rustup-home" "-w" "/opt/rustwide/workdir" "-m" "1610612736" "--user" "0:0" "--network" "none" "ghcr.io/rust-lang/crates-build-env/linux@sha256:5ff2268d62e97bff2cde7d5815dd6ed5b47097566f13b8d0ca110b04b60e07ed" "/opt/rustwide/cargo-home/bin/cargo" "+1.69.0" "build" "--frozen" "--message-format=json", kill_on_drop: false }`
[INFO] [stdout] ad87c9a1a3db437ba2641f18c8885e9aac73bb86ece84f3121c33b5c6fc758d9
[INFO] running `Command { std: "docker" "start" "-a" "ad87c9a1a3db437ba2641f18c8885e9aac73bb86ece84f3121c33b5c6fc758d9", kill_on_drop: false }`
[INFO] [stderr]    Compiling proc-macro2 v1.0.56
[INFO] [stderr]    Compiling futures-channel v0.3.28
[INFO] [stderr]    Compiling ring v0.16.20
[INFO] [stderr]    Compiling futures-task v0.3.28
[INFO] [stderr]    Compiling tokio v1.28.0
[INFO] [stderr]    Compiling serde_derive v1.0.160
[INFO] [stderr]    Compiling futures-util v0.3.28
[INFO] [stderr]    Compiling spin v0.5.2
[INFO] [stderr]    Compiling futures-io v0.3.28
[INFO] [stderr]    Compiling serde v1.0.160
[INFO] [stderr]    Compiling socket2 v0.4.9
[INFO] [stderr]    Compiling mio v0.8.6
[INFO] [stderr]    Compiling untrusted v0.7.1
[INFO] [stderr]    Compiling rustls v0.20.8
[INFO] [stderr]    Compiling ident_case v1.0.1
[INFO] [stderr]    Compiling strsim v0.10.0
[INFO] [stderr]    Compiling indexmap v1.9.3
[INFO] [stderr]    Compiling num-traits v0.2.15
[INFO] [stderr]    Compiling rustls-pemfile v1.0.2
[INFO] [stderr]    Compiling serde_json v1.0.96
[INFO] [stderr]    Compiling anyhow v1.0.71
[INFO] [stderr]    Compiling async-trait v0.1.68
[INFO] [stderr]    Compiling rustls-native-certs v0.6.2
[INFO] [stderr]    Compiling num_threads v0.1.6
[INFO] [stderr]    Compiling time-core v0.1.0
[INFO] [stderr]    Compiling either v1.8.1
[INFO] [stderr]    Compiling idna v0.1.5
[INFO] [stderr]    Compiling seahash v4.1.0
[INFO] [stderr]    Compiling iana-time-zone v0.1.56
[INFO] [stderr]    Compiling base64 v0.13.1
[INFO] [stderr]    Compiling itertools v0.10.5
[INFO] [stderr]    Compiling quote v1.0.26
[INFO] [stderr]    Compiling url v1.7.2
[INFO] [stderr]    Compiling syn v2.0.15
[INFO] [stderr]    Compiling num-integer v0.1.45
[INFO] [stderr]    Compiling webpki v0.22.0
[INFO] [stderr]    Compiling sct v0.7.0
[INFO] [stderr]    Compiling darling_core v0.20.0
[INFO] [stderr]    Compiling futures-macro v0.3.28
[INFO] [stderr]    Compiling tokio-macros v2.1.0
[INFO] [stderr]    Compiling darling_macro v0.20.0
[INFO] [stderr]    Compiling darling v0.20.0
[INFO] [stderr]    Compiling serde_with_macros v2.3.3
[INFO] [stderr]    Compiling futures-executor v0.3.28
[INFO] [stderr]    Compiling futures v0.3.28
[INFO] [stderr]    Compiling tokio-util v0.7.8
[INFO] [stderr]    Compiling tokio-rustls v0.23.4
[INFO] [stderr]    Compiling h2 v0.3.18
[INFO] [stderr]    Compiling time v0.3.20
[INFO] [stderr]    Compiling serde_with v2.3.3
[INFO] [stderr]    Compiling chrono v0.4.24
[INFO] [stderr]    Compiling hyper v0.14.26
[INFO] [stderr]    Compiling hyper-rustls v0.23.2
[INFO] [stderr]    Compiling yup-oauth2 v8.1.1
[INFO] [stderr]    Compiling google-apis-common v5.0.4
[INFO] [stderr]    Compiling google-cloudidentity1 v5.0.2+20230117 (/opt/rustwide/workdir)
[INFO] [stderr]     Finished dev [unoptimized + debuginfo] target(s) in 1m 06s
[INFO] running `Command { std: "docker" "inspect" "ad87c9a1a3db437ba2641f18c8885e9aac73bb86ece84f3121c33b5c6fc758d9", kill_on_drop: false }`
[INFO] running `Command { std: "docker" "rm" "-f" "ad87c9a1a3db437ba2641f18c8885e9aac73bb86ece84f3121c33b5c6fc758d9", kill_on_drop: false }`
[INFO] [stdout] ad87c9a1a3db437ba2641f18c8885e9aac73bb86ece84f3121c33b5c6fc758d9
[INFO] running `Command { std: "docker" "create" "-v" "/var/lib/crater-agent-workspace/builds/worker-1-tc1/target:/opt/rustwide/target:rw,Z" "-v" "/var/lib/crater-agent-workspace/builds/worker-1-tc1/source:/opt/rustwide/workdir:ro,Z" "-v" "/var/lib/crater-agent-workspace/cargo-home:/opt/rustwide/cargo-home:ro,Z" "-v" "/var/lib/crater-agent-workspace/rustup-home:/opt/rustwide/rustup-home:ro,Z" "-e" "SOURCE_DIR=/opt/rustwide/workdir" "-e" "CARGO_TARGET_DIR=/opt/rustwide/target" "-e" "CARGO_INCREMENTAL=0" "-e" "RUST_BACKTRACE=full" "-e" "RUSTFLAGS=--cap-lints=warn" "-e" "RUSTDOCFLAGS=--cap-lints=warn" "-e" "CARGO_HOME=/opt/rustwide/cargo-home" "-e" "RUSTUP_HOME=/opt/rustwide/rustup-home" "-w" "/opt/rustwide/workdir" "-m" "1610612736" "--user" "0:0" "--network" "none" "ghcr.io/rust-lang/crates-build-env/linux@sha256:5ff2268d62e97bff2cde7d5815dd6ed5b47097566f13b8d0ca110b04b60e07ed" "/opt/rustwide/cargo-home/bin/cargo" "+1.69.0" "test" "--frozen" "--no-run" "--message-format=json", kill_on_drop: false }`
[INFO] [stdout] f3cf43cf7dc10e749463d01f210c6261c88e7701f91f75c2d85567b965ce0fe6
[INFO] running `Command { std: "docker" "start" "-a" "f3cf43cf7dc10e749463d01f210c6261c88e7701f91f75c2d85567b965ce0fe6", kill_on_drop: false }`
[INFO] [stderr]    Compiling google-cloudidentity1 v5.0.2+20230117 (/opt/rustwide/workdir)
[INFO] [stderr]     Finished test [unoptimized + debuginfo] target(s) in 4.43s
[INFO] running `Command { std: "docker" "inspect" "f3cf43cf7dc10e749463d01f210c6261c88e7701f91f75c2d85567b965ce0fe6", kill_on_drop: false }`
[INFO] running `Command { std: "docker" "rm" "-f" "f3cf43cf7dc10e749463d01f210c6261c88e7701f91f75c2d85567b965ce0fe6", kill_on_drop: false }`
[INFO] [stdout] f3cf43cf7dc10e749463d01f210c6261c88e7701f91f75c2d85567b965ce0fe6
[INFO] running `Command { std: "docker" "create" "-v" "/var/lib/crater-agent-workspace/builds/worker-1-tc1/target:/opt/rustwide/target:rw,Z" "-v" "/var/lib/crater-agent-workspace/builds/worker-1-tc1/source:/opt/rustwide/workdir:ro,Z" "-v" "/var/lib/crater-agent-workspace/cargo-home:/opt/rustwide/cargo-home:ro,Z" "-v" "/var/lib/crater-agent-workspace/rustup-home:/opt/rustwide/rustup-home:ro,Z" "-e" "SOURCE_DIR=/opt/rustwide/workdir" "-e" "CARGO_TARGET_DIR=/opt/rustwide/target" "-e" "CARGO_INCREMENTAL=0" "-e" "RUST_BACKTRACE=full" "-e" "RUSTFLAGS=--cap-lints=warn" "-e" "RUSTDOCFLAGS=--cap-lints=warn" "-e" "CARGO_HOME=/opt/rustwide/cargo-home" "-e" "RUSTUP_HOME=/opt/rustwide/rustup-home" "-w" "/opt/rustwide/workdir" "-m" "1610612736" "--user" "0:0" "--network" "none" "ghcr.io/rust-lang/crates-build-env/linux@sha256:5ff2268d62e97bff2cde7d5815dd6ed5b47097566f13b8d0ca110b04b60e07ed" "/opt/rustwide/cargo-home/bin/cargo" "+1.69.0" "test" "--frozen", kill_on_drop: false }`
[INFO] [stdout] 56a23c417526727023d151076b55c99e10102c118caa9e54dff2bcfe45c55b7c
[INFO] running `Command { std: "docker" "start" "-a" "56a23c417526727023d151076b55c99e10102c118caa9e54dff2bcfe45c55b7c", kill_on_drop: false }`
[INFO] [stderr]     Finished test [unoptimized + debuginfo] target(s) in 0.13s
[INFO] [stderr]      Running unittests src/lib.rs (/opt/rustwide/target/debug/deps/google_cloudidentity1-8049a3ff7ea5d4ab)
[INFO] [stdout] 
[INFO] [stderr]    Doc-tests google-cloudidentity1
[INFO] [stdout] running 0 tests
[INFO] [stdout] 
[INFO] [stdout] test result: ok. 0 passed; 0 failed; 0 ignored; 0 measured; 0 filtered out; finished in 0.00s
[INFO] [stdout] 
[INFO] [stdout] 
[INFO] [stdout] running 63 tests
[INFO] [stdout] test src/api.rs - api::CustomerUserinvitationSendCall (line 4057) - compile ... ok
[INFO] [stdout] test src/api.rs - api::CustomerUserinvitationCancelCall (line 3115) - compile ... ok
[INFO] [stdout] test src/api.rs - api::CloudIdentity (line 78) - compile ... FAILED
[INFO] [stdout] test src/api.rs - api::CustomerMethods (line 1902) - compile ... ok
[INFO] [stdout] test src/api.rs - api::DeviceDeviceUserBlockCall (line 5491) - compile ... ok
[INFO] [stdout] test src/api.rs - api::DeviceCancelWipeCall (line 7552) - compile ... ok
[INFO] [stdout] test src/api.rs - api::DeviceDeviceUserClientStateGetCall (line 4303) - compile ... ok
[INFO] [stdout] test src/api.rs - api::DeviceCreateCall (line 7843) - compile ... ok
[INFO] [stdout] test src/api.rs - api::DeviceDeviceUserApproveCall (line 5200) - compile ... ok
[INFO] [stdout] test src/api.rs - api::CustomerUserinvitationGetCall (line 3361) - compile ... ok
[INFO] [stdout] test src/api.rs - api::DeviceDeleteCall (line 8127) - compile ... ok
[INFO] [stdout] test src/api.rs - api::CustomerUserinvitationIsInvitableUserCall (line 3577) - compile ... ok
[INFO] [stdout] test src/api.rs - api::CustomerUserinvitationListCall (line 3793) - compile ... ok
[INFO] [stdout] test src/api.rs - api::DeviceDeviceUserClientStateListCall (line 4576) - compile ... ok
[INFO] [stdout] test src/api.rs - api::DeviceDeviceUserCancelWipeCall (line 5782) - compile ... ok
[INFO] [stdout] test src/api.rs - api::DeviceDeviceUserClientStatePatchCall (line 4885) - compile ... FAILED
[INFO] [stdout] test src/api.rs - api::DeviceDeviceUserListCall (line 6619) - compile ... ok
[INFO] [stdout] test src/api.rs - api::DeviceDeviceUserDeleteCall (line 6073) - compile ... ok
[INFO] [stdout] test src/api.rs - api::GroupDeleteCall (line 12376) - compile ... ok
[INFO] [stdout] test src/api.rs - api::DeviceMethods (line 2031) - compile ... ok
[INFO] [stdout] test src/api.rs - api::DeviceWipeCall (line 8987) - compile ... ok
[INFO] [stdout] test src/api.rs - api::DeviceDeviceUserGetCall (line 6346) - compile ... ok
[INFO] [stdout] test src/api.rs - api::DeviceListCall (line 8673) - compile ... ok
[INFO] [stdout] test src/api.rs - api::GroupMembershipCheckTransitiveMembershipCall (line 9278) - compile ... ok
[INFO] [stdout] test src/api.rs - api::GroupLookupCall (line 13461) - compile ... ok
[INFO] [stdout] test src/api.rs - api::DeviceDeviceUserWipeCall (line 7261) - compile ... ok
[INFO] [stdout] test src/api.rs - api::DeviceDeviceUserLookupCall (line 6940) - compile ... ok
[INFO] [stdout] test src/api.rs - api::GroupGetCall (line 12637) - compile ... ok
[INFO] [stdout] test src/api.rs - api::GroupMembershipGetMembershipGraphCall (line 10364) - compile ... ok
[INFO] [stdout] test src/api.rs - api::GroupMembershipDeleteCall (line 9842) - compile ... ok
[INFO] [stdout] test src/api.rs - api::GroupMembershipCreateCall (line 9551) - compile ... ok
[INFO] [stdout] test src/api.rs - api::GroupListCall (line 13171) - compile ... ok
[INFO] [stdout] test src/api.rs - api::GroupMembershipLookupCall (line 10934) - compile ... ok
[INFO] [stdout] test src/api.rs - api::GroupMembershipGetCall (line 10103) - compile ... ok
[INFO] [stdout] test src/api.rs - api::GroupGetSecuritySettingCall (line 12898) - compile ... FAILED
[INFO] [stdout] test src/api.rs - api::GroupUpdateSecuritySettingCall (line 14320) - compile ... FAILED
[INFO] [stdout] test src/api.rs - api::GroupCreateCall (line 12092) - compile ... ok
[INFO] [stdout] test src/api.rs - api::DeviceGetCall (line 8400) - compile ... ok
[INFO] [stdout] test src/api.rs - api::GroupMembershipModifyMembershipRoleCall (line 11219) - compile ... ok
[INFO] [stdout] test src/api.rs - api::GroupPatchCall (line 13727) - compile ... FAILED
[INFO] [stdout] test src/api.rs - api::GroupMembershipSearchTransitiveGroupCall (line 11510) - compile ... ok
[INFO] [stdout] test src/api.rs - api::InboundSamlSsoProfileCreateCall (line 15721) - compile ... ok
[INFO] [stdout] test src/api.rs - api::GroupSearchCall (line 14030) - compile ... ok
[INFO] [stdout] test src/api.rs - api::GroupMethods (line 2398) - compile ... ok
[INFO] [stdout] test src/api.rs - api::InboundSamlSsoProfileDeleteCall (line 15993) - compile ... ok
[INFO] [stdout] test src/api.rs - api::GroupMembershipSearchTransitiveMembershipCall (line 11807) - compile ... ok
[INFO] [stdout] test src/api.rs - api::GroupMembershipListCall (line 10637) - compile ... ok
[INFO] [stdout] test src/lib.rs - (line 57) ... ignored
[INFO] [stdout] test src/api.rs - api::InboundSamlSsoProfileGetCall (line 16254) - compile ... ok
[INFO] [stdout] test src/lib.rs - (line 107) - compile ... FAILED
[INFO] [stdout] test src/api.rs - api::InboundSamlSsoProfileMethods (line 2781) - compile ... ok
[INFO] [stdout] test src/api.rs - api::InboundSamlSsoProfileIdpCredentialAddCall (line 14623) - compile ... ok
[INFO] [stdout] test src/api.rs - api::InboundSsoAssignmentPatchCall (line 18168) - compile ... FAILED
[INFO] [stdout] test src/api.rs - api::InboundSamlSsoProfilePatchCall (line 16793) - compile ... FAILED
[INFO] [stdout] test src/api.rs - api::InboundSamlSsoProfileIdpCredentialGetCall (line 15175) - compile ... ok
[INFO] [stdout] test src/api.rs - api::InboundSsoAssignmentCreateCall (line 17096) - compile ... ok
[INFO] [stdout] test src/api.rs - api::InboundSamlSsoProfileIdpCredentialListCall (line 15436) - compile ... ok
[INFO] [stdout] test src/api.rs - api::InboundSsoAssignmentMethods (line 2980) - compile ... ok
[INFO] [stdout] test src/api.rs - api::InboundSsoAssignmentGetCall (line 17629) - compile ... ok
[INFO] [stdout] test src/api.rs - api::InboundSamlSsoProfileListCall (line 16515) - compile ... ok
[INFO] [stdout] test src/api.rs - api::InboundSamlSsoProfileIdpCredentialDeleteCall (line 14914) - compile ... ok
[INFO] [stdout] test src/api.rs - api::InboundSsoAssignmentDeleteCall (line 17368) - compile ... ok
[INFO] [stdout] test src/api.rs - api::InboundSsoAssignmentListCall (line 17890) - compile ... ok
[INFO] [stdout] 
[INFO] [stdout] failures:
[INFO] [stdout] 
[INFO] [stdout] ---- src/api.rs - api::CloudIdentity (line 78) stdout ----
[INFO] [stdout] error[E0308]: mismatched types
[INFO] [stdout]     --> src/api.rs:110:27
[INFO] [stdout]      |
[INFO] [stdout] 33   |              .update_mask(&Default::default())
[INFO] [stdout]      |               ----------- ^^^^^^^^^^^^^^^^^^^ expected `FieldMask`, found `&_`
[INFO] [stdout]      |               |
[INFO] [stdout]      |               arguments to this method are incorrect
[INFO] [stdout]      |
[INFO] [stdout]      = note: expected struct `FieldMask`
[INFO] [stdout]              found reference `&_`
[INFO] [stdout] note: method defined here
[INFO] [stdout]     --> /opt/rustwide/workdir/src/api.rs:5105:12
[INFO] [stdout]      |
[INFO] [stdout] 5105 |     pub fn update_mask(mut self, new_value: client::FieldMask) -> DeviceDeviceUserClientStatePatchCall<'a, S> {
[INFO] [stdout]      |            ^^^^^^^^^^^
[INFO] [stdout] help: consider removing the borrow
[INFO] [stdout]      |
[INFO] [stdout] 33   -              .update_mask(&Default::default())
[INFO] [stdout] 33   +              .update_mask(Default::default())
[INFO] [stdout]      |
[INFO] [stdout] 
[INFO] [stdout] error: aborting due to previous error
[INFO] [stdout] 
[INFO] [stdout] For more information about this error, try `rustc --explain E0308`.
[INFO] [stdout] Couldn't compile the test.
[INFO] [stdout] ---- src/api.rs - api::DeviceDeviceUserClientStatePatchCall (line 4885) stdout ----
[INFO] [stdout] error[E0308]: mismatched types
[INFO] [stdout]     --> src/api.rs:4909:27
[INFO] [stdout]      |
[INFO] [stdout] 25   |              .update_mask(&Default::default())
[INFO] [stdout]      |               ----------- ^^^^^^^^^^^^^^^^^^^ expected `FieldMask`, found `&_`
[INFO] [stdout]      |               |
[INFO] [stdout]      |               arguments to this method are incorrect
[INFO] [stdout]      |
[INFO] [stdout]      = note: expected struct `FieldMask`
[INFO] [stdout]              found reference `&_`
[INFO] [stdout] note: method defined here
[INFO] [stdout]     --> /opt/rustwide/workdir/src/api.rs:5105:12
[INFO] [stdout]      |
[INFO] [stdout] 5105 |     pub fn update_mask(mut self, new_value: client::FieldMask) -> DeviceDeviceUserClientStatePatchCall<'a, S> {
[INFO] [stdout]      |            ^^^^^^^^^^^
[INFO] [stdout] help: consider removing the borrow
[INFO] [stdout]      |
[INFO] [stdout] 25   -              .update_mask(&Default::default())
[INFO] [stdout] 25   +              .update_mask(Default::default())
[INFO] [stdout]      |
[INFO] [stdout] 
[INFO] [stdout] error: aborting due to previous error
[INFO] [stdout] 
[INFO] [stdout] For more information about this error, try `rustc --explain E0308`.
[INFO] [stdout] Couldn't compile the test.
[INFO] [stdout] ---- src/api.rs - api::GroupGetSecuritySettingCall (line 12898) stdout ----
[INFO] [stdout] error[E0308]: mismatched types
[INFO] [stdout]      --> src/api.rs:12916:25
[INFO] [stdout]       |
[INFO] [stdout] 19    |              .read_mask(&Default::default())
[INFO] [stdout]       |               --------- ^^^^^^^^^^^^^^^^^^^ expected `FieldMask`, found `&_`
[INFO] [stdout]       |               |
[INFO] [stdout]       |               arguments to this method are incorrect
[INFO] [stdout]       |
[INFO] [stdout]       = note: expected struct `FieldMask`
[INFO] [stdout]               found reference `&_`
[INFO] [stdout] note: method defined here
[INFO] [stdout]      --> /opt/rustwide/workdir/src/api.rs:13083:12
[INFO] [stdout]       |
[INFO] [stdout] 13083 |     pub fn read_mask(mut self, new_value: client::FieldMask) -> GroupGetSecuritySettingCall<'a, S> {
[INFO] [stdout]       |            ^^^^^^^^^
[INFO] [stdout] help: consider removing the borrow
[INFO] [stdout]       |
[INFO] [stdout] 19    -              .read_mask(&Default::default())
[INFO] [stdout] 19    +              .read_mask(Default::default())
[INFO] [stdout]       |
[INFO] [stdout] 
[INFO] [stdout] error: aborting due to previous error
[INFO] [stdout] 
[INFO] [stdout] For more information about this error, try `rustc --explain E0308`.
[INFO] [stdout] Couldn't compile the test.
[INFO] [stdout] ---- src/api.rs - api::GroupUpdateSecuritySettingCall (line 14320) stdout ----
[INFO] [stdout] error[E0308]: mismatched types
[INFO] [stdout]      --> src/api.rs:14344:27
[INFO] [stdout]       |
[INFO] [stdout] 25    |              .update_mask(&Default::default())
[INFO] [stdout]       |               ----------- ^^^^^^^^^^^^^^^^^^^ expected `FieldMask`, found `&_`
[INFO] [stdout]       |               |
[INFO] [stdout]       |               arguments to this method are incorrect
[INFO] [stdout]       |
[INFO] [stdout]       = note: expected struct `FieldMask`
[INFO] [stdout]               found reference `&_`
[INFO] [stdout] note: method defined here
[INFO] [stdout]      --> /opt/rustwide/workdir/src/api.rs:14535:12
[INFO] [stdout]       |
[INFO] [stdout] 14535 |     pub fn update_mask(mut self, new_value: client::FieldMask) -> GroupUpdateSecuritySettingCall<'a, S> {
[INFO] [stdout]       |            ^^^^^^^^^^^
[INFO] [stdout] help: consider removing the borrow
[INFO] [stdout]       |
[INFO] [stdout] 25    -              .update_mask(&Default::default())
[INFO] [stdout] 25    +              .update_mask(Default::default())
[INFO] [stdout]       |
[INFO] [stdout] 
[INFO] [stdout] error: aborting due to previous error
[INFO] [stdout] 
[INFO] [stdout] For more information about this error, try `rustc --explain E0308`.
[INFO] [stdout] Couldn't compile the test.
[INFO] [stdout] ---- src/api.rs - api::GroupPatchCall (line 13727) stdout ----
[INFO] [stdout] error[E0308]: mismatched types
[INFO] [stdout]      --> src/api.rs:13751:27
[INFO] [stdout]       |
[INFO] [stdout] 25    |              .update_mask(&Default::default())
[INFO] [stderr] error: doctest failed, to rerun pass `--doc`
[INFO] [stdout]       |               ----------- ^^^^^^^^^^^^^^^^^^^ expected `FieldMask`, found `&_`
[INFO] [stdout]       |               |
[INFO] [stdout]       |               arguments to this method are incorrect
[INFO] [stdout]       |
[INFO] [stdout]       = note: expected struct `FieldMask`
[INFO] [stdout]               found reference `&_`
[INFO] [stdout] note: method defined here
[INFO] [stdout]      --> /opt/rustwide/workdir/src/api.rs:13942:12
[INFO] [stdout]       |
[INFO] [stdout] 13942 |     pub fn update_mask(mut self, new_value: client::FieldMask) -> GroupPatchCall<'a, S> {
[INFO] [stdout]       |            ^^^^^^^^^^^
[INFO] [stdout] help: consider removing the borrow
[INFO] [stdout]       |
[INFO] [stdout] 25    -              .update_mask(&Default::default())
[INFO] [stdout] 25    +              .update_mask(Default::default())
[INFO] [stdout]       |
[INFO] [stdout] 
[INFO] [stdout] error: aborting due to previous error
[INFO] [stdout] 
[INFO] [stdout] For more information about this error, try `rustc --explain E0308`.
[INFO] [stdout] Couldn't compile the test.
[INFO] [stdout] ---- src/lib.rs - (line 107) stdout ----
[INFO] [stdout] error[E0308]: mismatched types
[INFO] [stdout]     --> src/lib.rs:139:27
[INFO] [stdout]      |
[INFO] [stdout] 33   |              .update_mask(&Default::default())
[INFO] [stdout]      |               ----------- ^^^^^^^^^^^^^^^^^^^ expected `FieldMask`, found `&_`
[INFO] [stdout]      |               |
[INFO] [stdout]      |               arguments to this method are incorrect
[INFO] [stdout]      |
[INFO] [stdout]      = note: expected struct `FieldMask`
[INFO] [stdout]              found reference `&_`
[INFO] [stdout] note: method defined here
[INFO] [stdout]     --> /opt/rustwide/workdir/src/api.rs:5105:12
[INFO] [stdout]      |
[INFO] [stdout] 5105 |     pub fn update_mask(mut self, new_value: client::FieldMask) -> DeviceDeviceUserClientStatePatchCall<'a, S> {
[INFO] [stdout]      |            ^^^^^^^^^^^
[INFO] [stdout] help: consider removing the borrow
[INFO] [stdout]      |
[INFO] [stdout] 33   -              .update_mask(&Default::default())
[INFO] [stdout] 33   +              .update_mask(Default::default())
[INFO] [stdout]      |
[INFO] [stdout] 
[INFO] [stdout] error: aborting due to previous error
[INFO] [stdout] 
[INFO] [stdout] For more information about this error, try `rustc --explain E0308`.
[INFO] [stdout] Couldn't compile the test.
[INFO] [stdout] ---- src/api.rs - api::InboundSsoAssignmentPatchCall (line 18168) stdout ----
[INFO] [stdout] error[E0308]: mismatched types
[INFO] [stdout]      --> src/api.rs:18192:27
[INFO] [stdout]       |
[INFO] [stdout] 25    |              .update_mask(&Default::default())
[INFO] [stdout]       |               ----------- ^^^^^^^^^^^^^^^^^^^ expected `FieldMask`, found `&_`
[INFO] [stdout]       |               |
[INFO] [stdout]       |               arguments to this method are incorrect
[INFO] [stdout]       |
[INFO] [stdout]       = note: expected struct `FieldMask`
[INFO] [stdout]               found reference `&_`
[INFO] [stdout] note: method defined here
[INFO] [stdout]      --> /opt/rustwide/workdir/src/api.rs:18383:12
[INFO] [stdout]       |
[INFO] [stdout] 18383 |     pub fn update_mask(mut self, new_value: client::FieldMask) -> InboundSsoAssignmentPatchCall<'a, S> {
[INFO] [stdout]       |            ^^^^^^^^^^^
[INFO] [stdout] help: consider removing the borrow
[INFO] [stdout]       |
[INFO] [stdout] 25    -              .update_mask(&Default::default())
[INFO] [stdout] 25    +              .update_mask(Default::default())
[INFO] [stdout]       |
[INFO] [stdout] 
[INFO] [stdout] error: aborting due to previous error
[INFO] [stdout] 
[INFO] [stdout] For more information about this error, try `rustc --explain E0308`.
[INFO] [stdout] Couldn't compile the test.
[INFO] [stdout] ---- src/api.rs - api::InboundSamlSsoProfilePatchCall (line 16793) stdout ----
[INFO] [stdout] error[E0308]: mismatched types
[INFO] [stdout]      --> src/api.rs:16817:27
[INFO] [stdout]       |
[INFO] [stdout] 25    |              .update_mask(&Default::default())
[INFO] [stdout]       |               ----------- ^^^^^^^^^^^^^^^^^^^ expected `FieldMask`, found `&_`
[INFO] [stdout]       |               |
[INFO] [stdout]       |               arguments to this method are incorrect
[INFO] [stdout]       |
[INFO] [stdout]       = note: expected struct `FieldMask`
[INFO] [stdout]               found reference `&_`
[INFO] [stdout] note: method defined here
[INFO] [stdout]      --> /opt/rustwide/workdir/src/api.rs:17008:12
[INFO] [stdout]       |
[INFO] [stdout] 17008 |     pub fn update_mask(mut self, new_value: client::FieldMask) -> InboundSamlSsoProfilePatchCall<'a, S> {
[INFO] [stdout]       |            ^^^^^^^^^^^
[INFO] [stdout] help: consider removing the borrow
[INFO] [stdout]       |
[INFO] [stdout] 25    -              .update_mask(&Default::default())
[INFO] [stdout] 25    +              .update_mask(Default::default())
[INFO] [stdout]       |
[INFO] [stdout] 
[INFO] [stdout] error: aborting due to previous error
[INFO] [stdout] 
[INFO] [stdout] For more information about this error, try `rustc --explain E0308`.
[INFO] [stdout] Couldn't compile the test.
[INFO] [stdout] 
[INFO] [stdout] failures:
[INFO] [stdout]     src/api.rs - api::CloudIdentity (line 78)
[INFO] [stdout]     src/api.rs - api::DeviceDeviceUserClientStatePatchCall (line 4885)
[INFO] [stdout]     src/api.rs - api::GroupGetSecuritySettingCall (line 12898)
[INFO] [stdout]     src/api.rs - api::GroupPatchCall (line 13727)
[INFO] [stdout]     src/api.rs - api::GroupUpdateSecuritySettingCall (line 14320)
[INFO] [stdout]     src/api.rs - api::InboundSamlSsoProfilePatchCall (line 16793)
[INFO] [stdout]     src/api.rs - api::InboundSsoAssignmentPatchCall (line 18168)
[INFO] [stdout]     src/lib.rs - (line 107)
[INFO] [stdout] 
[INFO] [stdout] test result: FAILED. 54 passed; 8 failed; 1 ignored; 0 measured; 0 filtered out; finished in 1.24s
[INFO] [stdout] 
[INFO] running `Command { std: "docker" "inspect" "56a23c417526727023d151076b55c99e10102c118caa9e54dff2bcfe45c55b7c", kill_on_drop: false }`
[INFO] running `Command { std: "docker" "rm" "-f" "56a23c417526727023d151076b55c99e10102c118caa9e54dff2bcfe45c55b7c", kill_on_drop: false }`
[INFO] [stdout] 56a23c417526727023d151076b55c99e10102c118caa9e54dff2bcfe45c55b7c
