[INFO] fetching crate google-cloudchannel1 5.0.2+20230123...
[INFO] testing google-cloudchannel1-5.0.2+20230123 against 1.69.0 for beta-1.70-1
[INFO] extracting crate google-cloudchannel1 5.0.2+20230123 into /workspace/builds/worker-7-tc1/source
[INFO] validating manifest of crates.io crate google-cloudchannel1 5.0.2+20230123 on toolchain 1.69.0
[INFO] running `Command { std: CARGO_HOME="/workspace/cargo-home" RUSTUP_HOME="/workspace/rustup-home" "/workspace/cargo-home/bin/cargo" "+1.69.0" "metadata" "--manifest-path" "Cargo.toml" "--no-deps", kill_on_drop: false }`
[INFO] started tweaking crates.io crate google-cloudchannel1 5.0.2+20230123
[INFO] finished tweaking crates.io crate google-cloudchannel1 5.0.2+20230123
[INFO] tweaked toml for crates.io crate google-cloudchannel1 5.0.2+20230123 written to /workspace/builds/worker-7-tc1/source/Cargo.toml
[INFO] running `Command { std: CARGO_HOME="/workspace/cargo-home" RUSTUP_HOME="/workspace/rustup-home" __CARGO_TEST_CHANNEL_OVERRIDE_DO_NOT_USE_THIS="nightly" "/workspace/cargo-home/bin/cargo" "+1.69.0" "generate-lockfile" "--manifest-path" "Cargo.toml" "-Zno-index-update", kill_on_drop: false }`
[INFO] running `Command { std: CARGO_HOME="/workspace/cargo-home" RUSTUP_HOME="/workspace/rustup-home" "/workspace/cargo-home/bin/cargo" "+1.69.0" "fetch" "--manifest-path" "Cargo.toml", kill_on_drop: false }`
[INFO] [stderr]  Downloading crates ...
[INFO] [stderr]   Downloaded google-apis-common v5.0.4
[INFO] [stderr]   Downloaded yup-oauth2 v8.1.1
[INFO] running `Command { std: "docker" "create" "-v" "/var/lib/crater-agent-workspace/builds/worker-7-tc1/target:/opt/rustwide/target:rw,Z" "-v" "/var/lib/crater-agent-workspace/builds/worker-7-tc1/source:/opt/rustwide/workdir:ro,Z" "-v" "/var/lib/crater-agent-workspace/cargo-home:/opt/rustwide/cargo-home:ro,Z" "-v" "/var/lib/crater-agent-workspace/rustup-home:/opt/rustwide/rustup-home:ro,Z" "-e" "SOURCE_DIR=/opt/rustwide/workdir" "-e" "CARGO_TARGET_DIR=/opt/rustwide/target" "-e" "CARGO_HOME=/opt/rustwide/cargo-home" "-e" "RUSTUP_HOME=/opt/rustwide/rustup-home" "-w" "/opt/rustwide/workdir" "-m" "1610612736" "--user" "0:0" "--network" "none" "ghcr.io/rust-lang/crates-build-env/linux@sha256:5ff2268d62e97bff2cde7d5815dd6ed5b47097566f13b8d0ca110b04b60e07ed" "/opt/rustwide/cargo-home/bin/cargo" "+1.69.0" "metadata" "--no-deps" "--format-version=1", kill_on_drop: false }`
[INFO] [stdout] 105ff5bd3ff26bf0d1ea499ebe99588329916936e988e3c969cc653dd94aaf6e
[INFO] running `Command { std: "docker" "start" "-a" "105ff5bd3ff26bf0d1ea499ebe99588329916936e988e3c969cc653dd94aaf6e", kill_on_drop: false }`
[INFO] running `Command { std: "docker" "inspect" "105ff5bd3ff26bf0d1ea499ebe99588329916936e988e3c969cc653dd94aaf6e", kill_on_drop: false }`
[INFO] running `Command { std: "docker" "rm" "-f" "105ff5bd3ff26bf0d1ea499ebe99588329916936e988e3c969cc653dd94aaf6e", kill_on_drop: false }`
[INFO] [stdout] 105ff5bd3ff26bf0d1ea499ebe99588329916936e988e3c969cc653dd94aaf6e
[INFO] running `Command { std: "docker" "create" "-v" "/var/lib/crater-agent-workspace/builds/worker-7-tc1/target:/opt/rustwide/target:rw,Z" "-v" "/var/lib/crater-agent-workspace/builds/worker-7-tc1/source:/opt/rustwide/workdir:ro,Z" "-v" "/var/lib/crater-agent-workspace/cargo-home:/opt/rustwide/cargo-home:ro,Z" "-v" "/var/lib/crater-agent-workspace/rustup-home:/opt/rustwide/rustup-home:ro,Z" "-e" "SOURCE_DIR=/opt/rustwide/workdir" "-e" "CARGO_TARGET_DIR=/opt/rustwide/target" "-e" "CARGO_INCREMENTAL=0" "-e" "RUST_BACKTRACE=full" "-e" "RUSTFLAGS=--cap-lints=warn" "-e" "RUSTDOCFLAGS=--cap-lints=warn" "-e" "CARGO_HOME=/opt/rustwide/cargo-home" "-e" "RUSTUP_HOME=/opt/rustwide/rustup-home" "-w" "/opt/rustwide/workdir" "-m" "1610612736" "--user" "0:0" "--network" "none" "ghcr.io/rust-lang/crates-build-env/linux@sha256:5ff2268d62e97bff2cde7d5815dd6ed5b47097566f13b8d0ca110b04b60e07ed" "/opt/rustwide/cargo-home/bin/cargo" "+1.69.0" "build" "--frozen" "--message-format=json", kill_on_drop: false }`
[INFO] [stdout] d97facc6c41d7e22817ad38d36d46c82f09735c140b710bab9f0ee1d730d7a4d
[INFO] running `Command { std: "docker" "start" "-a" "d97facc6c41d7e22817ad38d36d46c82f09735c140b710bab9f0ee1d730d7a4d", kill_on_drop: false }`
[INFO] [stderr]    Compiling proc-macro2 v1.0.56
[INFO] [stderr]    Compiling fnv v1.0.7
[INFO] [stderr]    Compiling futures-core v0.3.28
[INFO] [stderr]    Compiling slab v0.4.8
[INFO] [stderr]    Compiling ring v0.16.20
[INFO] [stderr]    Compiling futures-channel v0.3.28
[INFO] [stderr]    Compiling futures-task v0.3.28
[INFO] [stderr]    Compiling futures-sink v0.3.28
[INFO] [stderr]    Compiling tokio v1.28.0
[INFO] [stderr]    Compiling futures-util v0.3.28
[INFO] [stderr]    Compiling serde_derive v1.0.160
[INFO] [stderr]    Compiling mio v0.8.6
[INFO] [stderr]    Compiling socket2 v0.4.9
[INFO] [stderr]    Compiling spin v0.5.2
[INFO] [stderr]    Compiling tinyvec_macros v0.1.1
[INFO] [stderr]    Compiling serde v1.0.160
[INFO] [stderr]    Compiling untrusted v0.7.1
[INFO] [stderr]    Compiling futures-io v0.3.28
[INFO] [stderr]    Compiling pin-utils v0.1.0
[INFO] [stderr]    Compiling tinyvec v1.6.0
[INFO] [stderr]    Compiling tracing-core v0.1.30
[INFO] [stderr]    Compiling http v0.2.9
[INFO] [stderr]    Compiling quote v1.0.26
[INFO] [stderr]    Compiling strsim v0.10.0
[INFO] [stderr]    Compiling syn v2.0.15
[INFO] [stderr]    Compiling tracing v0.1.37
[INFO] [stderr]    Compiling httparse v1.8.0
[INFO] [stderr]    Compiling rustls v0.20.8
[INFO] [stderr]    Compiling ident_case v1.0.1
[INFO] [stderr]    Compiling unicode-bidi v0.3.13
[INFO] [stderr]    Compiling num-traits v0.2.15
[INFO] [stderr]    Compiling base64 v0.21.0
[INFO] [stderr]    Compiling try-lock v0.2.4
[INFO] [stderr]    Compiling want v0.3.0
[INFO] [stderr]    Compiling unicode-normalization v0.1.22
[INFO] [stderr]    Compiling rustls-pemfile v1.0.2
[INFO] [stderr]    Compiling http-body v0.4.5
[INFO] [stderr]    Compiling num-integer v0.1.45
[INFO] [stderr]    Compiling percent-encoding v2.2.0
[INFO] [stderr]    Compiling tower-service v0.3.2
[INFO] [stderr]    Compiling openssl-probe v0.1.5
[INFO] [stderr]    Compiling serde_json v1.0.96
[INFO] [stderr]    Compiling httpdate v1.0.2
[INFO] [stderr]    Compiling async-trait v0.1.68
[INFO] [stderr]    Compiling anyhow v1.0.71
[INFO] [stderr]    Compiling rustls-native-certs v0.6.2
[INFO] [stderr]    Compiling form_urlencoded v1.1.0
[INFO] [stderr]    Compiling idna v0.3.0
[INFO] [stderr]    Compiling matches v0.1.10
[INFO] [stderr]    Compiling num_threads v0.1.6
[INFO] [stderr]    Compiling time-core v0.1.0
[INFO] [stderr]    Compiling idna v0.1.5
[INFO] [stderr]    Compiling seahash v4.1.0
[INFO] [stderr]    Compiling percent-encoding v1.0.1
[INFO] [stderr]    Compiling base64 v0.13.1
[INFO] [stderr]    Compiling iana-time-zone v0.1.56
[INFO] [stderr]    Compiling sct v0.7.0
[INFO] [stderr]    Compiling webpki v0.22.0
[INFO] [stderr]    Compiling url v2.3.1
[INFO] [stderr]    Compiling url v1.7.2
[INFO] [stderr]    Compiling mime v0.3.17
[INFO] [stderr]    Compiling darling_core v0.20.0
[INFO] [stderr]    Compiling tokio-macros v2.1.0
[INFO] [stderr]    Compiling futures-macro v0.3.28
[INFO] [stderr]    Compiling darling_macro v0.20.0
[INFO] [stderr]    Compiling darling v0.20.0
[INFO] [stderr]    Compiling serde_with_macros v2.3.3
[INFO] [stderr]    Compiling futures-executor v0.3.28
[INFO] [stderr]    Compiling futures v0.3.28
[INFO] [stderr]    Compiling tokio-util v0.7.8
[INFO] [stderr]    Compiling tokio-rustls v0.23.4
[INFO] [stderr]    Compiling h2 v0.3.18
[INFO] [stderr]    Compiling time v0.3.20
[INFO] [stderr]    Compiling chrono v0.4.24
[INFO] [stderr]    Compiling serde_with v2.3.3
[INFO] [stderr]    Compiling hyper v0.14.26
[INFO] [stderr]    Compiling hyper-rustls v0.23.2
[INFO] [stderr]    Compiling yup-oauth2 v8.1.1
[INFO] [stderr]    Compiling google-apis-common v5.0.4
[INFO] [stderr]    Compiling google-cloudchannel1 v5.0.2+20230123 (/opt/rustwide/workdir)
[INFO] [stderr]     Finished dev [unoptimized + debuginfo] target(s) in 1m 56s
[INFO] running `Command { std: "docker" "inspect" "d97facc6c41d7e22817ad38d36d46c82f09735c140b710bab9f0ee1d730d7a4d", kill_on_drop: false }`
[INFO] running `Command { std: "docker" "rm" "-f" "d97facc6c41d7e22817ad38d36d46c82f09735c140b710bab9f0ee1d730d7a4d", kill_on_drop: false }`
[INFO] [stdout] d97facc6c41d7e22817ad38d36d46c82f09735c140b710bab9f0ee1d730d7a4d
[INFO] running `Command { std: "docker" "create" "-v" "/var/lib/crater-agent-workspace/builds/worker-7-tc1/target:/opt/rustwide/target:rw,Z" "-v" "/var/lib/crater-agent-workspace/builds/worker-7-tc1/source:/opt/rustwide/workdir:ro,Z" "-v" "/var/lib/crater-agent-workspace/cargo-home:/opt/rustwide/cargo-home:ro,Z" "-v" "/var/lib/crater-agent-workspace/rustup-home:/opt/rustwide/rustup-home:ro,Z" "-e" "SOURCE_DIR=/opt/rustwide/workdir" "-e" "CARGO_TARGET_DIR=/opt/rustwide/target" "-e" "CARGO_INCREMENTAL=0" "-e" "RUST_BACKTRACE=full" "-e" "RUSTFLAGS=--cap-lints=warn" "-e" "RUSTDOCFLAGS=--cap-lints=warn" "-e" "CARGO_HOME=/opt/rustwide/cargo-home" "-e" "RUSTUP_HOME=/opt/rustwide/rustup-home" "-w" "/opt/rustwide/workdir" "-m" "1610612736" "--user" "0:0" "--network" "none" "ghcr.io/rust-lang/crates-build-env/linux@sha256:5ff2268d62e97bff2cde7d5815dd6ed5b47097566f13b8d0ca110b04b60e07ed" "/opt/rustwide/cargo-home/bin/cargo" "+1.69.0" "test" "--frozen" "--no-run" "--message-format=json", kill_on_drop: false }`
[INFO] [stdout] c1a59b9833b0e2f12fc8e85aa75c416a724bb99fdeafb9d823495498c0836203
[INFO] running `Command { std: "docker" "start" "-a" "c1a59b9833b0e2f12fc8e85aa75c416a724bb99fdeafb9d823495498c0836203", kill_on_drop: false }`
[INFO] [stderr]    Compiling google-cloudchannel1 v5.0.2+20230123 (/opt/rustwide/workdir)
[INFO] [stderr]     Finished test [unoptimized + debuginfo] target(s) in 5.61s
[INFO] running `Command { std: "docker" "inspect" "c1a59b9833b0e2f12fc8e85aa75c416a724bb99fdeafb9d823495498c0836203", kill_on_drop: false }`
[INFO] running `Command { std: "docker" "rm" "-f" "c1a59b9833b0e2f12fc8e85aa75c416a724bb99fdeafb9d823495498c0836203", kill_on_drop: false }`
[INFO] [stdout] c1a59b9833b0e2f12fc8e85aa75c416a724bb99fdeafb9d823495498c0836203
[INFO] running `Command { std: "docker" "create" "-v" "/var/lib/crater-agent-workspace/builds/worker-7-tc1/target:/opt/rustwide/target:rw,Z" "-v" "/var/lib/crater-agent-workspace/builds/worker-7-tc1/source:/opt/rustwide/workdir:ro,Z" "-v" "/var/lib/crater-agent-workspace/cargo-home:/opt/rustwide/cargo-home:ro,Z" "-v" "/var/lib/crater-agent-workspace/rustup-home:/opt/rustwide/rustup-home:ro,Z" "-e" "SOURCE_DIR=/opt/rustwide/workdir" "-e" "CARGO_TARGET_DIR=/opt/rustwide/target" "-e" "CARGO_INCREMENTAL=0" "-e" "RUST_BACKTRACE=full" "-e" "RUSTFLAGS=--cap-lints=warn" "-e" "RUSTDOCFLAGS=--cap-lints=warn" "-e" "CARGO_HOME=/opt/rustwide/cargo-home" "-e" "RUSTUP_HOME=/opt/rustwide/rustup-home" "-w" "/opt/rustwide/workdir" "-m" "1610612736" "--user" "0:0" "--network" "none" "ghcr.io/rust-lang/crates-build-env/linux@sha256:5ff2268d62e97bff2cde7d5815dd6ed5b47097566f13b8d0ca110b04b60e07ed" "/opt/rustwide/cargo-home/bin/cargo" "+1.69.0" "test" "--frozen", kill_on_drop: false }`
[INFO] [stdout] 6b76c0ea0de1150fdb6ecfdf50b6ec818f1b0987c06977d0fcb864efed718651
[INFO] running `Command { std: "docker" "start" "-a" "6b76c0ea0de1150fdb6ecfdf50b6ec818f1b0987c06977d0fcb864efed718651", kill_on_drop: false }`
[INFO] [stderr]     Finished test [unoptimized + debuginfo] target(s) in 0.14s
[INFO] [stderr]      Running unittests src/lib.rs (/opt/rustwide/target/debug/deps/google_cloudchannel1-5a9f973f1abc2f8a)
[INFO] [stdout] 
[INFO] [stdout] running 0 tests
[INFO] [stdout] 
[INFO] [stdout] test result: ok. 0 passed; 0 failed; 0 ignored; 0 measured; 0 filtered out; finished in 0.00s
[INFO] [stdout] 
[INFO] [stderr]    Doc-tests google-cloudchannel1
[INFO] [stdout] 
[INFO] [stdout] running 64 tests
[INFO] [stdout] test src/api.rs - api::AccountChannelPartnerLinkCustomerCreateCall (line 5405) - compile ... ok
[INFO] [stdout] test src/api.rs - api::AccountChannelPartnerLinkChannelPartnerRepricingConfigGetCall (line 4556) - compile ... ok
[INFO] [stdout] test src/api.rs - api::AccountChannelPartnerLinkCreateCall (line 7109) - compile ... ok
[INFO] [stdout] test src/api.rs - api::AccountChannelPartnerLinkChannelPartnerRepricingConfigListCall (line 4817) - compile ... ok
[INFO] [stdout] test src/api.rs - api::AccountChannelPartnerLinkChannelPartnerRepricingConfigDeleteCall (line 4295) - compile ... ok
[INFO] [stdout] test src/api.rs - api::AccountChannelPartnerLinkChannelPartnerRepricingConfigCreateCall (line 4004) - compile ... ok
[INFO] [stdout] test src/api.rs - api::AccountChannelPartnerLinkCustomerDeleteCall (line 5696) - compile ... ok
[INFO] [stdout] test src/api.rs - api::AccountChannelPartnerLinkCustomerGetCall (line 5957) - compile ... ok
[INFO] [stdout] test src/api.rs - api::AccountChannelPartnerLinkChannelPartnerRepricingConfigPatchCall (line 5114) - compile ... ok
[INFO] [stdout] test src/api.rs - api::AccountChannelPartnerLinkCustomerListCall (line 6509) - compile ... ok
[INFO] [stdout] test src/api.rs - api::AccountChannelPartnerLinkCustomerPatchCall (line 6806) - compile ... FAILED
[INFO] [stdout] test src/api.rs - api::AccountCheckCloudIdentityAccountsExistCall (line 17228) - compile ... ok
[INFO] [stdout] test src/api.rs - api::AccountChannelPartnerLinkCustomerImportCall (line 6218) - compile ... ok
[INFO] [stdout] test src/api.rs - api::AccountChannelPartnerLinkGetCall (line 7400) - compile ... ok
[INFO] [stdout] test src/api.rs - api::AccountChannelPartnerLinkPatchCall (line 7970) - compile ... ok
[INFO] [stdout] test src/api.rs - api::AccountChannelPartnerLinkListCall (line 7673) - compile ... ok
[INFO] [stdout] test src/api.rs - api::AccountCustomerCreateCall (line 12797) - compile ... ok
[INFO] [stdout] test src/api.rs - api::AccountCustomerCustomerRepricingConfigDeleteCall (line 8552) - compile ... ok
[INFO] [stdout] test src/api.rs - api::AccountCustomerCustomerRepricingConfigGetCall (line 8813) - compile ... ok
[INFO] [stdout] test src/api.rs - api::AccountCustomerCustomerRepricingConfigCreateCall (line 8261) - compile ... ok
[INFO] [stdout] test src/api.rs - api::AccountCustomerCustomerRepricingConfigListCall (line 9074) - compile ... ok
[INFO] [stdout] test src/api.rs - api::AccountCustomerDeleteCall (line 13088) - compile ... ok
[INFO] [stdout] test src/api.rs - api::AccountCustomerEntitlementActivateCall (line 9662) - compile ... ok
[INFO] [stdout] test src/api.rs - api::AccountCustomerEntitlementChangeOfferCall (line 10244) - compile ... ok
[INFO] [stdout] test src/api.rs - api::AccountCustomerEntitlementChangeParameterCall (line 10535) - compile ... ok
[INFO] [stdout] test src/api.rs - api::AccountCustomerEntitlementCancelCall (line 9953) - compile ... ok
[INFO] [stdout] test src/api.rs - api::AccountCustomerEntitlementChangeRenewalSettingCall (line 10826) - compile ... ok
[INFO] [stdout] test src/api.rs - api::AccountCustomerEntitlementGetCall (line 11408) - compile ... ok
[INFO] [stdout] test src/api.rs - api::AccountCustomerCustomerRepricingConfigPatchCall (line 9371) - compile ... ok
[INFO] [stdout] test src/api.rs - api::AccountCustomerEntitlementCreateCall (line 11117) - compile ... ok
[INFO] [stdout] test src/api.rs - api::AccountCustomerEntitlementListCall (line 11669) - compile ... ok
[INFO] [stdout] test src/api.rs - api::AccountCustomerEntitlementLookupOfferCall (line 11954) - compile ... ok
[INFO] [stdout] test src/api.rs - api::AccountCustomerEntitlementSuspendCall (line 12506) - compile ... ok
[INFO] [stdout] test src/api.rs - api::AccountCustomerListCall (line 13901) - compile ... ok
[INFO] [stdout] test src/api.rs - api::AccountCustomerGetCall (line 13349) - compile ... ok
[INFO] [stdout] test src/api.rs - api::AccountCustomerEntitlementStartPaidServiceCall (line 12215) - compile ... ok
[INFO] [stdout] test src/api.rs - api::AccountCustomerListPurchasableOfferCall (line 14198) - compile ... ok
[INFO] [stdout] test src/api.rs - api::AccountCustomerImportCall (line 13610) - compile ... ok
[INFO] [stdout] test src/api.rs - api::AccountCustomerTransferEntitlementsToGoogleCall (line 15749) - compile ... ok
[INFO] [stdout] test src/api.rs - api::AccountCustomerProvisionCloudIdentityCall (line 15167) - compile ... ok
[INFO] [stdout] test src/api.rs - api::AccountListSubscriberCall (line 17519) - compile ... ok
[INFO] [stdout] test src/api.rs - api::AccountCustomerPatchCall (line 14864) - compile ... FAILED
[INFO] [stdout] test src/api.rs - api::AccountCustomerListPurchasableSkuCall (line 14531) - compile ... ok
[INFO] [stdout] test src/api.rs - api::AccountCustomerTransferEntitlementCall (line 15458) - compile ... ok
[INFO] [stdout] test src/api.rs - api::AccountListTransferableOfferCall (line 17804) - compile ... ok
[INFO] [stdout] test src/api.rs - api::AccountListTransferableSkuCall (line 18095) - compile ... ok
[INFO] [stdout] test src/api.rs - api::AccountReportJobFetchReportResultCall (line 16349) - compile ... ok
[INFO] [stdout] test src/api.rs - api::AccountUnregisterCall (line 18677) - compile ... ok
[INFO] [stdout] test src/api.rs - api::AccountMethods (line 2778) - compile ... ok
[INFO] [stdout] test src/api.rs - api::AccountRegisterCall (line 18386) - compile ... ok
[INFO] [stdout] test src/api.rs - api::AccountReportRunCall (line 16937) - compile ... ok
[INFO] [stdout] test src/api.rs - api::AccountOfferListCall (line 16040) - compile ... ok
[INFO] [stdout] test src/api.rs - api::AccountReportListCall (line 16640) - compile ... ok
[INFO] [stdout] test src/api.rs - api::Cloudchannel (line 62) - compile ... ok
[INFO] [stdout] test src/api.rs - api::OperationCancelCall (line 18968) - compile ... ok
[INFO] [stdout] test src/lib.rs - (line 53) ... ignored
[INFO] [stdout] test src/api.rs - api::OperationGetCall (line 19520) - compile ... ok
[INFO] [stdout] test src/api.rs - api::OperationListCall (line 19781) - compile ... ok
[INFO] [stdout] test src/api.rs - api::OperationMethods (line 3804) - compile ... ok
[INFO] [stdout] test src/api.rs - api::OperationDeleteCall (line 19259) - compile ... ok
[INFO] [stdout] test src/api.rs - api::ProductMethods (line 3918) - compile ... ok
[INFO] [stdout] test src/api.rs - api::ProductSkuListCall (line 20078) - compile ... ok
[INFO] [stdout] test src/api.rs - api::ProductListCall (line 20387) - compile ... ok
[INFO] [stdout] test src/lib.rs - (line 89) - compile ... ok
[INFO] [stdout] 
[INFO] [stdout] failures:
[INFO] [stdout] 
[INFO] [stdout] ---- src/api.rs - api::AccountChannelPartnerLinkCustomerPatchCall (line 6806) stdout ----
[INFO] [stdout] error[E0308]: mismatched types
[INFO] [stdout]     --> src/api.rs:6830:27
[INFO] [stdout]      |
[INFO] [stdout] 25   |              .update_mask(&Default::default())
[INFO] [stdout]      |               ----------- ^^^^^^^^^^^^^^^^^^^ expected `FieldMask`, found `&_`
[INFO] [stdout]      |               |
[INFO] [stdout]      |               arguments to this method are incorrect
[INFO] [stdout]      |
[INFO] [stdout]      = note: expected struct `FieldMask`
[INFO] [stdout]              found reference `&_`
[INFO] [stdout] note: method defined here
[INFO] [stdout]     --> /opt/rustwide/workdir/src/api.rs:7021:12
[INFO] [stdout]      |
[INFO] [stdout] 7021 |     pub fn update_mask(mut self, new_value: client::FieldMask) -> AccountChannelPartnerLinkCustomerPatchCall<'a, S> {
[INFO] [stdout]      |            ^^^^^^^^^^^
[INFO] [stdout] help: consider removing the borrow
[INFO] [stdout]      |
[INFO] [stdout] 25   -              .update_mask(&Default::default())
[INFO] [stdout] 25   +              .update_mask(Default::default())
[INFO] [stdout]      |
[INFO] [stdout] 
[INFO] [stdout] error: aborting due to previous error
[INFO] [stdout] 
[INFO] [stdout] For more information about this error, try `rustc --explain E0308`.
[INFO] [stdout] Couldn't compile the test.
[INFO] [stdout] ---- src/api.rs - api::AccountCustomerPatchCall (line 14864) stdout ----
[INFO] [stdout] error[E0308]: mismatched types
[INFO] [stdout]      --> src/api.rs:14888:27
[INFO] [stdout]       |
[INFO] [stdout] 25    |              .update_mask(&Default::default())
[INFO] [stdout]       |               ----------- ^^^^^^^^^^^^^^^^^^^ expected `FieldMask`, found `&_`
[INFO] [stdout]       |               |
[INFO] [stdout]       |               arguments to this method are incorrect
[INFO] [stdout]       |
[INFO] [stdout]       = note: expected struct `FieldMask`
[INFO] [stdout]               found reference `&_`
[INFO] [stdout] note: method defined here
[INFO] [stdout]      --> /opt/rustwide/workdir/src/api.rs:15079:12
[INFO] [stdout]       |
[INFO] [stdout] 15079 |     pub fn update_mask(mut self, new_value: client::FieldMask) -> AccountCustomerPatchCall<'a, S> {
[INFO] [stdout]       |            ^^^^^^^^^^^
[INFO] [stdout] help: consider removing the borrow
[INFO] [stdout]       |
[INFO] [stdout] 25    -              .update_mask(&Default::default())
[INFO] [stdout] 25    +              .update_mask(Default::default())
[INFO] [stdout]       |
[INFO] [stdout] 
[INFO] [stdout] error: aborting due to previous error
[INFO] [stdout] 
[INFO] [stdout] For more information about this error, try `rustc --explain E0308`.
[INFO] [stdout] Couldn't compile the test.
[INFO] [stdout] 
[INFO] [stdout] failures:
[INFO] [stdout]     src/api.rs - api::AccountChannelPartnerLinkCustomerPatchCall (line 6806)
[INFO] [stdout]     src/api.rs - api::AccountCustomerPatchCall (line 14864)
[INFO] [stdout] 
[INFO] [stdout] test result: FAILED. 61 passed; 2 failed; 1 ignored; 0 measured; 0 filtered out; finished in 3.37s
[INFO] [stdout] 
[INFO] [stderr] error: doctest failed, to rerun pass `--doc`
[INFO] running `Command { std: "docker" "inspect" "6b76c0ea0de1150fdb6ecfdf50b6ec818f1b0987c06977d0fcb864efed718651", kill_on_drop: false }`
[INFO] running `Command { std: "docker" "rm" "-f" "6b76c0ea0de1150fdb6ecfdf50b6ec818f1b0987c06977d0fcb864efed718651", kill_on_drop: false }`
[INFO] [stdout] 6b76c0ea0de1150fdb6ecfdf50b6ec818f1b0987c06977d0fcb864efed718651
