[INFO] fetching crate google-cloudbuild1 5.0.2+20230120...
[INFO] testing google-cloudbuild1-5.0.2+20230120 against 1.69.0 for beta-1.70-1
[INFO] extracting crate google-cloudbuild1 5.0.2+20230120 into /workspace/builds/worker-4-tc1/source
[INFO] validating manifest of crates.io crate google-cloudbuild1 5.0.2+20230120 on toolchain 1.69.0
[INFO] running `Command { std: CARGO_HOME="/workspace/cargo-home" RUSTUP_HOME="/workspace/rustup-home" "/workspace/cargo-home/bin/cargo" "+1.69.0" "metadata" "--manifest-path" "Cargo.toml" "--no-deps", kill_on_drop: false }`
[INFO] started tweaking crates.io crate google-cloudbuild1 5.0.2+20230120
[INFO] finished tweaking crates.io crate google-cloudbuild1 5.0.2+20230120
[INFO] tweaked toml for crates.io crate google-cloudbuild1 5.0.2+20230120 written to /workspace/builds/worker-4-tc1/source/Cargo.toml
[INFO] running `Command { std: CARGO_HOME="/workspace/cargo-home" RUSTUP_HOME="/workspace/rustup-home" __CARGO_TEST_CHANNEL_OVERRIDE_DO_NOT_USE_THIS="nightly" "/workspace/cargo-home/bin/cargo" "+1.69.0" "generate-lockfile" "--manifest-path" "Cargo.toml" "-Zno-index-update", kill_on_drop: false }`
[INFO] running `Command { std: CARGO_HOME="/workspace/cargo-home" RUSTUP_HOME="/workspace/rustup-home" "/workspace/cargo-home/bin/cargo" "+1.69.0" "fetch" "--manifest-path" "Cargo.toml", kill_on_drop: false }`
[INFO] [stderr]  Downloading crates ...
[INFO] [stderr]   Downloaded google-apis-common v5.0.4
[INFO] [stderr]   Downloaded yup-oauth2 v8.1.1
[INFO] running `Command { std: "docker" "create" "-v" "/var/lib/crater-agent-workspace/builds/worker-4-tc1/target:/opt/rustwide/target:rw,Z" "-v" "/var/lib/crater-agent-workspace/builds/worker-4-tc1/source:/opt/rustwide/workdir:ro,Z" "-v" "/var/lib/crater-agent-workspace/cargo-home:/opt/rustwide/cargo-home:ro,Z" "-v" "/var/lib/crater-agent-workspace/rustup-home:/opt/rustwide/rustup-home:ro,Z" "-e" "SOURCE_DIR=/opt/rustwide/workdir" "-e" "CARGO_TARGET_DIR=/opt/rustwide/target" "-e" "CARGO_HOME=/opt/rustwide/cargo-home" "-e" "RUSTUP_HOME=/opt/rustwide/rustup-home" "-w" "/opt/rustwide/workdir" "-m" "1610612736" "--user" "0:0" "--network" "none" "ghcr.io/rust-lang/crates-build-env/linux@sha256:97d61d7686bf65f8ecb15491ab51835e82dc9176a96a831f143a431b191fc501" "/opt/rustwide/cargo-home/bin/cargo" "+1.69.0" "metadata" "--no-deps" "--format-version=1", kill_on_drop: false }`
[INFO] [stdout] 5101ce96d40515a80489429ab6215c5257e2c15370f2a81a172811025db73ce8
[INFO] running `Command { std: "docker" "start" "-a" "5101ce96d40515a80489429ab6215c5257e2c15370f2a81a172811025db73ce8", kill_on_drop: false }`
[INFO] running `Command { std: "docker" "inspect" "5101ce96d40515a80489429ab6215c5257e2c15370f2a81a172811025db73ce8", kill_on_drop: false }`
[INFO] running `Command { std: "docker" "rm" "-f" "5101ce96d40515a80489429ab6215c5257e2c15370f2a81a172811025db73ce8", kill_on_drop: false }`
[INFO] [stdout] 5101ce96d40515a80489429ab6215c5257e2c15370f2a81a172811025db73ce8
[INFO] running `Command { std: "docker" "create" "-v" "/var/lib/crater-agent-workspace/builds/worker-4-tc1/target:/opt/rustwide/target:rw,Z" "-v" "/var/lib/crater-agent-workspace/builds/worker-4-tc1/source:/opt/rustwide/workdir:ro,Z" "-v" "/var/lib/crater-agent-workspace/cargo-home:/opt/rustwide/cargo-home:ro,Z" "-v" "/var/lib/crater-agent-workspace/rustup-home:/opt/rustwide/rustup-home:ro,Z" "-e" "SOURCE_DIR=/opt/rustwide/workdir" "-e" "CARGO_TARGET_DIR=/opt/rustwide/target" "-e" "CARGO_INCREMENTAL=0" "-e" "RUST_BACKTRACE=full" "-e" "RUSTFLAGS=--cap-lints=warn" "-e" "RUSTDOCFLAGS=--cap-lints=warn" "-e" "CARGO_HOME=/opt/rustwide/cargo-home" "-e" "RUSTUP_HOME=/opt/rustwide/rustup-home" "-w" "/opt/rustwide/workdir" "-m" "1610612736" "--user" "0:0" "--network" "none" "ghcr.io/rust-lang/crates-build-env/linux@sha256:97d61d7686bf65f8ecb15491ab51835e82dc9176a96a831f143a431b191fc501" "/opt/rustwide/cargo-home/bin/cargo" "+1.69.0" "build" "--frozen" "--message-format=json", kill_on_drop: false }`
[INFO] [stdout] b1ec164511ec2d1deae87817aaf12a8ebbdaa8dfa65b07448e4ea879f7dee9fb
[INFO] running `Command { std: "docker" "start" "-a" "b1ec164511ec2d1deae87817aaf12a8ebbdaa8dfa65b07448e4ea879f7dee9fb", kill_on_drop: false }`
[INFO] [stderr]    Compiling proc-macro2 v1.0.56
[INFO] [stderr]    Compiling futures-task v0.3.28
[INFO] [stderr]    Compiling futures-channel v0.3.28
[INFO] [stderr]    Compiling futures-sink v0.3.28
[INFO] [stderr]    Compiling bytes v1.4.0
[INFO] [stderr]    Compiling ring v0.16.20
[INFO] [stderr]    Compiling tokio v1.28.0
[INFO] [stderr]    Compiling futures-util v0.3.28
[INFO] [stderr]    Compiling serde v1.0.160
[INFO] [stderr]    Compiling socket2 v0.4.9
[INFO] [stderr]    Compiling mio v0.8.6
[INFO] [stderr]    Compiling tinyvec_macros v0.1.1
[INFO] [stderr]    Compiling futures-io v0.3.28
[INFO] [stderr]    Compiling tracing-core v0.1.30
[INFO] [stderr]    Compiling strsim v0.10.0
[INFO] [stderr]    Compiling ident_case v1.0.1
[INFO] [stderr]    Compiling tinyvec v1.6.0
[INFO] [stderr]    Compiling unicode-bidi v0.3.13
[INFO] [stderr]    Compiling httparse v1.8.0
[INFO] [stderr]    Compiling rustls v0.20.8
[INFO] [stderr]    Compiling num-traits v0.2.15
[INFO] [stderr]    Compiling tracing v0.1.38
[INFO] [stderr]    Compiling try-lock v0.2.4
[INFO] [stderr]    Compiling base64 v0.21.0
[INFO] [stderr]    Compiling num-integer v0.1.45
[INFO] [stderr]    Compiling http v0.2.9
[INFO] [stderr]    Compiling want v0.3.0
[INFO] [stderr]    Compiling percent-encoding v2.2.0
[INFO] [stderr]    Compiling tower-service v0.3.2
[INFO] [stderr]    Compiling form_urlencoded v1.1.0
[INFO] [stderr]    Compiling quote v1.0.26
[INFO] [stderr]    Compiling num_threads v0.1.6
[INFO] [stderr]    Compiling rustls-pemfile v1.0.2
[INFO] [stderr]    Compiling matches v0.1.10
[INFO] [stderr]    Compiling time-core v0.1.0
[INFO] [stderr]    Compiling unicode-normalization v0.1.22
[INFO] [stderr]    Compiling syn v2.0.15
[INFO] [stderr]    Compiling base64 v0.13.1
[INFO] [stderr]    Compiling rustls-native-certs v0.6.2
[INFO] [stderr]    Compiling percent-encoding v1.0.1
[INFO] [stderr]    Compiling seahash v4.1.0
[INFO] [stderr]    Compiling iana-time-zone v0.1.56
[INFO] [stderr]    Compiling mime v0.3.17
[INFO] [stderr]    Compiling idna v0.3.0
[INFO] [stderr]    Compiling idna v0.1.5
[INFO] [stderr]    Compiling http-body v0.4.5
[INFO] [stderr]    Compiling url v1.7.2
[INFO] [stderr]    Compiling url v2.3.1
[INFO] [stderr]    Compiling webpki v0.22.0
[INFO] [stderr]    Compiling sct v0.7.0
[INFO] [stderr]    Compiling darling_core v0.20.0
[INFO] [stderr]    Compiling tokio-macros v2.1.0
[INFO] [stderr]    Compiling futures-macro v0.3.28
[INFO] [stderr]    Compiling serde_derive v1.0.160
[INFO] [stderr]    Compiling async-trait v0.1.68
[INFO] [stderr]    Compiling darling_macro v0.20.0
[INFO] [stderr]    Compiling darling v0.20.0
[INFO] [stderr]    Compiling serde_with_macros v2.3.3
[INFO] [stderr]    Compiling futures-executor v0.3.28
[INFO] [stderr]    Compiling futures v0.3.28
[INFO] [stderr]    Compiling tokio-util v0.7.8
[INFO] [stderr]    Compiling tokio-rustls v0.23.4
[INFO] [stderr]    Compiling h2 v0.3.18
[INFO] [stderr]    Compiling serde_json v1.0.96
[INFO] [stderr]    Compiling time v0.3.20
[INFO] [stderr]    Compiling serde_with v2.3.3
[INFO] [stderr]    Compiling chrono v0.4.24
[INFO] [stderr]    Compiling hyper v0.14.26
[INFO] [stderr]    Compiling hyper-rustls v0.23.2
[INFO] [stderr]    Compiling yup-oauth2 v8.1.1
[INFO] [stderr]    Compiling google-apis-common v5.0.4
[INFO] [stderr]    Compiling google-cloudbuild1 v5.0.2+20230120 (/opt/rustwide/workdir)
[INFO] [stderr]     Finished dev [unoptimized + debuginfo] target(s) in 46.42s
[INFO] running `Command { std: "docker" "inspect" "b1ec164511ec2d1deae87817aaf12a8ebbdaa8dfa65b07448e4ea879f7dee9fb", kill_on_drop: false }`
[INFO] running `Command { std: "docker" "rm" "-f" "b1ec164511ec2d1deae87817aaf12a8ebbdaa8dfa65b07448e4ea879f7dee9fb", kill_on_drop: false }`
[INFO] [stdout] b1ec164511ec2d1deae87817aaf12a8ebbdaa8dfa65b07448e4ea879f7dee9fb
[INFO] running `Command { std: "docker" "create" "-v" "/var/lib/crater-agent-workspace/builds/worker-4-tc1/target:/opt/rustwide/target:rw,Z" "-v" "/var/lib/crater-agent-workspace/builds/worker-4-tc1/source:/opt/rustwide/workdir:ro,Z" "-v" "/var/lib/crater-agent-workspace/cargo-home:/opt/rustwide/cargo-home:ro,Z" "-v" "/var/lib/crater-agent-workspace/rustup-home:/opt/rustwide/rustup-home:ro,Z" "-e" "SOURCE_DIR=/opt/rustwide/workdir" "-e" "CARGO_TARGET_DIR=/opt/rustwide/target" "-e" "CARGO_INCREMENTAL=0" "-e" "RUST_BACKTRACE=full" "-e" "RUSTFLAGS=--cap-lints=warn" "-e" "RUSTDOCFLAGS=--cap-lints=warn" "-e" "CARGO_HOME=/opt/rustwide/cargo-home" "-e" "RUSTUP_HOME=/opt/rustwide/rustup-home" "-w" "/opt/rustwide/workdir" "-m" "1610612736" "--user" "0:0" "--network" "none" "ghcr.io/rust-lang/crates-build-env/linux@sha256:97d61d7686bf65f8ecb15491ab51835e82dc9176a96a831f143a431b191fc501" "/opt/rustwide/cargo-home/bin/cargo" "+1.69.0" "test" "--frozen" "--no-run" "--message-format=json", kill_on_drop: false }`
[INFO] [stdout] f99f4bf23c5dee68a3fb4ba63600f3c9cdee448520ef25a94f12783f58d156bf
[INFO] running `Command { std: "docker" "start" "-a" "f99f4bf23c5dee68a3fb4ba63600f3c9cdee448520ef25a94f12783f58d156bf", kill_on_drop: false }`
[INFO] [stderr]     Blocking waiting for file lock on package cache
[INFO] [stderr]    Compiling google-cloudbuild1 v5.0.2+20230120 (/opt/rustwide/workdir)
[INFO] [stderr]     Finished test [unoptimized + debuginfo] target(s) in 6.27s
[INFO] running `Command { std: "docker" "inspect" "f99f4bf23c5dee68a3fb4ba63600f3c9cdee448520ef25a94f12783f58d156bf", kill_on_drop: false }`
[INFO] running `Command { std: "docker" "rm" "-f" "f99f4bf23c5dee68a3fb4ba63600f3c9cdee448520ef25a94f12783f58d156bf", kill_on_drop: false }`
[INFO] [stdout] f99f4bf23c5dee68a3fb4ba63600f3c9cdee448520ef25a94f12783f58d156bf
[INFO] running `Command { std: "docker" "create" "-v" "/var/lib/crater-agent-workspace/builds/worker-4-tc1/target:/opt/rustwide/target:rw,Z" "-v" "/var/lib/crater-agent-workspace/builds/worker-4-tc1/source:/opt/rustwide/workdir:ro,Z" "-v" "/var/lib/crater-agent-workspace/cargo-home:/opt/rustwide/cargo-home:ro,Z" "-v" "/var/lib/crater-agent-workspace/rustup-home:/opt/rustwide/rustup-home:ro,Z" "-e" "SOURCE_DIR=/opt/rustwide/workdir" "-e" "CARGO_TARGET_DIR=/opt/rustwide/target" "-e" "CARGO_INCREMENTAL=0" "-e" "RUST_BACKTRACE=full" "-e" "RUSTFLAGS=--cap-lints=warn" "-e" "RUSTDOCFLAGS=--cap-lints=warn" "-e" "CARGO_HOME=/opt/rustwide/cargo-home" "-e" "RUSTUP_HOME=/opt/rustwide/rustup-home" "-w" "/opt/rustwide/workdir" "-m" "1610612736" "--user" "0:0" "--network" "none" "ghcr.io/rust-lang/crates-build-env/linux@sha256:97d61d7686bf65f8ecb15491ab51835e82dc9176a96a831f143a431b191fc501" "/opt/rustwide/cargo-home/bin/cargo" "+1.69.0" "test" "--frozen", kill_on_drop: false }`
[INFO] [stdout] d3444cc9bad95752a79265f6d87a7151d613dcb2e002ecada18600375ca40405
[INFO] running `Command { std: "docker" "start" "-a" "d3444cc9bad95752a79265f6d87a7151d613dcb2e002ecada18600375ca40405", kill_on_drop: false }`
[INFO] [stderr]     Finished test [unoptimized + debuginfo] target(s) in 0.13s
[INFO] [stderr]      Running unittests src/lib.rs (/opt/rustwide/target/debug/deps/google_cloudbuild1-c1d83082e97438ed)
[INFO] [stdout] 
[INFO] [stdout] running 0 tests
[INFO] [stdout] 
[INFO] [stdout] test result: ok. 0 passed; 0 failed; 0 ignored; 0 measured; 0 filtered out; finished in 0.00s
[INFO] [stdout] 
[INFO] [stderr]    Doc-tests google-cloudbuild1
[INFO] [stdout] 
[INFO] [stdout] running 72 tests
[INFO] [stdout] test src/api.rs - api::LocationMethods (line 2680) - compile ... ok
[INFO] [stdout] test src/api.rs - api::ProjectBuildRetryCall (line 6615) - compile ... ok
[INFO] [stdout] test src/api.rs - api::CloudBuild (line 58) - compile ... ok
[INFO] [stdout] test src/api.rs - api::GithubDotComWebhookMethods (line 2622) - compile ... ok
[INFO] [stdout] test src/api.rs - api::OperationMethods (line 2740) - compile ... ok
[INFO] [stdout] test src/api.rs - api::ProjectBuildCreateCall (line 5718) - compile ... ok
[INFO] [stdout] test src/api.rs - api::LocationRegionalWebhookCall (line 4314) - compile ... ok
[INFO] [stdout] test src/api.rs - api::ProjectBuildGetCall (line 6021) - compile ... ok
[INFO] [stdout] test src/api.rs - api::GithubDotComWebhookReceiveCall (line 4075) - compile ... ok
[INFO] [stdout] test src/api.rs - api::OperationGetCall (line 4863) - compile ... ok
[INFO] [stdout] test src/api.rs - api::MethodWebhookCall (line 22323) - compile ... ok
[INFO] [stdout] test src/api.rs - api::MethodMethods (line 4009) - compile ... ok
[INFO] [stdout] test src/api.rs - api::ProjectBuildApproveCall (line 5124) - compile ... ok
[INFO] [stdout] test src/api.rs - api::OperationCancelCall (line 4572) - compile ... ok
[INFO] [stdout] test src/api.rs - api::ProjectGithubEnterpriseConfigCreateCall (line 6918) - compile ... ok
[INFO] [stdout] test src/api.rs - api::ProjectBuildCancelCall (line 5415) - compile ... ok
[INFO] [stdout] test src/api.rs - api::ProjectBuildListCall (line 6306) - compile ... ok
[INFO] [stdout] test src/api.rs - api::ProjectGithubEnterpriseConfigGetCall (line 7518) - compile ... ok
[INFO] [stdout] test src/api.rs - api::ProjectGithubEnterpriseConfigPatchCall (line 8076) - compile ... FAILED
[INFO] [stdout] test src/api.rs - api::ProjectLocationBitbucketServerConfigRemoveBitbucketServerConnectedRepositoryCall (line 10368) - compile ... ok
[INFO] [stdout] test src/api.rs - api::ProjectGithubEnterpriseConfigDeleteCall (line 7233) - compile ... ok
[INFO] [stdout] test src/api.rs - api::ProjectLocationBitbucketServerConfigConnectedRepositoryBatchCreateCall (line 8379) - compile ... ok
[INFO] [stdout] test src/api.rs - api::ProjectLocationBitbucketServerConfigGetCall (line 9519) - compile ... ok
[INFO] [stdout] test src/api.rs - api::ProjectGithubEnterpriseConfigListCall (line 7803) - compile ... ok
[INFO] [stdout] test src/api.rs - api::ProjectLocationBitbucketServerConfigDeleteCall (line 9258) - compile ... ok
[INFO] [stdout] test src/api.rs - api::ProjectLocationBitbucketServerConfigCreateCall (line 8955) - compile ... ok
[INFO] [stdout] test src/api.rs - api::ProjectLocationBitbucketServerConfigRepoListCall (line 8670) - compile ... ok
[INFO] [stdout] test src/api.rs - api::ProjectLocationBuildListCall (line 11829) - compile ... ok
[INFO] [stdout] test src/api.rs - api::ProjectLocationBitbucketServerConfigListCall (line 9780) - compile ... ok
[INFO] [stdout] test src/api.rs - api::ProjectLocationBitbucketServerConfigPatchCall (line 10065) - compile ... FAILED
[INFO] [stdout] test src/api.rs - api::ProjectLocationBuildCreateCall (line 11241) - compile ... ok
[INFO] [stdout] test src/api.rs - api::ProjectLocationBuildApproveCall (line 10659) - compile ... ok
[INFO] [stdout] test src/api.rs - api::ProjectLocationBuildRetryCall (line 12138) - compile ... ok
[INFO] [stdout] test src/api.rs - api::ProjectLocationGitLabConfigGetCall (line 13569) - compile ... ok
[INFO] [stdout] test src/api.rs - api::ProjectLocationGitLabConfigConnectedRepositoryBatchCreateCall (line 12429) - compile ... ok
[INFO] [stdout] test src/api.rs - api::ProjectLocationGitLabConfigListCall (line 13830) - compile ... ok
[INFO] [stdout] test src/api.rs - api::ProjectLocationBuildCancelCall (line 10950) - compile ... ok
[INFO] [stdout] test src/api.rs - api::ProjectLocationGitLabConfigCreateCall (line 13005) - compile ... ok
[INFO] [stdout] test src/api.rs - api::ProjectLocationGithubEnterpriseConfigListCall (line 15594) - compile ... ok
[INFO] [stdout] test src/api.rs - api::ProjectLocationGitLabConfigPatchCall (line 14115) - compile ... FAILED
[INFO] [stdout] test src/api.rs - api::ProjectLocationBuildGetCall (line 11544) - compile ... ok
[INFO] [stdout] test src/api.rs - api::ProjectLocationGithubEnterpriseConfigCreateCall (line 14709) - compile ... ok
[INFO] [stdout] test src/api.rs - api::ProjectLocationGitLabConfigRemoveGitLabConnectedRepositoryCall (line 14418) - compile ... ok
[INFO] [stdout] test src/api.rs - api::ProjectLocationOperationGetCall (line 16461) - compile ... ok
[INFO] [stdout] test src/api.rs - api::ProjectLocationGitLabConfigDeleteCall (line 13308) - compile ... ok
[INFO] [stdout] test src/api.rs - api::ProjectLocationGithubEnterpriseConfigPatchCall (line 15867) - compile ... FAILED
[INFO] [stdout] test src/api.rs - api::ProjectLocationGithubEnterpriseConfigGetCall (line 15309) - compile ... ok
[INFO] [stdout] test src/api.rs - api::ProjectLocationOperationCancelCall (line 16170) - compile ... ok
[INFO] [stdout] test src/api.rs - api::ProjectLocationTriggerRunCall (line 18207) - compile ... ok
[INFO] [stdout] test src/api.rs - api::ProjectLocationTriggerListCall (line 17595) - compile ... ok
[INFO] [stdout] test src/api.rs - api::ProjectLocationGithubEnterpriseConfigDeleteCall (line 15024) - compile ... ok
[INFO] [stdout] test src/api.rs - api::ProjectLocationGitLabConfigRepoListCall (line 12720) - compile ... ok
[INFO] [stdout] test src/api.rs - api::ProjectLocationTriggerCreateCall (line 16722) - compile ... ok
[INFO] [stdout] test src/api.rs - api::ProjectLocationTriggerGetCall (line 17310) - compile ... ok
[INFO] [stdout] test src/api.rs - api::ProjectLocationTriggerWebhookCall (line 18498) - compile ... ok
[INFO] [stdout] test src/api.rs - api::ProjectTriggerPatchCall (line 21423) - compile ... ok
[INFO] [stdout] test src/lib.rs - (line 58) ... ignored
[INFO] [stdout] test src/api.rs - api::ProjectLocationWorkerPoolListCall (line 19653) - compile ... ok
[INFO] [stdout] test src/api.rs - api::ProjectLocationWorkerPoolPatchCall (line 19938) - compile ... FAILED
[INFO] [stdout] test src/api.rs - api::ProjectLocationTriggerDeleteCall (line 17025) - compile ... ok
[INFO] [stdout] test src/api.rs - api::ProjectLocationWorkerPoolGetCall (line 19392) - compile ... ok
[INFO] [stdout] test src/api.rs - api::ProjectMethods (line 2817) - compile ... ok
[INFO] [stdout] test src/api.rs - api::ProjectTriggerGetCall (line 20841) - compile ... ok
[INFO] [stdout] test src/api.rs - api::ProjectTriggerCreateCall (line 20253) - compile ... ok
[INFO] [stdout] test src/api.rs - api::ProjectLocationTriggerPatchCall (line 17892) - compile ... ok
[INFO] [stdout] test src/api.rs - api::ProjectLocationWorkerPoolDeleteCall (line 19095) - compile ... ok
[INFO] [stdout] test src/api.rs - api::ProjectTriggerWebhookCall (line 22041) - compile ... ok
[INFO] [stdout] test src/api.rs - api::ProjectLocationWorkerPoolCreateCall (line 18780) - compile ... ok
[INFO] [stdout] test src/api.rs - api::ProjectTriggerDeleteCall (line 20556) - compile ... ok
[INFO] [stdout] test src/api.rs - api::ProjectTriggerListCall (line 21126) - compile ... ok
[INFO] [stdout] test src/lib.rs - (line 109) - compile ... ok
[INFO] [stdout] test src/api.rs - api::ProjectTriggerRunCall (line 21726) - compile ... ok
[INFO] [stdout] 
[INFO] [stdout] failures:
[INFO] [stdout] 
[INFO] [stdout] ---- src/api.rs - api::ProjectGithubEnterpriseConfigPatchCall (line 8076) stdout ----
[INFO] [stdout] error[E0308]: mismatched types
[INFO] [stdout]     --> src/api.rs:8100:27
[INFO] [stdout]      |
[INFO] [stdout] 25   |              .update_mask(&Default::default())
[INFO] [stdout]      |               ----------- ^^^^^^^^^^^^^^^^^^^ expected `FieldMask`, found `&_`
[INFO] [stdout]      |               |
[INFO] [stdout]      |               arguments to this method are incorrect
[INFO] [stdout]      |
[INFO] [stdout]      = note: expected struct `FieldMask`
[INFO] [stdout]              found reference `&_`
[INFO] [stdout] note: method defined here
[INFO] [stdout]     --> /opt/rustwide/workdir/src/api.rs:8291:12
[INFO] [stdout]      |
[INFO] [stdout] 8291 |     pub fn update_mask(mut self, new_value: client::FieldMask) -> ProjectGithubEnterpriseConfigPatchCall<'a, S> {
[INFO] [stdout]      |            ^^^^^^^^^^^
[INFO] [stdout] help: consider removing the borrow
[INFO] [stdout]      |
[INFO] [stdout] 25   -              .update_mask(&Default::default())
[INFO] [stdout] 25   +              .update_mask(Default::default())
[INFO] [stdout]      |
[INFO] [stdout] 
[INFO] [stdout] error: aborting due to previous error
[INFO] [stdout] 
[INFO] [stdout] For more information about this error, try `rustc --explain E0308`.
[INFO] [stdout] Couldn't compile the test.
[INFO] [stdout] ---- src/api.rs - api::ProjectLocationBitbucketServerConfigPatchCall (line 10065) stdout ----
[INFO] [stdout] error[E0308]: mismatched types
[INFO] [stdout]      --> src/api.rs:10089:27
[INFO] [stdout]       |
[INFO] [stdout] 25    |              .update_mask(&Default::default())
[INFO] [stdout]       |               ----------- ^^^^^^^^^^^^^^^^^^^ expected `FieldMask`, found `&_`
[INFO] [stdout]       |               |
[INFO] [stdout]       |               arguments to this method are incorrect
[INFO] [stdout]       |
[INFO] [stdout]       = note: expected struct `FieldMask`
[INFO] [stdout]               found reference `&_`
[INFO] [stdout] note: method defined here
[INFO] [stdout]      --> /opt/rustwide/workdir/src/api.rs:10280:12
[INFO] [stdout]       |
[INFO] [stdout] 10280 |     pub fn update_mask(mut self, new_value: client::FieldMask) -> ProjectLocationBitbucketServerConfigPatchCall<'a, S> {
[INFO] [stdout]       |            ^^^^^^^^^^^
[INFO] [stdout] help: consider removing the borrow
[INFO] [stdout]       |
[INFO] [stdout] 25    -              .update_mask(&Default::default())
[INFO] [stdout] 25    +              .update_mask(Default::default())
[INFO] [stdout]       |
[INFO] [stdout] 
[INFO] [stdout] error: aborting due to previous error
[INFO] [stdout] 
[INFO] [stdout] For more information about this error, try `rustc --explain E0308`.
[INFO] [stdout] Couldn't compile the test.
[INFO] [stdout] ---- src/api.rs - api::ProjectLocationGitLabConfigPatchCall (line 14115) stdout ----
[INFO] [stdout] error[E0308]: mismatched types
[INFO] [stdout]      --> src/api.rs:14139:27
[INFO] [stdout]       |
[INFO] [stdout] 25    |              .update_mask(&Default::default())
[INFO] [stdout]       |               ----------- ^^^^^^^^^^^^^^^^^^^ expected `FieldMask`, found `&_`
[INFO] [stdout]       |               |
[INFO] [stdout]       |               arguments to this method are incorrect
[INFO] [stdout]       |
[INFO] [stdout]       = note: expected struct `FieldMask`
[INFO] [stdout]               found reference `&_`
[INFO] [stdout] note: method defined here
[INFO] [stdout]      --> /opt/rustwide/workdir/src/api.rs:14330:12
[INFO] [stdout]       |
[INFO] [stdout] 14330 |     pub fn update_mask(mut self, new_value: client::FieldMask) -> ProjectLocationGitLabConfigPatchCall<'a, S> {
[INFO] [stdout]       |            ^^^^^^^^^^^
[INFO] [stdout] help: consider removing the borrow
[INFO] [stdout]       |
[INFO] [stdout] 25    -              .update_mask(&Default::default())
[INFO] [stdout] 25    +              .update_mask(Default::default())
[INFO] [stdout]       |
[INFO] [stdout] 
[INFO] [stdout] error: aborting due to previous error
[INFO] [stdout] 
[INFO] [stdout] For more information about this error, try `rustc --explain E0308`.
[INFO] [stdout] Couldn't compile the test.
[INFO] [stdout] ---- src/api.rs - api::ProjectLocationGithubEnterpriseConfigPatchCall (line 15867) stdout ----
[INFO] [stdout] error[E0308]: mismatched types
[INFO] [stdout]      --> src/api.rs:15891:27
[INFO] [stdout]       |
[INFO] [stdout] 25    |              .update_mask(&Default::default())
[INFO] [stdout]       |               ----------- ^^^^^^^^^^^^^^^^^^^ expected `FieldMask`, found `&_`
[INFO] [stdout]       |               |
[INFO] [stdout]       |               arguments to this method are incorrect
[INFO] [stdout]       |
[INFO] [stdout]       = note: expected struct `FieldMask`
[INFO] [stdout]               found reference `&_`
[INFO] [stdout] note: method defined here
[INFO] [stdout]      --> /opt/rustwide/workdir/src/api.rs:16082:12
[INFO] [stdout]       |
[INFO] [stdout] 16082 |     pub fn update_mask(mut self, new_value: client::FieldMask) -> ProjectLocationGithubEnterpriseConfigPatchCall<'a, S> {
[INFO] [stdout]       |            ^^^^^^^^^^^
[INFO] [stdout] help: consider removing the borrow
[INFO] [stdout]       |
[INFO] [stdout] 25    -              .update_mask(&Default::default())
[INFO] [stdout] 25    +              .update_mask(Default::default())
[INFO] [stdout]       |
[INFO] [stdout] 
[INFO] [stdout] error: aborting due to previous error
[INFO] [stdout] 
[INFO] [stdout] For more information about this error, try `rustc --explain E0308`.
[INFO] [stdout] Couldn't compile the test.
[INFO] [stdout] ---- src/api.rs - api::ProjectLocationWorkerPoolPatchCall (line 19938) stdout ----
[INFO] [stdout] error[E0308]: mismatched types
[INFO] [stdout]      --> src/api.rs:19963:27
[INFO] [stdout]       |
[INFO] [stdout] 26    |              .update_mask(&Default::default())
[INFO] [stdout]       |               ----------- ^^^^^^^^^^^^^^^^^^^ expected `FieldMask`, found `&_`
[INFO] [stdout]       |               |
[INFO] [stdout]       |               arguments to this method are incorrect
[INFO] [stdout]       |
[INFO] [stdout]       = note: expected struct `FieldMask`
[INFO] [stdout]               found reference `&_`
[INFO] [stdout] note: method defined here
[INFO] [stdout]      --> /opt/rustwide/workdir/src/api.rs:20165:12
[INFO] [stdout]       |
[INFO] [stdout] 20165 |     pub fn update_mask(mut self, new_value: client::FieldMask) -> ProjectLocationWorkerPoolPatchCall<'a, S> {
[INFO] [stdout]       |            ^^^^^^^^^^^
[INFO] [stdout] help: consider removing the borrow
[INFO] [stdout]       |
[INFO] [stdout] 26    -              .update_mask(&Default::default())
[INFO] [stdout] 26    +              .update_mask(Default::default())
[INFO] [stdout]       |
[INFO] [stdout] 
[INFO] [stdout] error: aborting due to previous error
[INFO] [stdout] 
[INFO] [stdout] For more information about this error, try `rustc --explain E0308`.
[INFO] [stdout] Couldn't compile the test.
[INFO] [stdout] 
[INFO] [stdout] failures:
[INFO] [stdout]     src/api.rs - api::ProjectGithubEnterpriseConfigPatchCall (line 8076)
[INFO] [stdout]     src/api.rs - api::ProjectLocationBitbucketServerConfigPatchCall (line 10065)
[INFO] [stdout]     src/api.rs - api::ProjectLocationGitLabConfigPatchCall (line 14115)
[INFO] [stdout]     src/api.rs - api::ProjectLocationGithubEnterpriseConfigPatchCall (line 15867)
[INFO] [stdout]     src/api.rs - api::ProjectLocationWorkerPoolPatchCall (line 19938)
[INFO] [stdout] 
[INFO] [stdout] test result: FAILED. 66 passed; 5 failed; 1 ignored; 0 measured; 0 filtered out; finished in 2.16s
[INFO] [stdout] 
[INFO] [stderr] error: doctest failed, to rerun pass `--doc`
[INFO] running `Command { std: "docker" "inspect" "d3444cc9bad95752a79265f6d87a7151d613dcb2e002ecada18600375ca40405", kill_on_drop: false }`
[INFO] running `Command { std: "docker" "rm" "-f" "d3444cc9bad95752a79265f6d87a7151d613dcb2e002ecada18600375ca40405", kill_on_drop: false }`
[INFO] [stdout] d3444cc9bad95752a79265f6d87a7151d613dcb2e002ecada18600375ca40405
