[INFO] fetching crate google-cloudasset1 5.0.2+20230121...
[INFO] testing google-cloudasset1-5.0.2+20230121 against 1.69.0 for beta-1.70-1
[INFO] extracting crate google-cloudasset1 5.0.2+20230121 into /workspace/builds/worker-7-tc1/source
[INFO] validating manifest of crates.io crate google-cloudasset1 5.0.2+20230121 on toolchain 1.69.0
[INFO] running `Command { std: CARGO_HOME="/workspace/cargo-home" RUSTUP_HOME="/workspace/rustup-home" "/workspace/cargo-home/bin/cargo" "+1.69.0" "metadata" "--manifest-path" "Cargo.toml" "--no-deps", kill_on_drop: false }`
[INFO] started tweaking crates.io crate google-cloudasset1 5.0.2+20230121
[INFO] finished tweaking crates.io crate google-cloudasset1 5.0.2+20230121
[INFO] tweaked toml for crates.io crate google-cloudasset1 5.0.2+20230121 written to /workspace/builds/worker-7-tc1/source/Cargo.toml
[INFO] running `Command { std: CARGO_HOME="/workspace/cargo-home" RUSTUP_HOME="/workspace/rustup-home" __CARGO_TEST_CHANNEL_OVERRIDE_DO_NOT_USE_THIS="nightly" "/workspace/cargo-home/bin/cargo" "+1.69.0" "generate-lockfile" "--manifest-path" "Cargo.toml" "-Zno-index-update", kill_on_drop: false }`
[INFO] [stderr]     Blocking waiting for file lock on package cache
[INFO] running `Command { std: CARGO_HOME="/workspace/cargo-home" RUSTUP_HOME="/workspace/rustup-home" "/workspace/cargo-home/bin/cargo" "+1.69.0" "fetch" "--manifest-path" "Cargo.toml", kill_on_drop: false }`
[INFO] running `Command { std: "docker" "create" "-v" "/var/lib/crater-agent-workspace/builds/worker-7-tc1/target:/opt/rustwide/target:rw,Z" "-v" "/var/lib/crater-agent-workspace/builds/worker-7-tc1/source:/opt/rustwide/workdir:ro,Z" "-v" "/var/lib/crater-agent-workspace/cargo-home:/opt/rustwide/cargo-home:ro,Z" "-v" "/var/lib/crater-agent-workspace/rustup-home:/opt/rustwide/rustup-home:ro,Z" "-e" "SOURCE_DIR=/opt/rustwide/workdir" "-e" "CARGO_TARGET_DIR=/opt/rustwide/target" "-e" "CARGO_HOME=/opt/rustwide/cargo-home" "-e" "RUSTUP_HOME=/opt/rustwide/rustup-home" "-w" "/opt/rustwide/workdir" "-m" "1610612736" "--user" "0:0" "--network" "none" "ghcr.io/rust-lang/crates-build-env/linux@sha256:5ff2268d62e97bff2cde7d5815dd6ed5b47097566f13b8d0ca110b04b60e07ed" "/opt/rustwide/cargo-home/bin/cargo" "+1.69.0" "metadata" "--no-deps" "--format-version=1", kill_on_drop: false }`
[INFO] [stdout] e6dae1c377af7600ff76234883c20b27055e80176096c636bb5dd2cb8bfc8b96
[INFO] running `Command { std: "docker" "start" "-a" "e6dae1c377af7600ff76234883c20b27055e80176096c636bb5dd2cb8bfc8b96", kill_on_drop: false }`
[INFO] running `Command { std: "docker" "inspect" "e6dae1c377af7600ff76234883c20b27055e80176096c636bb5dd2cb8bfc8b96", kill_on_drop: false }`
[INFO] running `Command { std: "docker" "rm" "-f" "e6dae1c377af7600ff76234883c20b27055e80176096c636bb5dd2cb8bfc8b96", kill_on_drop: false }`
[INFO] [stdout] e6dae1c377af7600ff76234883c20b27055e80176096c636bb5dd2cb8bfc8b96
[INFO] running `Command { std: "docker" "create" "-v" "/var/lib/crater-agent-workspace/builds/worker-7-tc1/target:/opt/rustwide/target:rw,Z" "-v" "/var/lib/crater-agent-workspace/builds/worker-7-tc1/source:/opt/rustwide/workdir:ro,Z" "-v" "/var/lib/crater-agent-workspace/cargo-home:/opt/rustwide/cargo-home:ro,Z" "-v" "/var/lib/crater-agent-workspace/rustup-home:/opt/rustwide/rustup-home:ro,Z" "-e" "SOURCE_DIR=/opt/rustwide/workdir" "-e" "CARGO_TARGET_DIR=/opt/rustwide/target" "-e" "CARGO_INCREMENTAL=0" "-e" "RUST_BACKTRACE=full" "-e" "RUSTFLAGS=--cap-lints=warn" "-e" "RUSTDOCFLAGS=--cap-lints=warn" "-e" "CARGO_HOME=/opt/rustwide/cargo-home" "-e" "RUSTUP_HOME=/opt/rustwide/rustup-home" "-w" "/opt/rustwide/workdir" "-m" "1610612736" "--user" "0:0" "--network" "none" "ghcr.io/rust-lang/crates-build-env/linux@sha256:5ff2268d62e97bff2cde7d5815dd6ed5b47097566f13b8d0ca110b04b60e07ed" "/opt/rustwide/cargo-home/bin/cargo" "+1.69.0" "build" "--frozen" "--message-format=json", kill_on_drop: false }`
[INFO] [stdout] 8b871dea9e72efa7089c26d0ec2ec5c98b46266b98981ab3b02d4e46ccceb160
[INFO] running `Command { std: "docker" "start" "-a" "8b871dea9e72efa7089c26d0ec2ec5c98b46266b98981ab3b02d4e46ccceb160", kill_on_drop: false }`
[INFO] [stderr]    Compiling proc-macro2 v1.0.56
[INFO] [stderr]    Compiling libc v0.2.142
[INFO] [stderr]    Compiling pin-project-lite v0.2.9
[INFO] [stderr]    Compiling futures-core v0.3.28
[INFO] [stderr]    Compiling memchr v2.5.0
[INFO] [stderr]    Compiling futures-sink v0.3.28
[INFO] [stderr]    Compiling futures-task v0.3.28
[INFO] [stderr]    Compiling futures-channel v0.3.28
[INFO] [stderr]    Compiling ring v0.16.20
[INFO] [stderr]    Compiling bytes v1.4.0
[INFO] [stderr]    Compiling tokio v1.28.0
[INFO] [stderr]    Compiling futures-util v0.3.28
[INFO] [stderr]    Compiling serde v1.0.160
[INFO] [stderr]    Compiling untrusted v0.7.1
[INFO] [stderr]    Compiling pin-utils v0.1.0
[INFO] [stderr]    Compiling futures-io v0.3.28
[INFO] [stderr]    Compiling spin v0.5.2
[INFO] [stderr]    Compiling tracing-core v0.1.30
[INFO] [stderr]    Compiling indexmap v1.9.3
[INFO] [stderr]    Compiling ident_case v1.0.1
[INFO] [stderr]    Compiling rustls v0.20.8
[INFO] [stderr]    Compiling strsim v0.10.0
[INFO] [stderr]    Compiling num-traits v0.2.15
[INFO] [stderr]    Compiling base64 v0.21.0
[INFO] [stderr]    Compiling want v0.3.0
[INFO] [stderr]    Compiling num-integer v0.1.45
[INFO] [stderr]    Compiling tower-service v0.3.2
[INFO] [stderr]    Compiling httpdate v1.0.2
[INFO] [stderr]    Compiling async-trait v0.1.68
[INFO] [stderr]    Compiling anyhow v1.0.71
[INFO] [stderr]    Compiling num_threads v0.1.6
[INFO] [stderr]    Compiling tracing v0.1.37
[INFO] [stderr]    Compiling http v0.2.9
[INFO] [stderr]    Compiling rustls-pemfile v1.0.2
[INFO] [stderr]    Compiling either v1.8.1
[INFO] [stderr]    Compiling time-core v0.1.0
[INFO] [stderr]    Compiling iana-time-zone v0.1.56
[INFO] [stderr]    Compiling base64 v0.13.1
[INFO] [stderr]    Compiling rustls-native-certs v0.6.2
[INFO] [stderr]    Compiling itertools v0.10.5
[INFO] [stderr]    Compiling seahash v4.1.0
[INFO] [stderr]    Compiling http-body v0.4.5
[INFO] [stderr]    Compiling quote v1.0.26
[INFO] [stderr]    Compiling mio v0.8.6
[INFO] [stderr]    Compiling socket2 v0.4.9
[INFO] [stderr]    Compiling syn v2.0.15
[INFO] [stderr]    Compiling webpki v0.22.0
[INFO] [stderr]    Compiling sct v0.7.0
[INFO] [stderr]    Compiling darling_core v0.20.0
[INFO] [stderr]    Compiling tokio-macros v2.1.0
[INFO] [stderr]    Compiling futures-macro v0.3.28
[INFO] [stderr]    Compiling serde_derive v1.0.160
[INFO] [stderr]    Compiling darling_macro v0.20.0
[INFO] [stderr]    Compiling darling v0.20.0
[INFO] [stderr]    Compiling serde_with_macros v2.3.3
[INFO] [stderr]    Compiling futures-executor v0.3.28
[INFO] [stderr]    Compiling futures v0.3.28
[INFO] [stderr]    Compiling tokio-util v0.7.8
[INFO] [stderr]    Compiling tokio-rustls v0.23.4
[INFO] [stderr]    Compiling h2 v0.3.18
[INFO] [stderr]    Compiling serde_json v1.0.96
[INFO] [stderr]    Compiling time v0.3.20
[INFO] [stderr]    Compiling chrono v0.4.24
[INFO] [stderr]    Compiling serde_with v2.3.3
[INFO] [stderr]    Compiling hyper v0.14.26
[INFO] [stderr]    Compiling hyper-rustls v0.23.2
[INFO] [stderr]    Compiling yup-oauth2 v8.1.1
[INFO] [stderr]    Compiling google-apis-common v5.0.4
[INFO] [stderr]    Compiling google-cloudasset1 v5.0.2+20230121 (/opt/rustwide/workdir)
[INFO] [stderr]     Finished dev [unoptimized + debuginfo] target(s) in 46.70s
[INFO] running `Command { std: "docker" "inspect" "8b871dea9e72efa7089c26d0ec2ec5c98b46266b98981ab3b02d4e46ccceb160", kill_on_drop: false }`
[INFO] running `Command { std: "docker" "rm" "-f" "8b871dea9e72efa7089c26d0ec2ec5c98b46266b98981ab3b02d4e46ccceb160", kill_on_drop: false }`
[INFO] [stdout] 8b871dea9e72efa7089c26d0ec2ec5c98b46266b98981ab3b02d4e46ccceb160
[INFO] running `Command { std: "docker" "create" "-v" "/var/lib/crater-agent-workspace/builds/worker-7-tc1/target:/opt/rustwide/target:rw,Z" "-v" "/var/lib/crater-agent-workspace/builds/worker-7-tc1/source:/opt/rustwide/workdir:ro,Z" "-v" "/var/lib/crater-agent-workspace/cargo-home:/opt/rustwide/cargo-home:ro,Z" "-v" "/var/lib/crater-agent-workspace/rustup-home:/opt/rustwide/rustup-home:ro,Z" "-e" "SOURCE_DIR=/opt/rustwide/workdir" "-e" "CARGO_TARGET_DIR=/opt/rustwide/target" "-e" "CARGO_INCREMENTAL=0" "-e" "RUST_BACKTRACE=full" "-e" "RUSTFLAGS=--cap-lints=warn" "-e" "RUSTDOCFLAGS=--cap-lints=warn" "-e" "CARGO_HOME=/opt/rustwide/cargo-home" "-e" "RUSTUP_HOME=/opt/rustwide/rustup-home" "-w" "/opt/rustwide/workdir" "-m" "1610612736" "--user" "0:0" "--network" "none" "ghcr.io/rust-lang/crates-build-env/linux@sha256:5ff2268d62e97bff2cde7d5815dd6ed5b47097566f13b8d0ca110b04b60e07ed" "/opt/rustwide/cargo-home/bin/cargo" "+1.69.0" "test" "--frozen" "--no-run" "--message-format=json", kill_on_drop: false }`
[INFO] [stdout] 5fc0ef31ba3ce52a88c3ea6339a68086868aa1b287180e2ab327065c86300d01
[INFO] running `Command { std: "docker" "start" "-a" "5fc0ef31ba3ce52a88c3ea6339a68086868aa1b287180e2ab327065c86300d01", kill_on_drop: false }`
[INFO] [stderr]    Compiling google-cloudasset1 v5.0.2+20230121 (/opt/rustwide/workdir)
[INFO] [stderr]     Finished test [unoptimized + debuginfo] target(s) in 5.42s
[INFO] running `Command { std: "docker" "inspect" "5fc0ef31ba3ce52a88c3ea6339a68086868aa1b287180e2ab327065c86300d01", kill_on_drop: false }`
[INFO] running `Command { std: "docker" "rm" "-f" "5fc0ef31ba3ce52a88c3ea6339a68086868aa1b287180e2ab327065c86300d01", kill_on_drop: false }`
[INFO] [stdout] 5fc0ef31ba3ce52a88c3ea6339a68086868aa1b287180e2ab327065c86300d01
[INFO] running `Command { std: "docker" "create" "-v" "/var/lib/crater-agent-workspace/builds/worker-7-tc1/target:/opt/rustwide/target:rw,Z" "-v" "/var/lib/crater-agent-workspace/builds/worker-7-tc1/source:/opt/rustwide/workdir:ro,Z" "-v" "/var/lib/crater-agent-workspace/cargo-home:/opt/rustwide/cargo-home:ro,Z" "-v" "/var/lib/crater-agent-workspace/rustup-home:/opt/rustwide/rustup-home:ro,Z" "-e" "SOURCE_DIR=/opt/rustwide/workdir" "-e" "CARGO_TARGET_DIR=/opt/rustwide/target" "-e" "CARGO_INCREMENTAL=0" "-e" "RUST_BACKTRACE=full" "-e" "RUSTFLAGS=--cap-lints=warn" "-e" "RUSTDOCFLAGS=--cap-lints=warn" "-e" "CARGO_HOME=/opt/rustwide/cargo-home" "-e" "RUSTUP_HOME=/opt/rustwide/rustup-home" "-w" "/opt/rustwide/workdir" "-m" "1610612736" "--user" "0:0" "--network" "none" "ghcr.io/rust-lang/crates-build-env/linux@sha256:5ff2268d62e97bff2cde7d5815dd6ed5b47097566f13b8d0ca110b04b60e07ed" "/opt/rustwide/cargo-home/bin/cargo" "+1.69.0" "test" "--frozen", kill_on_drop: false }`
[INFO] [stdout] d40b951fabd67e298b77ef612501c1cde22ebfca4fb103a95ba737a7ddba7d34
[INFO] running `Command { std: "docker" "start" "-a" "d40b951fabd67e298b77ef612501c1cde22ebfca4fb103a95ba737a7ddba7d34", kill_on_drop: false }`
[INFO] [stderr]     Finished test [unoptimized + debuginfo] target(s) in 0.16s
[INFO] [stderr]      Running unittests src/lib.rs (/opt/rustwide/target/debug/deps/google_cloudasset1-bf46418bc57068b6)
[INFO] [stdout] 
[INFO] [stdout] running 0 tests
[INFO] [stdout] 
[INFO] [stdout] test result: ok. 0 passed; 0 failed; 0 ignored; 0 measured; 0 filtered out; finished in 0.00s
[INFO] [stdout] 
[INFO] [stderr]    Doc-tests google-cloudasset1
[INFO] [stdout] 
[INFO] [stdout] running 33 tests
[INFO] [stdout] test src/api.rs - api::MethodAnalyzeOrgPolicyCall (line 8787) - compile ... ok
[INFO] [stdout] test src/api.rs - api::FeedGetCall (line 5289) - compile ... ok
[INFO] [stdout] test src/api.rs - api::MethodAnalyzeIamPolicyCall (line 7788) - compile ... ok
[INFO] [stdout] test src/api.rs - api::FeedCreateCall (line 4737) - compile ... ok
[INFO] [stdout] test src/api.rs - api::FeedPatchCall (line 5811) - compile ... ok
[INFO] [stdout] test src/api.rs - api::MethodAnalyzeOrgPolicyGovernedAssetCall (line 9096) - compile ... ok
[INFO] [stdout] test src/api.rs - api::AssetMethods (line 3391) - compile ... ok
[INFO] [stdout] test src/api.rs - api::FeedDeleteCall (line 5028) - compile ... ok
[INFO] [stdout] test src/api.rs - api::EffectiveIamPolicyBatchGetCall (line 4461) - compile ... ok
[INFO] [stdout] test src/api.rs - api::FeedListCall (line 5550) - compile ... ok
[INFO] [stdout] test src/api.rs - api::MethodAnalyzeMoveCall (line 8502) - compile ... ok
[INFO] [stdout] test src/api.rs - api::CloudAsset (line 58) - compile ... ok
[INFO] [stdout] test src/api.rs - api::AssetListCall (line 4122) - compile ... ok
[INFO] [stdout] test src/api.rs - api::MethodExportAssetCall (line 10041) - compile ... ok
[INFO] [stdout] test src/api.rs - api::EffectiveIamPolicyMethods (line 3455) - compile ... ok
[INFO] [stdout] test src/api.rs - api::FeedMethods (line 3514) - compile ... ok
[INFO] [stdout] test src/lib.rs - (line 70) ... ignored
[INFO] [stdout] test src/api.rs - api::MethodAnalyzeIamPolicyLongrunningCall (line 8211) - compile ... ok
[INFO] [stdout] test src/api.rs - api::OperationMethods (line 3644) - compile ... ok
[INFO] [stdout] test src/api.rs - api::MethodMethods (line 3837) - compile ... ok
[INFO] [stdout] test src/api.rs - api::SavedQueryCreateCall (line 6363) - compile ... ok
[INFO] [stdout] test src/api.rs - api::MethodAnalyzeOrgPolicyGovernedContainerCall (line 9405) - compile ... ok
[INFO] [stdout] test src/api.rs - api::MethodBatchGetAssetsHistoryCall (line 9714) - compile ... ok
[INFO] [stdout] test src/api.rs - api::OperationGetCall (line 6102) - compile ... ok
[INFO] [stdout] test src/api.rs - api::MethodQueryAssetCall (line 10332) - compile ... ok
[INFO] [stdout] test src/api.rs - api::MethodSearchAllIamPolicyCall (line 10623) - compile ... ok
[INFO] [stdout] test src/api.rs - api::SavedQueryMethods (line 3702) - compile ... ok
[INFO] [stdout] test src/api.rs - api::SavedQueryPatchCall (line 7485) - compile ... FAILED
[INFO] [stdout] test src/api.rs - api::SavedQueryGetCall (line 6927) - compile ... ok
[INFO] [stdout] test src/lib.rs - (line 98) - compile ... ok
[INFO] [stdout] test src/api.rs - api::SavedQueryListCall (line 7188) - compile ... ok
[INFO] [stdout] test src/api.rs - api::SavedQueryDeleteCall (line 6666) - compile ... ok
[INFO] [stdout] test src/api.rs - api::MethodSearchAllResourceCall (line 10947) - compile ... FAILED
[INFO] [stdout] 
[INFO] [stdout] failures:
[INFO] [stdout] 
[INFO] [stdout] ---- src/api.rs - api::SavedQueryPatchCall (line 7485) stdout ----
[INFO] [stdout] error[E0308]: mismatched types
[INFO] [stdout]     --> src/api.rs:7509:27
[INFO] [stdout]      |
[INFO] [stdout] 25   |              .update_mask(&Default::default())
[INFO] [stdout]      |               ----------- ^^^^^^^^^^^^^^^^^^^ expected `FieldMask`, found `&_`
[INFO] [stdout]      |               |
[INFO] [stdout]      |               arguments to this method are incorrect
[INFO] [stdout]      |
[INFO] [stdout]      = note: expected struct `FieldMask`
[INFO] [stdout]              found reference `&_`
[INFO] [stdout] note: method defined here
[INFO] [stdout]     --> /opt/rustwide/workdir/src/api.rs:7700:12
[INFO] [stdout]      |
[INFO] [stdout] 7700 |     pub fn update_mask(mut self, new_value: client::FieldMask) -> SavedQueryPatchCall<'a, S> {
[INFO] [stdout]      |            ^^^^^^^^^^^
[INFO] [stdout] help: consider removing the borrow
[INFO] [stdout]      |
[INFO] [stdout] 25   -              .update_mask(&Default::default())
[INFO] [stdout] 25   +              .update_mask(Default::default())
[INFO] [stdout]      |
[INFO] [stdout] 
[INFO] [stdout] error: aborting due to previous error
[INFO] [stdout] 
[INFO] [stdout] For more information about this error, try `rustc --explain E0308`.
[INFO] [stdout] Couldn't compile the test.
[INFO] [stdout] ---- src/api.rs - api::MethodSearchAllResourceCall (line 10947) stdout ----
[INFO] [stdout] error[E0308]: mismatched types
[INFO] [stdout]      --> src/api.rs:10965:25
[INFO] [stdout]       |
[INFO] [stdout] 19    |              .read_mask(&Default::default())
[INFO] [stdout]       |               --------- ^^^^^^^^^^^^^^^^^^^ expected `FieldMask`, found `&_`
[INFO] [stdout]       |               |
[INFO] [stdout]       |               arguments to this method are incorrect
[INFO] [stdout]       |
[INFO] [stdout]       = note: expected struct `FieldMask`
[INFO] [stdout]               found reference `&_`
[INFO] [stdout] note: method defined here
[INFO] [stdout]      --> /opt/rustwide/workdir/src/api.rs:11159:12
[INFO] [stdout]       |
[INFO] [stdout] 11159 |     pub fn read_mask(mut self, new_value: client::FieldMask) -> MethodSearchAllResourceCall<'a, S> {
[INFO] [stdout]       |            ^^^^^^^^^
[INFO] [stdout] help: consider removing the borrow
[INFO] [stdout]       |
[INFO] [stdout] 19    -              .read_mask(&Default::default())
[INFO] [stdout] 19    +              .read_mask(Default::default())
[INFO] [stdout]       |
[INFO] [stdout] 
[INFO] [stdout] error: aborting due to previous error
[INFO] [stdout] 
[INFO] [stdout] For more information about this error, try `rustc --explain E0308`.
[INFO] [stdout] Couldn't compile the test.
[INFO] [stdout] 
[INFO] [stdout] failures:
[INFO] [stdout]     src/api.rs - api::MethodSearchAllResourceCall (line 10947)
[INFO] [stdout]     src/api.rs - api::SavedQueryPatchCall (line 7485)
[INFO] [stdout] 
[INFO] [stdout] test result: FAILED. 30 passed; 2 failed; 1 ignored; 0 measured; 0 filtered out; finished in 1.05s
[INFO] [stdout] 
[INFO] [stderr] error: doctest failed, to rerun pass `--doc`
[INFO] running `Command { std: "docker" "inspect" "d40b951fabd67e298b77ef612501c1cde22ebfca4fb103a95ba737a7ddba7d34", kill_on_drop: false }`
[INFO] running `Command { std: "docker" "rm" "-f" "d40b951fabd67e298b77ef612501c1cde22ebfca4fb103a95ba737a7ddba7d34", kill_on_drop: false }`
[INFO] [stdout] d40b951fabd67e298b77ef612501c1cde22ebfca4fb103a95ba737a7ddba7d34
