[INFO] fetching crate google-cloud-storage 0.11.0...
[INFO] testing google-cloud-storage-0.11.0 against 1.69.0 for beta-1.70-1
[INFO] extracting crate google-cloud-storage 0.11.0 into /workspace/builds/worker-4-tc1/source
[INFO] validating manifest of crates.io crate google-cloud-storage 0.11.0 on toolchain 1.69.0
[INFO] running `Command { std: CARGO_HOME="/workspace/cargo-home" RUSTUP_HOME="/workspace/rustup-home" "/workspace/cargo-home/bin/cargo" "+1.69.0" "metadata" "--manifest-path" "Cargo.toml" "--no-deps", kill_on_drop: false }`
[INFO] started tweaking crates.io crate google-cloud-storage 0.11.0
[INFO] finished tweaking crates.io crate google-cloud-storage 0.11.0
[INFO] tweaked toml for crates.io crate google-cloud-storage 0.11.0 written to /workspace/builds/worker-4-tc1/source/Cargo.toml
[INFO] running `Command { std: CARGO_HOME="/workspace/cargo-home" RUSTUP_HOME="/workspace/rustup-home" __CARGO_TEST_CHANNEL_OVERRIDE_DO_NOT_USE_THIS="nightly" "/workspace/cargo-home/bin/cargo" "+1.69.0" "generate-lockfile" "--manifest-path" "Cargo.toml" "-Zno-index-update", kill_on_drop: false }`
[INFO] running `Command { std: CARGO_HOME="/workspace/cargo-home" RUSTUP_HOME="/workspace/rustup-home" "/workspace/cargo-home/bin/cargo" "+1.69.0" "fetch" "--manifest-path" "Cargo.toml", kill_on_drop: false }`
[INFO] [stderr]  Downloading crates ...
[INFO] [stderr]   Downloaded pkcs8 v0.8.0
[INFO] [stderr]   Downloaded const-oid v0.7.1
[INFO] [stderr]   Downloaded pem-rfc7468 v0.3.1
[INFO] [stderr]   Downloaded crypto-bigint v0.3.2
[INFO] [stderr]   Downloaded pkcs1 v0.3.3
[INFO] [stderr]   Downloaded google-cloud-token v0.1.1
[INFO] [stderr]   Downloaded spki v0.5.4
[INFO] [stderr]   Downloaded der v0.5.1
[INFO] [stderr]   Downloaded rsa v0.6.1
[INFO] running `Command { std: "docker" "create" "-v" "/var/lib/crater-agent-workspace/builds/worker-4-tc1/target:/opt/rustwide/target:rw,Z" "-v" "/var/lib/crater-agent-workspace/builds/worker-4-tc1/source:/opt/rustwide/workdir:ro,Z" "-v" "/var/lib/crater-agent-workspace/cargo-home:/opt/rustwide/cargo-home:ro,Z" "-v" "/var/lib/crater-agent-workspace/rustup-home:/opt/rustwide/rustup-home:ro,Z" "-e" "SOURCE_DIR=/opt/rustwide/workdir" "-e" "CARGO_TARGET_DIR=/opt/rustwide/target" "-e" "CARGO_HOME=/opt/rustwide/cargo-home" "-e" "RUSTUP_HOME=/opt/rustwide/rustup-home" "-w" "/opt/rustwide/workdir" "-m" "1610612736" "--user" "0:0" "--network" "none" "ghcr.io/rust-lang/crates-build-env/linux@sha256:5ff2268d62e97bff2cde7d5815dd6ed5b47097566f13b8d0ca110b04b60e07ed" "/opt/rustwide/cargo-home/bin/cargo" "+1.69.0" "metadata" "--no-deps" "--format-version=1", kill_on_drop: false }`
[INFO] [stdout] 136d711b5a4b7481be1ad5284fe09aab57ba29fd7619752f6187eb982e16846c
[INFO] running `Command { std: "docker" "start" "-a" "136d711b5a4b7481be1ad5284fe09aab57ba29fd7619752f6187eb982e16846c", kill_on_drop: false }`
[INFO] running `Command { std: "docker" "inspect" "136d711b5a4b7481be1ad5284fe09aab57ba29fd7619752f6187eb982e16846c", kill_on_drop: false }`
[INFO] running `Command { std: "docker" "rm" "-f" "136d711b5a4b7481be1ad5284fe09aab57ba29fd7619752f6187eb982e16846c", kill_on_drop: false }`
[INFO] [stdout] 136d711b5a4b7481be1ad5284fe09aab57ba29fd7619752f6187eb982e16846c
[INFO] running `Command { std: "docker" "create" "-v" "/var/lib/crater-agent-workspace/builds/worker-4-tc1/target:/opt/rustwide/target:rw,Z" "-v" "/var/lib/crater-agent-workspace/builds/worker-4-tc1/source:/opt/rustwide/workdir:ro,Z" "-v" "/var/lib/crater-agent-workspace/cargo-home:/opt/rustwide/cargo-home:ro,Z" "-v" "/var/lib/crater-agent-workspace/rustup-home:/opt/rustwide/rustup-home:ro,Z" "-e" "SOURCE_DIR=/opt/rustwide/workdir" "-e" "CARGO_TARGET_DIR=/opt/rustwide/target" "-e" "CARGO_INCREMENTAL=0" "-e" "RUST_BACKTRACE=full" "-e" "RUSTFLAGS=--cap-lints=warn" "-e" "RUSTDOCFLAGS=--cap-lints=warn" "-e" "CARGO_HOME=/opt/rustwide/cargo-home" "-e" "RUSTUP_HOME=/opt/rustwide/rustup-home" "-w" "/opt/rustwide/workdir" "-m" "1610612736" "--user" "0:0" "--network" "none" "ghcr.io/rust-lang/crates-build-env/linux@sha256:5ff2268d62e97bff2cde7d5815dd6ed5b47097566f13b8d0ca110b04b60e07ed" "/opt/rustwide/cargo-home/bin/cargo" "+1.69.0" "build" "--frozen" "--message-format=json", kill_on_drop: false }`
[INFO] [stdout] c0ca4b5bdd0168206bef031084f26c6cc5d98289be2c90c84524faa76130acdb
[INFO] running `Command { std: "docker" "start" "-a" "c0ca4b5bdd0168206bef031084f26c6cc5d98289be2c90c84524faa76130acdb", kill_on_drop: false }`
[INFO] [stderr]    Compiling libc v0.2.142
[INFO] [stderr]    Compiling openssl-sys v0.9.87
[INFO] [stderr]    Compiling tokio v1.28.0
[INFO] [stderr]    Compiling libm v0.2.6
[INFO] [stderr]    Compiling tracing-core v0.1.30
[INFO] [stderr]    Compiling num-traits v0.2.15
[INFO] [stderr]    Compiling foreign-types-shared v0.1.1
[INFO] [stderr]    Compiling openssl v0.10.52
[INFO] [stderr]    Compiling base64ct v1.6.0
[INFO] [stderr]    Compiling subtle v2.5.0
[INFO] [stderr]    Compiling pem-rfc7468 v0.3.1
[INFO] [stderr]    Compiling foreign-types v0.3.2
[INFO] [stderr]    Compiling crypto-bigint v0.3.2
[INFO] [stderr]    Compiling openssl-macros v0.1.1
[INFO] [stderr]    Compiling tracing v0.1.37
[INFO] [stderr]    Compiling num-integer v0.1.45
[INFO] [stderr]    Compiling const-oid v0.7.1
[INFO] [stderr]    Compiling native-tls v0.2.11
[INFO] [stderr]    Compiling futures-io v0.3.28
[INFO] [stderr]    Compiling futures-util v0.3.28
[INFO] [stderr]    Compiling der v0.5.1
[INFO] [stderr]    Compiling serde v1.0.160
[INFO] [stderr]    Compiling num-iter v0.1.43
[INFO] [stderr]    Compiling zeroize v1.6.0
[INFO] [stderr]    Compiling spin v0.5.2
[INFO] [stderr]    Compiling ppv-lite86 v0.2.17
[INFO] [stderr]    Compiling want v0.3.0
[INFO] [stderr]    Compiling mime_guess v2.0.4
[INFO] [stderr]    Compiling spki v0.5.4
[INFO] [stderr]    Compiling unicode-bidi v0.3.13
[INFO] [stderr]    Compiling socket2 v0.4.9
[INFO] [stderr]    Compiling num_cpus v1.15.0
[INFO] [stderr]    Compiling mio v0.8.6
[INFO] [stderr]    Compiling getrandom v0.2.9
[INFO] [stderr]    Compiling rand_core v0.6.4
[INFO] [stderr]    Compiling num-bigint-dig v0.8.2
[INFO] [stderr]    Compiling rand_chacha v0.3.1
[INFO] [stderr]    Compiling idna v0.3.0
[INFO] [stderr]    Compiling pkcs8 v0.8.0
[INFO] [stderr]    Compiling rand v0.8.5
[INFO] [stderr]    Compiling digest v0.10.6
[INFO] [stderr]    Compiling lazy_static v1.4.0
[INFO] [stderr]    Compiling ring v0.16.20
[INFO] [stderr]    Compiling mime v0.3.17
[INFO] [stderr]    Compiling byteorder v1.4.3
[INFO] [stderr]    Compiling time-macros v0.2.8
[INFO] [stderr]    Compiling url v2.3.1
[INFO] [stderr]    Compiling pkcs1 v0.3.3
[INFO] [stderr]    Compiling aho-corasick v1.0.1
[INFO] [stderr]    Compiling serde_json v1.0.96
[INFO] [stderr]    Compiling serde_urlencoded v0.7.1
[INFO] [stderr]    Compiling async-stream-impl v0.3.5
[INFO] [stderr]    Compiling encoding_rs v0.8.32
[INFO] [stderr]    Compiling regex-syntax v0.7.1
[INFO] [stderr]    Compiling ipnet v2.7.2
[INFO] [stderr]    Compiling untrusted v0.7.1
[INFO] [stderr]    Compiling base64 v0.21.0
[INFO] [stderr]    Compiling sha2 v0.10.6
[INFO] [stderr]    Compiling tokio-util v0.7.8
[INFO] [stderr]    Compiling h2 v0.3.18
[INFO] [stderr]    Compiling tokio-native-tls v0.3.1
[INFO] [stderr]    Compiling async-stream v0.3.5
[INFO] [stderr]    Compiling time v0.3.20
[INFO] [stderr]    Compiling rsa v0.6.1
[INFO] [stderr]    Compiling google-cloud-token v0.1.1
[INFO] [stderr]    Compiling regex v1.8.1
[INFO] [stderr]    Compiling hyper v0.14.26
[INFO] [stderr]    Compiling hyper-tls v0.5.0
[INFO] [stderr]    Compiling reqwest v0.11.17
[INFO] [stderr]    Compiling google-cloud-storage v0.11.0 (/opt/rustwide/workdir)
[INFO] [stderr]     Finished dev [unoptimized + debuginfo] target(s) in 1m 32s
[INFO] running `Command { std: "docker" "inspect" "c0ca4b5bdd0168206bef031084f26c6cc5d98289be2c90c84524faa76130acdb", kill_on_drop: false }`
[INFO] running `Command { std: "docker" "rm" "-f" "c0ca4b5bdd0168206bef031084f26c6cc5d98289be2c90c84524faa76130acdb", kill_on_drop: false }`
[INFO] [stdout] c0ca4b5bdd0168206bef031084f26c6cc5d98289be2c90c84524faa76130acdb
[INFO] running `Command { std: "docker" "create" "-v" "/var/lib/crater-agent-workspace/builds/worker-4-tc1/target:/opt/rustwide/target:rw,Z" "-v" "/var/lib/crater-agent-workspace/builds/worker-4-tc1/source:/opt/rustwide/workdir:ro,Z" "-v" "/var/lib/crater-agent-workspace/cargo-home:/opt/rustwide/cargo-home:ro,Z" "-v" "/var/lib/crater-agent-workspace/rustup-home:/opt/rustwide/rustup-home:ro,Z" "-e" "SOURCE_DIR=/opt/rustwide/workdir" "-e" "CARGO_TARGET_DIR=/opt/rustwide/target" "-e" "CARGO_INCREMENTAL=0" "-e" "RUST_BACKTRACE=full" "-e" "RUSTFLAGS=--cap-lints=warn" "-e" "RUSTDOCFLAGS=--cap-lints=warn" "-e" "CARGO_HOME=/opt/rustwide/cargo-home" "-e" "RUSTUP_HOME=/opt/rustwide/rustup-home" "-w" "/opt/rustwide/workdir" "-m" "1610612736" "--user" "0:0" "--network" "none" "ghcr.io/rust-lang/crates-build-env/linux@sha256:5ff2268d62e97bff2cde7d5815dd6ed5b47097566f13b8d0ca110b04b60e07ed" "/opt/rustwide/cargo-home/bin/cargo" "+1.69.0" "test" "--frozen" "--no-run" "--message-format=json", kill_on_drop: false }`
[INFO] [stdout] 5eaed66b310473982252738a76a78d4ec914e86fabd5efe2c78711cebb2cd80d
[INFO] running `Command { std: "docker" "start" "-a" "5eaed66b310473982252738a76a78d4ec914e86fabd5efe2c78711cebb2cd80d", kill_on_drop: false }`
[INFO] [stderr]    Compiling syn v1.0.109
[INFO] [stderr]    Compiling parking_lot_core v0.9.7
[INFO] [stderr]    Compiling futures-executor v0.3.28
[INFO] [stderr]    Compiling overload v0.1.1
[INFO] [stderr]    Compiling sharded-slab v0.1.4
[INFO] [stderr]    Compiling tracing-log v0.1.3
[INFO] [stderr]    Compiling thread_local v1.1.7
[INFO] [stderr]    Compiling nu-ansi-term v0.46.0
[INFO] [stderr]    Compiling futures v0.3.28
[INFO] [stderr]    Compiling parking_lot v0.12.1
[INFO] [stderr]    Compiling dashmap v5.4.0
[INFO] [stderr]    Compiling tracing-subscriber v0.3.17
[INFO] [stderr]    Compiling proc-macro-error v1.0.4
[INFO] [stderr]    Compiling serial_test_derive v0.9.0
[INFO] [stderr]    Compiling ctor v0.1.26
[INFO] [stderr]    Compiling serial_test v0.9.0
[INFO] [stderr]    Compiling google-cloud-storage v0.11.0 (/opt/rustwide/workdir)
[INFO] [stdout] error[E0433]: failed to resolve: use of undeclared crate or module `google_cloud_auth`
[INFO] [stdout]    --> src/client.rs:199:9
[INFO] [stdout]     |
[INFO] [stdout] 199 |     use google_cloud_auth::project::Config;
[INFO] [stdout]     |         ^^^^^^^^^^^^^^^^^ use of undeclared crate or module `google_cloud_auth`
[INFO] [stdout]     |
[INFO] [stdout] help: there is a crate or module with a similar name
[INFO] [stdout]     |
[INFO] [stdout] 199 |     use google_cloud_token::project::Config;
[INFO] [stdout]     |         ~~~~~~~~~~~~~~~~~~
[INFO] [stdout] 
[INFO] [stdout] 
[INFO] [stdout] error[E0433]: failed to resolve: use of undeclared crate or module `google_cloud_auth`
[INFO] [stdout]    --> src/client.rs:200:9
[INFO] [stdout]     |
[INFO] [stdout] 200 |     use google_cloud_auth::token::DefaultTokenSourceProvider;
[INFO] [stdout]     |         ^^^^^^^^^^^^^^^^^ use of undeclared crate or module `google_cloud_auth`
[INFO] [stdout]     |
[INFO] [stdout] help: there is a crate or module with a similar name
[INFO] [stdout]     |
[INFO] [stdout] 200 |     use google_cloud_token::token::DefaultTokenSourceProvider;
[INFO] [stdout]     |         ~~~~~~~~~~~~~~~~~~
[INFO] [stdout] 
[INFO] [stdout] 
[INFO] [stdout] error[E0433]: failed to resolve: use of undeclared crate or module `google_cloud_auth`
[INFO] [stdout]   --> src/http/service_account_client.rs:56:9
[INFO] [stdout]    |
[INFO] [stdout] 56 |     use google_cloud_auth::project::Config;
[INFO] [stdout]    |         ^^^^^^^^^^^^^^^^^ use of undeclared crate or module `google_cloud_auth`
[INFO] [stdout]    |
[INFO] [stdout] help: there is a crate or module with a similar name
[INFO] [stdout]    |
[INFO] [stdout] 56 |     use google_cloud_token::project::Config;
[INFO] [stdout]    |         ~~~~~~~~~~~~~~~~~~
[INFO] [stdout] 
[INFO] [stdout] 
[INFO] [stdout] error[E0433]: failed to resolve: use of undeclared crate or module `google_cloud_auth`
[INFO] [stdout]   --> src/http/service_account_client.rs:57:9
[INFO] [stdout]    |
[INFO] [stdout] 57 |     use google_cloud_auth::token::DefaultTokenSourceProvider;
[INFO] [stdout]    |         ^^^^^^^^^^^^^^^^^ use of undeclared crate or module `google_cloud_auth`
[INFO] [stdout]    |
[INFO] [stdout] help: there is a crate or module with a similar name
[INFO] [stdout]    |
[INFO] [stdout] 57 |     use google_cloud_token::token::DefaultTokenSourceProvider;
[INFO] [stdout]    |         ~~~~~~~~~~~~~~~~~~
[INFO] [stdout] 
[INFO] [stdout] 
[INFO] [stdout] error[E0433]: failed to resolve: use of undeclared crate or module `google_cloud_auth`
[INFO] [stdout]     --> src/http/storage_client.rs:1313:9
[INFO] [stdout]      |
[INFO] [stdout] 1313 |     use google_cloud_auth::project::Config;
[INFO] [stdout]      |         ^^^^^^^^^^^^^^^^^ use of undeclared crate or module `google_cloud_auth`
[INFO] [stdout]      |
[INFO] [stdout] help: there is a crate or module with a similar name
[INFO] [stdout]      |
[INFO] [stdout] 1313 |     use google_cloud_token::project::Config;
[INFO] [stdout]      |         ~~~~~~~~~~~~~~~~~~
[INFO] [stdout] 
[INFO] [stdout] 
[INFO] [stdout] error[E0433]: failed to resolve: use of undeclared crate or module `google_cloud_auth`
[INFO] [stdout]     --> src/http/storage_client.rs:1314:9
[INFO] [stdout]      |
[INFO] [stdout] 1314 |     use google_cloud_auth::token::DefaultTokenSourceProvider;
[INFO] [stdout]      |         ^^^^^^^^^^^^^^^^^ use of undeclared crate or module `google_cloud_auth`
[INFO] [stdout]      |
[INFO] [stdout] help: there is a crate or module with a similar name
[INFO] [stdout]      |
[INFO] [stdout] 1314 |     use google_cloud_token::token::DefaultTokenSourceProvider;
[INFO] [stdout]      |         ~~~~~~~~~~~~~~~~~~
[INFO] [stdout] 
[INFO] [stdout] 
[INFO] [stdout] error[E0433]: failed to resolve: use of undeclared crate or module `google_cloud_auth`
[INFO] [stdout]    --> src/sign.rs:336:9
[INFO] [stdout]     |
[INFO] [stdout] 336 |     use google_cloud_auth::credentials::CredentialsFile;
[INFO] [stdout]     |         ^^^^^^^^^^^^^^^^^ use of undeclared crate or module `google_cloud_auth`
[INFO] [stdout]     |
[INFO] [stdout] help: there is a crate or module with a similar name
[INFO] [stdout]     |
[INFO] [stdout] 336 |     use google_cloud_token::credentials::CredentialsFile;
[INFO] [stdout]     |         ~~~~~~~~~~~~~~~~~~
[INFO] [stdout] 
[INFO] [stdout] 
[INFO] [stdout] warning: unused import: `google_cloud_token::TokenSourceProvider`
[INFO] [stdout]   --> src/http/service_account_client.rs:58:9
[INFO] [stdout]    |
[INFO] [stdout] 58 |     use google_cloud_token::TokenSourceProvider;
[INFO] [stdout]    |         ^^^^^^^^^^^^^^^^^^^^^^^^^^^^^^^^^^^^^^^
[INFO] [stdout]    |
[INFO] [stdout]    = note: `#[warn(unused_imports)]` on by default
[INFO] [stdout] 
[INFO] [stdout] 
[INFO] [stdout] warning: unused import: `google_cloud_token::TokenSourceProvider`
[INFO] [stdout]     --> src/http/storage_client.rs:1315:9
[INFO] [stdout]      |
[INFO] [stdout] 1315 |     use google_cloud_token::TokenSourceProvider;
[INFO] [stdout]      |         ^^^^^^^^^^^^^^^^^^^^^^^^^^^^^^^^^^^^^^^
[INFO] [stdout] 
[INFO] [stdout] 
[INFO] [stdout] error: aborting due to 7 previous errors; 2 warnings emitted
[INFO] [stdout] 
[INFO] [stdout] 
[INFO] [stdout] For more information about this error, try `rustc --explain E0433`.
[INFO] [stdout] 
[INFO] [stderr] error: could not compile `google-cloud-storage` due to 8 previous errors; 2 warnings emitted
[INFO] running `Command { std: "docker" "inspect" "5eaed66b310473982252738a76a78d4ec914e86fabd5efe2c78711cebb2cd80d", kill_on_drop: false }`
[INFO] running `Command { std: "docker" "rm" "-f" "5eaed66b310473982252738a76a78d4ec914e86fabd5efe2c78711cebb2cd80d", kill_on_drop: false }`
[INFO] [stdout] 5eaed66b310473982252738a76a78d4ec914e86fabd5efe2c78711cebb2cd80d
