[INFO] fetching crate google-authorizedbuyersmarketplace1 5.0.2+20230124...
[INFO] testing google-authorizedbuyersmarketplace1-5.0.2+20230124 against 1.69.0 for beta-1.70-1
[INFO] extracting crate google-authorizedbuyersmarketplace1 5.0.2+20230124 into /workspace/builds/worker-7-tc1/source
[INFO] validating manifest of crates.io crate google-authorizedbuyersmarketplace1 5.0.2+20230124 on toolchain 1.69.0
[INFO] running `Command { std: CARGO_HOME="/workspace/cargo-home" RUSTUP_HOME="/workspace/rustup-home" "/workspace/cargo-home/bin/cargo" "+1.69.0" "metadata" "--manifest-path" "Cargo.toml" "--no-deps", kill_on_drop: false }`
[INFO] started tweaking crates.io crate google-authorizedbuyersmarketplace1 5.0.2+20230124
[INFO] finished tweaking crates.io crate google-authorizedbuyersmarketplace1 5.0.2+20230124
[INFO] tweaked toml for crates.io crate google-authorizedbuyersmarketplace1 5.0.2+20230124 written to /workspace/builds/worker-7-tc1/source/Cargo.toml
[INFO] running `Command { std: CARGO_HOME="/workspace/cargo-home" RUSTUP_HOME="/workspace/rustup-home" __CARGO_TEST_CHANNEL_OVERRIDE_DO_NOT_USE_THIS="nightly" "/workspace/cargo-home/bin/cargo" "+1.69.0" "generate-lockfile" "--manifest-path" "Cargo.toml" "-Zno-index-update", kill_on_drop: false }`
[INFO] running `Command { std: CARGO_HOME="/workspace/cargo-home" RUSTUP_HOME="/workspace/rustup-home" "/workspace/cargo-home/bin/cargo" "+1.69.0" "fetch" "--manifest-path" "Cargo.toml", kill_on_drop: false }`
[INFO] [stderr]  Downloading crates ...
[INFO] [stderr]   Downloaded google-apis-common v5.0.4
[INFO] [stderr]   Downloaded yup-oauth2 v8.1.1
[INFO] running `Command { std: "docker" "create" "-v" "/var/lib/crater-agent-workspace/builds/worker-7-tc1/target:/opt/rustwide/target:rw,Z" "-v" "/var/lib/crater-agent-workspace/builds/worker-7-tc1/source:/opt/rustwide/workdir:ro,Z" "-v" "/var/lib/crater-agent-workspace/cargo-home:/opt/rustwide/cargo-home:ro,Z" "-v" "/var/lib/crater-agent-workspace/rustup-home:/opt/rustwide/rustup-home:ro,Z" "-e" "SOURCE_DIR=/opt/rustwide/workdir" "-e" "CARGO_TARGET_DIR=/opt/rustwide/target" "-e" "CARGO_HOME=/opt/rustwide/cargo-home" "-e" "RUSTUP_HOME=/opt/rustwide/rustup-home" "-w" "/opt/rustwide/workdir" "-m" "1610612736" "--user" "0:0" "--network" "none" "ghcr.io/rust-lang/crates-build-env/linux@sha256:5ff2268d62e97bff2cde7d5815dd6ed5b47097566f13b8d0ca110b04b60e07ed" "/opt/rustwide/cargo-home/bin/cargo" "+1.69.0" "metadata" "--no-deps" "--format-version=1", kill_on_drop: false }`
[INFO] [stdout] f0fcdd94eb7a4b9a5f2f0e0d5e67d7bab4a0fac1f4254e990168fe5266e93455
[INFO] running `Command { std: "docker" "start" "-a" "f0fcdd94eb7a4b9a5f2f0e0d5e67d7bab4a0fac1f4254e990168fe5266e93455", kill_on_drop: false }`
[INFO] running `Command { std: "docker" "inspect" "f0fcdd94eb7a4b9a5f2f0e0d5e67d7bab4a0fac1f4254e990168fe5266e93455", kill_on_drop: false }`
[INFO] running `Command { std: "docker" "rm" "-f" "f0fcdd94eb7a4b9a5f2f0e0d5e67d7bab4a0fac1f4254e990168fe5266e93455", kill_on_drop: false }`
[INFO] [stdout] f0fcdd94eb7a4b9a5f2f0e0d5e67d7bab4a0fac1f4254e990168fe5266e93455
[INFO] running `Command { std: "docker" "create" "-v" "/var/lib/crater-agent-workspace/builds/worker-7-tc1/target:/opt/rustwide/target:rw,Z" "-v" "/var/lib/crater-agent-workspace/builds/worker-7-tc1/source:/opt/rustwide/workdir:ro,Z" "-v" "/var/lib/crater-agent-workspace/cargo-home:/opt/rustwide/cargo-home:ro,Z" "-v" "/var/lib/crater-agent-workspace/rustup-home:/opt/rustwide/rustup-home:ro,Z" "-e" "SOURCE_DIR=/opt/rustwide/workdir" "-e" "CARGO_TARGET_DIR=/opt/rustwide/target" "-e" "CARGO_INCREMENTAL=0" "-e" "RUST_BACKTRACE=full" "-e" "RUSTFLAGS=--cap-lints=warn" "-e" "RUSTDOCFLAGS=--cap-lints=warn" "-e" "CARGO_HOME=/opt/rustwide/cargo-home" "-e" "RUSTUP_HOME=/opt/rustwide/rustup-home" "-w" "/opt/rustwide/workdir" "-m" "1610612736" "--user" "0:0" "--network" "none" "ghcr.io/rust-lang/crates-build-env/linux@sha256:5ff2268d62e97bff2cde7d5815dd6ed5b47097566f13b8d0ca110b04b60e07ed" "/opt/rustwide/cargo-home/bin/cargo" "+1.69.0" "build" "--frozen" "--message-format=json", kill_on_drop: false }`
[INFO] [stdout] 20ac33ce85ba4f62d06997986319aa05f5ba5ae6ae00c655a7754ae1eeb74d7d
[INFO] running `Command { std: "docker" "start" "-a" "20ac33ce85ba4f62d06997986319aa05f5ba5ae6ae00c655a7754ae1eeb74d7d", kill_on_drop: false }`
[INFO] [stderr]    Compiling proc-macro2 v1.0.56
[INFO] [stderr]    Compiling unicode-ident v1.0.8
[INFO] [stderr]    Compiling quote v1.0.26
[INFO] [stderr]    Compiling libc v0.2.142
[INFO] [stderr]    Compiling once_cell v1.17.1
[INFO] [stderr]    Compiling log v0.4.17
[INFO] [stderr]    Compiling futures-core v0.3.28
[INFO] [stderr]    Compiling fnv v1.0.7
[INFO] [stderr]    Compiling cc v1.0.79
[INFO] [stderr]    Compiling slab v0.4.8
[INFO] [stderr]    Compiling futures-channel v0.3.28
[INFO] [stderr]    Compiling bytes v1.4.0
[INFO] [stderr]    Compiling futures-task v0.3.28
[INFO] [stderr]    Compiling futures-sink v0.3.28
[INFO] [stderr]    Compiling tokio v1.28.0
[INFO] [stderr]    Compiling serde_derive v1.0.160
[INFO] [stderr]    Compiling futures-util v0.3.28
[INFO] [stderr]    Compiling spin v0.5.2
[INFO] [stderr]    Compiling tinyvec_macros v0.1.1
[INFO] [stderr]    Compiling ring v0.16.20
[INFO] [stderr]    Compiling mio v0.8.6
[INFO] [stderr]    Compiling socket2 v0.4.9
[INFO] [stderr]    Compiling syn v2.0.15
[INFO] [stderr]    Compiling futures-io v0.3.28
[INFO] [stderr]    Compiling untrusted v0.7.1
[INFO] [stderr]    Compiling itoa v1.0.6
[INFO] [stderr]    Compiling serde v1.0.160
[INFO] [stderr]    Compiling tinyvec v1.6.0
[INFO] [stderr]    Compiling tracing-core v0.1.30
[INFO] [stderr]    Compiling indexmap v1.9.3
[INFO] [stderr]    Compiling http v0.2.9
[INFO] [stderr]    Compiling unicode-bidi v0.3.13
[INFO] [stderr]    Compiling httparse v1.8.0
[INFO] [stderr]    Compiling tracing v0.1.37
[INFO] [stderr]    Compiling rustls v0.20.8
[INFO] [stderr]    Compiling hashbrown v0.12.3
[INFO] [stderr]    Compiling strsim v0.10.0
[INFO] [stderr]    Compiling ident_case v1.0.1
[INFO] [stderr]    Compiling unicode-normalization v0.1.22
[INFO] [stderr]    Compiling num-traits v0.2.15
[INFO] [stderr]    Compiling base64 v0.21.0
[INFO] [stderr]    Compiling try-lock v0.2.4
[INFO] [stderr]    Compiling want v0.3.0
[INFO] [stderr]    Compiling rustls-pemfile v1.0.2
[INFO] [stderr]    Compiling http-body v0.4.5
[INFO] [stderr]    Compiling num-integer v0.1.45
[INFO] [stderr]    Compiling anyhow v1.0.71
[INFO] [stderr]    Compiling percent-encoding v2.2.0
[INFO] [stderr]    Compiling httpdate v1.0.2
[INFO] [stderr]    Compiling async-trait v0.1.68
[INFO] [stderr]    Compiling tower-service v0.3.2
[INFO] [stderr]    Compiling openssl-probe v0.1.5
[INFO] [stderr]    Compiling serde_json v1.0.96
[INFO] [stderr]    Compiling rustls-native-certs v0.6.2
[INFO] [stderr]    Compiling form_urlencoded v1.1.0
[INFO] [stderr]    Compiling idna v0.3.0
[INFO] [stderr]    Compiling either v1.8.1
[INFO] [stderr]    Compiling num_threads v0.1.6
[INFO] [stderr]    Compiling time-core v0.1.0
[INFO] [stderr]    Compiling ryu v1.0.13
[INFO] [stderr]    Compiling matches v0.1.10
[INFO] [stderr]    Compiling itertools v0.10.5
[INFO] [stderr]    Compiling webpki v0.22.0
[INFO] [stderr]    Compiling sct v0.7.0
[INFO] [stderr]    Compiling url v2.3.1
[INFO] [stderr]    Compiling idna v0.1.5
[INFO] [stderr]    Compiling base64 v0.13.1
[INFO] [stderr]    Compiling percent-encoding v1.0.1
[INFO] [stderr]    Compiling iana-time-zone v0.1.56
[INFO] [stderr]    Compiling darling_core v0.20.0
[INFO] [stderr]    Compiling seahash v4.1.0
[INFO] [stderr]    Compiling url v1.7.2
[INFO] [stderr]    Compiling mime v0.3.17
[INFO] [stderr]    Compiling futures-macro v0.3.28
[INFO] [stderr]    Compiling tokio-macros v2.1.0
[INFO] [stderr]    Compiling darling_macro v0.20.0
[INFO] [stderr]    Compiling darling v0.20.0
[INFO] [stderr]    Compiling serde_with_macros v2.3.3
[INFO] [stderr]    Compiling futures-executor v0.3.28
[INFO] [stderr]    Compiling futures v0.3.28
[INFO] [stderr]    Compiling tokio-util v0.7.8
[INFO] [stderr]    Compiling tokio-rustls v0.23.4
[INFO] [stderr]    Compiling h2 v0.3.18
[INFO] [stderr]    Compiling time v0.3.20
[INFO] [stderr]    Compiling serde_with v2.3.3
[INFO] [stderr]    Compiling chrono v0.4.24
[INFO] [stderr]    Compiling hyper v0.14.26
[INFO] [stderr]    Compiling hyper-rustls v0.23.2
[INFO] [stderr]    Compiling yup-oauth2 v8.1.1
[INFO] [stderr]    Compiling google-apis-common v5.0.4
[INFO] [stderr]    Compiling google-authorizedbuyersmarketplace1 v5.0.2+20230124 (/opt/rustwide/workdir)
[INFO] [stderr]     Finished dev [unoptimized + debuginfo] target(s) in 1m 40s
[INFO] running `Command { std: "docker" "inspect" "20ac33ce85ba4f62d06997986319aa05f5ba5ae6ae00c655a7754ae1eeb74d7d", kill_on_drop: false }`
[INFO] running `Command { std: "docker" "rm" "-f" "20ac33ce85ba4f62d06997986319aa05f5ba5ae6ae00c655a7754ae1eeb74d7d", kill_on_drop: false }`
[INFO] [stdout] 20ac33ce85ba4f62d06997986319aa05f5ba5ae6ae00c655a7754ae1eeb74d7d
[INFO] running `Command { std: "docker" "create" "-v" "/var/lib/crater-agent-workspace/builds/worker-7-tc1/target:/opt/rustwide/target:rw,Z" "-v" "/var/lib/crater-agent-workspace/builds/worker-7-tc1/source:/opt/rustwide/workdir:ro,Z" "-v" "/var/lib/crater-agent-workspace/cargo-home:/opt/rustwide/cargo-home:ro,Z" "-v" "/var/lib/crater-agent-workspace/rustup-home:/opt/rustwide/rustup-home:ro,Z" "-e" "SOURCE_DIR=/opt/rustwide/workdir" "-e" "CARGO_TARGET_DIR=/opt/rustwide/target" "-e" "CARGO_INCREMENTAL=0" "-e" "RUST_BACKTRACE=full" "-e" "RUSTFLAGS=--cap-lints=warn" "-e" "RUSTDOCFLAGS=--cap-lints=warn" "-e" "CARGO_HOME=/opt/rustwide/cargo-home" "-e" "RUSTUP_HOME=/opt/rustwide/rustup-home" "-w" "/opt/rustwide/workdir" "-m" "1610612736" "--user" "0:0" "--network" "none" "ghcr.io/rust-lang/crates-build-env/linux@sha256:5ff2268d62e97bff2cde7d5815dd6ed5b47097566f13b8d0ca110b04b60e07ed" "/opt/rustwide/cargo-home/bin/cargo" "+1.69.0" "test" "--frozen" "--no-run" "--message-format=json", kill_on_drop: false }`
[INFO] [stdout] 3206fcf52a0cb1ecf2596a32ac4e6af3206fc459fba0c471cc696f50c10ea41d
[INFO] running `Command { std: "docker" "start" "-a" "3206fcf52a0cb1ecf2596a32ac4e6af3206fc459fba0c471cc696f50c10ea41d", kill_on_drop: false }`
[INFO] [stderr]    Compiling google-authorizedbuyersmarketplace1 v5.0.2+20230124 (/opt/rustwide/workdir)
[INFO] [stderr]     Finished test [unoptimized + debuginfo] target(s) in 4.07s
[INFO] running `Command { std: "docker" "inspect" "3206fcf52a0cb1ecf2596a32ac4e6af3206fc459fba0c471cc696f50c10ea41d", kill_on_drop: false }`
[INFO] running `Command { std: "docker" "rm" "-f" "3206fcf52a0cb1ecf2596a32ac4e6af3206fc459fba0c471cc696f50c10ea41d", kill_on_drop: false }`
[INFO] [stdout] 3206fcf52a0cb1ecf2596a32ac4e6af3206fc459fba0c471cc696f50c10ea41d
[INFO] running `Command { std: "docker" "create" "-v" "/var/lib/crater-agent-workspace/builds/worker-7-tc1/target:/opt/rustwide/target:rw,Z" "-v" "/var/lib/crater-agent-workspace/builds/worker-7-tc1/source:/opt/rustwide/workdir:ro,Z" "-v" "/var/lib/crater-agent-workspace/cargo-home:/opt/rustwide/cargo-home:ro,Z" "-v" "/var/lib/crater-agent-workspace/rustup-home:/opt/rustwide/rustup-home:ro,Z" "-e" "SOURCE_DIR=/opt/rustwide/workdir" "-e" "CARGO_TARGET_DIR=/opt/rustwide/target" "-e" "CARGO_INCREMENTAL=0" "-e" "RUST_BACKTRACE=full" "-e" "RUSTFLAGS=--cap-lints=warn" "-e" "RUSTDOCFLAGS=--cap-lints=warn" "-e" "CARGO_HOME=/opt/rustwide/cargo-home" "-e" "RUSTUP_HOME=/opt/rustwide/rustup-home" "-w" "/opt/rustwide/workdir" "-m" "1610612736" "--user" "0:0" "--network" "none" "ghcr.io/rust-lang/crates-build-env/linux@sha256:5ff2268d62e97bff2cde7d5815dd6ed5b47097566f13b8d0ca110b04b60e07ed" "/opt/rustwide/cargo-home/bin/cargo" "+1.69.0" "test" "--frozen", kill_on_drop: false }`
[INFO] [stdout] e56326259e0455472272a5cd3f7bb2fa1263d15481c6a122e34dc282df0d29e3
[INFO] running `Command { std: "docker" "start" "-a" "e56326259e0455472272a5cd3f7bb2fa1263d15481c6a122e34dc282df0d29e3", kill_on_drop: false }`
[INFO] [stderr]     Finished test [unoptimized + debuginfo] target(s) in 0.17s
[INFO] [stderr]      Running unittests src/lib.rs (/opt/rustwide/target/debug/deps/google_authorizedbuyersmarketplace1-8c7103c985c4fc1a)
[INFO] [stdout] 
[INFO] [stdout] running 0 tests
[INFO] [stdout] 
[INFO] [stdout] test result: ok. 0 passed; 0 failed; 0 ignored; 0 measured; 0 filtered out; finished in 0.00s
[INFO] [stdout] 
[INFO] [stderr]    Doc-tests google-authorizedbuyersmarketplace1
[INFO] [stdout] 
[INFO] [stdout] running 43 tests
[INFO] [stdout] test src/api.rs - api::BuyerAuctionPackageSubscribeClientCall (line 3849) - compile ... ok
[INFO] [stdout] test src/api.rs - api::BuyerAuctionPackageUnsubscribeCall (line 4140) - compile ... ok
[INFO] [stdout] test src/api.rs - api::BidderFinalizedDealListCall (line 2703) - compile ... ok
[INFO] [stdout] test src/api.rs - api::BuyerAuctionPackageListCall (line 3273) - compile ... ok
[INFO] [stdout] test src/api.rs - api::BuyerAuctionPackageSubscribeCall (line 3558) - compile ... ok
[INFO] [stdout] test src/api.rs - api::BidderMethods (line 1897) - compile ... ok
[INFO] [stdout] test src/api.rs - api::AuthorizedBuyersMarketplace (line 58) - compile ... FAILED
[INFO] [stdout] test src/api.rs - api::BuyerAuctionPackageGetCall (line 3012) - compile ... ok
[INFO] [stdout] test src/api.rs - api::BuyerClientDeactivateCall (line 6984) - compile ... ok
[INFO] [stdout] test src/api.rs - api::BuyerClientActivateCall (line 6402) - compile ... ok
[INFO] [stdout] test src/api.rs - api::BuyerClientCreateCall (line 6693) - compile ... ok
[INFO] [stdout] test src/api.rs - api::BuyerClientGetCall (line 7275) - compile ... ok
[INFO] [stdout] test src/api.rs - api::BuyerClientUserActivateCall (line 4722) - compile ... ok
[INFO] [stdout] test src/api.rs - api::BuyerClientPatchCall (line 7833) - compile ... FAILED
[INFO] [stdout] test src/api.rs - api::BuyerAuctionPackageUnsubscribeClientCall (line 4431) - compile ... ok
[INFO] [stdout] test src/api.rs - api::BuyerClientListCall (line 7536) - compile ... ok
[INFO] [stdout] test src/api.rs - api::BuyerFinalizedDealAddCreativeCall (line 8136) - compile ... ok
[INFO] [stdout] test src/api.rs - api::BuyerClientUserDeleteCall (line 5595) - compile ... ok
[INFO] [stdout] test src/api.rs - api::BuyerClientUserCreateCall (line 5013) - compile ... ok
[INFO] [stdout] test src/api.rs - api::BuyerClientUserDeactivateCall (line 5304) - compile ... ok
[INFO] [stdout] test src/api.rs - api::BuyerFinalizedDealPauseCall (line 8997) - compile ... ok
[INFO] [stdout] test src/api.rs - api::BuyerClientUserGetCall (line 5856) - compile ... ok
[INFO] [stdout] test src/api.rs - api::BuyerFinalizedDealResumeCall (line 9288) - compile ... ok
[INFO] [stdout] test src/api.rs - api::BuyerClientUserListCall (line 6117) - compile ... ok
[INFO] [stdout] test src/api.rs - api::BuyerFinalizedDealSetReadyToServeCall (line 9579) - compile ... ok
[INFO] [stdout] test src/api.rs - api::BuyerFinalizedDealListCall (line 8688) - compile ... ok
[INFO] [stdout] test src/api.rs - api::BuyerFinalizedDealGetCall (line 8427) - compile ... ok
[INFO] [stdout] test src/api.rs - api::BuyerProposalAddNoteCall (line 11301) - compile ... ok
[INFO] [stdout] test src/api.rs - api::BuyerMethods (line 1959) - compile ... ok
[INFO] [stdout] test src/api.rs - api::BuyerProposalAcceptCall (line 11010) - compile ... ok
[INFO] [stdout] test src/api.rs - api::BuyerProposalDealBatchUpdateCall (line 9870) - compile ... ok
[INFO] [stdout] test src/api.rs - api::BuyerProposalDealGetCall (line 10161) - compile ... ok
[INFO] [stdout] test src/api.rs - api::BuyerProposalCancelNegotiationCall (line 11592) - compile ... ok
[INFO] [stdout] test src/api.rs - api::BuyerProposalDealListCall (line 10422) - compile ... ok
[INFO] [stdout] test src/lib.rs - (line 51) ... ignored
[INFO] [stdout] test src/api.rs - api::BuyerProposalDealPatchCall (line 10707) - compile ... FAILED
[INFO] [stdout] test src/api.rs - api::BuyerPublisherProfileGetCall (line 13035) - compile ... ok
[INFO] [stdout] test src/api.rs - api::BuyerProposalGetCall (line 11883) - compile ... ok
[INFO] [stdout] test src/api.rs - api::BuyerPublisherProfileListCall (line 13296) - compile ... ok
[INFO] [stdout] test src/api.rs - api::BuyerProposalListCall (line 12144) - compile ... ok
[INFO] [stdout] test src/api.rs - api::BuyerProposalPatchCall (line 12441) - compile ... FAILED
[INFO] [stdout] test src/lib.rs - (line 80) - compile ... FAILED
[INFO] [stdout] test src/api.rs - api::BuyerProposalSendRfpCall (line 12744) - compile ... ok
[INFO] [stdout] 
[INFO] [stdout] failures:
[INFO] [stdout] 
[INFO] [stdout] ---- src/api.rs - api::AuthorizedBuyersMarketplace (line 58) stdout ----
[INFO] [stdout] error[E0308]: mismatched types
[INFO] [stdout]      --> src/api.rs:90:27
[INFO] [stdout]       |
[INFO] [stdout] 33    |              .update_mask(&Default::default())
[INFO] [stdout]       |               ----------- ^^^^^^^^^^^^^^^^^^^ expected `FieldMask`, found `&_`
[INFO] [stdout]       |               |
[INFO] [stdout]       |               arguments to this method are incorrect
[INFO] [stdout]       |
[INFO] [stdout]       = note: expected struct `FieldMask`
[INFO] [stdout]               found reference `&_`
[INFO] [stdout] note: method defined here
[INFO] [stdout]      --> /opt/rustwide/workdir/src/api.rs:12656:12
[INFO] [stdout]       |
[INFO] [stdout] 12656 |     pub fn update_mask(mut self, new_value: client::FieldMask) -> BuyerProposalPatchCall<'a, S> {
[INFO] [stdout]       |            ^^^^^^^^^^^
[INFO] [stdout] help: consider removing the borrow
[INFO] [stdout]       |
[INFO] [stdout] 33    -              .update_mask(&Default::default())
[INFO] [stdout] 33    +              .update_mask(Default::default())
[INFO] [stdout]       |
[INFO] [stdout] 
[INFO] [stdout] error: aborting due to previous error
[INFO] [stdout] 
[INFO] [stdout] For more information about this error, try `rustc --explain E0308`.
[INFO] [stdout] Couldn't compile the test.
[INFO] [stdout] ---- src/api.rs - api::BuyerClientPatchCall (line 7833) stdout ----
[INFO] [stdout] error[E0308]: mismatched types
[INFO] [stdout]     --> src/api.rs:7857:27
[INFO] [stdout]      |
[INFO] [stdout] 25   |              .update_mask(&Default::default())
[INFO] [stdout]      |               ----------- ^^^^^^^^^^^^^^^^^^^ expected `FieldMask`, found `&_`
[INFO] [stdout]      |               |
[INFO] [stdout]      |               arguments to this method are incorrect
[INFO] [stdout]      |
[INFO] [stdout]      = note: expected struct `FieldMask`
[INFO] [stdout]              found reference `&_`
[INFO] [stdout] note: method defined here
[INFO] [stdout]     --> /opt/rustwide/workdir/src/api.rs:8048:12
[INFO] [stdout]      |
[INFO] [stdout] 8048 |     pub fn update_mask(mut self, new_value: client::FieldMask) -> BuyerClientPatchCall<'a, S> {
[INFO] [stdout]      |            ^^^^^^^^^^^
[INFO] [stdout] help: consider removing the borrow
[INFO] [stdout]      |
[INFO] [stdout] 25   -              .update_mask(&Default::default())
[INFO] [stdout] 25   +              .update_mask(Default::default())
[INFO] [stdout]      |
[INFO] [stdout] 
[INFO] [stdout] error: aborting due to previous error
[INFO] [stdout] 
[INFO] [stdout] For more information about this error, try `rustc --explain E0308`.
[INFO] [stdout] Couldn't compile the test.
[INFO] [stdout] ---- src/api.rs - api::BuyerProposalDealPatchCall (line 10707) stdout ----
[INFO] [stdout] error[E0308]: mismatched types
[INFO] [stdout]      --> src/api.rs:10731:27
[INFO] [stdout]       |
[INFO] [stdout] 25    |              .update_mask(&Default::default())
[INFO] [stdout]       |               ----------- ^^^^^^^^^^^^^^^^^^^ expected `FieldMask`, found `&_`
[INFO] [stdout]       |               |
[INFO] [stdout]       |               arguments to this method are incorrect
[INFO] [stdout]       |
[INFO] [stdout]       = note: expected struct `FieldMask`
[INFO] [stdout]               found reference `&_`
[INFO] [stdout] note: method defined here
[INFO] [stdout]      --> /opt/rustwide/workdir/src/api.rs:10922:12
[INFO] [stdout]       |
[INFO] [stdout] 10922 |     pub fn update_mask(mut self, new_value: client::FieldMask) -> BuyerProposalDealPatchCall<'a, S> {
[INFO] [stdout]       |            ^^^^^^^^^^^
[INFO] [stdout] help: consider removing the borrow
[INFO] [stdout]       |
[INFO] [stdout] 25    -              .update_mask(&Default::default())
[INFO] [stdout] 25    +              .update_mask(Default::default())
[INFO] [stdout]       |
[INFO] [stdout] 
[INFO] [stdout] error: aborting due to previous error
[INFO] [stdout] 
[INFO] [stdout] For more information about this error, try `rustc --explain E0308`.
[INFO] [stdout] Couldn't compile the test.
[INFO] [stdout] ---- src/api.rs - api::BuyerProposalPatchCall (line 12441) stdout ----
[INFO] [stdout] error[E0308]: mismatched types
[INFO] [stdout]      --> src/api.rs:12465:27
[INFO] [stdout]       |
[INFO] [stdout] 25    |              .update_mask(&Default::default())
[INFO] [stdout]       |               ----------- ^^^^^^^^^^^^^^^^^^^ expected `FieldMask`, found `&_`
[INFO] [stdout]       |               |
[INFO] [stdout]       |               arguments to this method are incorrect
[INFO] [stdout]       |
[INFO] [stdout]       = note: expected struct `FieldMask`
[INFO] [stdout]               found reference `&_`
[INFO] [stdout] note: method defined here
[INFO] [stdout]      --> /opt/rustwide/workdir/src/api.rs:12656:12
[INFO] [stdout]       |
[INFO] [stdout] 12656 |     pub fn update_mask(mut self, new_value: client::FieldMask) -> BuyerProposalPatchCall<'a, S> {
[INFO] [stdout]       |            ^^^^^^^^^^^
[INFO] [stdout] help: consider removing the borrow
[INFO] [stdout]       |
[INFO] [stdout] 25    -              .update_mask(&Default::default())
[INFO] [stdout] 25    +              .update_mask(Default::default())
[INFO] [stdout]       |
[INFO] [stdout] 
[INFO] [stdout] error: aborting due to previous error
[INFO] [stdout] 
[INFO] [stdout] For more information about this error, try `rustc --explain E0308`.
[INFO] [stdout] Couldn't compile the test.
[INFO] [stdout] ---- src/lib.rs - (line 80) stdout ----
[INFO] [stdout] error[E0308]: mismatched types
[INFO] [stdout]      --> src/lib.rs:112:27
[INFO] [stdout]       |
[INFO] [stdout] 33    |              .update_mask(&Default::default())
[INFO] [stdout]       |               ----------- ^^^^^^^^^^^^^^^^^^^ expected `FieldMask`, found `&_`
[INFO] [stdout]       |               |
[INFO] [stdout]       |               arguments to this method are incorrect
[INFO] [stdout]       |
[INFO] [stdout]       = note: expected struct `FieldMask`
[INFO] [stdout]               found reference `&_`
[INFO] [stdout] note: method defined here
[INFO] [stdout]      --> /opt/rustwide/workdir/src/api.rs:12656:12
[INFO] [stdout]       |
[INFO] [stdout] 12656 |     pub fn update_mask(mut self, new_value: client::FieldMask) -> BuyerProposalPatchCall<'a, S> {
[INFO] [stdout]       |            ^^^^^^^^^^^
[INFO] [stdout] help: consider removing the borrow
[INFO] [stdout]       |
[INFO] [stdout] 33    -              .update_mask(&Default::default())
[INFO] [stdout] 33    +              .update_mask(Default::default())
[INFO] [stdout]       |
[INFO] [stdout] 
[INFO] [stdout] error: aborting due to previous error
[INFO] [stdout] 
[INFO] [stdout] For more information about this error, try `rustc --explain E0308`.
[INFO] [stdout] Couldn't compile the test.
[INFO] [stdout] 
[INFO] [stdout] failures:
[INFO] [stdout]     src/api.rs - api::AuthorizedBuyersMarketplace (line 58)
[INFO] [stdout]     src/api.rs - api::BuyerClientPatchCall (line 7833)
[INFO] [stdout]     src/api.rs - api::BuyerProposalDealPatchCall (line 10707)
[INFO] [stdout]     src/api.rs - api::BuyerProposalPatchCall (line 12441)
[INFO] [stdout]     src/lib.rs - (line 80)
[INFO] [stdout] 
[INFO] [stdout] test result: FAILED. 37 passed; 5 failed; 1 ignored; 0 measured; 0 filtered out; finished in 2.60s
[INFO] [stdout] 
[INFO] [stderr] error: doctest failed, to rerun pass `--doc`
[INFO] running `Command { std: "docker" "inspect" "e56326259e0455472272a5cd3f7bb2fa1263d15481c6a122e34dc282df0d29e3", kill_on_drop: false }`
[INFO] running `Command { std: "docker" "rm" "-f" "e56326259e0455472272a5cd3f7bb2fa1263d15481c6a122e34dc282df0d29e3", kill_on_drop: false }`
[INFO] [stdout] e56326259e0455472272a5cd3f7bb2fa1263d15481c6a122e34dc282df0d29e3
