[INFO] fetching crate google-artifactregistry1 5.0.2+20230113...
[INFO] testing google-artifactregistry1-5.0.2+20230113 against 1.69.0 for beta-1.70-1
[INFO] extracting crate google-artifactregistry1 5.0.2+20230113 into /workspace/builds/worker-3-tc1/source
[INFO] validating manifest of crates.io crate google-artifactregistry1 5.0.2+20230113 on toolchain 1.69.0
[INFO] running `Command { std: CARGO_HOME="/workspace/cargo-home" RUSTUP_HOME="/workspace/rustup-home" "/workspace/cargo-home/bin/cargo" "+1.69.0" "metadata" "--manifest-path" "Cargo.toml" "--no-deps", kill_on_drop: false }`
[INFO] started tweaking crates.io crate google-artifactregistry1 5.0.2+20230113
[INFO] finished tweaking crates.io crate google-artifactregistry1 5.0.2+20230113
[INFO] tweaked toml for crates.io crate google-artifactregistry1 5.0.2+20230113 written to /workspace/builds/worker-3-tc1/source/Cargo.toml
[INFO] running `Command { std: CARGO_HOME="/workspace/cargo-home" RUSTUP_HOME="/workspace/rustup-home" __CARGO_TEST_CHANNEL_OVERRIDE_DO_NOT_USE_THIS="nightly" "/workspace/cargo-home/bin/cargo" "+1.69.0" "generate-lockfile" "--manifest-path" "Cargo.toml" "-Zno-index-update", kill_on_drop: false }`
[INFO] running `Command { std: CARGO_HOME="/workspace/cargo-home" RUSTUP_HOME="/workspace/rustup-home" "/workspace/cargo-home/bin/cargo" "+1.69.0" "fetch" "--manifest-path" "Cargo.toml", kill_on_drop: false }`
[INFO] [stderr]  Downloading crates ...
[INFO] [stderr]   Downloaded google-apis-common v5.0.4
[INFO] [stderr]   Downloaded yup-oauth2 v8.1.1
[INFO] running `Command { std: "docker" "create" "-v" "/var/lib/crater-agent-workspace/builds/worker-3-tc1/target:/opt/rustwide/target:rw,Z" "-v" "/var/lib/crater-agent-workspace/builds/worker-3-tc1/source:/opt/rustwide/workdir:ro,Z" "-v" "/var/lib/crater-agent-workspace/cargo-home:/opt/rustwide/cargo-home:ro,Z" "-v" "/var/lib/crater-agent-workspace/rustup-home:/opt/rustwide/rustup-home:ro,Z" "-e" "SOURCE_DIR=/opt/rustwide/workdir" "-e" "CARGO_TARGET_DIR=/opt/rustwide/target" "-e" "CARGO_HOME=/opt/rustwide/cargo-home" "-e" "RUSTUP_HOME=/opt/rustwide/rustup-home" "-w" "/opt/rustwide/workdir" "-m" "1610612736" "--user" "0:0" "--network" "none" "ghcr.io/rust-lang/crates-build-env/linux@sha256:5ff2268d62e97bff2cde7d5815dd6ed5b47097566f13b8d0ca110b04b60e07ed" "/opt/rustwide/cargo-home/bin/cargo" "+1.69.0" "metadata" "--no-deps" "--format-version=1", kill_on_drop: false }`
[INFO] [stdout] 8dafdcd7e257f4939ff60410b82541b20685d8370f908e87e4dcaa7dbff719bf
[INFO] running `Command { std: "docker" "start" "-a" "8dafdcd7e257f4939ff60410b82541b20685d8370f908e87e4dcaa7dbff719bf", kill_on_drop: false }`
[INFO] running `Command { std: "docker" "inspect" "8dafdcd7e257f4939ff60410b82541b20685d8370f908e87e4dcaa7dbff719bf", kill_on_drop: false }`
[INFO] running `Command { std: "docker" "rm" "-f" "8dafdcd7e257f4939ff60410b82541b20685d8370f908e87e4dcaa7dbff719bf", kill_on_drop: false }`
[INFO] [stdout] 8dafdcd7e257f4939ff60410b82541b20685d8370f908e87e4dcaa7dbff719bf
[INFO] running `Command { std: "docker" "create" "-v" "/var/lib/crater-agent-workspace/builds/worker-3-tc1/target:/opt/rustwide/target:rw,Z" "-v" "/var/lib/crater-agent-workspace/builds/worker-3-tc1/source:/opt/rustwide/workdir:ro,Z" "-v" "/var/lib/crater-agent-workspace/cargo-home:/opt/rustwide/cargo-home:ro,Z" "-v" "/var/lib/crater-agent-workspace/rustup-home:/opt/rustwide/rustup-home:ro,Z" "-e" "SOURCE_DIR=/opt/rustwide/workdir" "-e" "CARGO_TARGET_DIR=/opt/rustwide/target" "-e" "CARGO_INCREMENTAL=0" "-e" "RUST_BACKTRACE=full" "-e" "RUSTFLAGS=--cap-lints=warn" "-e" "RUSTDOCFLAGS=--cap-lints=warn" "-e" "CARGO_HOME=/opt/rustwide/cargo-home" "-e" "RUSTUP_HOME=/opt/rustwide/rustup-home" "-w" "/opt/rustwide/workdir" "-m" "1610612736" "--user" "0:0" "--network" "none" "ghcr.io/rust-lang/crates-build-env/linux@sha256:5ff2268d62e97bff2cde7d5815dd6ed5b47097566f13b8d0ca110b04b60e07ed" "/opt/rustwide/cargo-home/bin/cargo" "+1.69.0" "build" "--frozen" "--message-format=json", kill_on_drop: false }`
[INFO] [stdout] 04cbe3075e9f1160161afe19f87fca96e0730c2f8bf6148bc54df58575731dbe
[INFO] running `Command { std: "docker" "start" "-a" "04cbe3075e9f1160161afe19f87fca96e0730c2f8bf6148bc54df58575731dbe", kill_on_drop: false }`
[INFO] [stderr]    Compiling proc-macro2 v1.0.56
[INFO] [stderr]    Compiling fnv v1.0.7
[INFO] [stderr]    Compiling futures-channel v0.3.28
[INFO] [stderr]    Compiling bytes v1.4.0
[INFO] [stderr]    Compiling futures-sink v0.3.28
[INFO] [stderr]    Compiling ring v0.16.20
[INFO] [stderr]    Compiling tokio v1.28.0
[INFO] [stderr]    Compiling socket2 v0.4.9
[INFO] [stderr]    Compiling mio v0.8.6
[INFO] [stderr]    Compiling untrusted v0.7.1
[INFO] [stderr]    Compiling spin v0.5.2
[INFO] [stderr]    Compiling tinyvec_macros v0.1.1
[INFO] [stderr]    Compiling serde v1.0.160
[INFO] [stderr]    Compiling tracing-core v0.1.30
[INFO] [stderr]    Compiling ident_case v1.0.1
[INFO] [stderr]    Compiling strsim v0.10.0
[INFO] [stderr]    Compiling tinyvec v1.6.0
[INFO] [stderr]    Compiling rustls v0.20.8
[INFO] [stderr]    Compiling httparse v1.8.0
[INFO] [stderr]    Compiling unicode-bidi v0.3.13
[INFO] [stderr]    Compiling num-traits v0.2.15
[INFO] [stderr]    Compiling base64 v0.21.0
[INFO] [stderr]    Compiling try-lock v0.2.4
[INFO] [stderr]    Compiling http v0.2.9
[INFO] [stderr]    Compiling want v0.3.0
[INFO] [stderr]    Compiling num-integer v0.1.45
[INFO] [stderr]    Compiling tracing v0.1.37
[INFO] [stderr]    Compiling rustls-pemfile v1.0.2
[INFO] [stderr]    Compiling tower-service v0.3.2
[INFO] [stderr]    Compiling httpdate v1.0.2
[INFO] [stderr]    Compiling openssl-probe v0.1.5
[INFO] [stderr]    Compiling percent-encoding v2.2.0
[INFO] [stderr]    Compiling anyhow v1.0.71
[INFO] [stderr]    Compiling time-core v0.1.0
[INFO] [stderr]    Compiling unicode-normalization v0.1.22
[INFO] [stderr]    Compiling rustls-native-certs v0.6.2
[INFO] [stderr]    Compiling form_urlencoded v1.1.0
[INFO] [stderr]    Compiling matches v0.1.10
[INFO] [stderr]    Compiling num_threads v0.1.6
[INFO] [stderr]    Compiling percent-encoding v1.0.1
[INFO] [stderr]    Compiling base64 v0.13.1
[INFO] [stderr]    Compiling seahash v4.1.0
[INFO] [stderr]    Compiling mime v0.3.17
[INFO] [stderr]    Compiling quote v1.0.26
[INFO] [stderr]    Compiling syn v2.0.15
[INFO] [stderr]    Compiling idna v0.3.0
[INFO] [stderr]    Compiling idna v0.1.5
[INFO] [stderr]    Compiling http-body v0.4.5
[INFO] [stderr]    Compiling url v1.7.2
[INFO] [stderr]    Compiling url v2.3.1
[INFO] [stderr]    Compiling sct v0.7.0
[INFO] [stderr]    Compiling webpki v0.22.0
[INFO] [stderr]    Compiling darling_core v0.20.0
[INFO] [stderr]    Compiling futures-macro v0.3.28
[INFO] [stderr]    Compiling tokio-macros v2.1.0
[INFO] [stderr]    Compiling serde_derive v1.0.160
[INFO] [stderr]    Compiling async-trait v0.1.68
[INFO] [stderr]    Compiling futures-util v0.3.28
[INFO] [stderr]    Compiling darling_macro v0.20.0
[INFO] [stderr]    Compiling darling v0.20.0
[INFO] [stderr]    Compiling serde_with_macros v2.3.3
[INFO] [stderr]    Compiling futures-executor v0.3.28
[INFO] [stderr]    Compiling futures v0.3.28
[INFO] [stderr]    Compiling tokio-util v0.7.8
[INFO] [stderr]    Compiling tokio-rustls v0.23.4
[INFO] [stderr]    Compiling h2 v0.3.18
[INFO] [stderr]    Compiling serde_json v1.0.96
[INFO] [stderr]    Compiling time v0.3.20
[INFO] [stderr]    Compiling chrono v0.4.24
[INFO] [stderr]    Compiling serde_with v2.3.3
[INFO] [stderr]    Compiling hyper v0.14.26
[INFO] [stderr]    Compiling hyper-rustls v0.23.2
[INFO] [stderr]    Compiling yup-oauth2 v8.1.1
[INFO] [stderr]    Compiling google-apis-common v5.0.4
[INFO] [stderr]    Compiling google-artifactregistry1 v5.0.2+20230113 (/opt/rustwide/workdir)
[INFO] [stderr]     Finished dev [unoptimized + debuginfo] target(s) in 47.86s
[INFO] running `Command { std: "docker" "inspect" "04cbe3075e9f1160161afe19f87fca96e0730c2f8bf6148bc54df58575731dbe", kill_on_drop: false }`
[INFO] running `Command { std: "docker" "rm" "-f" "04cbe3075e9f1160161afe19f87fca96e0730c2f8bf6148bc54df58575731dbe", kill_on_drop: false }`
[INFO] [stdout] 04cbe3075e9f1160161afe19f87fca96e0730c2f8bf6148bc54df58575731dbe
[INFO] running `Command { std: "docker" "create" "-v" "/var/lib/crater-agent-workspace/builds/worker-3-tc1/target:/opt/rustwide/target:rw,Z" "-v" "/var/lib/crater-agent-workspace/builds/worker-3-tc1/source:/opt/rustwide/workdir:ro,Z" "-v" "/var/lib/crater-agent-workspace/cargo-home:/opt/rustwide/cargo-home:ro,Z" "-v" "/var/lib/crater-agent-workspace/rustup-home:/opt/rustwide/rustup-home:ro,Z" "-e" "SOURCE_DIR=/opt/rustwide/workdir" "-e" "CARGO_TARGET_DIR=/opt/rustwide/target" "-e" "CARGO_INCREMENTAL=0" "-e" "RUST_BACKTRACE=full" "-e" "RUSTFLAGS=--cap-lints=warn" "-e" "RUSTDOCFLAGS=--cap-lints=warn" "-e" "CARGO_HOME=/opt/rustwide/cargo-home" "-e" "RUSTUP_HOME=/opt/rustwide/rustup-home" "-w" "/opt/rustwide/workdir" "-m" "1610612736" "--user" "0:0" "--network" "none" "ghcr.io/rust-lang/crates-build-env/linux@sha256:5ff2268d62e97bff2cde7d5815dd6ed5b47097566f13b8d0ca110b04b60e07ed" "/opt/rustwide/cargo-home/bin/cargo" "+1.69.0" "test" "--frozen" "--no-run" "--message-format=json", kill_on_drop: false }`
[INFO] [stdout] d56e19bc408d95d54877efca5a3add49b1d214f26125dc3f90a4e8a0998cf66c
[INFO] running `Command { std: "docker" "start" "-a" "d56e19bc408d95d54877efca5a3add49b1d214f26125dc3f90a4e8a0998cf66c", kill_on_drop: false }`
[INFO] [stderr]    Compiling google-artifactregistry1 v5.0.2+20230113 (/opt/rustwide/workdir)
[INFO] [stderr]     Finished test [unoptimized + debuginfo] target(s) in 4.08s
[INFO] running `Command { std: "docker" "inspect" "d56e19bc408d95d54877efca5a3add49b1d214f26125dc3f90a4e8a0998cf66c", kill_on_drop: false }`
[INFO] running `Command { std: "docker" "rm" "-f" "d56e19bc408d95d54877efca5a3add49b1d214f26125dc3f90a4e8a0998cf66c", kill_on_drop: false }`
[INFO] [stdout] d56e19bc408d95d54877efca5a3add49b1d214f26125dc3f90a4e8a0998cf66c
[INFO] running `Command { std: "docker" "create" "-v" "/var/lib/crater-agent-workspace/builds/worker-3-tc1/target:/opt/rustwide/target:rw,Z" "-v" "/var/lib/crater-agent-workspace/builds/worker-3-tc1/source:/opt/rustwide/workdir:ro,Z" "-v" "/var/lib/crater-agent-workspace/cargo-home:/opt/rustwide/cargo-home:ro,Z" "-v" "/var/lib/crater-agent-workspace/rustup-home:/opt/rustwide/rustup-home:ro,Z" "-e" "SOURCE_DIR=/opt/rustwide/workdir" "-e" "CARGO_TARGET_DIR=/opt/rustwide/target" "-e" "CARGO_INCREMENTAL=0" "-e" "RUST_BACKTRACE=full" "-e" "RUSTFLAGS=--cap-lints=warn" "-e" "RUSTDOCFLAGS=--cap-lints=warn" "-e" "CARGO_HOME=/opt/rustwide/cargo-home" "-e" "RUSTUP_HOME=/opt/rustwide/rustup-home" "-w" "/opt/rustwide/workdir" "-m" "1610612736" "--user" "0:0" "--network" "none" "ghcr.io/rust-lang/crates-build-env/linux@sha256:5ff2268d62e97bff2cde7d5815dd6ed5b47097566f13b8d0ca110b04b60e07ed" "/opt/rustwide/cargo-home/bin/cargo" "+1.69.0" "test" "--frozen", kill_on_drop: false }`
[INFO] [stdout] 86a5e0eca7fba0d5b4cae43db20d348113e527c50409864cae4f3717d9e520db
[INFO] running `Command { std: "docker" "start" "-a" "86a5e0eca7fba0d5b4cae43db20d348113e527c50409864cae4f3717d9e520db", kill_on_drop: false }`
[INFO] [stderr]     Finished test [unoptimized + debuginfo] target(s) in 0.20s
[INFO] [stderr]      Running unittests src/lib.rs (/opt/rustwide/target/debug/deps/google_artifactregistry1-ad80729f482ce184)
[INFO] [stdout] 
[INFO] [stdout] running 0 tests
[INFO] [stdout] 
[INFO] [stdout] test result: ok. 0 passed; 0 failed; 0 ignored; 0 measured; 0 filtered out; finished in 0.00s
[INFO] [stdout] 
[INFO] [stderr]    Doc-tests google-artifactregistry1
[INFO] [stdout] 
[INFO] [stdout] running 43 tests
[INFO] [stdout] test src/api.rs - api::ProjectLocationRepositoryGetIamPolicyCall (line 10550) - compile ... ok
[INFO] [stdout] test src/api.rs - api::ProjectLocationRepositoryDockerImageListCall (line 3196) - compile ... ok
[INFO] [stdout] test src/api.rs - api::ProjectLocationRepositoryKfpArtifactUploadCall (line 4063) - compile ... ok
[INFO] [stdout] test src/api.rs - api::ProjectLocationListCall (line 12254) - compile ... ok
[INFO] [stdout] test src/api.rs - api::ProjectGetProjectSettingCall (line 12551) - compile ... ok
[INFO] [stdout] test src/api.rs - api::ArtifactRegistry (line 62) - compile ... ok
[INFO] [stdout] test src/api.rs - api::ProjectLocationRepositoryFileGetCall (line 3493) - compile ... ok
[INFO] [stdout] test src/api.rs - api::ProjectLocationRepositoryDockerImageGetCall (line 2935) - compile ... ok
[INFO] [stdout] test src/api.rs - api::ProjectLocationRepositoryAptArtifactUploadCall (line 2612) - compile ... ok
[INFO] [stdout] test src/api.rs - api::ProjectLocationRepositoryGetCall (line 10289) - compile ... ok
[INFO] [stdout] test src/api.rs - api::ProjectLocationOperationGetCall (line 2060) - compile ... ok
[INFO] [stdout] test src/api.rs - api::ProjectLocationRepositoryAptArtifactImportCall (line 2321) - compile ... ok
[INFO] [stdout] test src/api.rs - api::ProjectLocationRepositoryCreateCall (line 9725) - compile ... ok
[INFO] [stdout] test src/api.rs - api::ProjectLocationGetCall (line 11993) - compile ... ok
[INFO] [stdout] test src/api.rs - api::ProjectLocationRepositoryDeleteCall (line 10028) - compile ... ok
[INFO] [stdout] test src/api.rs - api::ProjectLocationRepositoryMavenArtifactGetCall (line 4386) - compile ... ok
[INFO] [stdout] test src/api.rs - api::ProjectLocationRepositoryFileListCall (line 3754) - compile ... ok
[INFO] [stdout] test src/api.rs - api::ProjectLocationRepositoryPackageTagGetCall (line 6042) - compile ... ok
[INFO] [stdout] test src/api.rs - api::ProjectLocationRepositoryMavenArtifactListCall (line 4647) - compile ... ok
[INFO] [stdout] test src/api.rs - api::ProjectLocationRepositoryNpmPackageListCall (line 5193) - compile ... ok
[INFO] [stdout] test src/api.rs - api::ProjectLocationRepositoryPackageTagDeleteCall (line 5781) - compile ... ok
[INFO] [stdout] test src/api.rs - api::ProjectLocationRepositoryListCall (line 10823) - compile ... ok
[INFO] [stdout] test src/api.rs - api::ProjectLocationRepositoryPackageGetCall (line 8019) - compile ... ok
[INFO] [stdout] test src/api.rs - api::ProjectLocationRepositoryNpmPackageGetCall (line 4932) - compile ... ok
[INFO] [stdout] test src/api.rs - api::ProjectLocationRepositoryPackageListCall (line 8280) - compile ... ok
[INFO] [stdout] test src/api.rs - api::ProjectLocationRepositoryPackageDeleteCall (line 7758) - compile ... ok
[INFO] [stdout] test src/lib.rs - (line 55) ... ignored
[INFO] [stdout] test src/api.rs - api::ProjectLocationRepositoryPackageTagCreateCall (line 5478) - compile ... ok
[INFO] [stdout] test src/api.rs - api::ProjectLocationRepositoryPackageVersionGetCall (line 7176) - compile ... ok
[INFO] [stdout] test src/api.rs - api::ProjectLocationRepositoryPackageVersionDeleteCall (line 6903) - compile ... ok
[INFO] [stdout] test src/api.rs - api::ProjectLocationRepositoryPackageTagListCall (line 6303) - compile ... ok
[INFO] [stdout] test src/api.rs - api::ProjectLocationRepositoryPackageTagPatchCall (line 6600) - compile ... FAILED
[INFO] [stdout] test src/api.rs - api::ProjectLocationRepositoryPackageVersionListCall (line 7449) - compile ... ok
[INFO] [stdout] test src/api.rs - api::ProjectLocationRepositoryPythonPackageGetCall (line 8565) - compile ... ok
[INFO] [stdout] test src/api.rs - api::ProjectLocationRepositorySetIamPolicyCall (line 11411) - compile ... ok
[INFO] [stdout] test src/api.rs - api::ProjectLocationRepositoryYumArtifactImportCall (line 9111) - compile ... ok
[INFO] [stdout] test src/api.rs - api::ProjectLocationRepositoryPythonPackageListCall (line 8826) - compile ... ok
[INFO] [stdout] test src/api.rs - api::ProjectLocationRepositoryPatchCall (line 11108) - compile ... FAILED
[INFO] [stdout] test src/api.rs - api::ProjectMethods (line 1289) - compile ... ok
[INFO] [stdout] test src/api.rs - api::ProjectUpdateProjectSettingCall (line 12812) - compile ... FAILED
[INFO] [stdout] test src/api.rs - api::ProjectLocationRepositoryTestIamPermissionCall (line 11702) - compile ... ok
[INFO] [stdout] test src/api.rs - api::ProjectLocationRepositoryYumArtifactUploadCall (line 9402) - compile ... ok
[INFO] [stderr] error: doctest failed, to rerun pass `--doc`
[INFO] [stdout] test src/lib.rs - (line 85) - compile ... ok
[INFO] [stdout] 
[INFO] [stdout] failures:
[INFO] [stdout] 
[INFO] [stdout] ---- src/api.rs - api::ProjectLocationRepositoryPackageTagPatchCall (line 6600) stdout ----
[INFO] [stdout] error[E0308]: mismatched types
[INFO] [stdout]     --> src/api.rs:6624:27
[INFO] [stdout]      |
[INFO] [stdout] 25   |              .update_mask(&Default::default())
[INFO] [stdout]      |               ----------- ^^^^^^^^^^^^^^^^^^^ expected `FieldMask`, found `&_`
[INFO] [stdout]      |               |
[INFO] [stdout]      |               arguments to this method are incorrect
[INFO] [stdout]      |
[INFO] [stdout]      = note: expected struct `FieldMask`
[INFO] [stdout]              found reference `&_`
[INFO] [stdout] note: method defined here
[INFO] [stdout]     --> /opt/rustwide/workdir/src/api.rs:6815:12
[INFO] [stdout]      |
[INFO] [stdout] 6815 |     pub fn update_mask(mut self, new_value: client::FieldMask) -> ProjectLocationRepositoryPackageTagPatchCall<'a, S> {
[INFO] [stdout]      |            ^^^^^^^^^^^
[INFO] [stdout] help: consider removing the borrow
[INFO] [stdout]      |
[INFO] [stdout] 25   -              .update_mask(&Default::default())
[INFO] [stdout] 25   +              .update_mask(Default::default())
[INFO] [stdout]      |
[INFO] [stdout] 
[INFO] [stdout] error: aborting due to previous error
[INFO] [stdout] 
[INFO] [stdout] For more information about this error, try `rustc --explain E0308`.
[INFO] [stdout] Couldn't compile the test.
[INFO] [stdout] ---- src/api.rs - api::ProjectLocationRepositoryPatchCall (line 11108) stdout ----
[INFO] [stdout] error[E0308]: mismatched types
[INFO] [stdout]      --> src/api.rs:11132:27
[INFO] [stdout]       |
[INFO] [stdout] 25    |              .update_mask(&Default::default())
[INFO] [stdout]       |               ----------- ^^^^^^^^^^^^^^^^^^^ expected `FieldMask`, found `&_`
[INFO] [stdout]       |               |
[INFO] [stdout]       |               arguments to this method are incorrect
[INFO] [stdout]       |
[INFO] [stdout]       = note: expected struct `FieldMask`
[INFO] [stdout]               found reference `&_`
[INFO] [stdout] note: method defined here
[INFO] [stdout]      --> /opt/rustwide/workdir/src/api.rs:11323:12
[INFO] [stdout]       |
[INFO] [stdout] 11323 |     pub fn update_mask(mut self, new_value: client::FieldMask) -> ProjectLocationRepositoryPatchCall<'a, S> {
[INFO] [stdout]       |            ^^^^^^^^^^^
[INFO] [stdout] help: consider removing the borrow
[INFO] [stdout]       |
[INFO] [stdout] 25    -              .update_mask(&Default::default())
[INFO] [stdout] 25    +              .update_mask(Default::default())
[INFO] [stdout]       |
[INFO] [stdout] 
[INFO] [stdout] error: aborting due to previous error
[INFO] [stdout] 
[INFO] [stdout] For more information about this error, try `rustc --explain E0308`.
[INFO] [stdout] Couldn't compile the test.
[INFO] [stdout] ---- src/api.rs - api::ProjectUpdateProjectSettingCall (line 12812) stdout ----
[INFO] [stdout] error[E0308]: mismatched types
[INFO] [stdout]      --> src/api.rs:12836:27
[INFO] [stdout]       |
[INFO] [stdout] 25    |              .update_mask(&Default::default())
[INFO] [stdout]       |               ----------- ^^^^^^^^^^^^^^^^^^^ expected `FieldMask`, found `&_`
[INFO] [stdout]       |               |
[INFO] [stdout]       |               arguments to this method are incorrect
[INFO] [stdout]       |
[INFO] [stdout]       = note: expected struct `FieldMask`
[INFO] [stdout]               found reference `&_`
[INFO] [stdout] note: method defined here
[INFO] [stdout]      --> /opt/rustwide/workdir/src/api.rs:13027:12
[INFO] [stdout]       |
[INFO] [stdout] 13027 |     pub fn update_mask(mut self, new_value: client::FieldMask) -> ProjectUpdateProjectSettingCall<'a, S> {
[INFO] [stdout]       |            ^^^^^^^^^^^
[INFO] [stdout] help: consider removing the borrow
[INFO] [stdout]       |
[INFO] [stdout] 25    -              .update_mask(&Default::default())
[INFO] [stdout] 25    +              .update_mask(Default::default())
[INFO] [stdout]       |
[INFO] [stdout] 
[INFO] [stdout] error: aborting due to previous error
[INFO] [stdout] 
[INFO] [stdout] For more information about this error, try `rustc --explain E0308`.
[INFO] [stdout] Couldn't compile the test.
[INFO] [stdout] 
[INFO] [stdout] failures:
[INFO] [stdout]     src/api.rs - api::ProjectLocationRepositoryPackageTagPatchCall (line 6600)
[INFO] [stdout]     src/api.rs - api::ProjectLocationRepositoryPatchCall (line 11108)
[INFO] [stdout]     src/api.rs - api::ProjectUpdateProjectSettingCall (line 12812)
[INFO] [stdout] 
[INFO] [stdout] test result: FAILED. 39 passed; 3 failed; 1 ignored; 0 measured; 0 filtered out; finished in 1.71s
[INFO] [stdout] 
[INFO] running `Command { std: "docker" "inspect" "86a5e0eca7fba0d5b4cae43db20d348113e527c50409864cae4f3717d9e520db", kill_on_drop: false }`
[INFO] running `Command { std: "docker" "rm" "-f" "86a5e0eca7fba0d5b4cae43db20d348113e527c50409864cae4f3717d9e520db", kill_on_drop: false }`
[INFO] [stdout] 86a5e0eca7fba0d5b4cae43db20d348113e527c50409864cae4f3717d9e520db
