[INFO] fetching crate google-appengine1_beta4 5.0.2+20181005...
[INFO] testing google-appengine1_beta4-5.0.2+20181005 against 1.69.0 for beta-1.70-1
[INFO] extracting crate google-appengine1_beta4 5.0.2+20181005 into /workspace/builds/worker-5-tc1/source
[INFO] validating manifest of crates.io crate google-appengine1_beta4 5.0.2+20181005 on toolchain 1.69.0
[INFO] running `Command { std: CARGO_HOME="/workspace/cargo-home" RUSTUP_HOME="/workspace/rustup-home" "/workspace/cargo-home/bin/cargo" "+1.69.0" "metadata" "--manifest-path" "Cargo.toml" "--no-deps", kill_on_drop: false }`
[INFO] started tweaking crates.io crate google-appengine1_beta4 5.0.2+20181005
[INFO] finished tweaking crates.io crate google-appengine1_beta4 5.0.2+20181005
[INFO] tweaked toml for crates.io crate google-appengine1_beta4 5.0.2+20181005 written to /workspace/builds/worker-5-tc1/source/Cargo.toml
[INFO] running `Command { std: CARGO_HOME="/workspace/cargo-home" RUSTUP_HOME="/workspace/rustup-home" __CARGO_TEST_CHANNEL_OVERRIDE_DO_NOT_USE_THIS="nightly" "/workspace/cargo-home/bin/cargo" "+1.69.0" "generate-lockfile" "--manifest-path" "Cargo.toml" "-Zno-index-update", kill_on_drop: false }`
[INFO] running `Command { std: CARGO_HOME="/workspace/cargo-home" RUSTUP_HOME="/workspace/rustup-home" "/workspace/cargo-home/bin/cargo" "+1.69.0" "fetch" "--manifest-path" "Cargo.toml", kill_on_drop: false }`
[INFO] running `Command { std: "docker" "create" "-v" "/var/lib/crater-agent-workspace/builds/worker-5-tc1/target:/opt/rustwide/target:rw,Z" "-v" "/var/lib/crater-agent-workspace/builds/worker-5-tc1/source:/opt/rustwide/workdir:ro,Z" "-v" "/var/lib/crater-agent-workspace/cargo-home:/opt/rustwide/cargo-home:ro,Z" "-v" "/var/lib/crater-agent-workspace/rustup-home:/opt/rustwide/rustup-home:ro,Z" "-e" "SOURCE_DIR=/opt/rustwide/workdir" "-e" "CARGO_TARGET_DIR=/opt/rustwide/target" "-e" "CARGO_HOME=/opt/rustwide/cargo-home" "-e" "RUSTUP_HOME=/opt/rustwide/rustup-home" "-w" "/opt/rustwide/workdir" "-m" "1610612736" "--user" "0:0" "--network" "none" "ghcr.io/rust-lang/crates-build-env/linux@sha256:5ff2268d62e97bff2cde7d5815dd6ed5b47097566f13b8d0ca110b04b60e07ed" "/opt/rustwide/cargo-home/bin/cargo" "+1.69.0" "metadata" "--no-deps" "--format-version=1", kill_on_drop: false }`
[INFO] [stdout] e9e9984a0155c1e991571521019ab4857cfa415ef984abc18b38da80ddd99593
[INFO] running `Command { std: "docker" "start" "-a" "e9e9984a0155c1e991571521019ab4857cfa415ef984abc18b38da80ddd99593", kill_on_drop: false }`
[INFO] running `Command { std: "docker" "inspect" "e9e9984a0155c1e991571521019ab4857cfa415ef984abc18b38da80ddd99593", kill_on_drop: false }`
[INFO] running `Command { std: "docker" "rm" "-f" "e9e9984a0155c1e991571521019ab4857cfa415ef984abc18b38da80ddd99593", kill_on_drop: false }`
[INFO] [stdout] e9e9984a0155c1e991571521019ab4857cfa415ef984abc18b38da80ddd99593
[INFO] running `Command { std: "docker" "create" "-v" "/var/lib/crater-agent-workspace/builds/worker-5-tc1/target:/opt/rustwide/target:rw,Z" "-v" "/var/lib/crater-agent-workspace/builds/worker-5-tc1/source:/opt/rustwide/workdir:ro,Z" "-v" "/var/lib/crater-agent-workspace/cargo-home:/opt/rustwide/cargo-home:ro,Z" "-v" "/var/lib/crater-agent-workspace/rustup-home:/opt/rustwide/rustup-home:ro,Z" "-e" "SOURCE_DIR=/opt/rustwide/workdir" "-e" "CARGO_TARGET_DIR=/opt/rustwide/target" "-e" "CARGO_INCREMENTAL=0" "-e" "RUST_BACKTRACE=full" "-e" "RUSTFLAGS=--cap-lints=warn" "-e" "RUSTDOCFLAGS=--cap-lints=warn" "-e" "CARGO_HOME=/opt/rustwide/cargo-home" "-e" "RUSTUP_HOME=/opt/rustwide/rustup-home" "-w" "/opt/rustwide/workdir" "-m" "1610612736" "--user" "0:0" "--network" "none" "ghcr.io/rust-lang/crates-build-env/linux@sha256:5ff2268d62e97bff2cde7d5815dd6ed5b47097566f13b8d0ca110b04b60e07ed" "/opt/rustwide/cargo-home/bin/cargo" "+1.69.0" "build" "--frozen" "--message-format=json", kill_on_drop: false }`
[INFO] [stdout] 8c8faeeb92f81ac639fb53ba0852ec2fd53974a9976b9bd3740bb1919f4a49f6
[INFO] running `Command { std: "docker" "start" "-a" "8c8faeeb92f81ac639fb53ba0852ec2fd53974a9976b9bd3740bb1919f4a49f6", kill_on_drop: false }`
[INFO] [stderr]    Compiling proc-macro2 v1.0.56
[INFO] [stderr]    Compiling futures-channel v0.3.28
[INFO] [stderr]    Compiling ring v0.16.20
[INFO] [stderr]    Compiling tokio v1.28.0
[INFO] [stderr]    Compiling futures-util v0.3.28
[INFO] [stderr]    Compiling serde v1.0.160
[INFO] [stderr]    Compiling futures-io v0.3.28
[INFO] [stderr]    Compiling mio v0.8.6
[INFO] [stderr]    Compiling socket2 v0.4.9
[INFO] [stderr]    Compiling tracing v0.1.37
[INFO] [stderr]    Compiling rustls v0.20.8
[INFO] [stderr]    Compiling ident_case v1.0.1
[INFO] [stderr]    Compiling strsim v0.10.0
[INFO] [stderr]    Compiling num-traits v0.2.15
[INFO] [stderr]    Compiling num-integer v0.1.45
[INFO] [stderr]    Compiling anyhow v1.0.71
[INFO] [stderr]    Compiling idna v0.3.0
[INFO] [stderr]    Compiling either v1.8.1
[INFO] [stderr]    Compiling num_threads v0.1.6
[INFO] [stderr]    Compiling iana-time-zone v0.1.56
[INFO] [stderr]    Compiling seahash v4.1.0
[INFO] [stderr]    Compiling itertools v0.10.5
[INFO] [stderr]    Compiling url v2.3.1
[INFO] [stderr]    Compiling quote v1.0.26
[INFO] [stderr]    Compiling syn v2.0.15
[INFO] [stderr]    Compiling webpki v0.22.0
[INFO] [stderr]    Compiling sct v0.7.0
[INFO] [stderr]    Compiling darling_core v0.20.0
[INFO] [stderr]    Compiling tokio-macros v2.1.0
[INFO] [stderr]    Compiling futures-macro v0.3.28
[INFO] [stderr]    Compiling serde_derive v1.0.160
[INFO] [stderr]    Compiling async-trait v0.1.68
[INFO] [stderr]    Compiling darling_macro v0.20.0
[INFO] [stderr]    Compiling darling v0.20.0
[INFO] [stderr]    Compiling serde_with_macros v2.3.3
[INFO] [stderr]    Compiling futures-executor v0.3.28
[INFO] [stderr]    Compiling futures v0.3.28
[INFO] [stderr]    Compiling tokio-util v0.7.8
[INFO] [stderr]    Compiling tokio-rustls v0.23.4
[INFO] [stderr]    Compiling h2 v0.3.18
[INFO] [stderr]    Compiling serde_json v1.0.96
[INFO] [stderr]    Compiling time v0.3.20
[INFO] [stderr]    Compiling serde_with v2.3.3
[INFO] [stderr]    Compiling chrono v0.4.24
[INFO] [stderr]    Compiling hyper v0.14.26
[INFO] [stderr]    Compiling hyper-rustls v0.23.2
[INFO] [stderr]    Compiling yup-oauth2 v8.1.1
[INFO] [stderr]    Compiling google-apis-common v5.0.4
[INFO] [stderr]    Compiling google-appengine1_beta4 v5.0.2+20181005 (/opt/rustwide/workdir)
[INFO] [stderr]     Finished dev [unoptimized + debuginfo] target(s) in 49.45s
[INFO] running `Command { std: "docker" "inspect" "8c8faeeb92f81ac639fb53ba0852ec2fd53974a9976b9bd3740bb1919f4a49f6", kill_on_drop: false }`
[INFO] running `Command { std: "docker" "rm" "-f" "8c8faeeb92f81ac639fb53ba0852ec2fd53974a9976b9bd3740bb1919f4a49f6", kill_on_drop: false }`
[INFO] [stdout] 8c8faeeb92f81ac639fb53ba0852ec2fd53974a9976b9bd3740bb1919f4a49f6
[INFO] running `Command { std: "docker" "create" "-v" "/var/lib/crater-agent-workspace/builds/worker-5-tc1/target:/opt/rustwide/target:rw,Z" "-v" "/var/lib/crater-agent-workspace/builds/worker-5-tc1/source:/opt/rustwide/workdir:ro,Z" "-v" "/var/lib/crater-agent-workspace/cargo-home:/opt/rustwide/cargo-home:ro,Z" "-v" "/var/lib/crater-agent-workspace/rustup-home:/opt/rustwide/rustup-home:ro,Z" "-e" "SOURCE_DIR=/opt/rustwide/workdir" "-e" "CARGO_TARGET_DIR=/opt/rustwide/target" "-e" "CARGO_INCREMENTAL=0" "-e" "RUST_BACKTRACE=full" "-e" "RUSTFLAGS=--cap-lints=warn" "-e" "RUSTDOCFLAGS=--cap-lints=warn" "-e" "CARGO_HOME=/opt/rustwide/cargo-home" "-e" "RUSTUP_HOME=/opt/rustwide/rustup-home" "-w" "/opt/rustwide/workdir" "-m" "1610612736" "--user" "0:0" "--network" "none" "ghcr.io/rust-lang/crates-build-env/linux@sha256:5ff2268d62e97bff2cde7d5815dd6ed5b47097566f13b8d0ca110b04b60e07ed" "/opt/rustwide/cargo-home/bin/cargo" "+1.69.0" "test" "--frozen" "--no-run" "--message-format=json", kill_on_drop: false }`
[INFO] [stdout] bd97fb7c29e8112efc2fc0b2f00dc5fedcbd2df6a5a1265a77761b59408b5385
[INFO] running `Command { std: "docker" "start" "-a" "bd97fb7c29e8112efc2fc0b2f00dc5fedcbd2df6a5a1265a77761b59408b5385", kill_on_drop: false }`
[INFO] [stderr]    Compiling google-appengine1_beta4 v5.0.2+20181005 (/opt/rustwide/workdir)
[INFO] [stderr]     Finished test [unoptimized + debuginfo] target(s) in 3.10s
[INFO] running `Command { std: "docker" "inspect" "bd97fb7c29e8112efc2fc0b2f00dc5fedcbd2df6a5a1265a77761b59408b5385", kill_on_drop: false }`
[INFO] running `Command { std: "docker" "rm" "-f" "bd97fb7c29e8112efc2fc0b2f00dc5fedcbd2df6a5a1265a77761b59408b5385", kill_on_drop: false }`
[INFO] [stdout] bd97fb7c29e8112efc2fc0b2f00dc5fedcbd2df6a5a1265a77761b59408b5385
[INFO] running `Command { std: "docker" "create" "-v" "/var/lib/crater-agent-workspace/builds/worker-5-tc1/target:/opt/rustwide/target:rw,Z" "-v" "/var/lib/crater-agent-workspace/builds/worker-5-tc1/source:/opt/rustwide/workdir:ro,Z" "-v" "/var/lib/crater-agent-workspace/cargo-home:/opt/rustwide/cargo-home:ro,Z" "-v" "/var/lib/crater-agent-workspace/rustup-home:/opt/rustwide/rustup-home:ro,Z" "-e" "SOURCE_DIR=/opt/rustwide/workdir" "-e" "CARGO_TARGET_DIR=/opt/rustwide/target" "-e" "CARGO_INCREMENTAL=0" "-e" "RUST_BACKTRACE=full" "-e" "RUSTFLAGS=--cap-lints=warn" "-e" "RUSTDOCFLAGS=--cap-lints=warn" "-e" "CARGO_HOME=/opt/rustwide/cargo-home" "-e" "RUSTUP_HOME=/opt/rustwide/rustup-home" "-w" "/opt/rustwide/workdir" "-m" "1610612736" "--user" "0:0" "--network" "none" "ghcr.io/rust-lang/crates-build-env/linux@sha256:5ff2268d62e97bff2cde7d5815dd6ed5b47097566f13b8d0ca110b04b60e07ed" "/opt/rustwide/cargo-home/bin/cargo" "+1.69.0" "test" "--frozen", kill_on_drop: false }`
[INFO] [stdout] 8117477990b1cc4012237dda6adddfab7698aa59af0b121d076d66dfbe1e02bb
[INFO] running `Command { std: "docker" "start" "-a" "8117477990b1cc4012237dda6adddfab7698aa59af0b121d076d66dfbe1e02bb", kill_on_drop: false }`
[INFO] [stderr]     Finished test [unoptimized + debuginfo] target(s) in 0.22s
[INFO] [stdout] 
[INFO] [stderr]      Running unittests src/lib.rs (/opt/rustwide/target/debug/deps/google_appengine1_beta4-97b8433bd5c01363)
[INFO] [stdout] running 0 tests
[INFO] [stdout] 
[INFO] [stdout] test result: ok. 0 passed; 0 failed; 0 ignored; 0 measured; 0 filtered out; finished in 0.00s
[INFO] [stdout] 
[INFO] [stderr]    Doc-tests google-appengine1_beta4
[INFO] [stdout] 
[INFO] [stdout] running 24 tests
[INFO] [stdout] test src/api.rs - api::AppModulePatchCall (line 6054) - compile ... FAILED
[INFO] [stdout] test src/api.rs - api::AppMethods (line 1424) - compile ... ok
[INFO] [stdout] test src/api.rs - api::AppModuleVersionInstanceDeleteCall (line 2795) - compile ... ok
[INFO] [stdout] test src/api.rs - api::AppModuleVersionInstanceGetCall (line 3092) - compile ... ok
[INFO] [stdout] test src/api.rs - api::AppCreateCall (line 6953) - compile ... ok
[INFO] [stdout] test src/api.rs - api::AppLocationGetCall (line 1898) - compile ... ok
[INFO] [stdout] test src/api.rs - api::AppModuleGetCall (line 5496) - compile ... ok
[INFO] [stdout] test src/lib.rs - (line 49) ... ignored
[INFO] [stdout] test src/api.rs - api::AppLocationListCall (line 2171) - compile ... ok
[INFO] [stdout] test src/api.rs - api::AppModuleVersionInstanceListCall (line 3389) - compile ... ok
[INFO] [stdout] test src/api.rs - api::AppModuleVersionInstanceDebugCall (line 2468) - compile ... ok
[INFO] [stdout] test src/api.rs - api::AppGetCall (line 7225) - compile ... ok
[INFO] [stdout] test src/api.rs - api::AppModuleDeleteCall (line 5223) - compile ... ok
[INFO] [stdout] test src/api.rs - api::AppModuleVersionGetCall (line 4286) - compile ... ok
[INFO] [stdout] test src/api.rs - api::AppModuleVersionDeleteCall (line 4001) - compile ... ok
[INFO] [stdout] test src/api.rs - api::AppModuleVersionListCall (line 4583) - compile ... ok
[INFO] [stdout] test src/api.rs - api::AppModuleVersionCreateCall (line 3698) - compile ... ok
[INFO] [stdout] test src/api.rs - api::AppModuleListCall (line 5769) - compile ... ok
[INFO] [stdout] test src/api.rs - api::AppOperationGetCall (line 6381) - compile ... ok
[INFO] [stdout] test src/api.rs - api::AppModuleVersionPatchCall (line 4896) - compile ... FAILED
[INFO] [stdout] test src/lib.rs - (line 82) - compile ... ok
[INFO] [stdout] test src/api.rs - api::AppPatchCall (line 7500) - compile ... FAILED
[INFO] [stdout] test src/api.rs - api::Appengine (line 66) - compile ... ok
[INFO] [stdout] test src/api.rs - api::AppOperationListCall (line 6654) - compile ... ok
[INFO] [stdout] 
[INFO] [stdout] failures:
[INFO] [stdout] 
[INFO] [stdout] ---- src/api.rs - api::AppModulePatchCall (line 6054) stdout ----
[INFO] [stdout] error[E0308]: mismatched types
[INFO] [stdout]     --> src/api.rs:6079:20
[INFO] [stdout]      |
[INFO] [stdout] 26   |              .mask(&Default::default())
[INFO] [stdout]      |               ---- ^^^^^^^^^^^^^^^^^^^ expected `FieldMask`, found `&_`
[INFO] [stdout]      |               |
[INFO] [stdout]      |               arguments to this method are incorrect
[INFO] [stdout]      |
[INFO] [stdout]      = note: expected struct `FieldMask`
[INFO] [stdout]              found reference `&_`
[INFO] [stdout] note: method defined here
[INFO] [stdout]     --> /opt/rustwide/workdir/src/api.rs:6293:12
[INFO] [stdout]      |
[INFO] [stdout] 6293 |     pub fn mask(mut self, new_value: client::FieldMask) -> AppModulePatchCall<'a, S> {
[INFO] [stdout]      |            ^^^^
[INFO] [stdout] help: consider removing the borrow
[INFO] [stdout]      |
[INFO] [stdout] 26   -              .mask(&Default::default())
[INFO] [stdout] 26   +              .mask(Default::default())
[INFO] [stdout]      |
[INFO] [stdout] 
[INFO] [stdout] error: aborting due to previous error
[INFO] [stdout] 
[INFO] [stdout] For more information about this error, try `rustc --explain E0308`.
[INFO] [stdout] Couldn't compile the test.
[INFO] [stdout] ---- src/api.rs - api::AppModuleVersionPatchCall (line 4896) stdout ----
[INFO] [stdout] error[E0308]: mismatched types
[INFO] [stdout]     --> src/api.rs:4920:20
[INFO] [stdout]      |
[INFO] [stdout] 25   |              .mask(&Default::default())
[INFO] [stdout]      |               ---- ^^^^^^^^^^^^^^^^^^^ expected `FieldMask`, found `&_`
[INFO] [stdout]      |               |
[INFO] [stdout]      |               arguments to this method are incorrect
[INFO] [stdout]      |
[INFO] [stdout]      = note: expected struct `FieldMask`
[INFO] [stdout]              found reference `&_`
[INFO] [stdout] note: method defined here
[INFO] [stdout]     --> /opt/rustwide/workdir/src/api.rs:5135:12
[INFO] [stdout]      |
[INFO] [stdout] 5135 |     pub fn mask(mut self, new_value: client::FieldMask) -> AppModuleVersionPatchCall<'a, S> {
[INFO] [stdout]      |            ^^^^
[INFO] [stdout] help: consider removing the borrow
[INFO] [stdout]      |
[INFO] [stdout] 25   -              .mask(&Default::default())
[INFO] [stdout] 25   +              .mask(Default::default())
[INFO] [stdout]      |
[INFO] [stdout] 
[INFO] [stdout] error: aborting due to previous error
[INFO] [stdout] 
[INFO] [stdout] For more information about this error, try `rustc --explain E0308`.
[INFO] [stdout] Couldn't compile the test.
[INFO] [stdout] ---- src/api.rs - api::AppPatchCall (line 7500) stdout ----
[INFO] [stdout] error[E0308]: mismatched types
[INFO] [stdout]     --> src/api.rs:7524:20
[INFO] [stdout]      |
[INFO] [stdout] 25   |              .mask(&Default::default())
[INFO] [stdout]      |               ---- ^^^^^^^^^^^^^^^^^^^ expected `FieldMask`, found `&_`
[INFO] [stdout]      |               |
[INFO] [stdout]      |               arguments to this method are incorrect
[INFO] [stdout]      |
[INFO] [stdout]      = note: expected struct `FieldMask`
[INFO] [stdout]              found reference `&_`
[INFO] [stdout] note: method defined here
[INFO] [stdout]     --> /opt/rustwide/workdir/src/api.rs:7715:12
[INFO] [stdout]      |
[INFO] [stdout] 7715 |     pub fn mask(mut self, new_value: client::FieldMask) -> AppPatchCall<'a, S> {
[INFO] [stdout]      |            ^^^^
[INFO] [stdout] help: consider removing the borrow
[INFO] [stdout]      |
[INFO] [stdout] 25   -              .mask(&Default::default())
[INFO] [stdout] 25   +              .mask(Default::default())
[INFO] [stdout]      |
[INFO] [stdout] 
[INFO] [stdout] error: aborting due to previous error
[INFO] [stdout] 
[INFO] [stdout] For more information about this error, try `rustc --explain E0308`.
[INFO] [stdout] Couldn't compile the test.
[INFO] [stdout] 
[INFO] [stdout] failures:
[INFO] [stdout]     src/api.rs - api::AppModulePatchCall (line 6054)
[INFO] [stdout]     src/api.rs - api::AppModuleVersionPatchCall (line 4896)
[INFO] [stdout]     src/api.rs - api::AppPatchCall (line 7500)
[INFO] [stdout] 
[INFO] [stdout] test result: FAILED. 20 passed; 3 failed; 1 ignored; 0 measured; 0 filtered out; finished in 0.85s
[INFO] [stdout] 
[INFO] [stderr] error: doctest failed, to rerun pass `--doc`
[INFO] running `Command { std: "docker" "inspect" "8117477990b1cc4012237dda6adddfab7698aa59af0b121d076d66dfbe1e02bb", kill_on_drop: false }`
[INFO] running `Command { std: "docker" "rm" "-f" "8117477990b1cc4012237dda6adddfab7698aa59af0b121d076d66dfbe1e02bb", kill_on_drop: false }`
[INFO] [stdout] 8117477990b1cc4012237dda6adddfab7698aa59af0b121d076d66dfbe1e02bb
