[INFO] fetching crate google-appengine1 5.0.2+20230114...
[INFO] testing google-appengine1-5.0.2+20230114 against 1.69.0 for beta-1.70-1
[INFO] extracting crate google-appengine1 5.0.2+20230114 into /workspace/builds/worker-3-tc1/source
[INFO] validating manifest of crates.io crate google-appengine1 5.0.2+20230114 on toolchain 1.69.0
[INFO] running `Command { std: CARGO_HOME="/workspace/cargo-home" RUSTUP_HOME="/workspace/rustup-home" "/workspace/cargo-home/bin/cargo" "+1.69.0" "metadata" "--manifest-path" "Cargo.toml" "--no-deps", kill_on_drop: false }`
[INFO] started tweaking crates.io crate google-appengine1 5.0.2+20230114
[INFO] finished tweaking crates.io crate google-appengine1 5.0.2+20230114
[INFO] tweaked toml for crates.io crate google-appengine1 5.0.2+20230114 written to /workspace/builds/worker-3-tc1/source/Cargo.toml
[INFO] running `Command { std: CARGO_HOME="/workspace/cargo-home" RUSTUP_HOME="/workspace/rustup-home" __CARGO_TEST_CHANNEL_OVERRIDE_DO_NOT_USE_THIS="nightly" "/workspace/cargo-home/bin/cargo" "+1.69.0" "generate-lockfile" "--manifest-path" "Cargo.toml" "-Zno-index-update", kill_on_drop: false }`
[INFO] running `Command { std: CARGO_HOME="/workspace/cargo-home" RUSTUP_HOME="/workspace/rustup-home" "/workspace/cargo-home/bin/cargo" "+1.69.0" "fetch" "--manifest-path" "Cargo.toml", kill_on_drop: false }`
[INFO] running `Command { std: "docker" "create" "-v" "/var/lib/crater-agent-workspace/builds/worker-3-tc1/target:/opt/rustwide/target:rw,Z" "-v" "/var/lib/crater-agent-workspace/builds/worker-3-tc1/source:/opt/rustwide/workdir:ro,Z" "-v" "/var/lib/crater-agent-workspace/cargo-home:/opt/rustwide/cargo-home:ro,Z" "-v" "/var/lib/crater-agent-workspace/rustup-home:/opt/rustwide/rustup-home:ro,Z" "-e" "SOURCE_DIR=/opt/rustwide/workdir" "-e" "CARGO_TARGET_DIR=/opt/rustwide/target" "-e" "CARGO_HOME=/opt/rustwide/cargo-home" "-e" "RUSTUP_HOME=/opt/rustwide/rustup-home" "-w" "/opt/rustwide/workdir" "-m" "1610612736" "--user" "0:0" "--network" "none" "ghcr.io/rust-lang/crates-build-env/linux@sha256:5ff2268d62e97bff2cde7d5815dd6ed5b47097566f13b8d0ca110b04b60e07ed" "/opt/rustwide/cargo-home/bin/cargo" "+1.69.0" "metadata" "--no-deps" "--format-version=1", kill_on_drop: false }`
[INFO] [stdout] b8233c5919d24f01a052324c430557eca76912c72fdd6aed95ef12764f47ed2e
[INFO] running `Command { std: "docker" "start" "-a" "b8233c5919d24f01a052324c430557eca76912c72fdd6aed95ef12764f47ed2e", kill_on_drop: false }`
[INFO] running `Command { std: "docker" "inspect" "b8233c5919d24f01a052324c430557eca76912c72fdd6aed95ef12764f47ed2e", kill_on_drop: false }`
[INFO] running `Command { std: "docker" "rm" "-f" "b8233c5919d24f01a052324c430557eca76912c72fdd6aed95ef12764f47ed2e", kill_on_drop: false }`
[INFO] [stdout] b8233c5919d24f01a052324c430557eca76912c72fdd6aed95ef12764f47ed2e
[INFO] running `Command { std: "docker" "create" "-v" "/var/lib/crater-agent-workspace/builds/worker-3-tc1/target:/opt/rustwide/target:rw,Z" "-v" "/var/lib/crater-agent-workspace/builds/worker-3-tc1/source:/opt/rustwide/workdir:ro,Z" "-v" "/var/lib/crater-agent-workspace/cargo-home:/opt/rustwide/cargo-home:ro,Z" "-v" "/var/lib/crater-agent-workspace/rustup-home:/opt/rustwide/rustup-home:ro,Z" "-e" "SOURCE_DIR=/opt/rustwide/workdir" "-e" "CARGO_TARGET_DIR=/opt/rustwide/target" "-e" "CARGO_INCREMENTAL=0" "-e" "RUST_BACKTRACE=full" "-e" "RUSTFLAGS=--cap-lints=warn" "-e" "RUSTDOCFLAGS=--cap-lints=warn" "-e" "CARGO_HOME=/opt/rustwide/cargo-home" "-e" "RUSTUP_HOME=/opt/rustwide/rustup-home" "-w" "/opt/rustwide/workdir" "-m" "1610612736" "--user" "0:0" "--network" "none" "ghcr.io/rust-lang/crates-build-env/linux@sha256:5ff2268d62e97bff2cde7d5815dd6ed5b47097566f13b8d0ca110b04b60e07ed" "/opt/rustwide/cargo-home/bin/cargo" "+1.69.0" "build" "--frozen" "--message-format=json", kill_on_drop: false }`
[INFO] [stdout] e9c4854db4a8d958eb2ea46bd7ac06cb22c4c27403cf4ebe7a2b788527736cf5
[INFO] running `Command { std: "docker" "start" "-a" "e9c4854db4a8d958eb2ea46bd7ac06cb22c4c27403cf4ebe7a2b788527736cf5", kill_on_drop: false }`
[INFO] [stderr]     Blocking waiting for file lock on package cache
[INFO] [stderr]    Compiling proc-macro2 v1.0.56
[INFO] [stderr]    Compiling quote v1.0.26
[INFO] [stderr]    Compiling unicode-ident v1.0.8
[INFO] [stderr]    Compiling cfg-if v1.0.0
[INFO] [stderr]    Compiling once_cell v1.17.1
[INFO] [stderr]    Compiling pin-project-lite v0.2.9
[INFO] [stderr]    Compiling log v0.4.17
[INFO] [stderr]    Compiling fnv v1.0.7
[INFO] [stderr]    Compiling futures-core v0.3.28
[INFO] [stderr]    Compiling cc v1.0.79
[INFO] [stderr]    Compiling futures-sink v0.3.28
[INFO] [stderr]    Compiling futures-channel v0.3.28
[INFO] [stderr]    Compiling memchr v2.5.0
[INFO] [stderr]    Compiling futures-task v0.3.28
[INFO] [stderr]    Compiling slab v0.4.8
[INFO] [stderr]    Compiling bytes v1.4.0
[INFO] [stderr]    Compiling tokio v1.28.0
[INFO] [stderr]    Compiling serde_derive v1.0.160
[INFO] [stderr]    Compiling futures-util v0.3.28
[INFO] [stderr]    Compiling socket2 v0.4.9
[INFO] [stderr]    Compiling serde v1.0.160
[INFO] [stderr]    Compiling tinyvec_macros v0.1.1
[INFO] [stderr]    Compiling spin v0.5.2
[INFO] [stderr]    Compiling futures-io v0.3.28
[INFO] [stderr]    Compiling untrusted v0.7.1
[INFO] [stderr]    Compiling itoa v1.0.6
[INFO] [stderr]    Compiling pin-utils v0.1.0
[INFO] [stderr]    Compiling tinyvec v1.6.0
[INFO] [stderr]    Compiling mio v0.8.6
[INFO] [stderr]    Compiling tracing-core v0.1.30
[INFO] [stderr]    Compiling indexmap v1.9.3
[INFO] [stderr]    Compiling unicode-bidi v0.3.13
[INFO] [stderr]    Compiling http v0.2.9
[INFO] [stderr]    Compiling ident_case v1.0.1
[INFO] [stderr]    Compiling httparse v1.8.0
[INFO] [stderr]    Compiling strsim v0.10.0
[INFO] [stderr]    Compiling hashbrown v0.12.3
[INFO] [stderr]    Compiling rustls v0.20.8
[INFO] [stderr]    Compiling num-traits v0.2.15
[INFO] [stderr]    Compiling base64 v0.21.0
[INFO] [stderr]    Compiling try-lock v0.2.4
[INFO] [stderr]    Compiling num-integer v0.1.45
[INFO] [stderr]    Compiling tracing v0.1.37
[INFO] [stderr]    Compiling ring v0.16.20
[INFO] [stderr]    Compiling rustls-pemfile v1.0.2
[INFO] [stderr]    Compiling want v0.3.0
[INFO] [stderr]    Compiling openssl-probe v0.1.5
[INFO] [stderr]    Compiling serde_json v1.0.96
[INFO] [stderr]    Compiling syn v2.0.15
[INFO] [stderr]    Compiling async-trait v0.1.68
[INFO] [stderr]    Compiling unicode-normalization v0.1.22
[INFO] [stderr]    Compiling tower-service v0.3.2
[INFO] [stderr]    Compiling anyhow v1.0.71
[INFO] [stderr]    Compiling percent-encoding v2.2.0
[INFO] [stderr]    Compiling httpdate v1.0.2
[INFO] [stderr]    Compiling rustls-native-certs v0.6.2
[INFO] [stderr]    Compiling num_threads v0.1.6
[INFO] [stderr]    Compiling http-body v0.4.5
[INFO] [stderr]    Compiling form_urlencoded v1.1.0
[INFO] [stderr]    Compiling matches v0.1.10
[INFO] [stderr]    Compiling either v1.8.1
[INFO] [stderr]    Compiling ryu v1.0.13
[INFO] [stderr]    Compiling time-core v0.1.0
[INFO] [stderr]    Compiling seahash v4.1.0
[INFO] [stderr]    Compiling percent-encoding v1.0.1
[INFO] [stderr]    Compiling iana-time-zone v0.1.56
[INFO] [stderr]    Compiling base64 v0.13.1
[INFO] [stderr]    Compiling mime v0.3.17
[INFO] [stderr]    Compiling itertools v0.10.5
[INFO] [stderr]    Compiling idna v0.3.0
[INFO] [stderr]    Compiling idna v0.1.5
[INFO] [stderr]    Compiling url v2.3.1
[INFO] [stderr]    Compiling url v1.7.2
[INFO] [stderr]    Compiling sct v0.7.0
[INFO] [stderr]    Compiling webpki v0.22.0
[INFO] [stderr]    Compiling darling_core v0.20.0
[INFO] [stderr]    Compiling futures-macro v0.3.28
[INFO] [stderr]    Compiling tokio-macros v2.1.0
[INFO] [stderr]    Compiling darling_macro v0.20.0
[INFO] [stderr]    Compiling darling v0.20.0
[INFO] [stderr]    Compiling serde_with_macros v2.3.3
[INFO] [stderr]    Compiling futures-executor v0.3.28
[INFO] [stderr]    Compiling futures v0.3.28
[INFO] [stderr]    Compiling tokio-util v0.7.8
[INFO] [stderr]    Compiling tokio-rustls v0.23.4
[INFO] [stderr]    Compiling h2 v0.3.18
[INFO] [stderr]    Compiling time v0.3.20
[INFO] [stderr]    Compiling chrono v0.4.24
[INFO] [stderr]    Compiling serde_with v2.3.3
[INFO] [stderr]    Compiling hyper v0.14.26
[INFO] [stderr]    Compiling hyper-rustls v0.23.2
[INFO] [stderr]    Compiling yup-oauth2 v8.1.1
[INFO] [stderr]    Compiling google-apis-common v5.0.4
[INFO] [stderr]    Compiling google-appengine1 v5.0.2+20230114 (/opt/rustwide/workdir)
[INFO] [stderr]     Finished dev [unoptimized + debuginfo] target(s) in 48.46s
[INFO] running `Command { std: "docker" "inspect" "e9c4854db4a8d958eb2ea46bd7ac06cb22c4c27403cf4ebe7a2b788527736cf5", kill_on_drop: false }`
[INFO] running `Command { std: "docker" "rm" "-f" "e9c4854db4a8d958eb2ea46bd7ac06cb22c4c27403cf4ebe7a2b788527736cf5", kill_on_drop: false }`
[INFO] [stdout] e9c4854db4a8d958eb2ea46bd7ac06cb22c4c27403cf4ebe7a2b788527736cf5
[INFO] running `Command { std: "docker" "create" "-v" "/var/lib/crater-agent-workspace/builds/worker-3-tc1/target:/opt/rustwide/target:rw,Z" "-v" "/var/lib/crater-agent-workspace/builds/worker-3-tc1/source:/opt/rustwide/workdir:ro,Z" "-v" "/var/lib/crater-agent-workspace/cargo-home:/opt/rustwide/cargo-home:ro,Z" "-v" "/var/lib/crater-agent-workspace/rustup-home:/opt/rustwide/rustup-home:ro,Z" "-e" "SOURCE_DIR=/opt/rustwide/workdir" "-e" "CARGO_TARGET_DIR=/opt/rustwide/target" "-e" "CARGO_INCREMENTAL=0" "-e" "RUST_BACKTRACE=full" "-e" "RUSTFLAGS=--cap-lints=warn" "-e" "RUSTDOCFLAGS=--cap-lints=warn" "-e" "CARGO_HOME=/opt/rustwide/cargo-home" "-e" "RUSTUP_HOME=/opt/rustwide/rustup-home" "-w" "/opt/rustwide/workdir" "-m" "1610612736" "--user" "0:0" "--network" "none" "ghcr.io/rust-lang/crates-build-env/linux@sha256:5ff2268d62e97bff2cde7d5815dd6ed5b47097566f13b8d0ca110b04b60e07ed" "/opt/rustwide/cargo-home/bin/cargo" "+1.69.0" "test" "--frozen" "--no-run" "--message-format=json", kill_on_drop: false }`
[INFO] [stdout] 876df77bb23c0fb38af77c9cb6b4c6b7db0eb7e694f10463386981badd083512
[INFO] running `Command { std: "docker" "start" "-a" "876df77bb23c0fb38af77c9cb6b4c6b7db0eb7e694f10463386981badd083512", kill_on_drop: false }`
[INFO] [stderr]    Compiling google-appengine1 v5.0.2+20230114 (/opt/rustwide/workdir)
[INFO] [stderr]     Finished test [unoptimized + debuginfo] target(s) in 4.47s
[INFO] running `Command { std: "docker" "inspect" "876df77bb23c0fb38af77c9cb6b4c6b7db0eb7e694f10463386981badd083512", kill_on_drop: false }`
[INFO] running `Command { std: "docker" "rm" "-f" "876df77bb23c0fb38af77c9cb6b4c6b7db0eb7e694f10463386981badd083512", kill_on_drop: false }`
[INFO] [stdout] 876df77bb23c0fb38af77c9cb6b4c6b7db0eb7e694f10463386981badd083512
[INFO] running `Command { std: "docker" "create" "-v" "/var/lib/crater-agent-workspace/builds/worker-3-tc1/target:/opt/rustwide/target:rw,Z" "-v" "/var/lib/crater-agent-workspace/builds/worker-3-tc1/source:/opt/rustwide/workdir:ro,Z" "-v" "/var/lib/crater-agent-workspace/cargo-home:/opt/rustwide/cargo-home:ro,Z" "-v" "/var/lib/crater-agent-workspace/rustup-home:/opt/rustwide/rustup-home:ro,Z" "-e" "SOURCE_DIR=/opt/rustwide/workdir" "-e" "CARGO_TARGET_DIR=/opt/rustwide/target" "-e" "CARGO_INCREMENTAL=0" "-e" "RUST_BACKTRACE=full" "-e" "RUSTFLAGS=--cap-lints=warn" "-e" "RUSTDOCFLAGS=--cap-lints=warn" "-e" "CARGO_HOME=/opt/rustwide/cargo-home" "-e" "RUSTUP_HOME=/opt/rustwide/rustup-home" "-w" "/opt/rustwide/workdir" "-m" "1610612736" "--user" "0:0" "--network" "none" "ghcr.io/rust-lang/crates-build-env/linux@sha256:5ff2268d62e97bff2cde7d5815dd6ed5b47097566f13b8d0ca110b04b60e07ed" "/opt/rustwide/cargo-home/bin/cargo" "+1.69.0" "test" "--frozen", kill_on_drop: false }`
[INFO] [stdout] f4b3f81d1c286542ca4d7c04676ebc2097bef6a495c587ea1202f440a37efc5b
[INFO] running `Command { std: "docker" "start" "-a" "f4b3f81d1c286542ca4d7c04676ebc2097bef6a495c587ea1202f440a37efc5b", kill_on_drop: false }`
[INFO] [stderr]     Finished test [unoptimized + debuginfo] target(s) in 0.21s
[INFO] [stderr]      Running unittests src/lib.rs (/opt/rustwide/target/debug/deps/google_appengine1-22cc20b2b7bfd8bd)
[INFO] [stdout] 
[INFO] [stdout] running 0 tests
[INFO] [stdout] 
[INFO] [stdout] test result: ok. 0 passed; 0 failed; 0 ignored; 0 measured; 0 filtered out; finished in 0.00s
[INFO] [stdout] 
[INFO] [stderr]    Doc-tests google-appengine1
[INFO] [stdout] 
[INFO] [stdout] running 44 tests
[INFO] [stdout] test src/api.rs - api::AppAuthorizedCertificatePatchCall (line 4108) - compile ... FAILED
[INFO] [stdout] test src/api.rs - api::AppDomainMappingPatchCall (line 5842) - compile ... FAILED
[INFO] [stdout] test src/api.rs - api::AppFirewallIngressRuleBatchUpdateCall (line 6157) - compile ... ok
[INFO] [stdout] test src/api.rs - api::AppAuthorizedCertificateListCall (line 3811) - compile ... ok
[INFO] [stdout] test src/api.rs - api::AppAuthorizedCertificateCreateCall (line 2962) - compile ... ok
[INFO] [stdout] test src/api.rs - api::AppDomainMappingDeleteCall (line 5011) - compile ... ok
[INFO] [stdout] test src/api.rs - api::AppAuthorizedCertificateDeleteCall (line 3253) - compile ... ok
[INFO] [stdout] test src/api.rs - api::AppDomainMappingGetCall (line 5284) - compile ... ok
[INFO] [stdout] test src/api.rs - api::AppDomainMappingCreateCall (line 4708) - compile ... ok
[INFO] [stdout] test src/api.rs - api::AppCreateCall (line 12946) - compile ... ok
[INFO] [stdout] test src/api.rs - api::AppFirewallIngressRulePatchCall (line 7582) - compile ... FAILED
[INFO] [stdout] test src/api.rs - api::AppAuthorizedDomainListCall (line 4423) - compile ... ok
[INFO] [stdout] test src/api.rs - api::AppLocationGetCall (line 7897) - compile ... ok
[INFO] [stdout] test src/api.rs - api::AppFirewallIngressRuleDeleteCall (line 6739) - compile ... ok
[INFO] [stdout] test src/api.rs - api::AppDomainMappingListCall (line 5557) - compile ... ok
[INFO] [stdout] test src/api.rs - api::AppFirewallIngressRuleGetCall (line 7012) - compile ... ok
[INFO] [stdout] test src/api.rs - api::AppAuthorizedCertificateGetCall (line 3526) - compile ... ok
[INFO] [stdout] test src/api.rs - api::AppFirewallIngressRuleCreateCall (line 6448) - compile ... ok
[INFO] [stdout] test src/api.rs - api::AppFirewallIngressRuleListCall (line 7285) - compile ... ok
[INFO] [stdout] test src/api.rs - api::AppLocationListCall (line 8170) - compile ... ok
[INFO] [stdout] test src/api.rs - api::AppOperationListCall (line 8740) - compile ... ok
[INFO] [stdout] test src/api.rs - api::AppMethods (line 2080) - compile ... ok
[INFO] [stdout] test src/api.rs - api::AppPatchCall (line 13479) - compile ... FAILED
[INFO] [stdout] test src/api.rs - api::AppGetCall (line 13218) - compile ... ok
[INFO] [stdout] test src/api.rs - api::AppServiceDeleteCall (line 11788) - compile ... ok
[INFO] [stdout] test src/api.rs - api::AppRepairCall (line 13782) - compile ... ok
[INFO] [stdout] test src/api.rs - api::AppServicePatchCall (line 12619) - compile ... FAILED
[INFO] [stdout] test src/lib.rs - (line 51) ... ignored
[INFO] [stdout] test src/api.rs - api::AppServiceVersionInstanceDeleteCall (line 9364) - compile ... ok
[INFO] [stdout] test src/api.rs - api::AppOperationGetCall (line 8467) - compile ... ok
[INFO] [stdout] test src/api.rs - api::AppServiceListCall (line 12334) - compile ... ok
[INFO] [stdout] test src/api.rs - api::AppServiceVersionDeleteCall (line 10570) - compile ... ok
[INFO] [stdout] test src/api.rs - api::AppServiceVersionCreateCall (line 10267) - compile ... ok
[INFO] [stdout] test src/api.rs - api::AppServiceVersionGetCall (line 10855) - compile ... ok
[INFO] [stdout] test src/api.rs - api::AppServiceGetCall (line 12061) - compile ... ok
[INFO] [stdout] test src/lib.rs - (line 88) - compile ... ok
[INFO] [stdout] test src/api.rs - api::AppServiceVersionInstanceDebugCall (line 9037) - compile ... ok
[INFO] [stdout] test src/api.rs - api::AppServiceVersionListCall (line 11152) - compile ... ok
[INFO] [stdout] test src/api.rs - api::AppServiceVersionInstanceListCall (line 9958) - compile ... ok
[INFO] [stdout] test src/api.rs - api::AppServiceVersionPatchCall (line 11461) - compile ... FAILED
[INFO] [stdout] test src/api.rs - api::AppServiceVersionInstanceGetCall (line 9661) - compile ... ok
[INFO] [stdout] test src/api.rs - api::ProjectMethods (line 2892) - compile ... ok
[INFO] [stdout] test src/api.rs - api::Appengine (line 66) - compile ... ok
[INFO] [stdout] test src/api.rs - api::ProjectLocationApplicationGetCall (line 14073) - compile ... ok
[INFO] [stderr] error: doctest failed, to rerun pass `--doc`
[INFO] [stdout] 
[INFO] [stdout] failures:
[INFO] [stdout] 
[INFO] [stdout] ---- src/api.rs - api::AppAuthorizedCertificatePatchCall (line 4108) stdout ----
[INFO] [stdout] error[E0308]: mismatched types
[INFO] [stdout]     --> src/api.rs:4132:27
[INFO] [stdout]      |
[INFO] [stdout] 25   |              .update_mask(&Default::default())
[INFO] [stdout]      |               ----------- ^^^^^^^^^^^^^^^^^^^ expected `FieldMask`, found `&_`
[INFO] [stdout]      |               |
[INFO] [stdout]      |               arguments to this method are incorrect
[INFO] [stdout]      |
[INFO] [stdout]      = note: expected struct `FieldMask`
[INFO] [stdout]              found reference `&_`
[INFO] [stdout] note: method defined here
[INFO] [stdout]     --> /opt/rustwide/workdir/src/api.rs:4335:12
[INFO] [stdout]      |
[INFO] [stdout] 4335 |     pub fn update_mask(mut self, new_value: client::FieldMask) -> AppAuthorizedCertificatePatchCall<'a, S> {
[INFO] [stdout]      |            ^^^^^^^^^^^
[INFO] [stdout] help: consider removing the borrow
[INFO] [stdout]      |
[INFO] [stdout] 25   -              .update_mask(&Default::default())
[INFO] [stdout] 25   +              .update_mask(Default::default())
[INFO] [stdout]      |
[INFO] [stdout] 
[INFO] [stdout] error: aborting due to previous error
[INFO] [stdout] 
[INFO] [stdout] For more information about this error, try `rustc --explain E0308`.
[INFO] [stdout] Couldn't compile the test.
[INFO] [stdout] ---- src/api.rs - api::AppDomainMappingPatchCall (line 5842) stdout ----
[INFO] [stdout] error[E0308]: mismatched types
[INFO] [stdout]     --> src/api.rs:5866:27
[INFO] [stdout]      |
[INFO] [stdout] 25   |              .update_mask(&Default::default())
[INFO] [stdout]      |               ----------- ^^^^^^^^^^^^^^^^^^^ expected `FieldMask`, found `&_`
[INFO] [stdout]      |               |
[INFO] [stdout]      |               arguments to this method are incorrect
[INFO] [stdout]      |
[INFO] [stdout]      = note: expected struct `FieldMask`
[INFO] [stdout]              found reference `&_`
[INFO] [stdout] note: method defined here
[INFO] [stdout]     --> /opt/rustwide/workdir/src/api.rs:6069:12
[INFO] [stdout]      |
[INFO] [stdout] 6069 |     pub fn update_mask(mut self, new_value: client::FieldMask) -> AppDomainMappingPatchCall<'a, S> {
[INFO] [stdout]      |            ^^^^^^^^^^^
[INFO] [stdout] help: consider removing the borrow
[INFO] [stdout]      |
[INFO] [stdout] 25   -              .update_mask(&Default::default())
[INFO] [stdout] 25   +              .update_mask(Default::default())
[INFO] [stdout]      |
[INFO] [stdout] 
[INFO] [stdout] error: aborting due to previous error
[INFO] [stdout] 
[INFO] [stdout] For more information about this error, try `rustc --explain E0308`.
[INFO] [stdout] Couldn't compile the test.
[INFO] [stdout] ---- src/api.rs - api::AppFirewallIngressRulePatchCall (line 7582) stdout ----
[INFO] [stdout] error[E0308]: mismatched types
[INFO] [stdout]     --> src/api.rs:7606:27
[INFO] [stdout]      |
[INFO] [stdout] 25   |              .update_mask(&Default::default())
[INFO] [stdout]      |               ----------- ^^^^^^^^^^^^^^^^^^^ expected `FieldMask`, found `&_`
[INFO] [stdout]      |               |
[INFO] [stdout]      |               arguments to this method are incorrect
[INFO] [stdout]      |
[INFO] [stdout]      = note: expected struct `FieldMask`
[INFO] [stdout]              found reference `&_`
[INFO] [stdout] note: method defined here
[INFO] [stdout]     --> /opt/rustwide/workdir/src/api.rs:7809:12
[INFO] [stdout]      |
[INFO] [stdout] 7809 |     pub fn update_mask(mut self, new_value: client::FieldMask) -> AppFirewallIngressRulePatchCall<'a, S> {
[INFO] [stdout]      |            ^^^^^^^^^^^
[INFO] [stdout] help: consider removing the borrow
[INFO] [stdout]      |
[INFO] [stdout] 25   -              .update_mask(&Default::default())
[INFO] [stdout] 25   +              .update_mask(Default::default())
[INFO] [stdout]      |
[INFO] [stdout] 
[INFO] [stdout] error: aborting due to previous error
[INFO] [stdout] 
[INFO] [stdout] For more information about this error, try `rustc --explain E0308`.
[INFO] [stdout] Couldn't compile the test.
[INFO] [stdout] ---- src/api.rs - api::AppPatchCall (line 13479) stdout ----
[INFO] [stdout] error[E0308]: mismatched types
[INFO] [stdout]      --> src/api.rs:13503:27
[INFO] [stdout]       |
[INFO] [stdout] 25    |              .update_mask(&Default::default())
[INFO] [stdout]       |               ----------- ^^^^^^^^^^^^^^^^^^^ expected `FieldMask`, found `&_`
[INFO] [stdout]       |               |
[INFO] [stdout]       |               arguments to this method are incorrect
[INFO] [stdout]       |
[INFO] [stdout]       = note: expected struct `FieldMask`
[INFO] [stdout]               found reference `&_`
[INFO] [stdout] note: method defined here
[INFO] [stdout]      --> /opt/rustwide/workdir/src/api.rs:13694:12
[INFO] [stdout]       |
[INFO] [stdout] 13694 |     pub fn update_mask(mut self, new_value: client::FieldMask) -> AppPatchCall<'a, S> {
[INFO] [stdout]       |            ^^^^^^^^^^^
[INFO] [stdout] help: consider removing the borrow
[INFO] [stdout]       |
[INFO] [stdout] 25    -              .update_mask(&Default::default())
[INFO] [stdout] 25    +              .update_mask(Default::default())
[INFO] [stdout]       |
[INFO] [stdout] 
[INFO] [stdout] error: aborting due to previous error
[INFO] [stdout] 
[INFO] [stdout] For more information about this error, try `rustc --explain E0308`.
[INFO] [stdout] Couldn't compile the test.
[INFO] [stdout] ---- src/api.rs - api::AppServicePatchCall (line 12619) stdout ----
[INFO] [stdout] error[E0308]: mismatched types
[INFO] [stdout]      --> src/api.rs:12643:27
[INFO] [stdout]       |
[INFO] [stdout] 25    |              .update_mask(&Default::default())
[INFO] [stdout]       |               ----------- ^^^^^^^^^^^^^^^^^^^ expected `FieldMask`, found `&_`
[INFO] [stdout]       |               |
[INFO] [stdout]       |               arguments to this method are incorrect
[INFO] [stdout]       |
[INFO] [stdout]       = note: expected struct `FieldMask`
[INFO] [stdout]               found reference `&_`
[INFO] [stdout] note: method defined here
[INFO] [stdout]      --> /opt/rustwide/workdir/src/api.rs:12851:12
[INFO] [stdout]       |
[INFO] [stdout] 12851 |     pub fn update_mask(mut self, new_value: client::FieldMask) -> AppServicePatchCall<'a, S> {
[INFO] [stdout]       |            ^^^^^^^^^^^
[INFO] [stdout] help: consider removing the borrow
[INFO] [stdout]       |
[INFO] [stdout] 25    -              .update_mask(&Default::default())
[INFO] [stdout] 25    +              .update_mask(Default::default())
[INFO] [stdout]       |
[INFO] [stdout] 
[INFO] [stdout] error: aborting due to previous error
[INFO] [stdout] 
[INFO] [stdout] For more information about this error, try `rustc --explain E0308`.
[INFO] [stdout] Couldn't compile the test.
[INFO] [stdout] ---- src/api.rs - api::AppServiceVersionPatchCall (line 11461) stdout ----
[INFO] [stdout] error[E0308]: mismatched types
[INFO] [stdout]      --> src/api.rs:11485:27
[INFO] [stdout]       |
[INFO] [stdout] 25    |              .update_mask(&Default::default())
[INFO] [stdout]       |               ----------- ^^^^^^^^^^^^^^^^^^^ expected `FieldMask`, found `&_`
[INFO] [stdout]       |               |
[INFO] [stdout]       |               arguments to this method are incorrect
[INFO] [stdout]       |
[INFO] [stdout]       = note: expected struct `FieldMask`
[INFO] [stdout]               found reference `&_`
[INFO] [stdout] note: method defined here
[INFO] [stdout]      --> /opt/rustwide/workdir/src/api.rs:11700:12
[INFO] [stdout]       |
[INFO] [stdout] 11700 |     pub fn update_mask(mut self, new_value: client::FieldMask) -> AppServiceVersionPatchCall<'a, S> {
[INFO] [stdout]       |            ^^^^^^^^^^^
[INFO] [stdout] help: consider removing the borrow
[INFO] [stdout]       |
[INFO] [stdout] 25    -              .update_mask(&Default::default())
[INFO] [stdout] 25    +              .update_mask(Default::default())
[INFO] [stdout]       |
[INFO] [stdout] 
[INFO] [stdout] error: aborting due to previous error
[INFO] [stdout] 
[INFO] [stdout] For more information about this error, try `rustc --explain E0308`.
[INFO] [stdout] Couldn't compile the test.
[INFO] [stdout] 
[INFO] [stdout] failures:
[INFO] [stdout]     src/api.rs - api::AppAuthorizedCertificatePatchCall (line 4108)
[INFO] [stdout]     src/api.rs - api::AppDomainMappingPatchCall (line 5842)
[INFO] [stdout]     src/api.rs - api::AppFirewallIngressRulePatchCall (line 7582)
[INFO] [stdout]     src/api.rs - api::AppPatchCall (line 13479)
[INFO] [stdout]     src/api.rs - api::AppServicePatchCall (line 12619)
[INFO] [stdout]     src/api.rs - api::AppServiceVersionPatchCall (line 11461)
[INFO] [stdout] 
[INFO] [stdout] test result: FAILED. 37 passed; 6 failed; 1 ignored; 0 measured; 0 filtered out; finished in 1.16s
[INFO] [stdout] 
[INFO] running `Command { std: "docker" "inspect" "f4b3f81d1c286542ca4d7c04676ebc2097bef6a495c587ea1202f440a37efc5b", kill_on_drop: false }`
[INFO] running `Command { std: "docker" "rm" "-f" "f4b3f81d1c286542ca4d7c04676ebc2097bef6a495c587ea1202f440a37efc5b", kill_on_drop: false }`
[INFO] [stdout] f4b3f81d1c286542ca4d7c04676ebc2097bef6a495c587ea1202f440a37efc5b
