[INFO] fetching crate google-apikeys2 5.0.2+20230118...
[INFO] testing google-apikeys2-5.0.2+20230118 against 1.69.0 for beta-1.70-1
[INFO] extracting crate google-apikeys2 5.0.2+20230118 into /workspace/builds/worker-4-tc1/source
[INFO] validating manifest of crates.io crate google-apikeys2 5.0.2+20230118 on toolchain 1.69.0
[INFO] running `Command { std: CARGO_HOME="/workspace/cargo-home" RUSTUP_HOME="/workspace/rustup-home" "/workspace/cargo-home/bin/cargo" "+1.69.0" "metadata" "--manifest-path" "Cargo.toml" "--no-deps", kill_on_drop: false }`
[INFO] started tweaking crates.io crate google-apikeys2 5.0.2+20230118
[INFO] finished tweaking crates.io crate google-apikeys2 5.0.2+20230118
[INFO] tweaked toml for crates.io crate google-apikeys2 5.0.2+20230118 written to /workspace/builds/worker-4-tc1/source/Cargo.toml
[INFO] running `Command { std: CARGO_HOME="/workspace/cargo-home" RUSTUP_HOME="/workspace/rustup-home" __CARGO_TEST_CHANNEL_OVERRIDE_DO_NOT_USE_THIS="nightly" "/workspace/cargo-home/bin/cargo" "+1.69.0" "generate-lockfile" "--manifest-path" "Cargo.toml" "-Zno-index-update", kill_on_drop: false }`
[INFO] running `Command { std: CARGO_HOME="/workspace/cargo-home" RUSTUP_HOME="/workspace/rustup-home" "/workspace/cargo-home/bin/cargo" "+1.69.0" "fetch" "--manifest-path" "Cargo.toml", kill_on_drop: false }`
[INFO] running `Command { std: "docker" "create" "-v" "/var/lib/crater-agent-workspace/builds/worker-4-tc1/target:/opt/rustwide/target:rw,Z" "-v" "/var/lib/crater-agent-workspace/builds/worker-4-tc1/source:/opt/rustwide/workdir:ro,Z" "-v" "/var/lib/crater-agent-workspace/cargo-home:/opt/rustwide/cargo-home:ro,Z" "-v" "/var/lib/crater-agent-workspace/rustup-home:/opt/rustwide/rustup-home:ro,Z" "-e" "SOURCE_DIR=/opt/rustwide/workdir" "-e" "CARGO_TARGET_DIR=/opt/rustwide/target" "-e" "CARGO_HOME=/opt/rustwide/cargo-home" "-e" "RUSTUP_HOME=/opt/rustwide/rustup-home" "-w" "/opt/rustwide/workdir" "-m" "1610612736" "--user" "0:0" "--network" "none" "ghcr.io/rust-lang/crates-build-env/linux@sha256:5ff2268d62e97bff2cde7d5815dd6ed5b47097566f13b8d0ca110b04b60e07ed" "/opt/rustwide/cargo-home/bin/cargo" "+1.69.0" "metadata" "--no-deps" "--format-version=1", kill_on_drop: false }`
[INFO] [stdout] 6e490b8fce3efb51c96cf45fa3c77bd0b7072acb05b043fc8e3375c6d5a72fac
[INFO] running `Command { std: "docker" "start" "-a" "6e490b8fce3efb51c96cf45fa3c77bd0b7072acb05b043fc8e3375c6d5a72fac", kill_on_drop: false }`
[INFO] running `Command { std: "docker" "inspect" "6e490b8fce3efb51c96cf45fa3c77bd0b7072acb05b043fc8e3375c6d5a72fac", kill_on_drop: false }`
[INFO] running `Command { std: "docker" "rm" "-f" "6e490b8fce3efb51c96cf45fa3c77bd0b7072acb05b043fc8e3375c6d5a72fac", kill_on_drop: false }`
[INFO] [stdout] 6e490b8fce3efb51c96cf45fa3c77bd0b7072acb05b043fc8e3375c6d5a72fac
[INFO] running `Command { std: "docker" "create" "-v" "/var/lib/crater-agent-workspace/builds/worker-4-tc1/target:/opt/rustwide/target:rw,Z" "-v" "/var/lib/crater-agent-workspace/builds/worker-4-tc1/source:/opt/rustwide/workdir:ro,Z" "-v" "/var/lib/crater-agent-workspace/cargo-home:/opt/rustwide/cargo-home:ro,Z" "-v" "/var/lib/crater-agent-workspace/rustup-home:/opt/rustwide/rustup-home:ro,Z" "-e" "SOURCE_DIR=/opt/rustwide/workdir" "-e" "CARGO_TARGET_DIR=/opt/rustwide/target" "-e" "CARGO_INCREMENTAL=0" "-e" "RUST_BACKTRACE=full" "-e" "RUSTFLAGS=--cap-lints=warn" "-e" "RUSTDOCFLAGS=--cap-lints=warn" "-e" "CARGO_HOME=/opt/rustwide/cargo-home" "-e" "RUSTUP_HOME=/opt/rustwide/rustup-home" "-w" "/opt/rustwide/workdir" "-m" "1610612736" "--user" "0:0" "--network" "none" "ghcr.io/rust-lang/crates-build-env/linux@sha256:5ff2268d62e97bff2cde7d5815dd6ed5b47097566f13b8d0ca110b04b60e07ed" "/opt/rustwide/cargo-home/bin/cargo" "+1.69.0" "build" "--frozen" "--message-format=json", kill_on_drop: false }`
[INFO] [stdout] 5690f49d59f12fe0cb27f93929c23e82cad66a48d87b605149385fd6ac712393
[INFO] running `Command { std: "docker" "start" "-a" "5690f49d59f12fe0cb27f93929c23e82cad66a48d87b605149385fd6ac712393", kill_on_drop: false }`
[INFO] [stderr]     Blocking waiting for file lock on package cache
[INFO] [stderr]    Compiling futures-channel v0.3.28
[INFO] [stderr]    Compiling ring v0.16.20
[INFO] [stderr]    Compiling tokio v1.28.0
[INFO] [stderr]    Compiling futures-util v0.3.28
[INFO] [stderr]    Compiling untrusted v0.7.1
[INFO] [stderr]    Compiling serde v1.0.160
[INFO] [stderr]    Compiling spin v0.5.2
[INFO] [stderr]    Compiling syn v2.0.15
[INFO] [stderr]    Compiling socket2 v0.4.9
[INFO] [stderr]    Compiling mio v0.8.6
[INFO] [stderr]    Compiling tracing v0.1.37
[INFO] [stderr]    Compiling strsim v0.10.0
[INFO] [stderr]    Compiling rustls v0.20.8
[INFO] [stderr]    Compiling ident_case v1.0.1
[INFO] [stderr]    Compiling rustls-pemfile v1.0.2
[INFO] [stderr]    Compiling want v0.3.0
[INFO] [stderr]    Compiling http-body v0.4.5
[INFO] [stderr]    Compiling async-trait v0.1.68
[INFO] [stderr]    Compiling httpdate v1.0.2
[INFO] [stderr]    Compiling rustls-native-certs v0.6.2
[INFO] [stderr]    Compiling num_threads v0.1.6
[INFO] [stderr]    Compiling matches v0.1.10
[INFO] [stderr]    Compiling time-core v0.1.0
[INFO] [stderr]    Compiling seahash v4.1.0
[INFO] [stderr]    Compiling idna v0.1.5
[INFO] [stderr]    Compiling percent-encoding v1.0.1
[INFO] [stderr]    Compiling url v1.7.2
[INFO] [stderr]    Compiling webpki v0.22.0
[INFO] [stderr]    Compiling sct v0.7.0
[INFO] [stderr]    Compiling darling_core v0.20.0
[INFO] [stderr]    Compiling tokio-macros v2.1.0
[INFO] [stderr]    Compiling futures-macro v0.3.28
[INFO] [stderr]    Compiling serde_derive v1.0.160
[INFO] [stderr]    Compiling darling_macro v0.20.0
[INFO] [stderr]    Compiling darling v0.20.0
[INFO] [stderr]    Compiling serde_with_macros v2.3.3
[INFO] [stderr]    Compiling futures-executor v0.3.28
[INFO] [stderr]    Compiling futures v0.3.28
[INFO] [stderr]    Compiling tokio-util v0.7.8
[INFO] [stderr]    Compiling tokio-rustls v0.23.4
[INFO] [stderr]    Compiling h2 v0.3.18
[INFO] [stderr]    Compiling time v0.3.20
[INFO] [stderr]    Compiling serde_json v1.0.96
[INFO] [stderr]    Compiling chrono v0.4.24
[INFO] [stderr]    Compiling serde_with v2.3.3
[INFO] [stderr]    Compiling hyper v0.14.26
[INFO] [stderr]    Compiling hyper-rustls v0.23.2
[INFO] [stderr]    Compiling yup-oauth2 v8.1.1
[INFO] [stderr]    Compiling google-apis-common v5.0.4
[INFO] [stderr]    Compiling google-apikeys2 v5.0.2+20230118 (/opt/rustwide/workdir)
[INFO] [stderr]     Finished dev [unoptimized + debuginfo] target(s) in 45.86s
[INFO] running `Command { std: "docker" "inspect" "5690f49d59f12fe0cb27f93929c23e82cad66a48d87b605149385fd6ac712393", kill_on_drop: false }`
[INFO] running `Command { std: "docker" "rm" "-f" "5690f49d59f12fe0cb27f93929c23e82cad66a48d87b605149385fd6ac712393", kill_on_drop: false }`
[INFO] [stdout] 5690f49d59f12fe0cb27f93929c23e82cad66a48d87b605149385fd6ac712393
[INFO] running `Command { std: "docker" "create" "-v" "/var/lib/crater-agent-workspace/builds/worker-4-tc1/target:/opt/rustwide/target:rw,Z" "-v" "/var/lib/crater-agent-workspace/builds/worker-4-tc1/source:/opt/rustwide/workdir:ro,Z" "-v" "/var/lib/crater-agent-workspace/cargo-home:/opt/rustwide/cargo-home:ro,Z" "-v" "/var/lib/crater-agent-workspace/rustup-home:/opt/rustwide/rustup-home:ro,Z" "-e" "SOURCE_DIR=/opt/rustwide/workdir" "-e" "CARGO_TARGET_DIR=/opt/rustwide/target" "-e" "CARGO_INCREMENTAL=0" "-e" "RUST_BACKTRACE=full" "-e" "RUSTFLAGS=--cap-lints=warn" "-e" "RUSTDOCFLAGS=--cap-lints=warn" "-e" "CARGO_HOME=/opt/rustwide/cargo-home" "-e" "RUSTUP_HOME=/opt/rustwide/rustup-home" "-w" "/opt/rustwide/workdir" "-m" "1610612736" "--user" "0:0" "--network" "none" "ghcr.io/rust-lang/crates-build-env/linux@sha256:5ff2268d62e97bff2cde7d5815dd6ed5b47097566f13b8d0ca110b04b60e07ed" "/opt/rustwide/cargo-home/bin/cargo" "+1.69.0" "test" "--frozen" "--no-run" "--message-format=json", kill_on_drop: false }`
[INFO] [stdout] fbb87289ad84c1dbab82d7052d44cecca8ea96425a6493290d72f2520ebf414b
[INFO] running `Command { std: "docker" "start" "-a" "fbb87289ad84c1dbab82d7052d44cecca8ea96425a6493290d72f2520ebf414b", kill_on_drop: false }`
[INFO] [stderr]    Compiling google-apikeys2 v5.0.2+20230118 (/opt/rustwide/workdir)
[INFO] [stderr]     Finished test [unoptimized + debuginfo] target(s) in 1.88s
[INFO] running `Command { std: "docker" "inspect" "fbb87289ad84c1dbab82d7052d44cecca8ea96425a6493290d72f2520ebf414b", kill_on_drop: false }`
[INFO] running `Command { std: "docker" "rm" "-f" "fbb87289ad84c1dbab82d7052d44cecca8ea96425a6493290d72f2520ebf414b", kill_on_drop: false }`
[INFO] [stdout] fbb87289ad84c1dbab82d7052d44cecca8ea96425a6493290d72f2520ebf414b
[INFO] running `Command { std: "docker" "create" "-v" "/var/lib/crater-agent-workspace/builds/worker-4-tc1/target:/opt/rustwide/target:rw,Z" "-v" "/var/lib/crater-agent-workspace/builds/worker-4-tc1/source:/opt/rustwide/workdir:ro,Z" "-v" "/var/lib/crater-agent-workspace/cargo-home:/opt/rustwide/cargo-home:ro,Z" "-v" "/var/lib/crater-agent-workspace/rustup-home:/opt/rustwide/rustup-home:ro,Z" "-e" "SOURCE_DIR=/opt/rustwide/workdir" "-e" "CARGO_TARGET_DIR=/opt/rustwide/target" "-e" "CARGO_INCREMENTAL=0" "-e" "RUST_BACKTRACE=full" "-e" "RUSTFLAGS=--cap-lints=warn" "-e" "RUSTDOCFLAGS=--cap-lints=warn" "-e" "CARGO_HOME=/opt/rustwide/cargo-home" "-e" "RUSTUP_HOME=/opt/rustwide/rustup-home" "-w" "/opt/rustwide/workdir" "-m" "1610612736" "--user" "0:0" "--network" "none" "ghcr.io/rust-lang/crates-build-env/linux@sha256:5ff2268d62e97bff2cde7d5815dd6ed5b47097566f13b8d0ca110b04b60e07ed" "/opt/rustwide/cargo-home/bin/cargo" "+1.69.0" "test" "--frozen", kill_on_drop: false }`
[INFO] [stdout] 565b901b0f768da4878209167042ea120b3d005ac79123de63f7c12c057dba9d
[INFO] running `Command { std: "docker" "start" "-a" "565b901b0f768da4878209167042ea120b3d005ac79123de63f7c12c057dba9d", kill_on_drop: false }`
[INFO] [stderr]     Finished test [unoptimized + debuginfo] target(s) in 0.20s
[INFO] [stderr]      Running unittests src/lib.rs (/opt/rustwide/target/debug/deps/google_apikeys2-da75917d8dc34c46)
[INFO] [stdout] 
[INFO] [stdout] running 0 tests
[INFO] [stdout] 
[INFO] [stdout] test result: ok. 0 passed; 0 failed; 0 ignored; 0 measured; 0 filtered out; finished in 0.00s
[INFO] [stdout] 
[INFO] [stderr]    Doc-tests google-apikeys2
[INFO] [stdout] 
[INFO] [stdout] running 15 tests
[INFO] [stdout] test src/lib.rs - (line 53) ... ignored
[INFO] [stdout] test src/api.rs - api::KeyMethods (line 521) - compile ... ok
[INFO] [stdout] test src/api.rs - api::ProjectLocationKeyGetCall (line 1904) - compile ... ok
[INFO] [stdout] test src/api.rs - api::OperationMethods (line 575) - compile ... ok
[INFO] [stdout] test src/api.rs - api::ProjectLocationKeyCreateCall (line 1328) - compile ... ok
[INFO] [stdout] test src/api.rs - api::ApiKeysService (line 62) - compile ... ok
[INFO] [stdout] test src/api.rs - api::ProjectLocationKeyDeleteCall (line 1631) - compile ... ok
[INFO] [stdout] test src/api.rs - api::ProjectMethods (line 633) - compile ... ok
[INFO] [stdout] test src/api.rs - api::OperationGetCall (line 1067) - compile ... ok
[INFO] [stdout] test src/api.rs - api::KeyLookupKeyCall (line 813) - compile ... ok
[INFO] [stdout] test src/api.rs - api::ProjectLocationKeyGetKeyStringCall (line 2165) - compile ... ok
[INFO] [stdout] test src/api.rs - api::ProjectLocationKeyUndeleteCall (line 3026) - compile ... ok
[INFO] [stdout] test src/lib.rs - (line 81) - compile ... ok
[INFO] [stdout] test src/api.rs - api::ProjectLocationKeyPatchCall (line 2723) - compile ... FAILED
[INFO] [stdout] test src/api.rs - api::ProjectLocationKeyListCall (line 2426) - compile ... ok
[INFO] [stdout] 
[INFO] [stdout] failures:
[INFO] [stdout] 
[INFO] [stdout] ---- src/api.rs - api::ProjectLocationKeyPatchCall (line 2723) stdout ----
[INFO] [stdout] error[E0308]: mismatched types
[INFO] [stdout]     --> src/api.rs:2747:27
[INFO] [stdout]      |
[INFO] [stdout] 25   |              .update_mask(&Default::default())
[INFO] [stdout]      |               ----------- ^^^^^^^^^^^^^^^^^^^ expected `FieldMask`, found `&_`
[INFO] [stdout]      |               |
[INFO] [stdout]      |               arguments to this method are incorrect
[INFO] [stdout]      |
[INFO] [stdout]      = note: expected struct `FieldMask`
[INFO] [stdout]              found reference `&_`
[INFO] [stdout] note: method defined here
[INFO] [stdout]     --> /opt/rustwide/workdir/src/api.rs:2938:12
[INFO] [stdout]      |
[INFO] [stdout] 2938 |     pub fn update_mask(mut self, new_value: client::FieldMask) -> ProjectLocationKeyPatchCall<'a, S> {
[INFO] [stdout]      |            ^^^^^^^^^^^
[INFO] [stdout] help: consider removing the borrow
[INFO] [stdout]      |
[INFO] [stdout] 25   -              .update_mask(&Default::default())
[INFO] [stdout] 25   +              .update_mask(Default::default())
[INFO] [stdout]      |
[INFO] [stdout] 
[INFO] [stdout] error: aborting due to previous error
[INFO] [stdout] 
[INFO] [stdout] For more information about this error, try `rustc --explain E0308`.
[INFO] [stdout] Couldn't compile the test.
[INFO] [stdout] 
[INFO] [stdout] failures:
[INFO] [stdout]     src/api.rs - api::ProjectLocationKeyPatchCall (line 2723)
[INFO] [stdout] 
[INFO] [stdout] test result: FAILED. 13 passed; 1 failed; 1 ignored; 0 measured; 0 filtered out; finished in 0.50s
[INFO] [stdout] 
[INFO] [stderr] error: doctest failed, to rerun pass `--doc`
[INFO] running `Command { std: "docker" "inspect" "565b901b0f768da4878209167042ea120b3d005ac79123de63f7c12c057dba9d", kill_on_drop: false }`
[INFO] running `Command { std: "docker" "rm" "-f" "565b901b0f768da4878209167042ea120b3d005ac79123de63f7c12c057dba9d", kill_on_drop: false }`
[INFO] [stdout] 565b901b0f768da4878209167042ea120b3d005ac79123de63f7c12c057dba9d
