[INFO] fetching crate google-apigee1 5.0.2+20230104...
[INFO] testing google-apigee1-5.0.2+20230104 against 1.69.0 for beta-1.70-1
[INFO] extracting crate google-apigee1 5.0.2+20230104 into /workspace/builds/worker-6-tc1/source
[INFO] validating manifest of crates.io crate google-apigee1 5.0.2+20230104 on toolchain 1.69.0
[INFO] running `Command { std: CARGO_HOME="/workspace/cargo-home" RUSTUP_HOME="/workspace/rustup-home" "/workspace/cargo-home/bin/cargo" "+1.69.0" "metadata" "--manifest-path" "Cargo.toml" "--no-deps", kill_on_drop: false }`
[INFO] started tweaking crates.io crate google-apigee1 5.0.2+20230104
[INFO] finished tweaking crates.io crate google-apigee1 5.0.2+20230104
[INFO] tweaked toml for crates.io crate google-apigee1 5.0.2+20230104 written to /workspace/builds/worker-6-tc1/source/Cargo.toml
[INFO] running `Command { std: CARGO_HOME="/workspace/cargo-home" RUSTUP_HOME="/workspace/rustup-home" __CARGO_TEST_CHANNEL_OVERRIDE_DO_NOT_USE_THIS="nightly" "/workspace/cargo-home/bin/cargo" "+1.69.0" "generate-lockfile" "--manifest-path" "Cargo.toml" "-Zno-index-update", kill_on_drop: false }`
[INFO] running `Command { std: CARGO_HOME="/workspace/cargo-home" RUSTUP_HOME="/workspace/rustup-home" "/workspace/cargo-home/bin/cargo" "+1.69.0" "fetch" "--manifest-path" "Cargo.toml", kill_on_drop: false }`
[INFO] [stderr]  Downloading crates ...
[INFO] [stderr]   Downloaded yup-oauth2 v8.1.1
[INFO] [stderr]   Downloaded serde_with v2.3.3
[INFO] [stderr]   Downloaded darling_core v0.20.0
[INFO] [stderr]   Downloaded darling_macro v0.20.0
[INFO] [stderr]   Downloaded google-apis-common v5.0.4
[INFO] [stderr]   Downloaded darling v0.20.0
[INFO] [stderr]   Downloaded serde_with_macros v2.3.3
[INFO] running `Command { std: "docker" "create" "-v" "/var/lib/crater-agent-workspace/builds/worker-6-tc1/target:/opt/rustwide/target:rw,Z" "-v" "/var/lib/crater-agent-workspace/builds/worker-6-tc1/source:/opt/rustwide/workdir:ro,Z" "-v" "/var/lib/crater-agent-workspace/cargo-home:/opt/rustwide/cargo-home:ro,Z" "-v" "/var/lib/crater-agent-workspace/rustup-home:/opt/rustwide/rustup-home:ro,Z" "-e" "SOURCE_DIR=/opt/rustwide/workdir" "-e" "CARGO_TARGET_DIR=/opt/rustwide/target" "-e" "CARGO_HOME=/opt/rustwide/cargo-home" "-e" "RUSTUP_HOME=/opt/rustwide/rustup-home" "-w" "/opt/rustwide/workdir" "-m" "1610612736" "--user" "0:0" "--network" "none" "ghcr.io/rust-lang/crates-build-env/linux@sha256:5ff2268d62e97bff2cde7d5815dd6ed5b47097566f13b8d0ca110b04b60e07ed" "/opt/rustwide/cargo-home/bin/cargo" "+1.69.0" "metadata" "--no-deps" "--format-version=1", kill_on_drop: false }`
[INFO] [stdout] 64f62d09552c301746cb9732ae38a1931adda234b6a707882b9fd3742683a110
[INFO] running `Command { std: "docker" "start" "-a" "64f62d09552c301746cb9732ae38a1931adda234b6a707882b9fd3742683a110", kill_on_drop: false }`
[INFO] running `Command { std: "docker" "inspect" "64f62d09552c301746cb9732ae38a1931adda234b6a707882b9fd3742683a110", kill_on_drop: false }`
[INFO] running `Command { std: "docker" "rm" "-f" "64f62d09552c301746cb9732ae38a1931adda234b6a707882b9fd3742683a110", kill_on_drop: false }`
[INFO] [stdout] 64f62d09552c301746cb9732ae38a1931adda234b6a707882b9fd3742683a110
[INFO] running `Command { std: "docker" "create" "-v" "/var/lib/crater-agent-workspace/builds/worker-6-tc1/target:/opt/rustwide/target:rw,Z" "-v" "/var/lib/crater-agent-workspace/builds/worker-6-tc1/source:/opt/rustwide/workdir:ro,Z" "-v" "/var/lib/crater-agent-workspace/cargo-home:/opt/rustwide/cargo-home:ro,Z" "-v" "/var/lib/crater-agent-workspace/rustup-home:/opt/rustwide/rustup-home:ro,Z" "-e" "SOURCE_DIR=/opt/rustwide/workdir" "-e" "CARGO_TARGET_DIR=/opt/rustwide/target" "-e" "CARGO_INCREMENTAL=0" "-e" "RUST_BACKTRACE=full" "-e" "RUSTFLAGS=--cap-lints=warn" "-e" "RUSTDOCFLAGS=--cap-lints=warn" "-e" "CARGO_HOME=/opt/rustwide/cargo-home" "-e" "RUSTUP_HOME=/opt/rustwide/rustup-home" "-w" "/opt/rustwide/workdir" "-m" "1610612736" "--user" "0:0" "--network" "none" "ghcr.io/rust-lang/crates-build-env/linux@sha256:5ff2268d62e97bff2cde7d5815dd6ed5b47097566f13b8d0ca110b04b60e07ed" "/opt/rustwide/cargo-home/bin/cargo" "+1.69.0" "build" "--frozen" "--message-format=json", kill_on_drop: false }`
[INFO] [stdout] f2caa803509e174e085da4ed4a221ff996216ed50ff97bbb74226a1b5a30bcd1
[INFO] running `Command { std: "docker" "start" "-a" "f2caa803509e174e085da4ed4a221ff996216ed50ff97bbb74226a1b5a30bcd1", kill_on_drop: false }`
[INFO] [stderr]    Compiling libc v0.2.142
[INFO] [stderr]    Compiling futures-core v0.3.28
[INFO] [stderr]    Compiling fnv v1.0.7
[INFO] [stderr]    Compiling futures-sink v0.3.28
[INFO] [stderr]    Compiling futures-channel v0.3.28
[INFO] [stderr]    Compiling ring v0.16.20
[INFO] [stderr]    Compiling bytes v1.4.0
[INFO] [stderr]    Compiling tokio v1.28.0
[INFO] [stderr]    Compiling serde v1.0.160
[INFO] [stderr]    Compiling syn v2.0.15
[INFO] [stderr]    Compiling untrusted v0.7.1
[INFO] [stderr]    Compiling spin v0.5.2
[INFO] [stderr]    Compiling tracing-core v0.1.30
[INFO] [stderr]    Compiling rustls v0.20.8
[INFO] [stderr]    Compiling indexmap v1.9.3
[INFO] [stderr]    Compiling hashbrown v0.12.3
[INFO] [stderr]    Compiling httparse v1.8.0
[INFO] [stderr]    Compiling strsim v0.10.0
[INFO] [stderr]    Compiling ident_case v1.0.1
[INFO] [stderr]    Compiling num-traits v0.2.15
[INFO] [stderr]    Compiling base64 v0.21.0
[INFO] [stderr]    Compiling try-lock v0.2.4
[INFO] [stderr]    Compiling num-integer v0.1.45
[INFO] [stderr]    Compiling httpdate v1.0.2
[INFO] [stderr]    Compiling want v0.3.0
[INFO] [stderr]    Compiling http v0.2.9
[INFO] [stderr]    Compiling rustls-pemfile v1.0.2
[INFO] [stderr]    Compiling tower-service v0.3.2
[INFO] [stderr]    Compiling openssl-probe v0.1.5
[INFO] [stderr]    Compiling tracing v0.1.37
[INFO] [stderr]    Compiling matches v0.1.10
[INFO] [stderr]    Compiling time-core v0.1.0
[INFO] [stderr]    Compiling either v1.8.1
[INFO] [stderr]    Compiling rustls-native-certs v0.6.2
[INFO] [stderr]    Compiling num_threads v0.1.6
[INFO] [stderr]    Compiling idna v0.1.5
[INFO] [stderr]    Compiling percent-encoding v1.0.1
[INFO] [stderr]    Compiling seahash v4.1.0
[INFO] [stderr]    Compiling itertools v0.10.5
[INFO] [stderr]    Compiling mime v0.3.17
[INFO] [stderr]    Compiling http-body v0.4.5
[INFO] [stderr]    Compiling url v1.7.2
[INFO] [stderr]    Compiling socket2 v0.4.9
[INFO] [stderr]    Compiling mio v0.8.6
[INFO] [stderr]    Compiling darling_core v0.20.0
[INFO] [stderr]    Compiling futures-macro v0.3.28
[INFO] [stderr]    Compiling tokio-macros v2.1.0
[INFO] [stderr]    Compiling serde_derive v1.0.160
[INFO] [stderr]    Compiling async-trait v0.1.68
[INFO] [stderr]    Compiling webpki v0.22.0
[INFO] [stderr]    Compiling sct v0.7.0
[INFO] [stderr]    Compiling darling_macro v0.20.0
[INFO] [stderr]    Compiling futures-util v0.3.28
[INFO] [stderr]    Compiling darling v0.20.0
[INFO] [stderr]    Compiling serde_with_macros v2.3.3
[INFO] [stderr]    Compiling tokio-util v0.7.8
[INFO] [stderr]    Compiling tokio-rustls v0.23.4
[INFO] [stderr]    Compiling futures-executor v0.3.28
[INFO] [stderr]    Compiling futures v0.3.28
[INFO] [stderr]    Compiling h2 v0.3.18
[INFO] [stderr]    Compiling serde_json v1.0.96
[INFO] [stderr]    Compiling time v0.3.20
[INFO] [stderr]    Compiling chrono v0.4.24
[INFO] [stderr]    Compiling serde_with v2.3.3
[INFO] [stderr]    Compiling hyper v0.14.26
[INFO] [stderr]    Compiling hyper-rustls v0.23.2
[INFO] [stderr]    Compiling yup-oauth2 v8.1.1
[INFO] [stderr]    Compiling google-apis-common v5.0.4
[INFO] [stderr]    Compiling google-apigee1 v5.0.2+20230104 (/opt/rustwide/workdir)
[INFO] [stderr]     Finished dev [unoptimized + debuginfo] target(s) in 1m 10s
[INFO] running `Command { std: "docker" "inspect" "f2caa803509e174e085da4ed4a221ff996216ed50ff97bbb74226a1b5a30bcd1", kill_on_drop: false }`
[INFO] running `Command { std: "docker" "rm" "-f" "f2caa803509e174e085da4ed4a221ff996216ed50ff97bbb74226a1b5a30bcd1", kill_on_drop: false }`
[INFO] [stdout] f2caa803509e174e085da4ed4a221ff996216ed50ff97bbb74226a1b5a30bcd1
[INFO] running `Command { std: "docker" "create" "-v" "/var/lib/crater-agent-workspace/builds/worker-6-tc1/target:/opt/rustwide/target:rw,Z" "-v" "/var/lib/crater-agent-workspace/builds/worker-6-tc1/source:/opt/rustwide/workdir:ro,Z" "-v" "/var/lib/crater-agent-workspace/cargo-home:/opt/rustwide/cargo-home:ro,Z" "-v" "/var/lib/crater-agent-workspace/rustup-home:/opt/rustwide/rustup-home:ro,Z" "-e" "SOURCE_DIR=/opt/rustwide/workdir" "-e" "CARGO_TARGET_DIR=/opt/rustwide/target" "-e" "CARGO_INCREMENTAL=0" "-e" "RUST_BACKTRACE=full" "-e" "RUSTFLAGS=--cap-lints=warn" "-e" "RUSTDOCFLAGS=--cap-lints=warn" "-e" "CARGO_HOME=/opt/rustwide/cargo-home" "-e" "RUSTUP_HOME=/opt/rustwide/rustup-home" "-w" "/opt/rustwide/workdir" "-m" "1610612736" "--user" "0:0" "--network" "none" "ghcr.io/rust-lang/crates-build-env/linux@sha256:5ff2268d62e97bff2cde7d5815dd6ed5b47097566f13b8d0ca110b04b60e07ed" "/opt/rustwide/cargo-home/bin/cargo" "+1.69.0" "test" "--frozen" "--no-run" "--message-format=json", kill_on_drop: false }`
[INFO] [stdout] 5fec1e93f574f34a443b6017a345139428c5044edcf47827be91e64a11849a7e
[INFO] running `Command { std: "docker" "start" "-a" "5fec1e93f574f34a443b6017a345139428c5044edcf47827be91e64a11849a7e", kill_on_drop: false }`
[INFO] [stderr]    Compiling google-apigee1 v5.0.2+20230104 (/opt/rustwide/workdir)
[INFO] [stderr]     Finished test [unoptimized + debuginfo] target(s) in 19.04s
[INFO] running `Command { std: "docker" "inspect" "5fec1e93f574f34a443b6017a345139428c5044edcf47827be91e64a11849a7e", kill_on_drop: false }`
[INFO] running `Command { std: "docker" "rm" "-f" "5fec1e93f574f34a443b6017a345139428c5044edcf47827be91e64a11849a7e", kill_on_drop: false }`
[INFO] [stdout] 5fec1e93f574f34a443b6017a345139428c5044edcf47827be91e64a11849a7e
[INFO] running `Command { std: "docker" "create" "-v" "/var/lib/crater-agent-workspace/builds/worker-6-tc1/target:/opt/rustwide/target:rw,Z" "-v" "/var/lib/crater-agent-workspace/builds/worker-6-tc1/source:/opt/rustwide/workdir:ro,Z" "-v" "/var/lib/crater-agent-workspace/cargo-home:/opt/rustwide/cargo-home:ro,Z" "-v" "/var/lib/crater-agent-workspace/rustup-home:/opt/rustwide/rustup-home:ro,Z" "-e" "SOURCE_DIR=/opt/rustwide/workdir" "-e" "CARGO_TARGET_DIR=/opt/rustwide/target" "-e" "CARGO_INCREMENTAL=0" "-e" "RUST_BACKTRACE=full" "-e" "RUSTFLAGS=--cap-lints=warn" "-e" "RUSTDOCFLAGS=--cap-lints=warn" "-e" "CARGO_HOME=/opt/rustwide/cargo-home" "-e" "RUSTUP_HOME=/opt/rustwide/rustup-home" "-w" "/opt/rustwide/workdir" "-m" "1610612736" "--user" "0:0" "--network" "none" "ghcr.io/rust-lang/crates-build-env/linux@sha256:5ff2268d62e97bff2cde7d5815dd6ed5b47097566f13b8d0ca110b04b60e07ed" "/opt/rustwide/cargo-home/bin/cargo" "+1.69.0" "test" "--frozen", kill_on_drop: false }`
[INFO] [stdout] ce64ff5d7dae8b780d3c20d933aedd7effaedb0eb35cbcad641bc222c357069e
[INFO] running `Command { std: "docker" "start" "-a" "ce64ff5d7dae8b780d3c20d933aedd7effaedb0eb35cbcad641bc222c357069e", kill_on_drop: false }`
[INFO] [stderr]     Finished test [unoptimized + debuginfo] target(s) in 0.19s
[INFO] [stderr]      Running unittests src/lib.rs (/opt/rustwide/target/debug/deps/google_apigee1-4e9041232a9a8ee0)
[INFO] [stdout] 
[INFO] [stdout] running 0 tests
[INFO] [stdout] 
[INFO] [stdout] test result: ok. 0 passed; 0 failed; 0 ignored; 0 measured; 0 filtered out; finished in 0.00s
[INFO] [stdout] 
[INFO] [stderr]    Doc-tests google-apigee1
[INFO] [stdout] 
[INFO] [stdout] running 275 tests
[INFO] [stdout] test src/api.rs - api::OrganizationAnalyticDatastoreDeleteCall (line 12860) - compile ... ok
[INFO] [stdout] test src/api.rs - api::OrganizationApiCreateCall (line 21461) - compile ... ok
[INFO] [stdout] test src/api.rs - api::HybridIssuerListCall (line 12308) - compile ... ok
[INFO] [stdout] test src/api.rs - api::OrganizationApiKeyvaluemapEntryCreateCall (line 18713) - compile ... ok
[INFO] [stdout] test src/api.rs - api::OrganizationApiDeleteCall (line 21788) - compile ... ok
[INFO] [stdout] test src/api.rs - api::OrganizationAnalyticDatastoreListCall (line 13382) - compile ... ok
[INFO] [stdout] test src/api.rs - api::Apigee (line 58) - compile ... ok
[INFO] [stdout] test src/api.rs - api::HybridMethods (line 7184) - compile ... ok
[INFO] [stdout] test src/api.rs - api::OrganizationAnalyticDatastoreTestCall (line 13655) - compile ... ok
[INFO] [stdout] test src/api.rs - api::OrganizationApiGetCall (line 22049) - compile ... ok
[INFO] [stdout] test src/api.rs - api::OrganizationAnalyticDatastoreUpdateCall (line 13946) - compile ... ok
[INFO] [stdout] test src/api.rs - api::OrganizationAnalyticDatastoreGetCall (line 13121) - compile ... ok
[INFO] [stdout] test src/api.rs - api::OrganizationApiKeyvaluemapCreateCall (line 19811) - compile ... ok
[INFO] [stdout] test src/api.rs - api::OrganizationApiKeyvaluemapEntryDeleteCall (line 19004) - compile ... ok
[INFO] [stdout] test src/api.rs - api::OrganizationApiDeploymentListCall (line 18452) - compile ... ok
[INFO] [stdout] test src/api.rs - api::OrganizationApiKeyvaluemapDeleteCall (line 20102) - compile ... ok
[INFO] [stdout] test src/api.rs - api::OrganizationAnalyticDatastoreCreateCall (line 12569) - compile ... ok
[INFO] [stdout] test src/api.rs - api::OrganizationApiproductAttributeDeleteCall (line 14237) - compile ... ok
[INFO] [stdout] test src/api.rs - api::OrganizationApiRevisionDeleteCall (line 20624) - compile ... ok
[INFO] [stdout] test src/api.rs - api::OrganizationApiRevisionUpdateApiProxyRevisionCall (line 21158) - compile ... ok
[INFO] [stdout] test src/api.rs - api::OrganizationApiKeyvaluemapEntryListCall (line 19526) - compile ... ok
[INFO] [stdout] test src/api.rs - api::OrganizationApiproductAttributeCall (line 16736) - compile ... ok
[INFO] [stdout] test src/api.rs - api::OrganizationApiRevisionDeploymentListCall (line 20363) - compile ... ok
[INFO] [stdout] test src/api.rs - api::OrganizationApiKeyvaluemapEntryGetCall (line 19265) - compile ... ok
[INFO] [stdout] test src/api.rs - api::OrganizationApiPatchCall (line 22595) - compile ... FAILED
[INFO] [stdout] test src/api.rs - api::OrganizationApiListCall (line 22310) - compile ... ok
[INFO] [stdout] test src/api.rs - api::OrganizationApiRevisionGetCall (line 20885) - compile ... ok
[INFO] [stdout] test src/api.rs - api::OrganizationApiproductAttributeGetCall (line 14498) - compile ... ok
[INFO] [stdout] test src/api.rs - api::OrganizationApiproductListCall (line 17840) - compile ... ok
[INFO] [stdout] test src/api.rs - api::OrganizationApiproductRateplanGetCall (line 15863) - compile ... ok
[INFO] [stdout] test src/api.rs - api::OrganizationApiproductGetCall (line 17579) - compile ... ok
[INFO] [stdout] test src/api.rs - api::OrganizationApiproductAttributeListCall (line 14759) - compile ... ok
[INFO] [stdout] test src/api.rs - api::OrganizationApiproductRateplanUpdateCall (line 16445) - compile ... ok
[INFO] [stdout] test src/api.rs - api::OrganizationAppListCall (line 23159) - compile ... ok
[INFO] [stdout] test src/api.rs - api::OrganizationApiproductRateplanListCall (line 16124) - compile ... ok
[INFO] [stdout] test src/api.rs - api::OrganizationApiproductRateplanCreateCall (line 15311) - compile ... ok
[INFO] [stdout] test src/api.rs - api::OrganizationApiproductRateplanDeleteCall (line 15602) - compile ... ok
[INFO] [stdout] test src/api.rs - api::OrganizationApiproductAttributeUpdateApiProductAttributeCall (line 15020) - compile ... ok
[INFO] [stdout] test src/api.rs - api::OrganizationApiproductUpdateCall (line 18161) - compile ... ok
[INFO] [stdout] test src/api.rs - api::OrganizationApiproductDeleteCall (line 17318) - compile ... ok
[INFO] [stdout] test src/api.rs - api::OrganizationDatacollectorCreateCall (line 23528) - compile ... ok
[INFO] [stdout] test src/api.rs - api::OrganizationApiproductCreateCall (line 17027) - compile ... ok
[INFO] [stdout] test src/api.rs - api::OrganizationAppGetCall (line 22898) - compile ... ok
[INFO] [stdout] test src/api.rs - api::OrganizationCreateCall (line 84725) - compile ... ok
[INFO] [stdout] test src/api.rs - api::OrganizationDatacollectorGetCall (line 24092) - compile ... ok
[INFO] [stdout] test src/api.rs - api::OrganizationDeploymentListCall (line 24941) - compile ... ok
[INFO] [stdout] test src/api.rs - api::OrganizationDatacollectorDeleteCall (line 23831) - compile ... ok
[INFO] [stdout] test src/api.rs - api::OrganizationDatacollectorListCall (line 24353) - compile ... ok
[INFO] [stdout] test src/api.rs - api::OrganizationDatacollectorPatchCall (line 24638) - compile ... FAILED
[INFO] [stdout] test src/api.rs - api::OrganizationDeveloperAppCreateCall (line 28811) - compile ... ok
[INFO] [stdout] test src/api.rs - api::OrganizationDeveloperAppAttributeUpdateDeveloperAppAttributeCall (line 25997) - compile ... ok
[INFO] [stdout] test src/api.rs - api::OrganizationDeveloperAppKeyApiproductUpdateDeveloperAppKeyApiProductCall (line 26549) - compile ... ok
[INFO] [stdout] test src/api.rs - api::OrganizationDeveloperAppKeyDeleteCall (line 27404) - compile ... ok
[INFO] [stdout] test src/api.rs - api::OrganizationDeveloperAppAttributeDeleteCall (line 25214) - compile ... ok
[INFO] [stdout] test src/api.rs - api::OrganizationDeveloperAppGenerateKeyPairOrUpdateDeveloperAppStatuCall (line 29363) - compile ... ok
[INFO] [stdout] test src/api.rs - api::OrganizationDeveloperAppAttributeCall (line 28520) - compile ... ok
[INFO] [stdout] test src/api.rs - api::OrganizationDeveloperAppAttributeListCall (line 25736) - compile ... ok
[INFO] [stdout] test src/api.rs - api::OrganizationDeveloperAppGetCall (line 29666) - compile ... ok
[INFO] [stdout] test src/api.rs - api::OrganizationDeveloperAppDeleteCall (line 29102) - compile ... ok
[INFO] [stdout] test src/api.rs - api::OrganizationDeleteCall (line 85009) - compile ... ok
[INFO] [stdout] test src/api.rs - api::OrganizationDeveloperAppAttributeGetCall (line 25475) - compile ... ok
[INFO] [stdout] test src/api.rs - api::OrganizationDeveloperAppKeyApiproductDeleteCall (line 26288) - compile ... ok
[INFO] [stdout] test src/api.rs - api::OrganizationDeveloperAppListCall (line 29951) - compile ... ok
[INFO] [stdout] test src/api.rs - api::OrganizationDeveloperAppKeyCreateCall (line 27113) - compile ... ok
[INFO] [stdout] test src/api.rs - api::OrganizationDeveloperAppKeyCreateCreateCall (line 26822) - compile ... ok
[INFO] [stdout] test src/api.rs - api::OrganizationDeveloperAppKeyReplaceDeveloperAppKeyCall (line 27926) - compile ... ok
[INFO] [stdout] test src/api.rs - api::OrganizationDeveloperAttributeCall (line 33335) - compile ... ok
[INFO] [stdout] test src/api.rs - api::OrganizationDeveloperGetBalanceCall (line 34451) - compile ... ok
[INFO] [stdout] test src/api.rs - api::OrganizationDeveloperAttributeListCall (line 31073) - compile ... ok
[INFO] [stdout] test src/api.rs - api::OrganizationDeveloperAppKeyUpdateDeveloperAppKeyCall (line 28217) - compile ... ok
[INFO] [stdout] test src/api.rs - api::OrganizationDeveloperAttributeUpdateDeveloperAttributeCall (line 31334) - compile ... ok
[INFO] [stdout] test src/api.rs - api::OrganizationDeveloperAppKeyGetCall (line 27665) - compile ... ok
[INFO] [stdout] test src/api.rs - api::OrganizationDeveloperAttributeGetCall (line 30812) - compile ... ok
[INFO] [stdout] test src/api.rs - api::OrganizationDeveloperCreateCall (line 33626) - compile ... ok
[INFO] [stdout] test src/api.rs - api::OrganizationDeveloperAppUpdateCall (line 30260) - compile ... ok
[INFO] [stdout] test src/api.rs - api::OrganizationDeveloperGetCall (line 34178) - compile ... ok
[INFO] [stdout] test src/api.rs - api::OrganizationDeveloperBalanceAdjustCall (line 31625) - compile ... ok
[INFO] [stdout] test src/api.rs - api::OrganizationDeveloperSubscriptionGetCall (line 32789) - compile ... ok
[INFO] [stdout] test src/api.rs - api::OrganizationDeveloperAttributeDeleteCall (line 30551) - compile ... ok
[INFO] [stdout] test src/api.rs - api::OrganizationDeveloperBalanceCreditCall (line 31916) - compile ... ok
[INFO] [stdout] test src/api.rs - api::OrganizationDeveloperSubscriptionExpireCall (line 32498) - compile ... ok
[INFO] [stdout] test src/api.rs - api::OrganizationDeveloperSubscriptionCreateCall (line 32207) - compile ... ok
[INFO] [stdout] test src/api.rs - api::OrganizationEndpointAttachmentListCall (line 36986) - compile ... ok
[INFO] [stdout] test src/api.rs - api::OrganizationDeveloperListCall (line 34973) - compile ... ok
[INFO] [stdout] test src/api.rs - api::OrganizationDeveloperDeleteCall (line 33917) - compile ... ok
[INFO] [stdout] test src/api.rs - api::OrganizationDeveloperGetMonetizationConfigCall (line 34712) - compile ... ok
[INFO] [stdout] test src/api.rs - api::OrganizationEndpointAttachmentGetCall (line 36725) - compile ... ok
[INFO] [stdout] test src/api.rs - api::OrganizationDeveloperUpdateCall (line 35579) - compile ... ok
[INFO] [stdout] test src/api.rs - api::OrganizationEndpointAttachmentCreateCall (line 36161) - compile ... ok
[INFO] [stdout] test src/api.rs - api::OrganizationDeveloperSetDeveloperStatuCall (line 35306) - compile ... ok
[INFO] [stdout] test src/api.rs - api::OrganizationDeveloperUpdateMonetizationConfigCall (line 35870) - compile ... ok
[INFO] [stdout] test src/api.rs - api::OrganizationDeveloperSubscriptionListCall (line 33050) - compile ... ok
[INFO] [stdout] test src/api.rs - api::OrganizationEndpointAttachmentDeleteCall (line 36464) - compile ... ok
[INFO] [stdout] test src/api.rs - api::OrganizationEnvgroupAttachmentDeleteCall (line 37562) - compile ... ok
[INFO] [stdout] test src/api.rs - api::OrganizationEnvironmentAnalyticExportListCall (line 40892) - compile ... ok
[INFO] [stdout] test src/api.rs - api::OrganizationEnvironmentAnalyticExportGetCall (line 40631) - compile ... ok
[INFO] [stdout] test src/api.rs - api::OrganizationEnvironmentApiDeploymentListCall (line 41153) - compile ... ok
[INFO] [stdout] test src/api.rs - api::OrganizationEnvgroupAttachmentCreateCall (line 37271) - compile ... ok
[INFO] [stdout] test src/api.rs - api::OrganizationEnvgroupListCall (line 39467) - compile ... ok
[INFO] [stdout] test src/api.rs - api::OrganizationEnvgroupGetCall (line 38933) - compile ... ok
[INFO] [stdout] test src/api.rs - api::OrganizationEnvgroupDeleteCall (line 38672) - compile ... ok
[INFO] [stdout] test src/api.rs - api::OrganizationEnvironmentAnalyticAdminGetSchemav2Call (line 40055) - compile ... ok
[INFO] [stdout] test src/api.rs - api::OrganizationEnvgroupAttachmentListCall (line 38084) - compile ... ok
[INFO] [stdout] test src/api.rs - api::OrganizationEnvironmentApiRevisionDebugsessionCreateCall (line 41675) - compile ... ok
[INFO] [stdout] test src/api.rs - api::OrganizationEnvgroupCreateCall (line 38369) - compile ... ok
[INFO] [stdout] test src/api.rs - api::OrganizationEnvironmentApiRevisionDebugsessionDataGetCall (line 41414) - compile ... ok
[INFO] [stdout] test src/api.rs - api::OrganizationEnvgroupGetDeployedIngressConfigCall (line 39194) - compile ... ok
[INFO] [stdout] test src/api.rs - api::OrganizationEnvironmentApiRevisionDebugsessionDeleteDataCall (line 41978) - compile ... ok
[INFO] [stdout] test src/api.rs - api::OrganizationEnvgroupAttachmentGetCall (line 37823) - compile ... ok
[INFO] [stdout] test src/api.rs - api::OrganizationEnvironmentAnalyticExportCreateCall (line 40340) - compile ... ok
[INFO] [stdout] test src/api.rs - api::OrganizationEnvgroupPatchCall (line 39752) - compile ... FAILED
[INFO] [stdout] test src/api.rs - api::OrganizationEnvironmentApiRevisionDeploymentGenerateDeployChangeReportCall (line 42785) - compile ... ok
[INFO] [stdout] test src/api.rs - api::OrganizationEnvironmentApiRevisionGetDeploymentCall (line 43616) - compile ... ok
[INFO] [stdout] test src/api.rs - api::OrganizationEnvironmentApiRevisionDebugsessionListCall (line 42500) - compile ... ok
[INFO] [stdout] test src/api.rs - api::OrganizationEnvironmentArchiveDeploymentDeleteCall (line 44441) - compile ... ok
[INFO] [stdout] test src/api.rs - api::OrganizationEnvironmentApiRevisionUndeployCall (line 43877) - compile ... ok
[INFO] [stdout] test src/api.rs - api::OrganizationEnvironmentArchiveDeploymentPatchCall (line 45842) - compile ... FAILED
[INFO] [stdout] test src/api.rs - api::OrganizationEnvironmentArchiveDeploymentCreateCall (line 44150) - compile ... ok
[INFO] [stdout] test src/api.rs - api::OrganizationEnvironmentApiRevisionDebugsessionGetCall (line 42239) - compile ... ok
[INFO] [stdout] test src/api.rs - api::OrganizationEnvironmentCreateCall (line 62402) - compile ... ok
[INFO] [stdout] test src/api.rs - api::OrganizationEnvironmentArchiveDeploymentGenerateUploadUrlCall (line 44993) - compile ... ok
[INFO] [stdout] test src/api.rs - api::OrganizationEnvironmentArchiveDeploymentGenerateDownloadUrlCall (line 44702) - compile ... ok
[INFO] [stdout] test src/api.rs - api::OrganizationEnvironmentApiRevisionDeployCall (line 43319) - compile ... ok
[INFO] [stdout] test src/api.rs - api::OrganizationEnvironmentArchiveDeploymentListCall (line 45545) - compile ... ok
[INFO] [stdout] test src/api.rs - api::OrganizationEnvironmentApiRevisionDeploymentGenerateUndeployChangeReportCall (line 43058) - compile ... ok
[INFO] [stdout] test src/api.rs - api::OrganizationEnvironmentDeleteCall (line 62705) - compile ... ok
[INFO] [stdout] test src/api.rs - api::OrganizationEnvironmentGetApiSecurityRuntimeConfigCall (line 63227) - compile ... ok
[INFO] [stdout] test src/api.rs - api::OrganizationEnvironmentArchiveDeploymentGetCall (line 45284) - compile ... ok
[INFO] [stdout] test src/api.rs - api::OrganizationEnvironmentFlowhookGetCall (line 47231) - compile ... ok
[INFO] [stdout] test src/api.rs - api::OrganizationEnvironmentGetCall (line 62966) - compile ... ok
[INFO] [stdout] test src/api.rs - api::OrganizationEnvironmentDeploymentListCall (line 46406) - compile ... ok
[INFO] [stdout] test src/api.rs - api::OrganizationEnvironmentGetIamPolicyCall (line 64010) - compile ... ok
[INFO] [stdout] test src/api.rs - api::OrganizationEnvironmentCacheDeleteCall (line 46145) - compile ... ok
[INFO] [stdout] test src/api.rs - api::OrganizationEnvironmentKeystoreAliasGetCertificateCall (line 48626) - compile ... ok
[INFO] [stdout] test src/api.rs - api::OrganizationEnvironmentFlowhookAttachSharedFlowToFlowHookCall (line 46679) - compile ... ok
[INFO] [stdout] test src/api.rs - api::OrganizationEnvironmentKeystoreAliasCsrCall (line 47843) - compile ... ok
[INFO] [stdout] test src/api.rs - api::OrganizationEnvironmentGetDeployedConfigCall (line 63749) - compile ... ok
[INFO] [stdout] test src/api.rs - api::OrganizationEnvironmentFlowhookDetachSharedFlowFromFlowHookCall (line 46970) - compile ... ok
[INFO] [stdout] test src/api.rs - api::OrganizationEnvironmentGetTraceConfigCall (line 64283) - compile ... ok
[INFO] [stdout] test src/api.rs - api::OrganizationEnvironmentKeystoreAliasDeleteCall (line 48104) - compile ... ok
[INFO] [stdout] test src/api.rs - api::OrganizationEnvironmentGetDebugmaskCall (line 63488) - compile ... ok
[INFO] [stdout] test src/api.rs - api::OrganizationEnvironmentKeystoreAliasGetCall (line 48365) - compile ... ok
[INFO] [stdout] test src/api.rs - api::OrganizationEnvironmentKeystoreAliasCreateCall (line 47492) - compile ... ok
[INFO] [stdout] test src/api.rs - api::OrganizationEnvironmentKeystoreDeleteCall (line 49505) - compile ... ok
[INFO] [stdout] test src/api.rs - api::OrganizationEnvironmentKeystoreAliasUpdateCall (line 48887) - compile ... ok
[INFO] [stdout] test src/api.rs - api::OrganizationEnvironmentKeyvaluemapDeleteCall (line 51416) - compile ... ok
[INFO] [stdout] test src/api.rs - api::OrganizationEnvironmentKeyvaluemapEntryCreateCall (line 50027) - compile ... ok
[INFO] [stdout] test src/api.rs - api::OrganizationEnvironmentKeystoreGetCall (line 49766) - compile ... ok
[INFO] [stdout] test src/api.rs - api::OrganizationEnvironmentKeyvaluemapCreateCall (line 51125) - compile ... ok
[INFO] [stdout] test src/api.rs - api::OrganizationEnvironmentKeyvaluemapEntryGetCall (line 50579) - compile ... ok
[INFO] [stdout] test src/api.rs - api::OrganizationEnvironmentKeystoreCreateCall (line 49202) - compile ... ok
[INFO] [stdout] test src/api.rs - api::OrganizationEnvironmentModifyEnvironmentCall (line 64544) - compile ... FAILED
[INFO] [stdout] test src/api.rs - api::OrganizationEnvironmentQueryGetCall (line 52409) - compile ... ok
[INFO] [stdout] test src/api.rs - api::OrganizationEnvironmentKeyvaluemapEntryDeleteCall (line 50318) - compile ... ok
[INFO] [stdout] test src/api.rs - api::OrganizationEnvironmentOptimizedStatGetCall (line 51677) - compile ... ok
[INFO] [stdout] test src/api.rs - api::OrganizationEnvironmentKeyvaluemapEntryListCall (line 50840) - compile ... ok
[INFO] [stdout] test src/api.rs - api::OrganizationEnvironmentReferenceDeleteCall (line 53816) - compile ... ok
[INFO] [stdout] test src/api.rs - api::OrganizationEnvironmentQueryCreateCall (line 52118) - compile ... ok
[INFO] [stdout] test src/api.rs - api::OrganizationEnvironmentReferenceGetCall (line 54077) - compile ... ok
[INFO] [stdout] test src/api.rs - api::OrganizationEnvironmentQueryGetResultCall (line 52670) - compile ... ok
[INFO] [stdout] test src/api.rs - api::OrganizationEnvironmentReferenceCreateCall (line 53525) - compile ... ok
[INFO] [stdout] test src/api.rs - api::OrganizationEnvironmentReferenceUpdateCall (line 54338) - compile ... ok
[INFO] [stdout] test src/api.rs - api::OrganizationEnvironmentQueryGetResulturlCall (line 52931) - compile ... ok
[INFO] [stdout] test src/api.rs - api::OrganizationEnvironmentResourcefileUpdateCall (line 56060) - compile ... ok
[INFO] [stdout] test src/api.rs - api::OrganizationEnvironmentQueryListCall (line 53192) - compile ... ok
[INFO] [stdout] test src/api.rs - api::OrganizationEnvironmentSecurityReportGetResultViewCall (line 57188) - compile ... ok
[INFO] [stdout] test src/api.rs - api::OrganizationEnvironmentResourcefileDeleteCall (line 54944) - compile ... ok
[INFO] [stdout] test src/api.rs - api::OrganizationEnvironmentResourcefileListCall (line 55514) - compile ... ok
[INFO] [stdout] test src/api.rs - api::OrganizationEnvironmentResourcefileCreateCall (line 54629) - compile ... ok
[INFO] [stdout] test src/api.rs - api::OrganizationEnvironmentResourcefileGetCall (line 55229) - compile ... ok
[INFO] [stdout] test src/api.rs - api::OrganizationEnvironmentSecurityReportGetCall (line 56666) - compile ... ok
[INFO] [stdout] test src/api.rs - api::OrganizationEnvironmentSecurityReportListCall (line 57449) - compile ... ok
[INFO] [stdout] test src/api.rs - api::OrganizationEnvironmentSetIamPolicyCall (line 64847) - compile ... ok
[INFO] [stdout] test src/api.rs - api::OrganizationEnvironmentSharedflowRevisionUndeployCall (line 59183) - compile ... ok
[INFO] [stdout] test src/api.rs - api::OrganizationEnvironmentSecurityStatQueryTimeSeriesStatCall (line 58085) - compile ... ok
[INFO] [stdout] test src/api.rs - api::OrganizationEnvironmentSharedflowDeploymentListCall (line 58376) - compile ... ok
[INFO] [stdout] test src/api.rs - api::OrganizationEnvironmentResourcefileListEnvironmentResourceCall (line 55787) - compile ... ok
[INFO] [stdout] test src/api.rs - api::OrganizationEnvironmentSharedflowRevisionDeployCall (line 58637) - compile ... ok
[INFO] [stdout] test src/api.rs - api::OrganizationEnvironmentSecurityReportCreateCall (line 56375) - compile ... ok
[INFO] [stdout] test src/api.rs - api::OrganizationEnvironmentSharedflowRevisionGetDeploymentCall (line 58922) - compile ... ok
[INFO] [stdout] test src/api.rs - api::OrganizationEnvironmentTraceConfigOverrideListCall (line 61814) - compile ... ok
[INFO] [stdout] test src/api.rs - api::OrganizationEnvironmentStatGetCall (line 59444) - compile ... ok
[INFO] [stdout] test src/api.rs - api::OrganizationEnvironmentTargetserverCreateCall (line 59885) - compile ... ok
[INFO] [stdout] test src/api.rs - api::OrganizationEnvironmentSubscribeCall (line 65138) - compile ... ok
[INFO] [stdout] test src/api.rs - api::OrganizationEnvironmentTargetserverUpdateCall (line 60710) - compile ... ok
[INFO] [stdout] test src/api.rs - api::OrganizationEnvironmentSecurityReportGetResultCall (line 56927) - compile ... ok
[INFO] [stdout] test src/api.rs - api::OrganizationEnvironmentTargetserverGetCall (line 60449) - compile ... ok
[INFO] [stdout] test src/api.rs - api::OrganizationEnvironmentTargetserverDeleteCall (line 60188) - compile ... ok
[INFO] [stdout] test src/api.rs - api::OrganizationEnvironmentSecurityStatQueryTabularStatCall (line 57794) - compile ... ok
[INFO] [stdout] test src/api.rs - api::OrganizationEnvironmentTraceConfigOverridePatchCall (line 62099) - compile ... FAILED
[INFO] [stdout] test src/api.rs - api::OrganizationEnvironmentTraceConfigOverrideGetCall (line 61553) - compile ... ok
[INFO] [stdout] test src/api.rs - api::OrganizationEnvironmentTraceConfigOverrideDeleteCall (line 61292) - compile ... ok
[INFO] [stdout] test src/api.rs - api::OrganizationEnvironmentTestIamPermissionCall (line 65399) - compile ... ok
[INFO] [stdout] test src/api.rs - api::OrganizationEnvironmentTraceConfigOverrideCreateCall (line 61001) - compile ... ok
[INFO] [stdout] test src/api.rs - api::OrganizationEnvironmentUpdateDebugmaskCall (line 66272) - compile ... FAILED
[INFO] [stdout] test src/api.rs - api::OrganizationEnvironmentUpdateCall (line 65981) - compile ... ok
[INFO] [stdout] test src/api.rs - api::OrganizationEnvironmentUnsubscribeCall (line 65690) - compile ... ok
[INFO] [stdout] test src/api.rs - api::OrganizationGetCall (line 85282) - compile ... ok
[INFO] [stdout] test src/api.rs - api::OrganizationHostSecurityReportGetCall (line 68891) - compile ... ok
[INFO] [stdout] test src/api.rs - api::OrganizationHostQueryGetResultViewCall (line 67994) - compile ... ok
[INFO] [stdout] test src/api.rs - api::OrganizationEnvironmentUpdateEnvironmentCall (line 66587) - compile ... ok
[INFO] [stdout] test src/api.rs - api::OrganizationGetRuntimeConfigCall (line 86077) - compile ... ok
[INFO] [stdout] test src/api.rs - api::OrganizationHostQueryCreateCall (line 67181) - compile ... ok
[INFO] [stdout] test src/api.rs - api::OrganizationHostQueryListCall (line 68255) - compile ... ok
[INFO] [stdout] test src/api.rs - api::OrganizationGetSyncAuthorizationCall (line 86338) - compile ... ok
[INFO] [stdout] test src/api.rs - api::OrganizationHostQueryGetCall (line 67472) - compile ... ok
[INFO] [stdout] test src/api.rs - api::OrganizationGetProjectMappingCall (line 85816) - compile ... ok
[INFO] [stdout] test src/api.rs - api::OrganizationGetDeployedIngressConfigCall (line 85543) - compile ... ok
[INFO] [stdout] test src/api.rs - api::OrganizationHostQueryGetResultCall (line 67733) - compile ... ok
[INFO] [stdout] test src/api.rs - api::OrganizationEnvironmentUpdateTraceConfigCall (line 66878) - compile ... FAILED
[INFO] [stdout] test src/api.rs - api::OrganizationHostSecurityReportGetResultCall (line 69152) - compile ... ok
[INFO] [stdout] test src/api.rs - api::OrganizationHostStatGetCall (line 70031) - compile ... ok
[INFO] [stdout] test src/api.rs - api::OrganizationHostSecurityReportCreateCall (line 68600) - compile ... ok
[INFO] [stdout] test src/api.rs - api::OrganizationHostSecurityReportGetResultViewCall (line 69413) - compile ... ok
[INFO] [stdout] test src/api.rs - api::OrganizationInstanceAttachmentGetCall (line 71012) - compile ... ok
[INFO] [stdout] test src/api.rs - api::OrganizationInstanceCanaryevaluationGetCall (line 71849) - compile ... ok
[INFO] [stdout] test src/api.rs - api::OrganizationInstanceGetCall (line 74051) - compile ... ok
[INFO] [stdout] test src/api.rs - api::OrganizationHostSecurityReportListCall (line 69674) - compile ... ok
[INFO] [stdout] test src/api.rs - api::OrganizationInstanceAttachmentDeleteCall (line 70751) - compile ... ok
[INFO] [stdout] test src/api.rs - api::OrganizationInstanceListCall (line 74312) - compile ... ok
[INFO] [stdout] test src/api.rs - api::OrganizationInstanceCanaryevaluationCreateCall (line 71558) - compile ... ok
[INFO] [stdout] test src/api.rs - api::OrganizationKeyvaluemapDeleteCall (line 76580) - compile ... ok
[INFO] [stdout] test src/api.rs - api::OrganizationInstanceAttachmentListCall (line 71273) - compile ... ok
[INFO] [stdout] test src/api.rs - api::OrganizationInstanceDeleteCall (line 73790) - compile ... ok
[INFO] [stdout] test src/api.rs - api::OrganizationInstanceAttachmentCreateCall (line 70460) - compile ... ok
[INFO] [stdout] test src/api.rs - api::OrganizationInstanceNatAddressCreateCall (line 72401) - compile ... ok
[INFO] [stdout] test src/api.rs - api::OrganizationInstanceCreateCall (line 73499) - compile ... ok
[INFO] [stdout] test src/api.rs - api::OrganizationInstanceNatAddressDeleteCall (line 72692) - compile ... ok
[INFO] [stdout] test src/api.rs - api::OrganizationInstanceNatAddressActivateCall (line 72110) - compile ... ok
[INFO] [stdout] test src/api.rs - api::OrganizationInstanceNatAddressListCall (line 73214) - compile ... ok
[INFO] [stdout] test src/api.rs - api::OrganizationInstanceNatAddressGetCall (line 72953) - compile ... ok
[INFO] [stdout] test src/api.rs - api::OrganizationKeyvaluemapEntryGetCall (line 75743) - compile ... ok
[INFO] [stdout] test src/api.rs - api::OrganizationKeyvaluemapEntryDeleteCall (line 75482) - compile ... ok
[INFO] [stdout] test src/api.rs - api::OrganizationKeyvaluemapEntryCreateCall (line 75191) - compile ... ok
[INFO] [stdout] test src/api.rs - api::OrganizationInstancePatchCall (line 74597) - compile ... FAILED
[INFO] [stdout] test src/api.rs - api::OrganizationKeyvaluemapCreateCall (line 76289) - compile ... ok
[INFO] [stdout] test src/api.rs - api::OrganizationInstanceReportStatuCall (line 74900) - compile ... ok
[INFO] [stdout] test src/api.rs - api::OrganizationReportDeleteCall (line 78119) - compile ... ok
[INFO] [stdout] test src/api.rs - api::OrganizationReportGetCall (line 78380) - compile ... ok
[INFO] [stdout] test src/api.rs - api::OrganizationOperationGetCall (line 76841) - compile ... ok
[INFO] [stdout] test src/api.rs - api::OrganizationOperationListCall (line 77102) - compile ... ok
[INFO] [stdout] test src/api.rs - api::OrganizationReportListCall (line 78641) - compile ... ok
[INFO] [stdout] test src/api.rs - api::OrganizationMethods (line 7242) - compile ... ok
[INFO] [stdout] test src/api.rs - api::OrganizationReportCreateCall (line 77828) - compile ... ok
[INFO] [stdout] test src/api.rs - api::OrganizationSecurityProfileEnvironmentComputeEnvironmentScoreCall (line 79205) - compile ... ok
[INFO] [stdout] test src/api.rs - api::OrganizationKeyvaluemapEntryListCall (line 76004) - compile ... ok
[INFO] [stdout] test src/api.rs - api::OrganizationOptimizedHostStatGetCall (line 77399) - compile ... ok
[INFO] [stdout] test src/api.rs - api::OrganizationListCall (line 86629) - compile ... ok
[INFO] [stdout] test src/api.rs - api::OrganizationSecurityProfileEnvironmentCreateCall (line 79496) - compile ... ok
[INFO] [stdout] test src/api.rs - api::OrganizationSetAddonCall (line 86890) - compile ... ok
[INFO] [stdout] test src/api.rs - api::OrganizationSecurityProfileGetCall (line 80048) - compile ... ok
[INFO] [stdout] test src/api.rs - api::OrganizationSharedflowRevisionDeleteCall (line 81401) - compile ... ok
[INFO] [stdout] test src/api.rs - api::OrganizationReportUpdateCall (line 78914) - compile ... ok
[INFO] [stdout] test src/api.rs - api::OrganizationSharedflowRevisionGetCall (line 81662) - compile ... ok
[INFO] [stdout] test src/api.rs - api::OrganizationSecurityProfileEnvironmentDeleteCall (line 79787) - compile ... ok
[INFO] [stdout] test src/api.rs - api::OrganizationSharedflowCreateCall (line 82238) - compile ... ok
[INFO] [stdout] test src/api.rs - api::OrganizationSetSyncAuthorizationCall (line 87181) - compile ... ok
[INFO] [stdout] test src/api.rs - api::OrganizationSharedflowDeleteCall (line 82553) - compile ... ok
[INFO] [stdout] test src/api.rs - api::OrganizationSecurityProfileListCall (line 80309) - compile ... ok
[INFO] [stdout] test src/lib.rs - (line 53) ... ignored
[INFO] [stdout] test src/api.rs - api::OrganizationSharedflowDeploymentListCall (line 80879) - compile ... ok
[INFO] [stdout] test src/api.rs - api::OrganizationSharedflowGetCall (line 82814) - compile ... ok
[INFO] [stdout] test src/api.rs - api::OrganizationSharedflowListCall (line 83075) - compile ... ok
[INFO] [stdout] test src/api.rs - api::OrganizationSecurityProfileListRevisionCall (line 80594) - compile ... ok
[INFO] [stdout] test src/api.rs - api::OrganizationSharedflowRevisionUpdateSharedFlowRevisionCall (line 81935) - compile ... ok
[INFO] [stdout] test src/api.rs - api::OrganizationSharedflowRevisionDeploymentListCall (line 81140) - compile ... ok
[INFO] [stdout] test src/api.rs - api::OrganizationSiteApicategoryGetCall (line 83912) - compile ... ok
[INFO] [stdout] test src/api.rs - api::OrganizationUpdateCall (line 87472) - compile ... ok
[INFO] [stdout] test src/api.rs - api::OrganizationSiteApicategoryDeleteCall (line 83651) - compile ... ok
[INFO] [stdout] test src/api.rs - api::OrganizationSiteApicategoryCreateCall (line 83360) - compile ... ok
[INFO] [stdout] test src/api.rs - api::ProjectMethods (line 12240) - compile ... ok
[INFO] [stdout] test src/api.rs - api::OrganizationSiteApicategoryListCall (line 84173) - compile ... ok
[INFO] [stdout] test src/api.rs - api::ProjectProvisionOrganizationCall (line 87763) - compile ... ok
[INFO] [stdout] test src/api.rs - api::OrganizationSiteApicategoryPatchCall (line 84434) - compile ... ok
[INFO] [stderr] error: doctest failed, to rerun pass `--doc`
[INFO] [stdout] test src/lib.rs - (line 101) - compile ... ok
[INFO] [stdout] 
[INFO] [stdout] failures:
[INFO] [stdout] 
[INFO] [stdout] ---- src/api.rs - api::OrganizationApiPatchCall (line 22595) stdout ----
[INFO] [stdout] error[E0308]: mismatched types
[INFO] [stdout]      --> src/api.rs:22619:27
[INFO] [stdout]       |
[INFO] [stdout] 25    |              .update_mask(&Default::default())
[INFO] [stdout]       |               ----------- ^^^^^^^^^^^^^^^^^^^ expected `FieldMask`, found `&_`
[INFO] [stdout]       |               |
[INFO] [stdout]       |               arguments to this method are incorrect
[INFO] [stdout]       |
[INFO] [stdout]       = note: expected struct `FieldMask`
[INFO] [stdout]               found reference `&_`
[INFO] [stdout] note: method defined here
[INFO] [stdout]      --> /opt/rustwide/workdir/src/api.rs:22810:12
[INFO] [stdout]       |
[INFO] [stdout] 22810 |     pub fn update_mask(mut self, new_value: client::FieldMask) -> OrganizationApiPatchCall<'a, S> {
[INFO] [stdout]       |            ^^^^^^^^^^^
[INFO] [stdout] help: consider removing the borrow
[INFO] [stdout]       |
[INFO] [stdout] 25    -              .update_mask(&Default::default())
[INFO] [stdout] 25    +              .update_mask(Default::default())
[INFO] [stdout]       |
[INFO] [stdout] 
[INFO] [stdout] error: aborting due to previous error
[INFO] [stdout] 
[INFO] [stdout] For more information about this error, try `rustc --explain E0308`.
[INFO] [stdout] Couldn't compile the test.
[INFO] [stdout] ---- src/api.rs - api::OrganizationDatacollectorPatchCall (line 24638) stdout ----
[INFO] [stdout] error[E0308]: mismatched types
[INFO] [stdout]      --> src/api.rs:24662:27
[INFO] [stdout]       |
[INFO] [stdout] 25    |              .update_mask(&Default::default())
[INFO] [stdout]       |               ----------- ^^^^^^^^^^^^^^^^^^^ expected `FieldMask`, found `&_`
[INFO] [stdout]       |               |
[INFO] [stdout]       |               arguments to this method are incorrect
[INFO] [stdout]       |
[INFO] [stdout]       = note: expected struct `FieldMask`
[INFO] [stdout]               found reference `&_`
[INFO] [stdout] note: method defined here
[INFO] [stdout]      --> /opt/rustwide/workdir/src/api.rs:24853:12
[INFO] [stdout]       |
[INFO] [stdout] 24853 |     pub fn update_mask(mut self, new_value: client::FieldMask) -> OrganizationDatacollectorPatchCall<'a, S> {
[INFO] [stdout]       |            ^^^^^^^^^^^
[INFO] [stdout] help: consider removing the borrow
[INFO] [stdout]       |
[INFO] [stdout] 25    -              .update_mask(&Default::default())
[INFO] [stdout] 25    +              .update_mask(Default::default())
[INFO] [stdout]       |
[INFO] [stdout] 
[INFO] [stdout] error: aborting due to previous error
[INFO] [stdout] 
[INFO] [stdout] For more information about this error, try `rustc --explain E0308`.
[INFO] [stdout] Couldn't compile the test.
[INFO] [stdout] ---- src/api.rs - api::OrganizationEnvgroupPatchCall (line 39752) stdout ----
[INFO] [stdout] error[E0308]: mismatched types
[INFO] [stdout]      --> src/api.rs:39776:27
[INFO] [stdout]       |
[INFO] [stdout] 25    |              .update_mask(&Default::default())
[INFO] [stdout]       |               ----------- ^^^^^^^^^^^^^^^^^^^ expected `FieldMask`, found `&_`
[INFO] [stdout]       |               |
[INFO] [stdout]       |               arguments to this method are incorrect
[INFO] [stdout]       |
[INFO] [stdout]       = note: expected struct `FieldMask`
[INFO] [stdout]               found reference `&_`
[INFO] [stdout] note: method defined here
[INFO] [stdout]      --> /opt/rustwide/workdir/src/api.rs:39967:12
[INFO] [stdout]       |
[INFO] [stdout] 39967 |     pub fn update_mask(mut self, new_value: client::FieldMask) -> OrganizationEnvgroupPatchCall<'a, S> {
[INFO] [stdout]       |            ^^^^^^^^^^^
[INFO] [stdout] help: consider removing the borrow
[INFO] [stdout]       |
[INFO] [stdout] 25    -              .update_mask(&Default::default())
[INFO] [stdout] 25    +              .update_mask(Default::default())
[INFO] [stdout]       |
[INFO] [stdout] 
[INFO] [stdout] error: aborting due to previous error
[INFO] [stdout] 
[INFO] [stdout] For more information about this error, try `rustc --explain E0308`.
[INFO] [stdout] Couldn't compile the test.
[INFO] [stdout] ---- src/api.rs - api::OrganizationEnvironmentArchiveDeploymentPatchCall (line 45842) stdout ----
[INFO] [stdout] error[E0308]: mismatched types
[INFO] [stdout]      --> src/api.rs:45866:27
[INFO] [stdout]       |
[INFO] [stdout] 25    |              .update_mask(&Default::default())
[INFO] [stdout]       |               ----------- ^^^^^^^^^^^^^^^^^^^ expected `FieldMask`, found `&_`
[INFO] [stdout]       |               |
[INFO] [stdout]       |               arguments to this method are incorrect
[INFO] [stdout]       |
[INFO] [stdout]       = note: expected struct `FieldMask`
[INFO] [stdout]               found reference `&_`
[INFO] [stdout] note: method defined here
[INFO] [stdout]      --> /opt/rustwide/workdir/src/api.rs:46057:12
[INFO] [stdout]       |
[INFO] [stdout] 46057 |     pub fn update_mask(mut self, new_value: client::FieldMask) -> OrganizationEnvironmentArchiveDeploymentPatchCall<'a, S> {
[INFO] [stdout]       |            ^^^^^^^^^^^
[INFO] [stdout] help: consider removing the borrow
[INFO] [stdout]       |
[INFO] [stdout] 25    -              .update_mask(&Default::default())
[INFO] [stdout] 25    +              .update_mask(Default::default())
[INFO] [stdout]       |
[INFO] [stdout] 
[INFO] [stdout] error: aborting due to previous error
[INFO] [stdout] 
[INFO] [stdout] For more information about this error, try `rustc --explain E0308`.
[INFO] [stdout] Couldn't compile the test.
[INFO] [stdout] ---- src/api.rs - api::OrganizationEnvironmentModifyEnvironmentCall (line 64544) stdout ----
[INFO] [stdout] error[E0308]: mismatched types
[INFO] [stdout]      --> src/api.rs:64568:27
[INFO] [stdout]       |
[INFO] [stdout] 25    |              .update_mask(&Default::default())
[INFO] [stdout]       |               ----------- ^^^^^^^^^^^^^^^^^^^ expected `FieldMask`, found `&_`
[INFO] [stdout]       |               |
[INFO] [stdout]       |               arguments to this method are incorrect
[INFO] [stdout]       |
[INFO] [stdout]       = note: expected struct `FieldMask`
[INFO] [stdout]               found reference `&_`
[INFO] [stdout] note: method defined here
[INFO] [stdout]      --> /opt/rustwide/workdir/src/api.rs:64759:12
[INFO] [stdout]       |
[INFO] [stdout] 64759 |     pub fn update_mask(mut self, new_value: client::FieldMask) -> OrganizationEnvironmentModifyEnvironmentCall<'a, S> {
[INFO] [stdout]       |            ^^^^^^^^^^^
[INFO] [stdout] help: consider removing the borrow
[INFO] [stdout]       |
[INFO] [stdout] 25    -              .update_mask(&Default::default())
[INFO] [stdout] 25    +              .update_mask(Default::default())
[INFO] [stdout]       |
[INFO] [stdout] 
[INFO] [stdout] error: aborting due to previous error
[INFO] [stdout] 
[INFO] [stdout] For more information about this error, try `rustc --explain E0308`.
[INFO] [stdout] Couldn't compile the test.
[INFO] [stdout] ---- src/api.rs - api::OrganizationEnvironmentTraceConfigOverridePatchCall (line 62099) stdout ----
[INFO] [stdout] error[E0308]: mismatched types
[INFO] [stdout]      --> src/api.rs:62123:27
[INFO] [stdout]       |
[INFO] [stdout] 25    |              .update_mask(&Default::default())
[INFO] [stdout]       |               ----------- ^^^^^^^^^^^^^^^^^^^ expected `FieldMask`, found `&_`
[INFO] [stdout]       |               |
[INFO] [stdout]       |               arguments to this method are incorrect
[INFO] [stdout]       |
[INFO] [stdout]       = note: expected struct `FieldMask`
[INFO] [stdout]               found reference `&_`
[INFO] [stdout] note: method defined here
[INFO] [stdout]      --> /opt/rustwide/workdir/src/api.rs:62314:12
[INFO] [stdout]       |
[INFO] [stdout] 62314 |     pub fn update_mask(mut self, new_value: client::FieldMask) -> OrganizationEnvironmentTraceConfigOverridePatchCall<'a, S> {
[INFO] [stdout]       |            ^^^^^^^^^^^
[INFO] [stdout] help: consider removing the borrow
[INFO] [stdout]       |
[INFO] [stdout] 25    -              .update_mask(&Default::default())
[INFO] [stdout] 25    +              .update_mask(Default::default())
[INFO] [stdout]       |
[INFO] [stdout] 
[INFO] [stdout] error: aborting due to previous error
[INFO] [stdout] 
[INFO] [stdout] For more information about this error, try `rustc --explain E0308`.
[INFO] [stdout] Couldn't compile the test.
[INFO] [stdout] ---- src/api.rs - api::OrganizationEnvironmentUpdateDebugmaskCall (line 66272) stdout ----
[INFO] [stdout] error[E0308]: mismatched types
[INFO] [stdout]      --> src/api.rs:66296:27
[INFO] [stdout]       |
[INFO] [stdout] 25    |              .update_mask(&Default::default())
[INFO] [stdout]       |               ----------- ^^^^^^^^^^^^^^^^^^^ expected `FieldMask`, found `&_`
[INFO] [stdout]       |               |
[INFO] [stdout]       |               arguments to this method are incorrect
[INFO] [stdout]       |
[INFO] [stdout]       = note: expected struct `FieldMask`
[INFO] [stdout]               found reference `&_`
[INFO] [stdout] note: method defined here
[INFO] [stdout]      --> /opt/rustwide/workdir/src/api.rs:66492:12
[INFO] [stdout]       |
[INFO] [stdout] 66492 |     pub fn update_mask(mut self, new_value: client::FieldMask) -> OrganizationEnvironmentUpdateDebugmaskCall<'a, S> {
[INFO] [stdout]       |            ^^^^^^^^^^^
[INFO] [stdout] help: consider removing the borrow
[INFO] [stdout]       |
[INFO] [stdout] 25    -              .update_mask(&Default::default())
[INFO] [stdout] 25    +              .update_mask(Default::default())
[INFO] [stdout]       |
[INFO] [stdout] 
[INFO] [stdout] error: aborting due to previous error
[INFO] [stdout] 
[INFO] [stdout] For more information about this error, try `rustc --explain E0308`.
[INFO] [stdout] Couldn't compile the test.
[INFO] [stdout] ---- src/api.rs - api::OrganizationEnvironmentUpdateTraceConfigCall (line 66878) stdout ----
[INFO] [stdout] error[E0308]: mismatched types
[INFO] [stdout]      --> src/api.rs:66902:27
[INFO] [stdout]       |
[INFO] [stdout] 25    |              .update_mask(&Default::default())
[INFO] [stdout]       |               ----------- ^^^^^^^^^^^^^^^^^^^ expected `FieldMask`, found `&_`
[INFO] [stdout]       |               |
[INFO] [stdout]       |               arguments to this method are incorrect
[INFO] [stdout]       |
[INFO] [stdout]       = note: expected struct `FieldMask`
[INFO] [stdout]               found reference `&_`
[INFO] [stdout] note: method defined here
[INFO] [stdout]      --> /opt/rustwide/workdir/src/api.rs:67093:12
[INFO] [stdout]       |
[INFO] [stdout] 67093 |     pub fn update_mask(mut self, new_value: client::FieldMask) -> OrganizationEnvironmentUpdateTraceConfigCall<'a, S> {
[INFO] [stdout]       |            ^^^^^^^^^^^
[INFO] [stdout] help: consider removing the borrow
[INFO] [stdout]       |
[INFO] [stdout] 25    -              .update_mask(&Default::default())
[INFO] [stdout] 25    +              .update_mask(Default::default())
[INFO] [stdout]       |
[INFO] [stdout] 
[INFO] [stdout] error: aborting due to previous error
[INFO] [stdout] 
[INFO] [stdout] For more information about this error, try `rustc --explain E0308`.
[INFO] [stdout] Couldn't compile the test.
[INFO] [stdout] ---- src/api.rs - api::OrganizationInstancePatchCall (line 74597) stdout ----
[INFO] [stdout] error[E0308]: mismatched types
[INFO] [stdout]      --> src/api.rs:74621:27
[INFO] [stdout]       |
[INFO] [stdout] 25    |              .update_mask(&Default::default())
[INFO] [stdout]       |               ----------- ^^^^^^^^^^^^^^^^^^^ expected `FieldMask`, found `&_`
[INFO] [stdout]       |               |
[INFO] [stdout]       |               arguments to this method are incorrect
[INFO] [stdout]       |
[INFO] [stdout]       = note: expected struct `FieldMask`
[INFO] [stdout]               found reference `&_`
[INFO] [stdout] note: method defined here
[INFO] [stdout]      --> /opt/rustwide/workdir/src/api.rs:74812:12
[INFO] [stdout]       |
[INFO] [stdout] 74812 |     pub fn update_mask(mut self, new_value: client::FieldMask) -> OrganizationInstancePatchCall<'a, S> {
[INFO] [stdout]       |            ^^^^^^^^^^^
[INFO] [stdout] help: consider removing the borrow
[INFO] [stdout]       |
[INFO] [stdout] 25    -              .update_mask(&Default::default())
[INFO] [stdout] 25    +              .update_mask(Default::default())
[INFO] [stdout]       |
[INFO] [stdout] 
[INFO] [stdout] error: aborting due to previous error
[INFO] [stdout] 
[INFO] [stdout] For more information about this error, try `rustc --explain E0308`.
[INFO] [stdout] Couldn't compile the test.
[INFO] [stdout] 
[INFO] [stdout] failures:
[INFO] [stdout]     src/api.rs - api::OrganizationApiPatchCall (line 22595)
[INFO] [stdout]     src/api.rs - api::OrganizationDatacollectorPatchCall (line 24638)
[INFO] [stdout]     src/api.rs - api::OrganizationEnvgroupPatchCall (line 39752)
[INFO] [stdout]     src/api.rs - api::OrganizationEnvironmentArchiveDeploymentPatchCall (line 45842)
[INFO] [stdout]     src/api.rs - api::OrganizationEnvironmentModifyEnvironmentCall (line 64544)
[INFO] [stdout]     src/api.rs - api::OrganizationEnvironmentTraceConfigOverridePatchCall (line 62099)
[INFO] [stdout]     src/api.rs - api::OrganizationEnvironmentUpdateDebugmaskCall (line 66272)
[INFO] [stdout]     src/api.rs - api::OrganizationEnvironmentUpdateTraceConfigCall (line 66878)
[INFO] [stdout]     src/api.rs - api::OrganizationInstancePatchCall (line 74597)
[INFO] [stdout] 
[INFO] [stdout] test result: FAILED. 265 passed; 9 failed; 1 ignored; 0 measured; 0 filtered out; finished in 8.19s
[INFO] [stdout] 
[INFO] running `Command { std: "docker" "inspect" "ce64ff5d7dae8b780d3c20d933aedd7effaedb0eb35cbcad641bc222c357069e", kill_on_drop: false }`
[INFO] running `Command { std: "docker" "rm" "-f" "ce64ff5d7dae8b780d3c20d933aedd7effaedb0eb35cbcad641bc222c357069e", kill_on_drop: false }`
[INFO] [stdout] ce64ff5d7dae8b780d3c20d933aedd7effaedb0eb35cbcad641bc222c357069e
