[INFO] fetching crate google-androidpublisher3 5.0.2+20230124...
[INFO] testing google-androidpublisher3-5.0.2+20230124 against 1.69.0 for beta-1.70-1
[INFO] extracting crate google-androidpublisher3 5.0.2+20230124 into /workspace/builds/worker-3-tc1/source
[INFO] validating manifest of crates.io crate google-androidpublisher3 5.0.2+20230124 on toolchain 1.69.0
[INFO] running `Command { std: CARGO_HOME="/workspace/cargo-home" RUSTUP_HOME="/workspace/rustup-home" "/workspace/cargo-home/bin/cargo" "+1.69.0" "metadata" "--manifest-path" "Cargo.toml" "--no-deps", kill_on_drop: false }`
[INFO] started tweaking crates.io crate google-androidpublisher3 5.0.2+20230124
[INFO] finished tweaking crates.io crate google-androidpublisher3 5.0.2+20230124
[INFO] tweaked toml for crates.io crate google-androidpublisher3 5.0.2+20230124 written to /workspace/builds/worker-3-tc1/source/Cargo.toml
[INFO] running `Command { std: CARGO_HOME="/workspace/cargo-home" RUSTUP_HOME="/workspace/rustup-home" __CARGO_TEST_CHANNEL_OVERRIDE_DO_NOT_USE_THIS="nightly" "/workspace/cargo-home/bin/cargo" "+1.69.0" "generate-lockfile" "--manifest-path" "Cargo.toml" "-Zno-index-update", kill_on_drop: false }`
[INFO] running `Command { std: CARGO_HOME="/workspace/cargo-home" RUSTUP_HOME="/workspace/rustup-home" "/workspace/cargo-home/bin/cargo" "+1.69.0" "fetch" "--manifest-path" "Cargo.toml", kill_on_drop: false }`
[INFO] [stderr]  Downloading crates ...
[INFO] [stderr]   Downloaded google-apis-common v5.0.4
[INFO] [stderr]   Downloaded yup-oauth2 v8.1.1
[INFO] running `Command { std: "docker" "create" "-v" "/var/lib/crater-agent-workspace/builds/worker-3-tc1/target:/opt/rustwide/target:rw,Z" "-v" "/var/lib/crater-agent-workspace/builds/worker-3-tc1/source:/opt/rustwide/workdir:ro,Z" "-v" "/var/lib/crater-agent-workspace/cargo-home:/opt/rustwide/cargo-home:ro,Z" "-v" "/var/lib/crater-agent-workspace/rustup-home:/opt/rustwide/rustup-home:ro,Z" "-e" "SOURCE_DIR=/opt/rustwide/workdir" "-e" "CARGO_TARGET_DIR=/opt/rustwide/target" "-e" "CARGO_HOME=/opt/rustwide/cargo-home" "-e" "RUSTUP_HOME=/opt/rustwide/rustup-home" "-w" "/opt/rustwide/workdir" "-m" "1610612736" "--user" "0:0" "--network" "none" "ghcr.io/rust-lang/crates-build-env/linux@sha256:5ff2268d62e97bff2cde7d5815dd6ed5b47097566f13b8d0ca110b04b60e07ed" "/opt/rustwide/cargo-home/bin/cargo" "+1.69.0" "metadata" "--no-deps" "--format-version=1", kill_on_drop: false }`
[INFO] [stdout] 5f6f8483dd30904b281404fb5f0c6ca647395c06f5ab7b428e21329e74caa772
[INFO] running `Command { std: "docker" "start" "-a" "5f6f8483dd30904b281404fb5f0c6ca647395c06f5ab7b428e21329e74caa772", kill_on_drop: false }`
[INFO] running `Command { std: "docker" "inspect" "5f6f8483dd30904b281404fb5f0c6ca647395c06f5ab7b428e21329e74caa772", kill_on_drop: false }`
[INFO] running `Command { std: "docker" "rm" "-f" "5f6f8483dd30904b281404fb5f0c6ca647395c06f5ab7b428e21329e74caa772", kill_on_drop: false }`
[INFO] [stdout] 5f6f8483dd30904b281404fb5f0c6ca647395c06f5ab7b428e21329e74caa772
[INFO] running `Command { std: "docker" "create" "-v" "/var/lib/crater-agent-workspace/builds/worker-3-tc1/target:/opt/rustwide/target:rw,Z" "-v" "/var/lib/crater-agent-workspace/builds/worker-3-tc1/source:/opt/rustwide/workdir:ro,Z" "-v" "/var/lib/crater-agent-workspace/cargo-home:/opt/rustwide/cargo-home:ro,Z" "-v" "/var/lib/crater-agent-workspace/rustup-home:/opt/rustwide/rustup-home:ro,Z" "-e" "SOURCE_DIR=/opt/rustwide/workdir" "-e" "CARGO_TARGET_DIR=/opt/rustwide/target" "-e" "CARGO_INCREMENTAL=0" "-e" "RUST_BACKTRACE=full" "-e" "RUSTFLAGS=--cap-lints=warn" "-e" "RUSTDOCFLAGS=--cap-lints=warn" "-e" "CARGO_HOME=/opt/rustwide/cargo-home" "-e" "RUSTUP_HOME=/opt/rustwide/rustup-home" "-w" "/opt/rustwide/workdir" "-m" "1610612736" "--user" "0:0" "--network" "none" "ghcr.io/rust-lang/crates-build-env/linux@sha256:5ff2268d62e97bff2cde7d5815dd6ed5b47097566f13b8d0ca110b04b60e07ed" "/opt/rustwide/cargo-home/bin/cargo" "+1.69.0" "build" "--frozen" "--message-format=json", kill_on_drop: false }`
[INFO] [stdout] 3e0876d662d71a5d3e5ea64c2f17aefcc1532cd8fa434c706c84b5c725560366
[INFO] running `Command { std: "docker" "start" "-a" "3e0876d662d71a5d3e5ea64c2f17aefcc1532cd8fa434c706c84b5c725560366", kill_on_drop: false }`
[INFO] [stderr]     Blocking waiting for file lock on package cache
[INFO] [stderr]    Compiling proc-macro2 v1.0.56
[INFO] [stderr]    Compiling pin-project-lite v0.2.9
[INFO] [stderr]    Compiling futures-core v0.3.28
[INFO] [stderr]    Compiling cc v1.0.79
[INFO] [stderr]    Compiling futures-sink v0.3.28
[INFO] [stderr]    Compiling futures-channel v0.3.28
[INFO] [stderr]    Compiling futures-task v0.3.28
[INFO] [stderr]    Compiling slab v0.4.8
[INFO] [stderr]    Compiling bytes v1.4.0
[INFO] [stderr]    Compiling tokio v1.28.0
[INFO] [stderr]    Compiling futures-util v0.3.28
[INFO] [stderr]    Compiling spin v0.5.2
[INFO] [stderr]    Compiling socket2 v0.4.9
[INFO] [stderr]    Compiling mio v0.8.6
[INFO] [stderr]    Compiling tinyvec_macros v0.1.1
[INFO] [stderr]    Compiling untrusted v0.7.1
[INFO] [stderr]    Compiling futures-io v0.3.28
[INFO] [stderr]    Compiling serde v1.0.160
[INFO] [stderr]    Compiling tinyvec v1.6.0
[INFO] [stderr]    Compiling tracing-core v0.1.30
[INFO] [stderr]    Compiling unicode-bidi v0.3.13
[INFO] [stderr]    Compiling strsim v0.10.0
[INFO] [stderr]    Compiling httparse v1.8.0
[INFO] [stderr]    Compiling http v0.2.9
[INFO] [stderr]    Compiling ident_case v1.0.1
[INFO] [stderr]    Compiling tracing v0.1.37
[INFO] [stderr]    Compiling rustls v0.20.8
[INFO] [stderr]    Compiling num-traits v0.2.15
[INFO] [stderr]    Compiling try-lock v0.2.4
[INFO] [stderr]    Compiling base64 v0.21.0
[INFO] [stderr]    Compiling want v0.3.0
[INFO] [stderr]    Compiling num-integer v0.1.45
[INFO] [stderr]    Compiling tower-service v0.3.2
[INFO] [stderr]    Compiling percent-encoding v2.2.0
[INFO] [stderr]    Compiling unicode-normalization v0.1.22
[INFO] [stderr]    Compiling serde_json v1.0.96
[INFO] [stderr]    Compiling rustls-pemfile v1.0.2
[INFO] [stderr]    Compiling async-trait v0.1.68
[INFO] [stderr]    Compiling httpdate v1.0.2
[INFO] [stderr]    Compiling openssl-probe v0.1.5
[INFO] [stderr]    Compiling anyhow v1.0.71
[INFO] [stderr]    Compiling form_urlencoded v1.1.0
[INFO] [stderr]    Compiling num_threads v0.1.6
[INFO] [stderr]    Compiling quote v1.0.26
[INFO] [stderr]    Compiling rustls-native-certs v0.6.2
[INFO] [stderr]    Compiling either v1.8.1
[INFO] [stderr]    Compiling time-core v0.1.0
[INFO] [stderr]    Compiling matches v0.1.10
[INFO] [stderr]    Compiling base64 v0.13.1
[INFO] [stderr]    Compiling http-body v0.4.5
[INFO] [stderr]    Compiling seahash v4.1.0
[INFO] [stderr]    Compiling percent-encoding v1.0.1
[INFO] [stderr]    Compiling iana-time-zone v0.1.56
[INFO] [stderr]    Compiling mime v0.3.17
[INFO] [stderr]    Compiling syn v2.0.15
[INFO] [stderr]    Compiling itertools v0.10.5
[INFO] [stderr]    Compiling idna v0.3.0
[INFO] [stderr]    Compiling idna v0.1.5
[INFO] [stderr]    Compiling ring v0.16.20
[INFO] [stderr]    Compiling url v1.7.2
[INFO] [stderr]    Compiling url v2.3.1
[INFO] [stderr]    Compiling webpki v0.22.0
[INFO] [stderr]    Compiling sct v0.7.0
[INFO] [stderr]    Compiling darling_core v0.20.0
[INFO] [stderr]    Compiling futures-macro v0.3.28
[INFO] [stderr]    Compiling tokio-macros v2.1.0
[INFO] [stderr]    Compiling serde_derive v1.0.160
[INFO] [stderr]    Compiling darling_macro v0.20.0
[INFO] [stderr]    Compiling darling v0.20.0
[INFO] [stderr]    Compiling serde_with_macros v2.3.3
[INFO] [stderr]    Compiling futures-executor v0.3.28
[INFO] [stderr]    Compiling futures v0.3.28
[INFO] [stderr]    Compiling tokio-util v0.7.8
[INFO] [stderr]    Compiling tokio-rustls v0.23.4
[INFO] [stderr]    Compiling h2 v0.3.18
[INFO] [stderr]    Compiling time v0.3.20
[INFO] [stderr]    Compiling chrono v0.4.24
[INFO] [stderr]    Compiling serde_with v2.3.3
[INFO] [stderr]    Compiling hyper v0.14.26
[INFO] [stderr]    Compiling hyper-rustls v0.23.2
[INFO] [stderr]    Compiling yup-oauth2 v8.1.1
[INFO] [stderr]    Compiling google-apis-common v5.0.4
[INFO] [stderr]    Compiling google-androidpublisher3 v5.0.2+20230124 (/opt/rustwide/workdir)
[INFO] [stderr]     Finished dev [unoptimized + debuginfo] target(s) in 1m 03s
[INFO] running `Command { std: "docker" "inspect" "3e0876d662d71a5d3e5ea64c2f17aefcc1532cd8fa434c706c84b5c725560366", kill_on_drop: false }`
[INFO] running `Command { std: "docker" "rm" "-f" "3e0876d662d71a5d3e5ea64c2f17aefcc1532cd8fa434c706c84b5c725560366", kill_on_drop: false }`
[INFO] [stdout] 3e0876d662d71a5d3e5ea64c2f17aefcc1532cd8fa434c706c84b5c725560366
[INFO] running `Command { std: "docker" "create" "-v" "/var/lib/crater-agent-workspace/builds/worker-3-tc1/target:/opt/rustwide/target:rw,Z" "-v" "/var/lib/crater-agent-workspace/builds/worker-3-tc1/source:/opt/rustwide/workdir:ro,Z" "-v" "/var/lib/crater-agent-workspace/cargo-home:/opt/rustwide/cargo-home:ro,Z" "-v" "/var/lib/crater-agent-workspace/rustup-home:/opt/rustwide/rustup-home:ro,Z" "-e" "SOURCE_DIR=/opt/rustwide/workdir" "-e" "CARGO_TARGET_DIR=/opt/rustwide/target" "-e" "CARGO_INCREMENTAL=0" "-e" "RUST_BACKTRACE=full" "-e" "RUSTFLAGS=--cap-lints=warn" "-e" "RUSTDOCFLAGS=--cap-lints=warn" "-e" "CARGO_HOME=/opt/rustwide/cargo-home" "-e" "RUSTUP_HOME=/opt/rustwide/rustup-home" "-w" "/opt/rustwide/workdir" "-m" "1610612736" "--user" "0:0" "--network" "none" "ghcr.io/rust-lang/crates-build-env/linux@sha256:5ff2268d62e97bff2cde7d5815dd6ed5b47097566f13b8d0ca110b04b60e07ed" "/opt/rustwide/cargo-home/bin/cargo" "+1.69.0" "test" "--frozen" "--no-run" "--message-format=json", kill_on_drop: false }`
[INFO] [stdout] a89bce1598accb2bd6098772bc92618fea6db56fbf399530e56b3222acd01912
[INFO] running `Command { std: "docker" "start" "-a" "a89bce1598accb2bd6098772bc92618fea6db56fbf399530e56b3222acd01912", kill_on_drop: false }`
[INFO] [stderr]    Compiling google-androidpublisher3 v5.0.2+20230124 (/opt/rustwide/workdir)
[INFO] [stderr]     Finished test [unoptimized + debuginfo] target(s) in 9.13s
[INFO] running `Command { std: "docker" "inspect" "a89bce1598accb2bd6098772bc92618fea6db56fbf399530e56b3222acd01912", kill_on_drop: false }`
[INFO] running `Command { std: "docker" "rm" "-f" "a89bce1598accb2bd6098772bc92618fea6db56fbf399530e56b3222acd01912", kill_on_drop: false }`
[INFO] [stdout] a89bce1598accb2bd6098772bc92618fea6db56fbf399530e56b3222acd01912
[INFO] running `Command { std: "docker" "create" "-v" "/var/lib/crater-agent-workspace/builds/worker-3-tc1/target:/opt/rustwide/target:rw,Z" "-v" "/var/lib/crater-agent-workspace/builds/worker-3-tc1/source:/opt/rustwide/workdir:ro,Z" "-v" "/var/lib/crater-agent-workspace/cargo-home:/opt/rustwide/cargo-home:ro,Z" "-v" "/var/lib/crater-agent-workspace/rustup-home:/opt/rustwide/rustup-home:ro,Z" "-e" "SOURCE_DIR=/opt/rustwide/workdir" "-e" "CARGO_TARGET_DIR=/opt/rustwide/target" "-e" "CARGO_INCREMENTAL=0" "-e" "RUST_BACKTRACE=full" "-e" "RUSTFLAGS=--cap-lints=warn" "-e" "RUSTDOCFLAGS=--cap-lints=warn" "-e" "CARGO_HOME=/opt/rustwide/cargo-home" "-e" "RUSTUP_HOME=/opt/rustwide/rustup-home" "-w" "/opt/rustwide/workdir" "-m" "1610612736" "--user" "0:0" "--network" "none" "ghcr.io/rust-lang/crates-build-env/linux@sha256:5ff2268d62e97bff2cde7d5815dd6ed5b47097566f13b8d0ca110b04b60e07ed" "/opt/rustwide/cargo-home/bin/cargo" "+1.69.0" "test" "--frozen", kill_on_drop: false }`
[INFO] [stdout] f4d9780bd08dcbbc6e4156da22a90482908339d17e109f255de4b3680f573059
[INFO] running `Command { std: "docker" "start" "-a" "f4d9780bd08dcbbc6e4156da22a90482908339d17e109f255de4b3680f573059", kill_on_drop: false }`
[INFO] [stderr]     Finished test [unoptimized + debuginfo] target(s) in 0.17s
[INFO] [stderr]      Running unittests src/lib.rs (/opt/rustwide/target/debug/deps/google_androidpublisher3-e30f386535eee399)
[INFO] [stdout] 
[INFO] [stdout] running 0 tests
[INFO] [stdout] 
[INFO] [stdout] test result: ok. 0 passed; 0 failed; 0 ignored; 0 measured; 0 filtered out; finished in 0.00s
[INFO] [stdout] 
[INFO] [stderr]    Doc-tests google-androidpublisher3
[INFO] [stdout] 
[INFO] [stdout] running 107 tests
[INFO] [stdout] test src/api.rs - api::ApplicationMethods (line 3674) - compile ... ok
[INFO] [stdout] test src/api.rs - api::EditBundleUploadCall (line 8205) - compile ... ok
[INFO] [stdout] test src/api.rs - api::EditCountryavailabilityGetCall (line 8612) - compile ... ok
[INFO] [stdout] test src/api.rs - api::EditDeobfuscationfileUploadCall (line 8897) - compile ... ok
[INFO] [stdout] test src/api.rs - api::ApplicationDeviceTierConfigCreateCall (line 6112) - compile ... ok
[INFO] [stdout] test src/api.rs - api::EditCommitCall (line 16667) - compile ... ok
[INFO] [stdout] test src/api.rs - api::EditDetailGetCall (line 9304) - compile ... ok
[INFO] [stdout] test src/api.rs - api::EditBundleListCall (line 7932) - compile ... ok
[INFO] [stdout] test src/api.rs - api::AndroidPublisher (line 58) - compile ... FAILED
[INFO] [stdout] test src/api.rs - api::EditDetailPatchCall (line 9577) - compile ... ok
[INFO] [stdout] test src/api.rs - api::EditApkListCall (line 7276) - compile ... ok
[INFO] [stdout] test src/api.rs - api::EditDeleteCall (line 16952) - compile ... ok
[INFO] [stdout] test src/api.rs - api::ApplicationDeviceTierConfigListCall (line 6688) - compile ... ok
[INFO] [stdout] test src/api.rs - api::EditApkUploadCall (line 7549) - compile ... ok
[INFO] [stdout] test src/api.rs - api::ApplicationDeviceTierConfigGetCall (line 6415) - compile ... ok
[INFO] [stdout] test src/api.rs - api::EditApkAddexternallyhostedCall (line 6973) - compile ... ok
[INFO] [stdout] test src/api.rs - api::EditGetCall (line 17214) - compile ... ok
[INFO] [stdout] test src/api.rs - api::EditExpansionfilePatchCall (line 10480) - compile ... ok
[INFO] [stdout] test src/api.rs - api::EditListingDeleteCall (line 12840) - compile ... ok
[INFO] [stdout] test src/api.rs - api::EditExpansionfileGetCall (line 10183) - compile ... ok
[INFO] [stdout] test src/api.rs - api::EditExpansionfileUpdateCall (line 10807) - compile ... ok
[INFO] [stdout] test src/api.rs - api::EditImageDeleteallCall (line 11839) - compile ... ok
[INFO] [stdout] test src/api.rs - api::EditInsertCall (line 17487) - compile ... ok
[INFO] [stdout] test src/api.rs - api::EditImageListCall (line 12136) - compile ... ok
[INFO] [stdout] test src/api.rs - api::EditImageDeleteCall (line 11541) - compile ... ok
[INFO] [stdout] test src/api.rs - api::EditDetailUpdateCall (line 9880) - compile ... ok
[INFO] [stdout] test src/api.rs - api::EditListingPatchCall (line 13934) - compile ... ok
[INFO] [stdout] test src/api.rs - api::EditExpansionfileUploadCall (line 11134) - compile ... ok
[INFO] [stdout] test src/api.rs - api::EditListingDeleteallCall (line 13114) - compile ... ok
[INFO] [stdout] test src/api.rs - api::EditListingGetCall (line 13376) - compile ... ok
[INFO] [stdout] test src/api.rs - api::EditTesterGetCall (line 14564) - compile ... ok
[INFO] [stdout] test src/api.rs - api::EditListingUpdateCall (line 14249) - compile ... ok
[INFO] [stdout] test src/api.rs - api::EditListingListCall (line 13661) - compile ... ok
[INFO] [stdout] test src/api.rs - api::EditMethods (line 3773) - compile ... ok
[INFO] [stdout] test src/api.rs - api::EditImageUploadCall (line 12433) - compile ... ok
[INFO] [stdout] test src/api.rs - api::EditTesterPatchCall (line 14849) - compile ... ok
[INFO] [stdout] test src/api.rs - api::EditTrackGetCall (line 15479) - compile ... ok
[INFO] [stdout] test src/api.rs - api::EditValidateCall (line 17778) - compile ... ok
[INFO] [stdout] test src/api.rs - api::GeneratedapkDownloadCall (line 18054) - compile ... ok
[INFO] [stdout] test src/api.rs - api::EditTrackPatchCall (line 16037) - compile ... ok
[INFO] [stdout] test src/api.rs - api::InappproductInsertCall (line 19980) - compile ... ok
[INFO] [stdout] test src/api.rs - api::EditTrackListCall (line 15764) - compile ... ok
[INFO] [stdout] test src/api.rs - api::InappproductMethods (line 4761) - compile ... ok
[INFO] [stdout] test src/api.rs - api::GrantPatchCall (line 19142) - compile ... FAILED
[INFO] [stdout] test src/api.rs - api::InappproductDeleteCall (line 19445) - compile ... ok
[INFO] [stdout] test src/api.rs - api::GeneratedapkMethods (line 4583) - compile ... ok
[INFO] [stdout] test src/api.rs - api::EditTrackUpdateCall (line 16352) - compile ... ok
[INFO] [stdout] test src/api.rs - api::InappproductGetCall (line 19707) - compile ... ok
[INFO] [stdout] test src/api.rs - api::GrantDeleteCall (line 18892) - compile ... ok
[INFO] [stdout] test src/api.rs - api::EditTesterUpdateCall (line 15164) - compile ... ok
[INFO] [stdout] test src/api.rs - api::InappproductListCall (line 20283) - compile ... ok
[INFO] [stdout] test src/api.rs - api::GeneratedapkListCall (line 18328) - compile ... ok
[INFO] [stdout] test src/api.rs - api::MonetizationMethods (line 5000) - compile ... ok
[INFO] [stdout] test src/api.rs - api::GrantCreateCall (line 18601) - compile ... ok
[INFO] [stdout] test src/api.rs - api::GrantMethods (line 4664) - compile ... ok
[INFO] [stdout] test src/api.rs - api::MonetizationSubscriptionBasePlanOfferActivateCall (line 21964) - compile ... ok
[INFO] [stdout] test src/api.rs - api::InappproductUpdateCall (line 20895) - compile ... ok
[INFO] [stdout] test src/api.rs - api::InappproductPatchCall (line 20580) - compile ... ok
[INFO] [stdout] test src/api.rs - api::MonetizationSubscriptionBasePlanOfferCreateCall (line 22291) - compile ... ok
[INFO] [stdout] test src/api.rs - api::InternalappsharingartifactMethods (line 4925) - compile ... ok
[INFO] [stdout] test src/api.rs - api::MonetizationConvertRegionPriceCall (line 27196) - compile ... ok
[INFO] [stdout] test src/api.rs - api::MonetizationSubscriptionBasePlanDeactivateCall (line 24515) - compile ... ok
[INFO] [stdout] test src/api.rs - api::InternalappsharingartifactUploadapkCall (line 21222) - compile ... ok
[INFO] [stdout] test src/api.rs - api::MonetizationSubscriptionBasePlanActivateCall (line 24200) - compile ... ok
[INFO] [stdout] test src/api.rs - api::MonetizationSubscriptionBasePlanMigratePriceCall (line 25104) - compile ... ok
[INFO] [stdout] test src/api.rs - api::MonetizationSubscriptionBasePlanOfferGetCall (line 23243) - compile ... ok
[INFO] [stdout] test src/api.rs - api::MonetizationSubscriptionBasePlanOfferListCall (line 23540) - compile ... ok
[INFO] [stdout] test src/api.rs - api::MonetizationSubscriptionBasePlanOfferDeactivateCall (line 22630) - compile ... ok
[INFO] [stdout] test src/api.rs - api::MonetizationSubscriptionArchiveCall (line 25419) - compile ... ok
[INFO] [stdout] test src/api.rs - api::MonetizationSubscriptionCreateCall (line 25722) - compile ... ok
[INFO] [stdout] test src/api.rs - api::MonetizationSubscriptionBasePlanDeleteCall (line 24830) - compile ... ok
[INFO] [stdout] test src/api.rs - api::MonetizationSubscriptionDeleteCall (line 26037) - compile ... ok
[INFO] [stdout] test src/api.rs - api::InternalappsharingartifactUploadbundleCall (line 21593) - compile ... ok
[INFO] [stdout] test src/api.rs - api::MonetizationSubscriptionBasePlanOfferPatchCall (line 23849) - compile ... FAILED
[INFO] [stdout] test src/api.rs - api::MonetizationSubscriptionGetCall (line 26299) - compile ... ok
[INFO] [stdout] test src/api.rs - api::OrderMethods (line 5444) - compile ... ok
[INFO] [stdout] test src/api.rs - api::MonetizationSubscriptionBasePlanOfferDeleteCall (line 22957) - compile ... ok
[INFO] [stdout] test src/api.rs - api::MonetizationSubscriptionListCall (line 26572) - compile ... ok
[INFO] [stdout] test src/api.rs - api::PurchaseSubscriptionRevokeCall (line 29802) - compile ... ok
[INFO] [stdout] test src/api.rs - api::OrderRefundCall (line 27487) - compile ... ok
[INFO] [stdout] test src/api.rs - api::PurchaseMethods (line 5505) - compile ... ok
[INFO] [stdout] test src/api.rs - api::ReviewGetCall (line 30682) - compile ... ok
[INFO] [stdout] test src/api.rs - api::MonetizationSubscriptionPatchCall (line 26869) - compile ... FAILED
[INFO] [stdout] test src/api.rs - api::ReviewListCall (line 30967) - compile ... ok
[INFO] [stdout] test src/api.rs - api::PurchaseSubscriptionCancelCall (line 28654) - compile ... ok
[INFO] [stdout] test src/api.rs - api::PurchaseSubscriptionAcknowledgeCall (line 28350) - compile ... ok
[INFO] [stdout] test src/api.rs - api::PurchaseSubscriptionRefundCall (line 29528) - compile ... ok
[INFO] [stdout] test src/api.rs - api::PurchaseSubscriptionDeferCall (line 28928) - compile ... ok
[INFO] [stdout] test src/api.rs - api::PurchaseSubscriptionGetCall (line 29243) - compile ... ok
[INFO] [stdout] test src/api.rs - api::PurchaseProductAcknowledgeCall (line 27761) - compile ... ok
[INFO] [stdout] test src/api.rs - api::SystemapkVariantCreateCall (line 31579) - compile ... ok
[INFO] [stdout] test src/api.rs - api::ReviewReplyCall (line 31276) - compile ... ok
[INFO] [stdout] test src/api.rs - api::PurchaseProductGetCall (line 28065) - compile ... ok
[INFO] [stdout] test src/lib.rs - (line 86) ... ignored
[INFO] [stdout] test src/api.rs - api::PurchaseSubscriptionsv2GetCall (line 30076) - compile ... ok
[INFO] [stdout] test src/api.rs - api::PurchaseVoidedpurchaseListCall (line 30349) - compile ... ok
[INFO] [stdout] test src/api.rs - api::ReviewMethods (line 5762) - compile ... ok
[INFO] [stdout] test src/api.rs - api::UserDeleteCall (line 33008) - compile ... ok
[INFO] [stdout] test src/api.rs - api::SystemapkVariantDownloadCall (line 31885) - compile ... ok
[INFO] [stdout] test src/api.rs - api::SystemapkVariantListCall (line 32444) - compile ... ok
[INFO] [stdout] test src/api.rs - api::SystemapkVariantGetCall (line 32159) - compile ... ok
[INFO] [stdout] test src/api.rs - api::SystemapkMethods (line 5865) - compile ... ok
[INFO] [stdout] test src/api.rs - api::UserListCall (line 33258) - compile ... ok
[INFO] [stdout] test src/lib.rs - (line 115) - compile ... FAILED
[INFO] [stdout] test src/api.rs - api::UserMethods (line 5988) - compile ... ok
[INFO] [stdout] test src/api.rs - api::UserPatchCall (line 33543) - compile ... FAILED
[INFO] [stdout] test src/api.rs - api::UserCreateCall (line 32717) - compile ... ok
[INFO] [stdout] 
[INFO] [stdout] failures:
[INFO] [stdout] 
[INFO] [stdout] ---- src/api.rs - api::AndroidPublisher (line 58) stdout ----
[INFO] [stdout] error[E0308]: mismatched types
[INFO] [stdout]      --> src/api.rs:90:27
[INFO] [stdout]       |
[INFO] [stdout] 33    |              .update_mask(&Default::default())
[INFO] [stdout]       |               ----------- ^^^^^^^^^^^^^^^^^^^ expected `FieldMask`, found `&_`
[INFO] [stdout]       |               |
[INFO] [stdout]       |               arguments to this method are incorrect
[INFO] [stdout]       |
[INFO] [stdout]       = note: expected struct `FieldMask`
[INFO] [stdout]               found reference `&_`
[INFO] [stdout] note: method defined here
[INFO] [stdout]      --> /opt/rustwide/workdir/src/api.rs:27101:12
[INFO] [stdout]       |
[INFO] [stdout] 27101 |     pub fn update_mask(mut self, new_value: client::FieldMask) -> MonetizationSubscriptionPatchCall<'a, S> {
[INFO] [stdout]       |            ^^^^^^^^^^^
[INFO] [stdout] help: consider removing the borrow
[INFO] [stdout]       |
[INFO] [stdout] 33    -              .update_mask(&Default::default())
[INFO] [stdout] 33    +              .update_mask(Default::default())
[INFO] [stdout]       |
[INFO] [stdout] 
[INFO] [stdout] error: aborting due to previous error
[INFO] [stdout] 
[INFO] [stdout] For more information about this error, try `rustc --explain E0308`.
[INFO] [stdout] Couldn't compile the test.
[INFO] [stdout] ---- src/api.rs - api::GrantPatchCall (line 19142) stdout ----
[INFO] [stdout] error[E0308]: mismatched types
[INFO] [stdout]      --> src/api.rs:19166:27
[INFO] [stdout]       |
[INFO] [stdout] 25    |              .update_mask(&Default::default())
[INFO] [stdout]       |               ----------- ^^^^^^^^^^^^^^^^^^^ expected `FieldMask`, found `&_`
[INFO] [stdout]       |               |
[INFO] [stdout]       |               arguments to this method are incorrect
[INFO] [stdout]       |
[INFO] [stdout]       = note: expected struct `FieldMask`
[INFO] [stdout]               found reference `&_`
[INFO] [stdout] note: method defined here
[INFO] [stdout]      --> /opt/rustwide/workdir/src/api.rs:19357:12
[INFO] [stdout]       |
[INFO] [stdout] 19357 |     pub fn update_mask(mut self, new_value: client::FieldMask) -> GrantPatchCall<'a, S> {
[INFO] [stdout]       |            ^^^^^^^^^^^
[INFO] [stdout] help: consider removing the borrow
[INFO] [stdout]       |
[INFO] [stdout] 25    -              .update_mask(&Default::default())
[INFO] [stdout] 25    +              .update_mask(Default::default())
[INFO] [stdout]       |
[INFO] [stdout] 
[INFO] [stdout] error: aborting due to previous error
[INFO] [stdout] 
[INFO] [stdout] For more information about this error, try `rustc --explain E0308`.
[INFO] [stdout] Couldn't compile the test.
[INFO] [stdout] ---- src/api.rs - api::MonetizationSubscriptionBasePlanOfferPatchCall (line 23849) stdout ----
[INFO] [stdout] error[E0308]: mismatched types
[INFO] [stdout]      --> src/api.rs:23873:27
[INFO] [stdout]       |
[INFO] [stdout] 25    |              .update_mask(&Default::default())
[INFO] [stdout]       |               ----------- ^^^^^^^^^^^^^^^^^^^ expected `FieldMask`, found `&_`
[INFO] [stdout]       |               |
[INFO] [stdout]       |               arguments to this method are incorrect
[INFO] [stdout]       |
[INFO] [stdout]       = note: expected struct `FieldMask`
[INFO] [stdout]               found reference `&_`
[INFO] [stdout] note: method defined here
[INFO] [stdout]      --> /opt/rustwide/workdir/src/api.rs:24105:12
[INFO] [stdout]       |
[INFO] [stdout] 24105 |     pub fn update_mask(mut self, new_value: client::FieldMask) -> MonetizationSubscriptionBasePlanOfferPatchCall<'a, S> {
[INFO] [stdout]       |            ^^^^^^^^^^^
[INFO] [stdout] help: consider removing the borrow
[INFO] [stdout]       |
[INFO] [stdout] 25    -              .update_mask(&Default::default())
[INFO] [stdout] 25    +              .update_mask(Default::default())
[INFO] [stdout]       |
[INFO] [stdout] 
[INFO] [stdout] error: aborting due to previous error
[INFO] [stdout] 
[INFO] [stdout] For more information about this error, try `rustc --explain E0308`.
[INFO] [stdout] Couldn't compile the test.
[INFO] [stdout] ---- src/api.rs - api::MonetizationSubscriptionPatchCall (line 26869) stdout ----
[INFO] [stdout] error[E0308]: mismatched types
[INFO] [stdout]      --> src/api.rs:26893:27
[INFO] [stdout]       |
[INFO] [stdout] 25    |              .update_mask(&Default::default())
[INFO] [stdout]       |               ----------- ^^^^^^^^^^^^^^^^^^^ expected `FieldMask`, found `&_`
[INFO] [stdout]       |               |
[INFO] [stdout]       |               arguments to this method are incorrect
[INFO] [stdout]       |
[INFO] [stdout]       = note: expected struct `FieldMask`
[INFO] [stdout]               found reference `&_`
[INFO] [stdout] note: method defined here
[INFO] [stdout]      --> /opt/rustwide/workdir/src/api.rs:27101:12
[INFO] [stdout]       |
[INFO] [stdout] 27101 |     pub fn update_mask(mut self, new_value: client::FieldMask) -> MonetizationSubscriptionPatchCall<'a, S> {
[INFO] [stdout]       |            ^^^^^^^^^^^
[INFO] [stdout] help: consider removing the borrow
[INFO] [stdout]       |
[INFO] [stdout] 25    -              .update_mask(&Default::default())
[INFO] [stdout] 25    +              .update_mask(Default::default())
[INFO] [stdout]       |
[INFO] [stdout] 
[INFO] [stdout] error: aborting due to previous error
[INFO] [stdout] 
[INFO] [stdout] For more information about this error, try `rustc --explain E0308`.
[INFO] [stdout] Couldn't compile the test.
[INFO] [stdout] ---- src/lib.rs - (line 115) stdout ----
[INFO] [stdout] error[E0308]: mismatched types
[INFO] [stdout]      --> src/lib.rs:147:27
[INFO] [stdout]       |
[INFO] [stdout] 33    |              .update_mask(&Default::default())
[INFO] [stdout]       |               ----------- ^^^^^^^^^^^^^^^^^^^ expected `FieldMask`, found `&_`
[INFO] [stdout]       |               |
[INFO] [stdout]       |               arguments to this method are incorrect
[INFO] [stdout]       |
[INFO] [stdout]       = note: expected struct `FieldMask`
[INFO] [stdout]               found reference `&_`
[INFO] [stdout] note: method defined here
[INFO] [stdout]      --> /opt/rustwide/workdir/src/api.rs:27101:12
[INFO] [stdout]       |
[INFO] [stdout] 27101 |     pub fn update_mask(mut self, new_value: client::FieldMask) -> MonetizationSubscriptionPatchCall<'a, S> {
[INFO] [stdout]       |            ^^^^^^^^^^^
[INFO] [stdout] help: consider removing the borrow
[INFO] [stdout]       |
[INFO] [stdout] 33    -              .update_mask(&Default::default())
[INFO] [stdout] 33    +              .update_mask(Default::default())
[INFO] [stdout]       |
[INFO] [stdout] 
[INFO] [stdout] error: aborting due to previous error
[INFO] [stdout] 
[INFO] [stdout] For more information about this error, try `rustc --explain E0308`.
[INFO] [stdout] Couldn't compile the test.
[INFO] [stdout] ---- src/api.rs - api::UserPatchCall (line 33543) stdout ----
[INFO] [stdout] error[E0308]: mismatched types
[INFO] [stdout]      --> src/api.rs:33567:27
[INFO] [stdout]       |
[INFO] [stdout] 25    |              .update_mask(&Default::default())
[INFO] [stdout]       |               ----------- ^^^^^^^^^^^^^^^^^^^ expected `FieldMask`, found `&_`
[INFO] [stdout]       |               |
[INFO] [stdout]       |               arguments to this method are incorrect
[INFO] [stdout]       |
[INFO] [stdout]       = note: expected struct `FieldMask`
[INFO] [stdout]               found reference `&_`
[INFO] [stdout] note: method defined here
[INFO] [stdout]      --> /opt/rustwide/workdir/src/api.rs:33758:12
[INFO] [stdout]       |
[INFO] [stdout] 33758 |     pub fn update_mask(mut self, new_value: client::FieldMask) -> UserPatchCall<'a, S> {
[INFO] [stdout]       |            ^^^^^^^^^^^
[INFO] [stdout] help: consider removing the borrow
[INFO] [stdout]       |
[INFO] [stdout] 25    -              .update_mask(&Default::default())
[INFO] [stdout] 25    +              .update_mask(Default::default())
[INFO] [stdout]       |
[INFO] [stdout] 
[INFO] [stdout] error: aborting due to previous error
[INFO] [stdout] 
[INFO] [stdout] For more information about this error, try `rustc --explain E0308`.
[INFO] [stdout] Couldn't compile the test.
[INFO] [stdout] 
[INFO] [stdout] failures:
[INFO] [stdout]     src/api.rs - api::AndroidPublisher (line 58)
[INFO] [stdout]     src/api.rs - api::GrantPatchCall (line 19142)
[INFO] [stdout]     src/api.rs - api::MonetizationSubscriptionBasePlanOfferPatchCall (line 23849)
[INFO] [stdout]     src/api.rs - api::MonetizationSubscriptionPatchCall (line 26869)
[INFO] [stdout]     src/api.rs - api::UserPatchCall (line 33543)
[INFO] [stdout]     src/lib.rs - (line 115)
[INFO] [stdout] 
[INFO] [stdout] test result: FAILED. 100 passed; 6 failed; 1 ignored; 0 measured; 0 filtered out; finished in 3.21s
[INFO] [stdout] 
[INFO] [stderr] error: doctest failed, to rerun pass `--doc`
[INFO] running `Command { std: "docker" "inspect" "f4d9780bd08dcbbc6e4156da22a90482908339d17e109f255de4b3680f573059", kill_on_drop: false }`
[INFO] running `Command { std: "docker" "rm" "-f" "f4d9780bd08dcbbc6e4156da22a90482908339d17e109f255de4b3680f573059", kill_on_drop: false }`
[INFO] [stdout] f4d9780bd08dcbbc6e4156da22a90482908339d17e109f255de4b3680f573059
