[INFO] fetching crate google-androidmanagement1 5.0.2+20230119...
[INFO] testing google-androidmanagement1-5.0.2+20230119 against 1.69.0 for beta-1.70-1
[INFO] extracting crate google-androidmanagement1 5.0.2+20230119 into /workspace/builds/worker-6-tc1/source
[INFO] validating manifest of crates.io crate google-androidmanagement1 5.0.2+20230119 on toolchain 1.69.0
[INFO] running `Command { std: CARGO_HOME="/workspace/cargo-home" RUSTUP_HOME="/workspace/rustup-home" "/workspace/cargo-home/bin/cargo" "+1.69.0" "metadata" "--manifest-path" "Cargo.toml" "--no-deps", kill_on_drop: false }`
[INFO] started tweaking crates.io crate google-androidmanagement1 5.0.2+20230119
[INFO] finished tweaking crates.io crate google-androidmanagement1 5.0.2+20230119
[INFO] tweaked toml for crates.io crate google-androidmanagement1 5.0.2+20230119 written to /workspace/builds/worker-6-tc1/source/Cargo.toml
[INFO] running `Command { std: CARGO_HOME="/workspace/cargo-home" RUSTUP_HOME="/workspace/rustup-home" __CARGO_TEST_CHANNEL_OVERRIDE_DO_NOT_USE_THIS="nightly" "/workspace/cargo-home/bin/cargo" "+1.69.0" "generate-lockfile" "--manifest-path" "Cargo.toml" "-Zno-index-update", kill_on_drop: false }`
[INFO] running `Command { std: CARGO_HOME="/workspace/cargo-home" RUSTUP_HOME="/workspace/rustup-home" "/workspace/cargo-home/bin/cargo" "+1.69.0" "fetch" "--manifest-path" "Cargo.toml", kill_on_drop: false }`
[INFO] [stderr]     Blocking waiting for file lock on package cache
[INFO] [stderr]     Blocking waiting for file lock on package cache
[INFO] running `Command { std: "docker" "create" "-v" "/var/lib/crater-agent-workspace/builds/worker-6-tc1/target:/opt/rustwide/target:rw,Z" "-v" "/var/lib/crater-agent-workspace/builds/worker-6-tc1/source:/opt/rustwide/workdir:ro,Z" "-v" "/var/lib/crater-agent-workspace/cargo-home:/opt/rustwide/cargo-home:ro,Z" "-v" "/var/lib/crater-agent-workspace/rustup-home:/opt/rustwide/rustup-home:ro,Z" "-e" "SOURCE_DIR=/opt/rustwide/workdir" "-e" "CARGO_TARGET_DIR=/opt/rustwide/target" "-e" "CARGO_HOME=/opt/rustwide/cargo-home" "-e" "RUSTUP_HOME=/opt/rustwide/rustup-home" "-w" "/opt/rustwide/workdir" "-m" "1610612736" "--user" "0:0" "--network" "none" "ghcr.io/rust-lang/crates-build-env/linux@sha256:5ff2268d62e97bff2cde7d5815dd6ed5b47097566f13b8d0ca110b04b60e07ed" "/opt/rustwide/cargo-home/bin/cargo" "+1.69.0" "metadata" "--no-deps" "--format-version=1", kill_on_drop: false }`
[INFO] [stdout] aa061ec600650b0e6bd3afb6057fc995b833962b01fa184e33f936b1593eb63a
[INFO] running `Command { std: "docker" "start" "-a" "aa061ec600650b0e6bd3afb6057fc995b833962b01fa184e33f936b1593eb63a", kill_on_drop: false }`
[INFO] running `Command { std: "docker" "inspect" "aa061ec600650b0e6bd3afb6057fc995b833962b01fa184e33f936b1593eb63a", kill_on_drop: false }`
[INFO] running `Command { std: "docker" "rm" "-f" "aa061ec600650b0e6bd3afb6057fc995b833962b01fa184e33f936b1593eb63a", kill_on_drop: false }`
[INFO] [stdout] aa061ec600650b0e6bd3afb6057fc995b833962b01fa184e33f936b1593eb63a
[INFO] running `Command { std: "docker" "create" "-v" "/var/lib/crater-agent-workspace/builds/worker-6-tc1/target:/opt/rustwide/target:rw,Z" "-v" "/var/lib/crater-agent-workspace/builds/worker-6-tc1/source:/opt/rustwide/workdir:ro,Z" "-v" "/var/lib/crater-agent-workspace/cargo-home:/opt/rustwide/cargo-home:ro,Z" "-v" "/var/lib/crater-agent-workspace/rustup-home:/opt/rustwide/rustup-home:ro,Z" "-e" "SOURCE_DIR=/opt/rustwide/workdir" "-e" "CARGO_TARGET_DIR=/opt/rustwide/target" "-e" "CARGO_INCREMENTAL=0" "-e" "RUST_BACKTRACE=full" "-e" "RUSTFLAGS=--cap-lints=warn" "-e" "RUSTDOCFLAGS=--cap-lints=warn" "-e" "CARGO_HOME=/opt/rustwide/cargo-home" "-e" "RUSTUP_HOME=/opt/rustwide/rustup-home" "-w" "/opt/rustwide/workdir" "-m" "1610612736" "--user" "0:0" "--network" "none" "ghcr.io/rust-lang/crates-build-env/linux@sha256:5ff2268d62e97bff2cde7d5815dd6ed5b47097566f13b8d0ca110b04b60e07ed" "/opt/rustwide/cargo-home/bin/cargo" "+1.69.0" "build" "--frozen" "--message-format=json", kill_on_drop: false }`
[INFO] [stdout] cb2cfda3a4a8c08891cf457a1354566858efc6bb893ec70ca6ee6b9badae73d2
[INFO] running `Command { std: "docker" "start" "-a" "cb2cfda3a4a8c08891cf457a1354566858efc6bb893ec70ca6ee6b9badae73d2", kill_on_drop: false }`
[INFO] [stderr]    Compiling proc-macro2 v1.0.56
[INFO] [stderr]    Compiling quote v1.0.26
[INFO] [stderr]    Compiling unicode-ident v1.0.8
[INFO] [stderr]    Compiling autocfg v1.1.0
[INFO] [stderr]    Compiling libc v0.2.142
[INFO] [stderr]    Compiling pin-project-lite v0.2.9
[INFO] [stderr]    Compiling once_cell v1.17.1
[INFO] [stderr]    Compiling log v0.4.17
[INFO] [stderr]    Compiling cfg-if v1.0.0
[INFO] [stderr]    Compiling fnv v1.0.7
[INFO] [stderr]    Compiling futures-core v0.3.28
[INFO] [stderr]    Compiling cc v1.0.79
[INFO] [stderr]    Compiling futures-channel v0.3.28
[INFO] [stderr]    Compiling bytes v1.4.0
[INFO] [stderr]    Compiling futures-task v0.3.28
[INFO] [stderr]    Compiling memchr v2.5.0
[INFO] [stderr]    Compiling futures-sink v0.3.28
[INFO] [stderr]    Compiling futures-util v0.3.28
[INFO] [stderr]    Compiling serde_derive v1.0.160
[INFO] [stderr]    Compiling serde v1.0.160
[INFO] [stderr]    Compiling untrusted v0.7.1
[INFO] [stderr]    Compiling spin v0.5.2
[INFO] [stderr]    Compiling futures-io v0.3.28
[INFO] [stderr]    Compiling slab v0.4.8
[INFO] [stderr]    Compiling tokio v1.28.0
[INFO] [stderr]    Compiling pin-utils v0.1.0
[INFO] [stderr]    Compiling itoa v1.0.6
[INFO] [stderr]    Compiling tinyvec_macros v0.1.1
[INFO] [stderr]    Compiling indexmap v1.9.3
[INFO] [stderr]    Compiling tracing-core v0.1.30
[INFO] [stderr]    Compiling hashbrown v0.12.3
[INFO] [stderr]    Compiling rustls v0.20.8
[INFO] [stderr]    Compiling strsim v0.10.0
[INFO] [stderr]    Compiling httparse v1.8.0
[INFO] [stderr]    Compiling tinyvec v1.6.0
[INFO] [stderr]    Compiling http v0.2.9
[INFO] [stderr]    Compiling ident_case v1.0.1
[INFO] [stderr]    Compiling unicode-bidi v0.3.13
[INFO] [stderr]    Compiling num-traits v0.2.15
[INFO] [stderr]    Compiling base64 v0.21.0
[INFO] [stderr]    Compiling try-lock v0.2.4
[INFO] [stderr]    Compiling num-integer v0.1.45
[INFO] [stderr]    Compiling want v0.3.0
[INFO] [stderr]    Compiling async-trait v0.1.68
[INFO] [stderr]    Compiling tracing v0.1.37
[INFO] [stderr]    Compiling ring v0.16.20
[INFO] [stderr]    Compiling tower-service v0.3.2
[INFO] [stderr]    Compiling httpdate v1.0.2
[INFO] [stderr]    Compiling rustls-pemfile v1.0.2
[INFO] [stderr]    Compiling openssl-probe v0.1.5
[INFO] [stderr]    Compiling anyhow v1.0.71
[INFO] [stderr]    Compiling serde_json v1.0.96
[INFO] [stderr]    Compiling percent-encoding v2.2.0
[INFO] [stderr]    Compiling socket2 v0.4.9
[INFO] [stderr]    Compiling mio v0.8.6
[INFO] [stderr]    Compiling http-body v0.4.5
[INFO] [stderr]    Compiling form_urlencoded v1.1.0
[INFO] [stderr]    Compiling rustls-native-certs v0.6.2
[INFO] [stderr]    Compiling syn v2.0.15
[INFO] [stderr]    Compiling ryu v1.0.13
[INFO] [stderr]    Compiling either v1.8.1
[INFO] [stderr]    Compiling matches v0.1.10
[INFO] [stderr]    Compiling num_threads v0.1.6
[INFO] [stderr]    Compiling time-core v0.1.0
[INFO] [stderr]    Compiling percent-encoding v1.0.1
[INFO] [stderr]    Compiling seahash v4.1.0
[INFO] [stderr]    Compiling base64 v0.13.1
[INFO] [stderr]    Compiling unicode-normalization v0.1.22
[INFO] [stderr]    Compiling itertools v0.10.5
[INFO] [stderr]    Compiling iana-time-zone v0.1.56
[INFO] [stderr]    Compiling mime v0.3.17
[INFO] [stderr]    Compiling idna v0.3.0
[INFO] [stderr]    Compiling idna v0.1.5
[INFO] [stderr]    Compiling url v1.7.2
[INFO] [stderr]    Compiling url v2.3.1
[INFO] [stderr]    Compiling sct v0.7.0
[INFO] [stderr]    Compiling webpki v0.22.0
[INFO] [stderr]    Compiling darling_core v0.20.0
[INFO] [stderr]    Compiling tokio-macros v2.1.0
[INFO] [stderr]    Compiling futures-macro v0.3.28
[INFO] [stderr]    Compiling darling_macro v0.20.0
[INFO] [stderr]    Compiling darling v0.20.0
[INFO] [stderr]    Compiling serde_with_macros v2.3.3
[INFO] [stderr]    Compiling futures-executor v0.3.28
[INFO] [stderr]    Compiling futures v0.3.28
[INFO] [stderr]    Compiling tokio-util v0.7.8
[INFO] [stderr]    Compiling tokio-rustls v0.23.4
[INFO] [stderr]    Compiling h2 v0.3.18
[INFO] [stderr]    Compiling time v0.3.20
[INFO] [stderr]    Compiling chrono v0.4.24
[INFO] [stderr]    Compiling serde_with v2.3.3
[INFO] [stderr]    Compiling hyper v0.14.26
[INFO] [stderr]    Compiling hyper-rustls v0.23.2
[INFO] [stderr]    Compiling yup-oauth2 v8.1.1
[INFO] [stderr]    Compiling google-apis-common v5.0.4
[INFO] [stderr]    Compiling google-androidmanagement1 v5.0.2+20230119 (/opt/rustwide/workdir)
[INFO] [stderr]     Finished dev [unoptimized + debuginfo] target(s) in 1m 28s
[INFO] running `Command { std: "docker" "inspect" "cb2cfda3a4a8c08891cf457a1354566858efc6bb893ec70ca6ee6b9badae73d2", kill_on_drop: false }`
[INFO] running `Command { std: "docker" "rm" "-f" "cb2cfda3a4a8c08891cf457a1354566858efc6bb893ec70ca6ee6b9badae73d2", kill_on_drop: false }`
[INFO] [stdout] cb2cfda3a4a8c08891cf457a1354566858efc6bb893ec70ca6ee6b9badae73d2
[INFO] running `Command { std: "docker" "create" "-v" "/var/lib/crater-agent-workspace/builds/worker-6-tc1/target:/opt/rustwide/target:rw,Z" "-v" "/var/lib/crater-agent-workspace/builds/worker-6-tc1/source:/opt/rustwide/workdir:ro,Z" "-v" "/var/lib/crater-agent-workspace/cargo-home:/opt/rustwide/cargo-home:ro,Z" "-v" "/var/lib/crater-agent-workspace/rustup-home:/opt/rustwide/rustup-home:ro,Z" "-e" "SOURCE_DIR=/opt/rustwide/workdir" "-e" "CARGO_TARGET_DIR=/opt/rustwide/target" "-e" "CARGO_INCREMENTAL=0" "-e" "RUST_BACKTRACE=full" "-e" "RUSTFLAGS=--cap-lints=warn" "-e" "RUSTDOCFLAGS=--cap-lints=warn" "-e" "CARGO_HOME=/opt/rustwide/cargo-home" "-e" "RUSTUP_HOME=/opt/rustwide/rustup-home" "-w" "/opt/rustwide/workdir" "-m" "1610612736" "--user" "0:0" "--network" "none" "ghcr.io/rust-lang/crates-build-env/linux@sha256:5ff2268d62e97bff2cde7d5815dd6ed5b47097566f13b8d0ca110b04b60e07ed" "/opt/rustwide/cargo-home/bin/cargo" "+1.69.0" "test" "--frozen" "--no-run" "--message-format=json", kill_on_drop: false }`
[INFO] [stdout] b2c65c7aef34bc33b840d209efa081b1330d603cbe4c42b46c783055d07eb0aa
[INFO] running `Command { std: "docker" "start" "-a" "b2c65c7aef34bc33b840d209efa081b1330d603cbe4c42b46c783055d07eb0aa", kill_on_drop: false }`
[INFO] [stderr]    Compiling google-androidmanagement1 v5.0.2+20230119 (/opt/rustwide/workdir)
[INFO] [stderr]     Finished test [unoptimized + debuginfo] target(s) in 7.61s
[INFO] running `Command { std: "docker" "inspect" "b2c65c7aef34bc33b840d209efa081b1330d603cbe4c42b46c783055d07eb0aa", kill_on_drop: false }`
[INFO] running `Command { std: "docker" "rm" "-f" "b2c65c7aef34bc33b840d209efa081b1330d603cbe4c42b46c783055d07eb0aa", kill_on_drop: false }`
[INFO] [stdout] b2c65c7aef34bc33b840d209efa081b1330d603cbe4c42b46c783055d07eb0aa
[INFO] running `Command { std: "docker" "create" "-v" "/var/lib/crater-agent-workspace/builds/worker-6-tc1/target:/opt/rustwide/target:rw,Z" "-v" "/var/lib/crater-agent-workspace/builds/worker-6-tc1/source:/opt/rustwide/workdir:ro,Z" "-v" "/var/lib/crater-agent-workspace/cargo-home:/opt/rustwide/cargo-home:ro,Z" "-v" "/var/lib/crater-agent-workspace/rustup-home:/opt/rustwide/rustup-home:ro,Z" "-e" "SOURCE_DIR=/opt/rustwide/workdir" "-e" "CARGO_TARGET_DIR=/opt/rustwide/target" "-e" "CARGO_INCREMENTAL=0" "-e" "RUST_BACKTRACE=full" "-e" "RUSTFLAGS=--cap-lints=warn" "-e" "RUSTDOCFLAGS=--cap-lints=warn" "-e" "CARGO_HOME=/opt/rustwide/cargo-home" "-e" "RUSTUP_HOME=/opt/rustwide/rustup-home" "-w" "/opt/rustwide/workdir" "-m" "1610612736" "--user" "0:0" "--network" "none" "ghcr.io/rust-lang/crates-build-env/linux@sha256:5ff2268d62e97bff2cde7d5815dd6ed5b47097566f13b8d0ca110b04b60e07ed" "/opt/rustwide/cargo-home/bin/cargo" "+1.69.0" "test" "--frozen", kill_on_drop: false }`
[INFO] [stdout] 829ad1af4384fddd2712fc93f61583d7152481d2bb4a989683c32df962d40f18
[INFO] running `Command { std: "docker" "start" "-a" "829ad1af4384fddd2712fc93f61583d7152481d2bb4a989683c32df962d40f18", kill_on_drop: false }`
[INFO] [stderr]     Blocking waiting for file lock on package cache
[INFO] [stderr]     Finished test [unoptimized + debuginfo] target(s) in 0.23s
[INFO] [stderr]      Running unittests src/lib.rs (/opt/rustwide/target/debug/deps/google_androidmanagement1-2e3b50bab84b05ec)
[INFO] [stdout] 
[INFO] [stdout] running 0 tests
[INFO] [stdout] 
[INFO] [stdout] test result: ok. 0 passed; 0 failed; 0 ignored; 0 measured; 0 filtered out; finished in 0.00s
[INFO] [stdout] 
[INFO] [stderr]    Doc-tests google-androidmanagement1
[INFO] [stdout] 
[INFO] [stdout] running 35 tests
[INFO] [stdout] test src/api.rs - api::EnterpriseDeviceGetCall (line 5397) - compile ... ok
[INFO] [stdout] test src/api.rs - api::EnterpriseApplicationGetCall (line 3756) - compile ... ok
[INFO] [stdout] test src/api.rs - api::EnterpriseDeviceIssueCommandCall (line 5658) - compile ... ok
[INFO] [stdout] test src/api.rs - api::EnterpriseCreateCall (line 10437) - compile ... ok
[INFO] [stdout] test src/api.rs - api::EnterpriseEnrollmentTokenGetCall (line 7089) - compile ... ok
[INFO] [stdout] test src/api.rs - api::EnterpriseEnrollmentTokenCreateCall (line 6537) - compile ... ok
[INFO] [stdout] test src/api.rs - api::EnterpriseDeviceOperationGetCall (line 4551) - compile ... ok
[INFO] [stdout] test src/api.rs - api::EnterpriseDeviceListCall (line 5949) - compile ... ok
[INFO] [stdout] test src/api.rs - api::EnterpriseDeviceOperationDeleteCall (line 4290) - compile ... ok
[INFO] [stdout] test src/api.rs - api::EnterpriseDeviceOperationListCall (line 4812) - compile ... ok
[INFO] [stdout] test src/api.rs - api::EnterpriseDeviceOperationCancelCall (line 4029) - compile ... ok
[INFO] [stdout] test src/api.rs - api::EnterpriseDevicePatchCall (line 6234) - compile ... FAILED
[INFO] [stdout] test src/api.rs - api::EnterpriseEnrollmentTokenListCall (line 7350) - compile ... ok
[INFO] [stdout] test src/api.rs - api::AndroidManagement (line 58) - compile ... ok
[INFO] [stdout] test src/api.rs - api::EnterpriseDeleteCall (line 10757) - compile ... ok
[INFO] [stdout] test src/api.rs - api::EnterpriseEnrollmentTokenDeleteCall (line 6828) - compile ... ok
[INFO] [stdout] test src/api.rs - api::EnterpriseDeviceDeleteCall (line 5109) - compile ... ok
[INFO] [stdout] test src/api.rs - api::EnterpriseListCall (line 11279) - compile ... ok
[INFO] [stdout] test src/api.rs - api::EnterpriseGetCall (line 11018) - compile ... ok
[INFO] [stdout] test src/lib.rs - (line 51) ... ignored
[INFO] [stdout] test src/api.rs - api::EnterprisePolicyPatchCall (line 8442) - compile ... FAILED
[INFO] [stdout] test src/api.rs - api::EnterprisePolicyGetCall (line 7896) - compile ... ok
[INFO] [stdout] test src/api.rs - api::EnterpriseWebAppCreateCall (line 8745) - compile ... ok
[INFO] [stdout] test src/api.rs - api::EnterprisePolicyDeleteCall (line 7635) - compile ... ok
[INFO] [stdout] test src/api.rs - api::EnterprisePatchCall (line 11569) - compile ... FAILED
[INFO] [stdout] test src/api.rs - api::EnterprisePolicyListCall (line 8157) - compile ... ok
[INFO] [stdout] test src/api.rs - api::EnterpriseMethods (line 3122) - compile ... ok
[INFO] [stdout] test src/api.rs - api::EnterpriseWebAppDeleteCall (line 9036) - compile ... ok
[INFO] [stdout] test src/api.rs - api::EnterpriseWebAppListCall (line 9558) - compile ... ok
[INFO] [stdout] test src/api.rs - api::SignupUrlCreateCall (line 11872) - compile ... ok
[INFO] [stdout] test src/lib.rs - (line 103) - compile ... ok
[INFO] [stdout] test src/api.rs - api::EnterpriseWebAppGetCall (line 9297) - compile ... ok
[INFO] [stdout] test src/api.rs - api::EnterpriseWebAppPatchCall (line 9843) - compile ... FAILED
[INFO] [stdout] test src/api.rs - api::EnterpriseWebTokenCreateCall (line 10146) - compile ... ok
[INFO] [stdout] test src/api.rs - api::SignupUrlMethods (line 3693) - compile ... ok
[INFO] [stdout] 
[INFO] [stdout] failures:
[INFO] [stdout] 
[INFO] [stdout] ---- src/api.rs - api::EnterpriseDevicePatchCall (line 6234) stdout ----
[INFO] [stdout] error[E0308]: mismatched types
[INFO] [stdout]     --> src/api.rs:6258:27
[INFO] [stdout]      |
[INFO] [stdout] 25   |              .update_mask(&Default::default())
[INFO] [stdout]      |               ----------- ^^^^^^^^^^^^^^^^^^^ expected `FieldMask`, found `&_`
[INFO] [stdout]      |               |
[INFO] [stdout]      |               arguments to this method are incorrect
[INFO] [stdout]      |
[INFO] [stdout]      = note: expected struct `FieldMask`
[INFO] [stdout]              found reference `&_`
[INFO] [stdout] note: method defined here
[INFO] [stdout]     --> /opt/rustwide/workdir/src/api.rs:6449:12
[INFO] [stdout]      |
[INFO] [stdout] 6449 |     pub fn update_mask(mut self, new_value: client::FieldMask) -> EnterpriseDevicePatchCall<'a, S> {
[INFO] [stdout]      |            ^^^^^^^^^^^
[INFO] [stdout] help: consider removing the borrow
[INFO] [stdout]      |
[INFO] [stdout] 25   -              .update_mask(&Default::default())
[INFO] [stdout] 25   +              .update_mask(Default::default())
[INFO] [stdout]      |
[INFO] [stdout] 
[INFO] [stdout] error: aborting due to previous error
[INFO] [stdout] 
[INFO] [stdout] For more information about this error, try `rustc --explain E0308`.
[INFO] [stdout] Couldn't compile the test.
[INFO] [stdout] ---- src/api.rs - api::EnterprisePolicyPatchCall (line 8442) stdout ----
[INFO] [stdout] error[E0308]: mismatched types
[INFO] [stdout]     --> src/api.rs:8466:27
[INFO] [stdout]      |
[INFO] [stdout] 25   |              .update_mask(&Default::default())
[INFO] [stdout]      |               ----------- ^^^^^^^^^^^^^^^^^^^ expected `FieldMask`, found `&_`
[INFO] [stdout]      |               |
[INFO] [stdout]      |               arguments to this method are incorrect
[INFO] [stdout]      |
[INFO] [stdout]      = note: expected struct `FieldMask`
[INFO] [stdout]              found reference `&_`
[INFO] [stdout] note: method defined here
[INFO] [stdout]     --> /opt/rustwide/workdir/src/api.rs:8657:12
[INFO] [stdout]      |
[INFO] [stdout] 8657 |     pub fn update_mask(mut self, new_value: client::FieldMask) -> EnterprisePolicyPatchCall<'a, S> {
[INFO] [stdout]      |            ^^^^^^^^^^^
[INFO] [stdout] help: consider removing the borrow
[INFO] [stdout]      |
[INFO] [stdout] 25   -              .update_mask(&Default::default())
[INFO] [stdout] 25   +              .update_mask(Default::default())
[INFO] [stdout]      |
[INFO] [stdout] 
[INFO] [stdout] error: aborting due to previous error
[INFO] [stdout] 
[INFO] [stdout] For more information about this error, try `rustc --explain E0308`.
[INFO] [stdout] Couldn't compile the test.
[INFO] [stdout] ---- src/api.rs - api::EnterprisePatchCall (line 11569) stdout ----
[INFO] [stdout] error[E0308]: mismatched types
[INFO] [stdout]      --> src/api.rs:11593:27
[INFO] [stdout]       |
[INFO] [stdout] 25    |              .update_mask(&Default::default())
[INFO] [stdout]       |               ----------- ^^^^^^^^^^^^^^^^^^^ expected `FieldMask`, found `&_`
[INFO] [stdout]       |               |
[INFO] [stdout]       |               arguments to this method are incorrect
[INFO] [stdout]       |
[INFO] [stdout]       = note: expected struct `FieldMask`
[INFO] [stdout]               found reference `&_`
[INFO] [stdout] note: method defined here
[INFO] [stdout]      --> /opt/rustwide/workdir/src/api.rs:11784:12
[INFO] [stdout]       |
[INFO] [stdout] 11784 |     pub fn update_mask(mut self, new_value: client::FieldMask) -> EnterprisePatchCall<'a, S> {
[INFO] [stdout]       |            ^^^^^^^^^^^
[INFO] [stdout] help: consider removing the borrow
[INFO] [stdout]       |
[INFO] [stdout] 25    -              .update_mask(&Default::default())
[INFO] [stdout] 25    +              .update_mask(Default::default())
[INFO] [stdout]       |
[INFO] [stdout] 
[INFO] [stdout] error: aborting due to previous error
[INFO] [stdout] 
[INFO] [stdout] For more information about this error, try `rustc --explain E0308`.
[INFO] [stdout] Couldn't compile the test.
[INFO] [stdout] ---- src/api.rs - api::EnterpriseWebAppPatchCall (line 9843) stdout ----
[INFO] [stdout] error[E0308]: mismatched types
[INFO] [stdout]      --> src/api.rs:9867:27
[INFO] [stdout]       |
[INFO] [stdout] 25    |              .update_mask(&Default::default())
[INFO] [stdout]       |               ----------- ^^^^^^^^^^^^^^^^^^^ expected `FieldMask`, found `&_`
[INFO] [stdout]       |               |
[INFO] [stdout]       |               arguments to this method are incorrect
[INFO] [stdout]       |
[INFO] [stdout]       = note: expected struct `FieldMask`
[INFO] [stdout]               found reference `&_`
[INFO] [stdout] note: method defined here
[INFO] [stdout]      --> /opt/rustwide/workdir/src/api.rs:10058:12
[INFO] [stdout]       |
[INFO] [stdout] 10058 |     pub fn update_mask(mut self, new_value: client::FieldMask) -> EnterpriseWebAppPatchCall<'a, S> {
[INFO] [stdout]       |            ^^^^^^^^^^^
[INFO] [stdout] help: consider removing the borrow
[INFO] [stdout]       |
[INFO] [stdout] 25    -              .update_mask(&Default::default())
[INFO] [stdout] 25    +              .update_mask(Default::default())
[INFO] [stdout]       |
[INFO] [stdout] 
[INFO] [stdout] error: aborting due to previous error
[INFO] [stdout] 
[INFO] [stdout] For more information about this error, try `rustc --explain E0308`.
[INFO] [stdout] Couldn't compile the test.
[INFO] [stdout] 
[INFO] [stdout] failures:
[INFO] [stdout]     src/api.rs - api::EnterpriseDevicePatchCall (line 6234)
[INFO] [stdout]     src/api.rs - api::EnterprisePatchCall (line 11569)
[INFO] [stdout]     src/api.rs - api::EnterprisePolicyPatchCall (line 8442)
[INFO] [stdout]     src/api.rs - api::EnterpriseWebAppPatchCall (line 9843)
[INFO] [stdout] 
[INFO] [stdout] test result: FAILED. 30 passed; 4 failed; 1 ignored; 0 measured; 0 filtered out; finished in 0.52s
[INFO] [stdout] 
[INFO] [stderr] error: doctest failed, to rerun pass `--doc`
[INFO] running `Command { std: "docker" "inspect" "829ad1af4384fddd2712fc93f61583d7152481d2bb4a989683c32df962d40f18", kill_on_drop: false }`
[INFO] running `Command { std: "docker" "rm" "-f" "829ad1af4384fddd2712fc93f61583d7152481d2bb4a989683c32df962d40f18", kill_on_drop: false }`
[INFO] [stdout] 829ad1af4384fddd2712fc93f61583d7152481d2bb4a989683c32df962d40f18
