[INFO] fetching crate google-analyticsadmin1_alpha 5.0.2+20220307...
[INFO] testing google-analyticsadmin1_alpha-5.0.2+20220307 against 1.69.0 for beta-1.70-1
[INFO] extracting crate google-analyticsadmin1_alpha 5.0.2+20220307 into /workspace/builds/worker-7-tc1/source
[INFO] validating manifest of crates.io crate google-analyticsadmin1_alpha 5.0.2+20220307 on toolchain 1.69.0
[INFO] running `Command { std: CARGO_HOME="/workspace/cargo-home" RUSTUP_HOME="/workspace/rustup-home" "/workspace/cargo-home/bin/cargo" "+1.69.0" "metadata" "--manifest-path" "Cargo.toml" "--no-deps", kill_on_drop: false }`
[INFO] started tweaking crates.io crate google-analyticsadmin1_alpha 5.0.2+20220307
[INFO] finished tweaking crates.io crate google-analyticsadmin1_alpha 5.0.2+20220307
[INFO] tweaked toml for crates.io crate google-analyticsadmin1_alpha 5.0.2+20220307 written to /workspace/builds/worker-7-tc1/source/Cargo.toml
[INFO] running `Command { std: CARGO_HOME="/workspace/cargo-home" RUSTUP_HOME="/workspace/rustup-home" __CARGO_TEST_CHANNEL_OVERRIDE_DO_NOT_USE_THIS="nightly" "/workspace/cargo-home/bin/cargo" "+1.69.0" "generate-lockfile" "--manifest-path" "Cargo.toml" "-Zno-index-update", kill_on_drop: false }`
[INFO] [stderr]     Blocking waiting for file lock on package cache
[INFO] running `Command { std: CARGO_HOME="/workspace/cargo-home" RUSTUP_HOME="/workspace/rustup-home" "/workspace/cargo-home/bin/cargo" "+1.69.0" "fetch" "--manifest-path" "Cargo.toml", kill_on_drop: false }`
[INFO] running `Command { std: "docker" "create" "-v" "/var/lib/crater-agent-workspace/builds/worker-7-tc1/target:/opt/rustwide/target:rw,Z" "-v" "/var/lib/crater-agent-workspace/builds/worker-7-tc1/source:/opt/rustwide/workdir:ro,Z" "-v" "/var/lib/crater-agent-workspace/cargo-home:/opt/rustwide/cargo-home:ro,Z" "-v" "/var/lib/crater-agent-workspace/rustup-home:/opt/rustwide/rustup-home:ro,Z" "-e" "SOURCE_DIR=/opt/rustwide/workdir" "-e" "CARGO_TARGET_DIR=/opt/rustwide/target" "-e" "CARGO_HOME=/opt/rustwide/cargo-home" "-e" "RUSTUP_HOME=/opt/rustwide/rustup-home" "-w" "/opt/rustwide/workdir" "-m" "1610612736" "--user" "0:0" "--network" "none" "ghcr.io/rust-lang/crates-build-env/linux@sha256:5ff2268d62e97bff2cde7d5815dd6ed5b47097566f13b8d0ca110b04b60e07ed" "/opt/rustwide/cargo-home/bin/cargo" "+1.69.0" "metadata" "--no-deps" "--format-version=1", kill_on_drop: false }`
[INFO] [stdout] f0d376e3c43b2094da868343fd2bdd67b724f50a8b8327b65bda50974ca48cae
[INFO] running `Command { std: "docker" "start" "-a" "f0d376e3c43b2094da868343fd2bdd67b724f50a8b8327b65bda50974ca48cae", kill_on_drop: false }`
[INFO] running `Command { std: "docker" "inspect" "f0d376e3c43b2094da868343fd2bdd67b724f50a8b8327b65bda50974ca48cae", kill_on_drop: false }`
[INFO] running `Command { std: "docker" "rm" "-f" "f0d376e3c43b2094da868343fd2bdd67b724f50a8b8327b65bda50974ca48cae", kill_on_drop: false }`
[INFO] [stdout] f0d376e3c43b2094da868343fd2bdd67b724f50a8b8327b65bda50974ca48cae
[INFO] running `Command { std: "docker" "create" "-v" "/var/lib/crater-agent-workspace/builds/worker-7-tc1/target:/opt/rustwide/target:rw,Z" "-v" "/var/lib/crater-agent-workspace/builds/worker-7-tc1/source:/opt/rustwide/workdir:ro,Z" "-v" "/var/lib/crater-agent-workspace/cargo-home:/opt/rustwide/cargo-home:ro,Z" "-v" "/var/lib/crater-agent-workspace/rustup-home:/opt/rustwide/rustup-home:ro,Z" "-e" "SOURCE_DIR=/opt/rustwide/workdir" "-e" "CARGO_TARGET_DIR=/opt/rustwide/target" "-e" "CARGO_INCREMENTAL=0" "-e" "RUST_BACKTRACE=full" "-e" "RUSTFLAGS=--cap-lints=warn" "-e" "RUSTDOCFLAGS=--cap-lints=warn" "-e" "CARGO_HOME=/opt/rustwide/cargo-home" "-e" "RUSTUP_HOME=/opt/rustwide/rustup-home" "-w" "/opt/rustwide/workdir" "-m" "1610612736" "--user" "0:0" "--network" "none" "ghcr.io/rust-lang/crates-build-env/linux@sha256:5ff2268d62e97bff2cde7d5815dd6ed5b47097566f13b8d0ca110b04b60e07ed" "/opt/rustwide/cargo-home/bin/cargo" "+1.69.0" "build" "--frozen" "--message-format=json", kill_on_drop: false }`
[INFO] [stdout] fa71cbcd12e8714a5780e7b7ff128dbb083eaf78ddef7a3cdf4a8178246bcc35
[INFO] running `Command { std: "docker" "start" "-a" "fa71cbcd12e8714a5780e7b7ff128dbb083eaf78ddef7a3cdf4a8178246bcc35", kill_on_drop: false }`
[INFO] [stderr]    Compiling proc-macro2 v1.0.56
[INFO] [stderr]    Compiling ring v0.16.20
[INFO] [stderr]    Compiling futures-channel v0.3.28
[INFO] [stderr]    Compiling tokio v1.28.0
[INFO] [stderr]    Compiling untrusted v0.7.1
[INFO] [stderr]    Compiling serde v1.0.160
[INFO] [stderr]    Compiling socket2 v0.4.9
[INFO] [stderr]    Compiling mio v0.8.6
[INFO] [stderr]    Compiling spin v0.5.2
[INFO] [stderr]    Compiling ident_case v1.0.1
[INFO] [stderr]    Compiling rustls v0.20.8
[INFO] [stderr]    Compiling rustls-pemfile v1.0.2
[INFO] [stderr]    Compiling async-trait v0.1.68
[INFO] [stderr]    Compiling anyhow v1.0.71
[INFO] [stderr]    Compiling time-core v0.1.0
[INFO] [stderr]    Compiling matches v0.1.10
[INFO] [stderr]    Compiling either v1.8.1
[INFO] [stderr]    Compiling idna v0.1.5
[INFO] [stderr]    Compiling url v2.3.1
[INFO] [stderr]    Compiling rustls-native-certs v0.6.2
[INFO] [stderr]    Compiling iana-time-zone v0.1.56
[INFO] [stderr]    Compiling itertools v0.10.5
[INFO] [stderr]    Compiling seahash v4.1.0
[INFO] [stderr]    Compiling percent-encoding v1.0.1
[INFO] [stderr]    Compiling url v1.7.2
[INFO] [stderr]    Compiling quote v1.0.26
[INFO] [stderr]    Compiling syn v2.0.15
[INFO] [stderr]    Compiling webpki v0.22.0
[INFO] [stderr]    Compiling sct v0.7.0
[INFO] [stderr]    Compiling darling_core v0.20.0
[INFO] [stderr]    Compiling futures-macro v0.3.28
[INFO] [stderr]    Compiling tokio-macros v2.1.0
[INFO] [stderr]    Compiling serde_derive v1.0.160
[INFO] [stderr]    Compiling darling_macro v0.20.0
[INFO] [stderr]    Compiling futures-util v0.3.28
[INFO] [stderr]    Compiling darling v0.20.0
[INFO] [stderr]    Compiling serde_with_macros v2.3.3
[INFO] [stderr]    Compiling futures-executor v0.3.28
[INFO] [stderr]    Compiling futures v0.3.28
[INFO] [stderr]    Compiling tokio-util v0.7.8
[INFO] [stderr]    Compiling tokio-rustls v0.23.4
[INFO] [stderr]    Compiling h2 v0.3.18
[INFO] [stderr]    Compiling time v0.3.20
[INFO] [stderr]    Compiling serde_json v1.0.96
[INFO] [stderr]    Compiling chrono v0.4.24
[INFO] [stderr]    Compiling serde_with v2.3.3
[INFO] [stderr]    Compiling hyper v0.14.26
[INFO] [stderr]    Compiling hyper-rustls v0.23.2
[INFO] [stderr]    Compiling yup-oauth2 v8.1.1
[INFO] [stderr]    Compiling google-apis-common v5.0.4
[INFO] [stderr]    Compiling google-analyticsadmin1_alpha v5.0.2+20220307 (/opt/rustwide/workdir)
[INFO] [stderr]     Finished dev [unoptimized + debuginfo] target(s) in 54.95s
[INFO] running `Command { std: "docker" "inspect" "fa71cbcd12e8714a5780e7b7ff128dbb083eaf78ddef7a3cdf4a8178246bcc35", kill_on_drop: false }`
[INFO] running `Command { std: "docker" "rm" "-f" "fa71cbcd12e8714a5780e7b7ff128dbb083eaf78ddef7a3cdf4a8178246bcc35", kill_on_drop: false }`
[INFO] [stdout] fa71cbcd12e8714a5780e7b7ff128dbb083eaf78ddef7a3cdf4a8178246bcc35
[INFO] running `Command { std: "docker" "create" "-v" "/var/lib/crater-agent-workspace/builds/worker-7-tc1/target:/opt/rustwide/target:rw,Z" "-v" "/var/lib/crater-agent-workspace/builds/worker-7-tc1/source:/opt/rustwide/workdir:ro,Z" "-v" "/var/lib/crater-agent-workspace/cargo-home:/opt/rustwide/cargo-home:ro,Z" "-v" "/var/lib/crater-agent-workspace/rustup-home:/opt/rustwide/rustup-home:ro,Z" "-e" "SOURCE_DIR=/opt/rustwide/workdir" "-e" "CARGO_TARGET_DIR=/opt/rustwide/target" "-e" "CARGO_INCREMENTAL=0" "-e" "RUST_BACKTRACE=full" "-e" "RUSTFLAGS=--cap-lints=warn" "-e" "RUSTDOCFLAGS=--cap-lints=warn" "-e" "CARGO_HOME=/opt/rustwide/cargo-home" "-e" "RUSTUP_HOME=/opt/rustwide/rustup-home" "-w" "/opt/rustwide/workdir" "-m" "1610612736" "--user" "0:0" "--network" "none" "ghcr.io/rust-lang/crates-build-env/linux@sha256:5ff2268d62e97bff2cde7d5815dd6ed5b47097566f13b8d0ca110b04b60e07ed" "/opt/rustwide/cargo-home/bin/cargo" "+1.69.0" "test" "--frozen" "--no-run" "--message-format=json", kill_on_drop: false }`
[INFO] [stdout] 3b34681b7916c980a2c46e94317f27e2f02b5daaa8b4a1c4775ca4129aeba965
[INFO] running `Command { std: "docker" "start" "-a" "3b34681b7916c980a2c46e94317f27e2f02b5daaa8b4a1c4775ca4129aeba965", kill_on_drop: false }`
[INFO] [stderr]    Compiling google-analyticsadmin1_alpha v5.0.2+20220307 (/opt/rustwide/workdir)
[INFO] [stderr]     Finished test [unoptimized + debuginfo] target(s) in 5.16s
[INFO] running `Command { std: "docker" "inspect" "3b34681b7916c980a2c46e94317f27e2f02b5daaa8b4a1c4775ca4129aeba965", kill_on_drop: false }`
[INFO] running `Command { std: "docker" "rm" "-f" "3b34681b7916c980a2c46e94317f27e2f02b5daaa8b4a1c4775ca4129aeba965", kill_on_drop: false }`
[INFO] [stdout] 3b34681b7916c980a2c46e94317f27e2f02b5daaa8b4a1c4775ca4129aeba965
[INFO] running `Command { std: "docker" "create" "-v" "/var/lib/crater-agent-workspace/builds/worker-7-tc1/target:/opt/rustwide/target:rw,Z" "-v" "/var/lib/crater-agent-workspace/builds/worker-7-tc1/source:/opt/rustwide/workdir:ro,Z" "-v" "/var/lib/crater-agent-workspace/cargo-home:/opt/rustwide/cargo-home:ro,Z" "-v" "/var/lib/crater-agent-workspace/rustup-home:/opt/rustwide/rustup-home:ro,Z" "-e" "SOURCE_DIR=/opt/rustwide/workdir" "-e" "CARGO_TARGET_DIR=/opt/rustwide/target" "-e" "CARGO_INCREMENTAL=0" "-e" "RUST_BACKTRACE=full" "-e" "RUSTFLAGS=--cap-lints=warn" "-e" "RUSTDOCFLAGS=--cap-lints=warn" "-e" "CARGO_HOME=/opt/rustwide/cargo-home" "-e" "RUSTUP_HOME=/opt/rustwide/rustup-home" "-w" "/opt/rustwide/workdir" "-m" "1610612736" "--user" "0:0" "--network" "none" "ghcr.io/rust-lang/crates-build-env/linux@sha256:5ff2268d62e97bff2cde7d5815dd6ed5b47097566f13b8d0ca110b04b60e07ed" "/opt/rustwide/cargo-home/bin/cargo" "+1.69.0" "test" "--frozen", kill_on_drop: false }`
[INFO] [stdout] 2714d996dc0b7fbc41c6355a38249356641bcf095cc2458c335c6b4c30e85096
[INFO] running `Command { std: "docker" "start" "-a" "2714d996dc0b7fbc41c6355a38249356641bcf095cc2458c335c6b4c30e85096", kill_on_drop: false }`
[INFO] [stderr]     Blocking waiting for file lock on package cache
[INFO] [stderr]     Finished test [unoptimized + debuginfo] target(s) in 0.27s
[INFO] [stderr]      Running unittests src/lib.rs (/opt/rustwide/target/debug/deps/google_analyticsadmin1_alpha-0f42123160faecad)
[INFO] [stdout] 
[INFO] [stdout] running 0 tests
[INFO] [stdout] 
[INFO] [stdout] test result: ok. 0 passed; 0 failed; 0 ignored; 0 measured; 0 filtered out; finished in 0.00s
[INFO] [stdout] 
[INFO] [stderr]    Doc-tests google-analyticsadmin1_alpha
[INFO] [stdout] 
[INFO] [stdout] running 87 tests
[INFO] [stdout] test src/api.rs - api::AccountPatchCall (line 7723) - compile ... FAILED
[INFO] [stdout] test src/api.rs - api::AccountDeleteCall (line 6662) - compile ... ok
[INFO] [stdout] test src/api.rs - api::AccountGetDataSharingSettingCall (line 7184) - compile ... ok
[INFO] [stdout] test src/api.rs - api::AccountSearchChangeHistoryEventCall (line 8298) - compile ... ok
[INFO] [stdout] test src/api.rs - api::AccountGetCall (line 6923) - compile ... ok
[INFO] [stdout] test src/api.rs - api::AccountProvisionAccountTicketCall (line 8026) - compile ... ok
[INFO] [stdout] test src/api.rs - api::AccountUserLinkAuditCall (line 3821) - compile ... ok
[INFO] [stdout] test src/api.rs - api::AccountUserLinkBatchCreateCall (line 4112) - compile ... ok
[INFO] [stdout] test src/api.rs - api::AccountMethods (line 1998) - compile ... ok
[INFO] [stdout] test src/api.rs - api::AccountUserLinkGetCall (line 5825) - compile ... ok
[INFO] [stdout] test src/api.rs - api::AccountListCall (line 7445) - compile ... ok
[INFO] [stdout] test src/api.rs - api::AccountUserLinkDeleteCall (line 5564) - compile ... ok
[INFO] [stdout] test src/api.rs - api::PropertyAcknowledgeUserDataCollectionCall (line 23511) - compile ... ok
[INFO] [stdout] test src/api.rs - api::AccountUserLinkBatchUpdateCall (line 4970) - compile ... ok
[INFO] [stdout] test src/api.rs - api::AccountUserLinkBatchGetCall (line 4694) - compile ... ok
[INFO] [stdout] test src/api.rs - api::GoogleAnalyticsAdmin (line 70) - compile ... ok
[INFO] [stdout] test src/api.rs - api::AccountUserLinkCreateCall (line 5261) - compile ... ok
[INFO] [stdout] test src/api.rs - api::AccountUserLinkBatchDeleteCall (line 4403) - compile ... ok
[INFO] [stdout] test src/api.rs - api::AccountSummaryMethods (line 1943) - compile ... ok
[INFO] [stdout] test src/api.rs - api::AccountUserLinkListCall (line 6086) - compile ... ok
[INFO] [stdout] test src/api.rs - api::PropertyConversionEventDeleteCall (line 8880) - compile ... ok
[INFO] [stdout] test src/api.rs - api::PropertyConversionEventGetCall (line 9141) - compile ... ok
[INFO] [stdout] test src/api.rs - api::AccountSummaryListCall (line 3555) - compile ... ok
[INFO] [stdout] test src/api.rs - api::PropertyConversionEventListCall (line 9402) - compile ... ok
[INFO] [stdout] test src/api.rs - api::PropertyCreateCall (line 23802) - compile ... ok
[INFO] [stdout] test src/api.rs - api::AccountUserLinkPatchCall (line 6371) - compile ... ok
[INFO] [stdout] test src/api.rs - api::PropertyCustomDimensionCreateCall (line 9978) - compile ... ok
[INFO] [stdout] test src/api.rs - api::PropertyConversionEventCreateCall (line 8589) - compile ... ok
[INFO] [stdout] test src/api.rs - api::PropertyCustomDimensionGetCall (line 10269) - compile ... ok
[INFO] [stdout] test src/api.rs - api::PropertyCustomMetricPatchCall (line 12246) - compile ... FAILED
[INFO] [stdout] test src/api.rs - api::PropertyCustomMetricListCall (line 11961) - compile ... ok
[INFO] [stdout] test src/api.rs - api::PropertyCustomDimensionArchiveCall (line 9687) - compile ... ok
[INFO] [stdout] test src/api.rs - api::PropertyCustomMetricGetCall (line 11700) - compile ... ok
[INFO] [stdout] test src/api.rs - api::PropertyDataStreamDeleteCall (line 14241) - compile ... ok
[INFO] [stdout] test src/api.rs - api::PropertyDataStreamMeasurementProtocolSecretGetCall (line 13101) - compile ... ok
[INFO] [stdout] test src/api.rs - api::PropertyDataStreamMeasurementProtocolSecretCreateCall (line 12549) - compile ... ok
[INFO] [stdout] test src/api.rs - api::PropertyDataStreamListCall (line 15024) - compile ... ok
[INFO] [stdout] test src/api.rs - api::PropertyDataStreamGetCall (line 14502) - compile ... ok
[INFO] [stdout] test src/api.rs - api::PropertyDisplayVideo360AdvertiserLinkDeleteCall (line 17583) - compile ... ok
[INFO] [stdout] test src/api.rs - api::PropertyDataStreamMeasurementProtocolSecretPatchCall (line 13647) - compile ... FAILED
[INFO] [stdout] test src/api.rs - api::PropertyCustomDimensionListCall (line 10530) - compile ... ok
[INFO] [stdout] test src/api.rs - api::PropertyDataStreamMeasurementProtocolSecretDeleteCall (line 12840) - compile ... ok
[INFO] [stdout] test src/api.rs - api::PropertyDeleteCall (line 24074) - compile ... ok
[INFO] [stdout] test src/api.rs - api::PropertyDisplayVideo360AdvertiserLinkGetCall (line 17844) - compile ... ok
[INFO] [stdout] test src/api.rs - api::PropertyDataStreamMeasurementProtocolSecretListCall (line 13362) - compile ... ok
[INFO] [stdout] test src/api.rs - api::PropertyDisplayVideo360AdvertiserLinkCreateCall (line 17292) - compile ... ok
[INFO] [stdout] test src/api.rs - api::PropertyDisplayVideo360AdvertiserLinkListCall (line 18105) - compile ... ok
[INFO] [stdout] test src/api.rs - api::PropertyCustomMetricCreateCall (line 11409) - compile ... ok
[INFO] [stdout] test src/api.rs - api::PropertyCustomMetricArchiveCall (line 11118) - compile ... ok
[INFO] [stdout] test src/api.rs - api::PropertyCustomDimensionPatchCall (line 10815) - compile ... FAILED
[INFO] [stdout] test src/api.rs - api::PropertyDataStreamPatchCall (line 15309) - compile ... FAILED
[INFO] [stdout] test src/api.rs - api::PropertyDataStreamGetGlobalSiteTagCall (line 14763) - compile ... ok
[INFO] [stdout] test src/api.rs - api::PropertyFirebaseLinkCreateCall (line 18693) - compile ... ok
[INFO] [stdout] test src/api.rs - api::PropertyDataStreamCreateCall (line 13950) - compile ... ok
[INFO] [stdout] test src/api.rs - api::PropertyDisplayVideo360AdvertiserLinkProposalGetCall (line 16746) - compile ... ok
[INFO] [stdout] test src/api.rs - api::PropertyDisplayVideo360AdvertiserLinkProposalApproveCall (line 15612) - compile ... ok
[INFO] [stdout] test src/api.rs - api::PropertyFirebaseLinkDeleteCall (line 18984) - compile ... ok
[INFO] [stdout] test src/api.rs - api::PropertyGetDataRetentionSettingCall (line 24596) - compile ... ok
[INFO] [stdout] test src/api.rs - api::PropertyGetCall (line 24335) - compile ... ok
[INFO] [stdout] test src/api.rs - api::PropertyDisplayVideo360AdvertiserLinkProposalCancelCall (line 15903) - compile ... ok
[INFO] [stdout] test src/api.rs - api::PropertyDisplayVideo360AdvertiserLinkProposalCreateCall (line 16194) - compile ... ok
[INFO] [stdout] test src/api.rs - api::PropertyDisplayVideo360AdvertiserLinkPatchCall (line 18390) - compile ... FAILED
[INFO] [stdout] test src/api.rs - api::PropertyGoogleAdsLinkPatchCall (line 20367) - compile ... FAILED
[INFO] [stdout] test src/api.rs - api::PropertyMethods (line 2347) - compile ... ok
[INFO] [stdout] test src/api.rs - api::PropertyGetGoogleSignalsSettingCall (line 24857) - compile ... ok
[INFO] [stdout] test src/api.rs - api::PropertyListCall (line 25118) - compile ... ok
[INFO] [stdout] test src/api.rs - api::PropertyDisplayVideo360AdvertiserLinkProposalListCall (line 17007) - compile ... ok
[INFO] [stdout] test src/api.rs - api::PropertyDisplayVideo360AdvertiserLinkProposalDeleteCall (line 16485) - compile ... ok
[INFO] [stdout] test src/api.rs - api::PropertyGoogleAdsLinkDeleteCall (line 19821) - compile ... ok
[INFO] [stdout] test src/api.rs - api::PropertyGoogleAdsLinkCreateCall (line 19530) - compile ... ok
[INFO] [stdout] test src/lib.rs - (line 53) ... ignored
[INFO] [stdout] test src/api.rs - api::PropertyUserLinkBatchGetCall (line 21543) - compile ... ok
[INFO] [stdout] test src/api.rs - api::PropertyGoogleAdsLinkListCall (line 20082) - compile ... ok
[INFO] [stdout] test src/api.rs - api::PropertyUserLinkBatchCreateCall (line 20961) - compile ... ok
[INFO] [stdout] test src/api.rs - api::PropertyFirebaseLinkListCall (line 19245) - compile ... ok
[INFO] [stdout] test src/api.rs - api::PropertyUserLinkDeleteCall (line 22413) - compile ... ok
[INFO] [stdout] test src/api.rs - api::PropertyUpdateGoogleSignalsSettingCall (line 26014) - compile ... FAILED
[INFO] [stdout] test src/api.rs - api::PropertyUserLinkBatchUpdateCall (line 21819) - compile ... ok
[INFO] [stdout] test src/api.rs - api::PropertyUserLinkBatchDeleteCall (line 21252) - compile ... ok
[INFO] [stdout] test src/api.rs - api::PropertyUserLinkGetCall (line 22674) - compile ... ok
[INFO] [stdout] test src/api.rs - api::PropertyPatchCall (line 25408) - compile ... FAILED
[INFO] [stdout] test src/api.rs - api::PropertyUserLinkAuditCall (line 20670) - compile ... ok
[INFO] [stdout] test src/api.rs - api::PropertyUserLinkListCall (line 22935) - compile ... ok
[INFO] [stdout] test src/api.rs - api::PropertyUserLinkPatchCall (line 23220) - compile ... ok
[INFO] [stdout] test src/lib.rs - (line 90) - compile ... ok
[INFO] [stdout] test src/api.rs - api::PropertyUpdateDataRetentionSettingCall (line 25711) - compile ... FAILED
[INFO] [stdout] test src/api.rs - api::PropertyUserLinkCreateCall (line 22110) - compile ... ok
[INFO] [stdout] 
[INFO] [stdout] failures:
[INFO] [stdout] 
[INFO] [stdout] ---- src/api.rs - api::AccountPatchCall (line 7723) stdout ----
[INFO] [stdout] error[E0308]: mismatched types
[INFO] [stdout]     --> src/api.rs:7747:27
[INFO] [stdout]      |
[INFO] [stdout] 25   |              .update_mask(&Default::default())
[INFO] [stdout]      |               ----------- ^^^^^^^^^^^^^^^^^^^ expected `FieldMask`, found `&_`
[INFO] [stdout]      |               |
[INFO] [stdout]      |               arguments to this method are incorrect
[INFO] [stdout]      |
[INFO] [stdout]      = note: expected struct `FieldMask`
[INFO] [stdout]              found reference `&_`
[INFO] [stdout] note: method defined here
[INFO] [stdout]     --> /opt/rustwide/workdir/src/api.rs:7938:12
[INFO] [stdout]      |
[INFO] [stdout] 7938 |     pub fn update_mask(mut self, new_value: client::FieldMask) -> AccountPatchCall<'a, S> {
[INFO] [stdout]      |            ^^^^^^^^^^^
[INFO] [stdout] help: consider removing the borrow
[INFO] [stdout]      |
[INFO] [stdout] 25   -              .update_mask(&Default::default())
[INFO] [stdout] 25   +              .update_mask(Default::default())
[INFO] [stdout]      |
[INFO] [stdout] 
[INFO] [stdout] error: aborting due to previous error
[INFO] [stdout] 
[INFO] [stdout] For more information about this error, try `rustc --explain E0308`.
[INFO] [stdout] Couldn't compile the test.
[INFO] [stdout] ---- src/api.rs - api::PropertyCustomMetricPatchCall (line 12246) stdout ----
[INFO] [stdout] error[E0308]: mismatched types
[INFO] [stdout]      --> src/api.rs:12270:27
[INFO] [stdout]       |
[INFO] [stdout] 25    |              .update_mask(&Default::default())
[INFO] [stdout]       |               ----------- ^^^^^^^^^^^^^^^^^^^ expected `FieldMask`, found `&_`
[INFO] [stdout]       |               |
[INFO] [stdout]       |               arguments to this method are incorrect
[INFO] [stdout]       |
[INFO] [stdout]       = note: expected struct `FieldMask`
[INFO] [stdout]               found reference `&_`
[INFO] [stdout] note: method defined here
[INFO] [stdout]      --> /opt/rustwide/workdir/src/api.rs:12461:12
[INFO] [stdout]       |
[INFO] [stdout] 12461 |     pub fn update_mask(mut self, new_value: client::FieldMask) -> PropertyCustomMetricPatchCall<'a, S> {
[INFO] [stdout]       |            ^^^^^^^^^^^
[INFO] [stdout] help: consider removing the borrow
[INFO] [stdout]       |
[INFO] [stdout] 25    -              .update_mask(&Default::default())
[INFO] [stdout] 25    +              .update_mask(Default::default())
[INFO] [stdout]       |
[INFO] [stdout] 
[INFO] [stdout] error: aborting due to previous error
[INFO] [stdout] 
[INFO] [stdout] For more information about this error, try `rustc --explain E0308`.
[INFO] [stdout] Couldn't compile the test.
[INFO] [stdout] ---- src/api.rs - api::PropertyDataStreamMeasurementProtocolSecretPatchCall (line 13647) stdout ----
[INFO] [stdout] error[E0308]: mismatched types
[INFO] [stdout]      --> src/api.rs:13671:27
[INFO] [stdout]       |
[INFO] [stdout] 25    |              .update_mask(&Default::default())
[INFO] [stdout]       |               ----------- ^^^^^^^^^^^^^^^^^^^ expected `FieldMask`, found `&_`
[INFO] [stdout]       |               |
[INFO] [stdout]       |               arguments to this method are incorrect
[INFO] [stdout]       |
[INFO] [stdout]       = note: expected struct `FieldMask`
[INFO] [stdout]               found reference `&_`
[INFO] [stdout] note: method defined here
[INFO] [stdout]      --> /opt/rustwide/workdir/src/api.rs:13862:12
[INFO] [stdout]       |
[INFO] [stdout] 13862 |     pub fn update_mask(mut self, new_value: client::FieldMask) -> PropertyDataStreamMeasurementProtocolSecretPatchCall<'a, S> {
[INFO] [stdout]       |            ^^^^^^^^^^^
[INFO] [stdout] help: consider removing the borrow
[INFO] [stdout]       |
[INFO] [stdout] 25    -              .update_mask(&Default::default())
[INFO] [stdout] 25    +              .update_mask(Default::default())
[INFO] [stdout]       |
[INFO] [stdout] 
[INFO] [stdout] error: aborting due to previous error
[INFO] [stdout] 
[INFO] [stdout] For more information about this error, try `rustc --explain E0308`.
[INFO] [stdout] Couldn't compile the test.
[INFO] [stdout] ---- src/api.rs - api::PropertyCustomDimensionPatchCall (line 10815) stdout ----
[INFO] [stdout] error[E0308]: mismatched types
[INFO] [stdout]      --> src/api.rs:10839:27
[INFO] [stdout]       |
[INFO] [stdout] 25    |              .update_mask(&Default::default())
[INFO] [stdout]       |               ----------- ^^^^^^^^^^^^^^^^^^^ expected `FieldMask`, found `&_`
[INFO] [stdout]       |               |
[INFO] [stdout]       |               arguments to this method are incorrect
[INFO] [stdout]       |
[INFO] [stdout]       = note: expected struct `FieldMask`
[INFO] [stdout]               found reference `&_`
[INFO] [stdout] note: method defined here
[INFO] [stdout]      --> /opt/rustwide/workdir/src/api.rs:11030:12
[INFO] [stdout]       |
[INFO] [stdout] 11030 |     pub fn update_mask(mut self, new_value: client::FieldMask) -> PropertyCustomDimensionPatchCall<'a, S> {
[INFO] [stdout]       |            ^^^^^^^^^^^
[INFO] [stdout] help: consider removing the borrow
[INFO] [stdout]       |
[INFO] [stdout] 25    -              .update_mask(&Default::default())
[INFO] [stdout] 25    +              .update_mask(Default::default())
[INFO] [stdout]       |
[INFO] [stdout] 
[INFO] [stdout] error: aborting due to previous error
[INFO] [stdout] 
[INFO] [stdout] For more information about this error, try `rustc --explain E0308`.
[INFO] [stdout] Couldn't compile the test.
[INFO] [stdout] ---- src/api.rs - api::PropertyDataStreamPatchCall (line 15309) stdout ----
[INFO] [stdout] error[E0308]: mismatched types
[INFO] [stdout]      --> src/api.rs:15333:27
[INFO] [stdout]       |
[INFO] [stdout] 25    |              .update_mask(&Default::default())
[INFO] [stdout]       |               ----------- ^^^^^^^^^^^^^^^^^^^ expected `FieldMask`, found `&_`
[INFO] [stdout]       |               |
[INFO] [stdout]       |               arguments to this method are incorrect
[INFO] [stdout]       |
[INFO] [stdout]       = note: expected struct `FieldMask`
[INFO] [stdout]               found reference `&_`
[INFO] [stdout] note: method defined here
[INFO] [stdout]      --> /opt/rustwide/workdir/src/api.rs:15524:12
[INFO] [stdout]       |
[INFO] [stdout] 15524 |     pub fn update_mask(mut self, new_value: client::FieldMask) -> PropertyDataStreamPatchCall<'a, S> {
[INFO] [stdout]       |            ^^^^^^^^^^^
[INFO] [stdout] help: consider removing the borrow
[INFO] [stdout]       |
[INFO] [stdout] 25    -              .update_mask(&Default::default())
[INFO] [stdout] 25    +              .update_mask(Default::default())
[INFO] [stdout]       |
[INFO] [stdout] 
[INFO] [stdout] error: aborting due to previous error
[INFO] [stdout] 
[INFO] [stdout] For more information about this error, try `rustc --explain E0308`.
[INFO] [stdout] Couldn't compile the test.
[INFO] [stdout] ---- src/api.rs - api::PropertyDisplayVideo360AdvertiserLinkPatchCall (line 18390) stdout ----
[INFO] [stdout] error[E0308]: mismatched types
[INFO] [stdout]      --> src/api.rs:18414:27
[INFO] [stdout]       |
[INFO] [stdout] 25    |              .update_mask(&Default::default())
[INFO] [stdout]       |               ----------- ^^^^^^^^^^^^^^^^^^^ expected `FieldMask`, found `&_`
[INFO] [stdout]       |               |
[INFO] [stdout]       |               arguments to this method are incorrect
[INFO] [stdout]       |
[INFO] [stdout]       = note: expected struct `FieldMask`
[INFO] [stdout]               found reference `&_`
[INFO] [stdout] note: method defined here
[INFO] [stdout]      --> /opt/rustwide/workdir/src/api.rs:18605:12
[INFO] [stdout]       |
[INFO] [stdout] 18605 |     pub fn update_mask(mut self, new_value: client::FieldMask) -> PropertyDisplayVideo360AdvertiserLinkPatchCall<'a, S> {
[INFO] [stdout]       |            ^^^^^^^^^^^
[INFO] [stdout] help: consider removing the borrow
[INFO] [stdout]       |
[INFO] [stdout] 25    -              .update_mask(&Default::default())
[INFO] [stdout] 25    +              .update_mask(Default::default())
[INFO] [stdout]       |
[INFO] [stdout] 
[INFO] [stdout] error: aborting due to previous error
[INFO] [stdout] 
[INFO] [stdout] For more information about this error, try `rustc --explain E0308`.
[INFO] [stdout] Couldn't compile the test.
[INFO] [stdout] ---- src/api.rs - api::PropertyGoogleAdsLinkPatchCall (line 20367) stdout ----
[INFO] [stdout] error[E0308]: mismatched types
[INFO] [stdout]      --> src/api.rs:20391:27
[INFO] [stdout]       |
[INFO] [stdout] 25    |              .update_mask(&Default::default())
[INFO] [stdout]       |               ----------- ^^^^^^^^^^^^^^^^^^^ expected `FieldMask`, found `&_`
[INFO] [stdout]       |               |
[INFO] [stdout]       |               arguments to this method are incorrect
[INFO] [stdout]       |
[INFO] [stdout]       = note: expected struct `FieldMask`
[INFO] [stdout]               found reference `&_`
[INFO] [stdout] note: method defined here
[INFO] [stdout]      --> /opt/rustwide/workdir/src/api.rs:20582:12
[INFO] [stdout]       |
[INFO] [stdout] 20582 |     pub fn update_mask(mut self, new_value: client::FieldMask) -> PropertyGoogleAdsLinkPatchCall<'a, S> {
[INFO] [stdout]       |            ^^^^^^^^^^^
[INFO] [stdout] help: consider removing the borrow
[INFO] [stdout]       |
[INFO] [stdout] 25    -              .update_mask(&Default::default())
[INFO] [stdout] 25    +              .update_mask(Default::default())
[INFO] [stdout]       |
[INFO] [stdout] 
[INFO] [stdout] error: aborting due to previous error
[INFO] [stdout] 
[INFO] [stdout] For more information about this error, try `rustc --explain E0308`.
[INFO] [stdout] Couldn't compile the test.
[INFO] [stdout] ---- src/api.rs - api::PropertyUpdateGoogleSignalsSettingCall (line 26014) stdout ----
[INFO] [stdout] error[E0308]: mismatched types
[INFO] [stdout]      --> src/api.rs:26038:27
[INFO] [stdout]       |
[INFO] [stdout] 25    |              .update_mask(&Default::default())
[INFO] [stdout]       |               ----------- ^^^^^^^^^^^^^^^^^^^ expected `FieldMask`, found `&_`
[INFO] [stdout]       |               |
[INFO] [stdout]       |               arguments to this method are incorrect
[INFO] [stdout]       |
[INFO] [stdout]       = note: expected struct `FieldMask`
[INFO] [stdout]               found reference `&_`
[INFO] [stdout] note: method defined here
[INFO] [stdout]      --> /opt/rustwide/workdir/src/api.rs:26229:12
[INFO] [stdout]       |
[INFO] [stdout] 26229 |     pub fn update_mask(mut self, new_value: client::FieldMask) -> PropertyUpdateGoogleSignalsSettingCall<'a, S> {
[INFO] [stdout]       |            ^^^^^^^^^^^
[INFO] [stdout] help: consider removing the borrow
[INFO] [stdout]       |
[INFO] [stdout] 25    -              .update_mask(&Default::default())
[INFO] [stdout] 25    +              .update_mask(Default::default())
[INFO] [stdout]       |
[INFO] [stdout] 
[INFO] [stdout] error: aborting due to previous error
[INFO] [stdout] 
[INFO] [stdout] For more information about this error, try `rustc --explain E0308`.
[INFO] [stdout] Couldn't compile the test.
[INFO] [stdout] ---- src/api.rs - api::PropertyPatchCall (line 25408) stdout ----
[INFO] [stdout] error[E0308]: mismatched types
[INFO] [stdout]      --> src/api.rs:25432:27
[INFO] [stdout]       |
[INFO] [stdout] 25    |              .update_mask(&Default::default())
[INFO] [stdout]       |               ----------- ^^^^^^^^^^^^^^^^^^^ expected `FieldMask`, found `&_`
[INFO] [stdout]       |               |
[INFO] [stdout]       |               arguments to this method are incorrect
[INFO] [stdout]       |
[INFO] [stdout]       = note: expected struct `FieldMask`
[INFO] [stdout]               found reference `&_`
[INFO] [stdout] note: method defined here
[INFO] [stdout]      --> /opt/rustwide/workdir/src/api.rs:25623:12
[INFO] [stdout]       |
[INFO] [stdout] 25623 |     pub fn update_mask(mut self, new_value: client::FieldMask) -> PropertyPatchCall<'a, S> {
[INFO] [stdout]       |            ^^^^^^^^^^^
[INFO] [stdout] help: consider removing the borrow
[INFO] [stdout]       |
[INFO] [stdout] 25    -              .update_mask(&Default::default())
[INFO] [stdout] 25    +              .update_mask(Default::default())
[INFO] [stdout]       |
[INFO] [stdout] 
[INFO] [stdout] error: aborting due to previous error
[INFO] [stdout] 
[INFO] [stdout] For more information about this error, try `rustc --explain E0308`.
[INFO] [stdout] Couldn't compile the test.
[INFO] [stdout] ---- src/api.rs - api::PropertyUpdateDataRetentionSettingCall (line 25711) stdout ----
[INFO] [stdout] error[E0308]: mismatched types
[INFO] [stdout]      --> src/api.rs:25735:27
[INFO] [stdout]       |
[INFO] [stdout] 25    |              .update_mask(&Default::default())
[INFO] [stdout]       |               ----------- ^^^^^^^^^^^^^^^^^^^ expected `FieldMask`, found `&_`
[INFO] [stdout]       |               |
[INFO] [stdout]       |               arguments to this method are incorrect
[INFO] [stdout]       |
[INFO] [stdout]       = note: expected struct `FieldMask`
[INFO] [stdout]               found reference `&_`
[INFO] [stdout] note: method defined here
[INFO] [stdout]      --> /opt/rustwide/workdir/src/api.rs:25926:12
[INFO] [stdout]       |
[INFO] [stdout] 25926 |     pub fn update_mask(mut self, new_value: client::FieldMask) -> PropertyUpdateDataRetentionSettingCall<'a, S> {
[INFO] [stdout]       |            ^^^^^^^^^^^
[INFO] [stdout] help: consider removing the borrow
[INFO] [stdout]       |
[INFO] [stdout] 25    -              .update_mask(&Default::default())
[INFO] [stdout] 25    +              .update_mask(Default::default())
[INFO] [stdout]       |
[INFO] [stdout] 
[INFO] [stdout] error: aborting due to previous error
[INFO] [stdout] 
[INFO] [stdout] For more information about this error, try `rustc --explain E0308`.
[INFO] [stdout] Couldn't compile the test.
[INFO] [stdout] 
[INFO] [stdout] failures:
[INFO] [stdout]     src/api.rs - api::AccountPatchCall (line 7723)
[INFO] [stdout]     src/api.rs - api::PropertyCustomDimensionPatchCall (line 10815)
[INFO] [stdout]     src/api.rs - api::PropertyCustomMetricPatchCall (line 12246)
[INFO] [stdout]     src/api.rs - api::PropertyDataStreamMeasurementProtocolSecretPatchCall (line 13647)
[INFO] [stdout]     src/api.rs - api::PropertyDataStreamPatchCall (line 15309)
[INFO] [stdout]     src/api.rs - api::PropertyDisplayVideo360AdvertiserLinkPatchCall (line 18390)
[INFO] [stdout]     src/api.rs - api::PropertyGoogleAdsLinkPatchCall (line 20367)
[INFO] [stdout]     src/api.rs - api::PropertyPatchCall (line 25408)
[INFO] [stdout]     src/api.rs - api::PropertyUpdateDataRetentionSettingCall (line 25711)
[INFO] [stdout]     src/api.rs - api::PropertyUpdateGoogleSignalsSettingCall (line 26014)
[INFO] [stdout] 
[INFO] [stdout] test result: FAILED. 76 passed; 10 failed; 1 ignored; 0 measured; 0 filtered out; finished in 1.88s
[INFO] [stdout] 
[INFO] [stderr] error: doctest failed, to rerun pass `--doc`
[INFO] running `Command { std: "docker" "inspect" "2714d996dc0b7fbc41c6355a38249356641bcf095cc2458c335c6b4c30e85096", kill_on_drop: false }`
[INFO] running `Command { std: "docker" "rm" "-f" "2714d996dc0b7fbc41c6355a38249356641bcf095cc2458c335c6b4c30e85096", kill_on_drop: false }`
[INFO] [stdout] 2714d996dc0b7fbc41c6355a38249356641bcf095cc2458c335c6b4c30e85096
