[INFO] fetching crate google-adsense2 5.0.2+20230124...
[INFO] testing google-adsense2-5.0.2+20230124 against 1.69.0 for beta-1.70-1
[INFO] extracting crate google-adsense2 5.0.2+20230124 into /workspace/builds/worker-0-tc1/source
[INFO] validating manifest of crates.io crate google-adsense2 5.0.2+20230124 on toolchain 1.69.0
[INFO] running `Command { std: CARGO_HOME="/workspace/cargo-home" RUSTUP_HOME="/workspace/rustup-home" "/workspace/cargo-home/bin/cargo" "+1.69.0" "metadata" "--manifest-path" "Cargo.toml" "--no-deps", kill_on_drop: false }`
[INFO] started tweaking crates.io crate google-adsense2 5.0.2+20230124
[INFO] finished tweaking crates.io crate google-adsense2 5.0.2+20230124
[INFO] tweaked toml for crates.io crate google-adsense2 5.0.2+20230124 written to /workspace/builds/worker-0-tc1/source/Cargo.toml
[INFO] running `Command { std: CARGO_HOME="/workspace/cargo-home" RUSTUP_HOME="/workspace/rustup-home" __CARGO_TEST_CHANNEL_OVERRIDE_DO_NOT_USE_THIS="nightly" "/workspace/cargo-home/bin/cargo" "+1.69.0" "generate-lockfile" "--manifest-path" "Cargo.toml" "-Zno-index-update", kill_on_drop: false }`
[INFO] running `Command { std: CARGO_HOME="/workspace/cargo-home" RUSTUP_HOME="/workspace/rustup-home" "/workspace/cargo-home/bin/cargo" "+1.69.0" "fetch" "--manifest-path" "Cargo.toml", kill_on_drop: false }`
[INFO] [stderr]  Downloading crates ...
[INFO] [stderr]   Downloaded darling_core v0.20.0
[INFO] [stderr]   Downloaded darling_macro v0.20.0
[INFO] [stderr]   Downloaded google-apis-common v5.0.4
[INFO] [stderr]   Downloaded darling v0.20.0
[INFO] [stderr]   Downloaded yup-oauth2 v8.1.1
[INFO] [stderr]   Downloaded serde_with_macros v2.3.3
[INFO] [stderr]   Downloaded serde_with v2.3.3
[INFO] running `Command { std: "docker" "create" "-v" "/var/lib/crater-agent-workspace/builds/worker-0-tc1/target:/opt/rustwide/target:rw,Z" "-v" "/var/lib/crater-agent-workspace/builds/worker-0-tc1/source:/opt/rustwide/workdir:ro,Z" "-v" "/var/lib/crater-agent-workspace/cargo-home:/opt/rustwide/cargo-home:ro,Z" "-v" "/var/lib/crater-agent-workspace/rustup-home:/opt/rustwide/rustup-home:ro,Z" "-e" "SOURCE_DIR=/opt/rustwide/workdir" "-e" "CARGO_TARGET_DIR=/opt/rustwide/target" "-e" "CARGO_HOME=/opt/rustwide/cargo-home" "-e" "RUSTUP_HOME=/opt/rustwide/rustup-home" "-w" "/opt/rustwide/workdir" "-m" "1610612736" "--user" "0:0" "--network" "none" "ghcr.io/rust-lang/crates-build-env/linux@sha256:5ff2268d62e97bff2cde7d5815dd6ed5b47097566f13b8d0ca110b04b60e07ed" "/opt/rustwide/cargo-home/bin/cargo" "+1.69.0" "metadata" "--no-deps" "--format-version=1", kill_on_drop: false }`
[INFO] [stdout] 42117b4867e89cc18b44b132881d74bd7ec839d1e9f2f466c9e62b15671ba780
[INFO] running `Command { std: "docker" "start" "-a" "42117b4867e89cc18b44b132881d74bd7ec839d1e9f2f466c9e62b15671ba780", kill_on_drop: false }`
[INFO] running `Command { std: "docker" "inspect" "42117b4867e89cc18b44b132881d74bd7ec839d1e9f2f466c9e62b15671ba780", kill_on_drop: false }`
[INFO] running `Command { std: "docker" "rm" "-f" "42117b4867e89cc18b44b132881d74bd7ec839d1e9f2f466c9e62b15671ba780", kill_on_drop: false }`
[INFO] [stdout] 42117b4867e89cc18b44b132881d74bd7ec839d1e9f2f466c9e62b15671ba780
[INFO] running `Command { std: "docker" "create" "-v" "/var/lib/crater-agent-workspace/builds/worker-0-tc1/target:/opt/rustwide/target:rw,Z" "-v" "/var/lib/crater-agent-workspace/builds/worker-0-tc1/source:/opt/rustwide/workdir:ro,Z" "-v" "/var/lib/crater-agent-workspace/cargo-home:/opt/rustwide/cargo-home:ro,Z" "-v" "/var/lib/crater-agent-workspace/rustup-home:/opt/rustwide/rustup-home:ro,Z" "-e" "SOURCE_DIR=/opt/rustwide/workdir" "-e" "CARGO_TARGET_DIR=/opt/rustwide/target" "-e" "CARGO_INCREMENTAL=0" "-e" "RUST_BACKTRACE=full" "-e" "RUSTFLAGS=--cap-lints=warn" "-e" "RUSTDOCFLAGS=--cap-lints=warn" "-e" "CARGO_HOME=/opt/rustwide/cargo-home" "-e" "RUSTUP_HOME=/opt/rustwide/rustup-home" "-w" "/opt/rustwide/workdir" "-m" "1610612736" "--user" "0:0" "--network" "none" "ghcr.io/rust-lang/crates-build-env/linux@sha256:5ff2268d62e97bff2cde7d5815dd6ed5b47097566f13b8d0ca110b04b60e07ed" "/opt/rustwide/cargo-home/bin/cargo" "+1.69.0" "build" "--frozen" "--message-format=json", kill_on_drop: false }`
[INFO] [stdout] d3cf9741b12c234c234b12bfa79fb25b9a88daabf83a0514d1cca409aad924ea
[INFO] running `Command { std: "docker" "start" "-a" "d3cf9741b12c234c234b12bfa79fb25b9a88daabf83a0514d1cca409aad924ea", kill_on_drop: false }`
[INFO] [stderr]    Compiling proc-macro2 v1.0.56
[INFO] [stderr]    Compiling bytes v1.4.0
[INFO] [stderr]    Compiling tokio v1.28.0
[INFO] [stderr]    Compiling futures-util v0.3.28
[INFO] [stderr]    Compiling strsim v0.10.0
[INFO] [stderr]    Compiling tracing v0.1.37
[INFO] [stderr]    Compiling rustls v0.20.8
[INFO] [stderr]    Compiling rustls-native-certs v0.6.2
[INFO] [stderr]    Compiling time-core v0.1.0
[INFO] [stderr]    Compiling num_threads v0.1.6
[INFO] [stderr]    Compiling seahash v4.1.0
[INFO] [stderr]    Compiling http v0.2.9
[INFO] [stderr]    Compiling quote v1.0.26
[INFO] [stderr]    Compiling syn v2.0.15
[INFO] [stderr]    Compiling http-body v0.4.5
[INFO] [stderr]    Compiling darling_core v0.20.0
[INFO] [stderr]    Compiling futures-macro v0.3.28
[INFO] [stderr]    Compiling tokio-macros v2.1.0
[INFO] [stderr]    Compiling serde_derive v1.0.160
[INFO] [stderr]    Compiling async-trait v0.1.68
[INFO] [stderr]    Compiling darling_macro v0.20.0
[INFO] [stderr]    Compiling darling v0.20.0
[INFO] [stderr]    Compiling serde_with_macros v2.3.3
[INFO] [stderr]    Compiling serde v1.0.160
[INFO] [stderr]    Compiling futures-executor v0.3.28
[INFO] [stderr]    Compiling futures v0.3.28
[INFO] [stderr]    Compiling tokio-util v0.7.8
[INFO] [stderr]    Compiling tokio-rustls v0.23.4
[INFO] [stderr]    Compiling h2 v0.3.18
[INFO] [stderr]    Compiling serde_json v1.0.96
[INFO] [stderr]    Compiling time v0.3.20
[INFO] [stderr]    Compiling serde_with v2.3.3
[INFO] [stderr]    Compiling chrono v0.4.24
[INFO] [stderr]    Compiling hyper v0.14.26
[INFO] [stderr]    Compiling hyper-rustls v0.23.2
[INFO] [stderr]    Compiling yup-oauth2 v8.1.1
[INFO] [stderr]    Compiling google-apis-common v5.0.4
[INFO] [stderr]    Compiling google-adsense2 v5.0.2+20230124 (/opt/rustwide/workdir)
[INFO] [stderr]     Finished dev [unoptimized + debuginfo] target(s) in 46.97s
[INFO] running `Command { std: "docker" "inspect" "d3cf9741b12c234c234b12bfa79fb25b9a88daabf83a0514d1cca409aad924ea", kill_on_drop: false }`
[INFO] running `Command { std: "docker" "rm" "-f" "d3cf9741b12c234c234b12bfa79fb25b9a88daabf83a0514d1cca409aad924ea", kill_on_drop: false }`
[INFO] [stdout] d3cf9741b12c234c234b12bfa79fb25b9a88daabf83a0514d1cca409aad924ea
[INFO] running `Command { std: "docker" "create" "-v" "/var/lib/crater-agent-workspace/builds/worker-0-tc1/target:/opt/rustwide/target:rw,Z" "-v" "/var/lib/crater-agent-workspace/builds/worker-0-tc1/source:/opt/rustwide/workdir:ro,Z" "-v" "/var/lib/crater-agent-workspace/cargo-home:/opt/rustwide/cargo-home:ro,Z" "-v" "/var/lib/crater-agent-workspace/rustup-home:/opt/rustwide/rustup-home:ro,Z" "-e" "SOURCE_DIR=/opt/rustwide/workdir" "-e" "CARGO_TARGET_DIR=/opt/rustwide/target" "-e" "CARGO_INCREMENTAL=0" "-e" "RUST_BACKTRACE=full" "-e" "RUSTFLAGS=--cap-lints=warn" "-e" "RUSTDOCFLAGS=--cap-lints=warn" "-e" "CARGO_HOME=/opt/rustwide/cargo-home" "-e" "RUSTUP_HOME=/opt/rustwide/rustup-home" "-w" "/opt/rustwide/workdir" "-m" "1610612736" "--user" "0:0" "--network" "none" "ghcr.io/rust-lang/crates-build-env/linux@sha256:5ff2268d62e97bff2cde7d5815dd6ed5b47097566f13b8d0ca110b04b60e07ed" "/opt/rustwide/cargo-home/bin/cargo" "+1.69.0" "test" "--frozen" "--no-run" "--message-format=json", kill_on_drop: false }`
[INFO] [stdout] eb038535520e485d0e8a6c16ab82add8ea0c77c20d2985994eda9eb8a6abc84a
[INFO] running `Command { std: "docker" "start" "-a" "eb038535520e485d0e8a6c16ab82add8ea0c77c20d2985994eda9eb8a6abc84a", kill_on_drop: false }`
[INFO] [stderr]    Compiling google-adsense2 v5.0.2+20230124 (/opt/rustwide/workdir)
[INFO] [stderr]     Finished test [unoptimized + debuginfo] target(s) in 2.89s
[INFO] running `Command { std: "docker" "inspect" "eb038535520e485d0e8a6c16ab82add8ea0c77c20d2985994eda9eb8a6abc84a", kill_on_drop: false }`
[INFO] running `Command { std: "docker" "rm" "-f" "eb038535520e485d0e8a6c16ab82add8ea0c77c20d2985994eda9eb8a6abc84a", kill_on_drop: false }`
[INFO] [stdout] eb038535520e485d0e8a6c16ab82add8ea0c77c20d2985994eda9eb8a6abc84a
[INFO] running `Command { std: "docker" "create" "-v" "/var/lib/crater-agent-workspace/builds/worker-0-tc1/target:/opt/rustwide/target:rw,Z" "-v" "/var/lib/crater-agent-workspace/builds/worker-0-tc1/source:/opt/rustwide/workdir:ro,Z" "-v" "/var/lib/crater-agent-workspace/cargo-home:/opt/rustwide/cargo-home:ro,Z" "-v" "/var/lib/crater-agent-workspace/rustup-home:/opt/rustwide/rustup-home:ro,Z" "-e" "SOURCE_DIR=/opt/rustwide/workdir" "-e" "CARGO_TARGET_DIR=/opt/rustwide/target" "-e" "CARGO_INCREMENTAL=0" "-e" "RUST_BACKTRACE=full" "-e" "RUSTFLAGS=--cap-lints=warn" "-e" "RUSTDOCFLAGS=--cap-lints=warn" "-e" "CARGO_HOME=/opt/rustwide/cargo-home" "-e" "RUSTUP_HOME=/opt/rustwide/rustup-home" "-w" "/opt/rustwide/workdir" "-m" "1610612736" "--user" "0:0" "--network" "none" "ghcr.io/rust-lang/crates-build-env/linux@sha256:5ff2268d62e97bff2cde7d5815dd6ed5b47097566f13b8d0ca110b04b60e07ed" "/opt/rustwide/cargo-home/bin/cargo" "+1.69.0" "test" "--frozen", kill_on_drop: false }`
[INFO] [stdout] 5a0b9014b93576727f2ff5c7177f66a98be1c7c63b6971ed6c42fddbe8f8bb19
[INFO] running `Command { std: "docker" "start" "-a" "5a0b9014b93576727f2ff5c7177f66a98be1c7c63b6971ed6c42fddbe8f8bb19", kill_on_drop: false }`
[INFO] [stderr]     Finished test [unoptimized + debuginfo] target(s) in 0.15s
[INFO] [stderr]      Running unittests src/lib.rs (/opt/rustwide/target/debug/deps/google_adsense2-cfa26e3419d3fc49)
[INFO] [stdout] 
[INFO] [stderr]    Doc-tests google-adsense2
[INFO] [stdout] running 0 tests
[INFO] [stdout] 
[INFO] [stdout] test result: ok. 0 passed; 0 failed; 0 ignored; 0 measured; 0 filtered out; finished in 0.00s
[INFO] [stdout] 
[INFO] [stdout] 
[INFO] [stdout] running 35 tests
[INFO] [stdout] test src/api.rs - api::AccountAdclientAdunitListCall (line 2527) - compile ... ok
[INFO] [stdout] test src/api.rs - api::AccountAdclientGetCall (line 5632) - compile ... ok
[INFO] [stdout] test src/api.rs - api::AccountAdclientAdunitCreateCall (line 1714) - compile ... ok
[INFO] [stdout] test src/api.rs - api::AccountAdclientCustomchannelCreateCall (line 3400) - compile ... ok
[INFO] [stdout] test src/api.rs - api::AccountAdclientAdunitGetAdcodeCall (line 2266) - compile ... ok
[INFO] [stdout] test src/api.rs - api::AccountAdclientAdunitGetCall (line 2005) - compile ... ok
[INFO] [stdout] test src/api.rs - api::AccountAdclientCustomchannelDeleteCall (line 3691) - compile ... ok
[INFO] [stdout] test src/api.rs - api::AccountAdclientCustomchannelGetCall (line 3952) - compile ... ok
[INFO] [stdout] test src/api.rs - api::AccountAdclientCustomchannelPatchCall (line 4783) - compile ... FAILED
[INFO] [stdout] test src/api.rs - api::AccountAdclientGetAdcodeCall (line 5893) - compile ... ok
[INFO] [stdout] test src/api.rs - api::AccountAdclientListCall (line 6154) - compile ... ok
[INFO] [stdout] test src/api.rs - api::AccountAdclientAdunitListLinkedCustomChannelCall (line 2812) - compile ... ok
[INFO] [stdout] test src/api.rs - api::AccountAdclientUrlchannelGetCall (line 5086) - compile ... ok
[INFO] [stdout] test src/api.rs - api::AccountAdclientCustomchannelListLinkedAdUnitCall (line 4498) - compile ... ok
[INFO] [stdout] test src/api.rs - api::AccountAdclientAdunitPatchCall (line 3097) - compile ... FAILED
[INFO] [stdout] test src/api.rs - api::AccountAdclientCustomchannelListCall (line 4213) - compile ... ok
[INFO] [stdout] test src/api.rs - api::AccountReportGenerateCsvCall (line 8473) - compile ... ok
[INFO] [stdout] test src/api.rs - api::AccountReportGenerateCall (line 8020) - compile ... ok
[INFO] [stdout] test src/api.rs - api::AccountGetCall (line 9733) - compile ... ok
[INFO] [stdout] test src/lib.rs - (line 49) ... ignored
[INFO] [stdout] test src/api.rs - api::AccountReportGetSavedCall (line 8926) - compile ... ok
[INFO] [stdout] test src/api.rs - api::AccountMethods (line 1062) - compile ... ok
[INFO] [stdout] test src/api.rs - api::AccountReportSavedGenerateCsvCall (line 7354) - compile ... ok
[INFO] [stdout] test src/api.rs - api::AccountPaymentListCall (line 6712) - compile ... ok
[INFO] [stdout] test src/api.rs - api::AccountReportSavedGenerateCall (line 6973) - compile ... ok
[INFO] [stdout] test src/api.rs - api::AccountListChildAccountCall (line 10521) - compile ... ok
[INFO] [stdout] test src/api.rs - api::AccountGetAdBlockingRecoveryTagCall (line 9994) - compile ... ok
[INFO] [stdout] test src/api.rs - api::AccountAdclientUrlchannelListCall (line 5347) - compile ... ok
[INFO] [stdout] test src/api.rs - api::AccountSiteListCall (line 9448) - compile ... ok
[INFO] [stdout] test src/api.rs - api::AccountAlertListCall (line 6439) - compile ... ok
[INFO] [stdout] test src/api.rs - api::AccountReportSavedListCall (line 7735) - compile ... ok
[INFO] [stdout] test src/api.rs - api::AccountListCall (line 10255) - compile ... ok
[INFO] [stdout] test src/lib.rs - (line 103) - compile ... ok
[INFO] [stdout] test src/api.rs - api::AccountSiteGetCall (line 9187) - compile ... ok
[INFO] [stdout] test src/api.rs - api::Adsense (line 62) - compile ... ok
[INFO] [stdout] 
[INFO] [stdout] failures:
[INFO] [stdout] 
[INFO] [stdout] ---- src/api.rs - api::AccountAdclientCustomchannelPatchCall (line 4783) stdout ----
[INFO] [stdout] error[E0308]: mismatched types
[INFO] [stdout]     --> src/api.rs:4807:27
[INFO] [stdout]      |
[INFO] [stdout] 25   |              .update_mask(&Default::default())
[INFO] [stdout]      |               ----------- ^^^^^^^^^^^^^^^^^^^ expected `FieldMask`, found `&_`
[INFO] [stdout]      |               |
[INFO] [stdout]      |               arguments to this method are incorrect
[INFO] [stdout]      |
[INFO] [stdout]      = note: expected struct `FieldMask`
[INFO] [stdout]              found reference `&_`
[INFO] [stdout] note: method defined here
[INFO] [stdout]     --> /opt/rustwide/workdir/src/api.rs:4998:12
[INFO] [stdout]      |
[INFO] [stdout] 4998 |     pub fn update_mask(mut self, new_value: client::FieldMask) -> AccountAdclientCustomchannelPatchCall<'a, S> {
[INFO] [stdout]      |            ^^^^^^^^^^^
[INFO] [stdout] help: consider removing the borrow
[INFO] [stdout]      |
[INFO] [stdout] 25   -              .update_mask(&Default::default())
[INFO] [stdout] 25   +              .update_mask(Default::default())
[INFO] [stdout]      |
[INFO] [stdout] 
[INFO] [stdout] error: aborting due to previous error
[INFO] [stdout] 
[INFO] [stdout] For more information about this error, try `rustc --explain E0308`.
[INFO] [stdout] Couldn't compile the test.
[INFO] [stdout] ---- src/api.rs - api::AccountAdclientAdunitPatchCall (line 3097) stdout ----
[INFO] [stdout] error[E0308]: mismatched types
[INFO] [stdout]     --> src/api.rs:3121:27
[INFO] [stdout]      |
[INFO] [stdout] 25   |              .update_mask(&Default::default())
[INFO] [stdout]      |               ----------- ^^^^^^^^^^^^^^^^^^^ expected `FieldMask`, found `&_`
[INFO] [stdout]      |               |
[INFO] [stdout]      |               arguments to this method are incorrect
[INFO] [stdout]      |
[INFO] [stdout]      = note: expected struct `FieldMask`
[INFO] [stdout]              found reference `&_`
[INFO] [stdout] note: method defined here
[INFO] [stdout]     --> /opt/rustwide/workdir/src/api.rs:3312:12
[INFO] [stdout]      |
[INFO] [stdout] 3312 |     pub fn update_mask(mut self, new_value: client::FieldMask) -> AccountAdclientAdunitPatchCall<'a, S> {
[INFO] [stdout]      |            ^^^^^^^^^^^
[INFO] [stdout] help: consider removing the borrow
[INFO] [stdout]      |
[INFO] [stdout] 25   -              .update_mask(&Default::default())
[INFO] [stdout] 25   +              .update_mask(Default::default())
[INFO] [stdout]      |
[INFO] [stdout] 
[INFO] [stdout] error: aborting due to previous error
[INFO] [stdout] 
[INFO] [stdout] For more information about this error, try `rustc --explain E0308`.
[INFO] [stdout] Couldn't compile the test.
[INFO] [stdout] 
[INFO] [stdout] failures:
[INFO] [stdout]     src/api.rs - api::AccountAdclientAdunitPatchCall (line 3097)
[INFO] [stdout]     src/api.rs - api::AccountAdclientCustomchannelPatchCall (line 4783)
[INFO] [stdout] 
[INFO] [stdout] test result: FAILED. 32 passed; 2 failed; 1 ignored; 0 measured; 0 filtered out; finished in 1.13s
[INFO] [stdout] 
[INFO] [stderr] error: doctest failed, to rerun pass `--doc`
[INFO] running `Command { std: "docker" "inspect" "5a0b9014b93576727f2ff5c7177f66a98be1c7c63b6971ed6c42fddbe8f8bb19", kill_on_drop: false }`
[INFO] running `Command { std: "docker" "rm" "-f" "5a0b9014b93576727f2ff5c7177f66a98be1c7c63b6971ed6c42fddbe8f8bb19", kill_on_drop: false }`
[INFO] [stdout] 5a0b9014b93576727f2ff5c7177f66a98be1c7c63b6971ed6c42fddbe8f8bb19
