[INFO] fetching crate gmt_dos-clients_mount 0.1.1...
[INFO] testing gmt_dos-clients_mount-0.1.1 against 1.69.0 for beta-1.70-1
[INFO] extracting crate gmt_dos-clients_mount 0.1.1 into /workspace/builds/worker-6-tc1/source
[INFO] validating manifest of crates.io crate gmt_dos-clients_mount 0.1.1 on toolchain 1.69.0
[INFO] running `Command { std: CARGO_HOME="/workspace/cargo-home" RUSTUP_HOME="/workspace/rustup-home" "/workspace/cargo-home/bin/cargo" "+1.69.0" "metadata" "--manifest-path" "Cargo.toml" "--no-deps", kill_on_drop: false }`
[INFO] started tweaking crates.io crate gmt_dos-clients_mount 0.1.1
[INFO] finished tweaking crates.io crate gmt_dos-clients_mount 0.1.1
[INFO] tweaked toml for crates.io crate gmt_dos-clients_mount 0.1.1 written to /workspace/builds/worker-6-tc1/source/Cargo.toml
[INFO] running `Command { std: CARGO_HOME="/workspace/cargo-home" RUSTUP_HOME="/workspace/rustup-home" __CARGO_TEST_CHANNEL_OVERRIDE_DO_NOT_USE_THIS="nightly" "/workspace/cargo-home/bin/cargo" "+1.69.0" "generate-lockfile" "--manifest-path" "Cargo.toml" "-Zno-index-update", kill_on_drop: false }`
[INFO] [stderr]     Blocking waiting for file lock on package cache
[INFO] running `Command { std: CARGO_HOME="/workspace/cargo-home" RUSTUP_HOME="/workspace/rustup-home" "/workspace/cargo-home/bin/cargo" "+1.69.0" "fetch" "--manifest-path" "Cargo.toml", kill_on_drop: false }`
[INFO] [stderr]  Downloading crates ...
[INFO] [stderr]   Downloaded seq-macro v0.3.3
[INFO] [stderr]   Downloaded arrow-select v30.0.1
[INFO] [stderr]   Downloaded arrow-schema v30.0.1
[INFO] [stderr]   Downloaded zstd-safe v6.0.5+zstd.1.5.4
[INFO] [stderr]   Downloaded arrow-data v30.0.1
[INFO] [stderr]   Downloaded arrow-buffer v30.0.1
[INFO] [stderr]   Downloaded arrow-array v30.0.1
[INFO] [stderr]   Downloaded arrow-cast v30.0.1
[INFO] [stderr]   Downloaded arrow v30.0.1
[INFO] [stderr]   Downloaded dos-uid-derive v1.0.2
[INFO] [stderr]   Downloaded gmt-lom v1.1.0
[INFO] [stderr]   Downloaded arrow-csv v30.0.1
[INFO] [stderr]   Downloaded arrow-json v30.0.1
[INFO] [stderr]   Downloaded arrow-ord v30.0.1
[INFO] [stderr]   Downloaded complot v0.3.3
[INFO] [stderr]   Downloaded colorous v1.0.10
[INFO] [stderr]   Downloaded simulink-binder v0.1.1
[INFO] [stderr]   Downloaded geotrans v0.1.1
[INFO] [stderr]   Downloaded vec_box v1.0.0
[INFO] [stderr]   Downloaded gmt_dos-clients_io v1.1.1
[INFO] [stderr]   Downloaded arrow-ipc v30.0.1
[INFO] [stderr]   Downloaded gmt_mount-ctrl_sampling8000-damping002_ze30 v0.1.0
[INFO] [stderr]   Downloaded gmt_dos-clients_arrow v0.2.3
[INFO] [stderr]   Downloaded primal-check v0.3.3
[INFO] [stderr]   Downloaded strength_reduce v0.2.4
[INFO] [stderr]   Downloaded transpose v0.2.2
[INFO] [stderr]   Downloaded skyangle v0.2.2
[INFO] [stderr]   Downloaded arrow-arith v30.0.1
[INFO] [stderr]   Downloaded gmt_dos-clients v1.0.0
[INFO] [stderr]   Downloaded serde-pickle v1.1.1
[INFO] [stderr]   Downloaded parquet v30.0.1
[INFO] [stderr]   Downloaded nalgebra v0.31.4
[INFO] [stderr]   Downloaded rustfft v6.1.0
[INFO] [stderr]   Downloaded gmt_mount-ctrl_sampling8000-damping002_ze00 v0.1.0
[INFO] [stderr]   Downloaded gmt_mount-ctrl_sampling8000-damping0005 v1.0.0
[INFO] [stderr]   Downloaded gmt_mount-ctrl v2.1.0
[INFO] [stderr]   Downloaded yeslogic-fontconfig-sys v3.2.0
[INFO] [stderr]   Downloaded font-kit v0.11.0
[INFO] [stderr]   Downloaded plotters-bitmap v0.3.2
[INFO] [stderr]   Downloaded welch-sde v0.1.0
[INFO] [stderr]   Downloaded arrow-row v30.0.1
[INFO] [stderr]   Downloaded arrow-string v30.0.1
[INFO] [stderr]   Downloaded gmt_dos-actors v5.0.3
[INFO] [stderr]   Downloaded gmt_dos-actors v6.0.0
[INFO] [stderr]   Downloaded gmt_dos-actors v4.1.0
[INFO] [stderr]   Downloaded gmt_mount-ctrl_sampling1000-damping002_ze30 v0.1.0
[INFO] [stderr]   Downloaded gmt_mount-ctrl_sampling1000-damping002_ze00 v0.1.0
[INFO] [stderr]   Downloaded fem-macros v0.3.1
[INFO] [stderr]   Downloaded gmt_mount-ctrl_sampling1000-damping002_ze60 v0.1.0
[INFO] [stderr]   Downloaded gmt_mount-ctrl_sampling1000-damping002 v1.0.1
[INFO] [stderr]   Downloaded gmt_mount-ctrl_sampling8000-damping002_ze60 v0.1.0
[INFO] [stderr]   Downloaded gmt_mount-ctrl_sampling8000-damping002 v0.0.1
[INFO] [stderr]   Downloaded flatbuffers v22.9.29
[INFO] [stderr]   Downloaded gmt-fem v1.2.0
[INFO] running `Command { std: "docker" "create" "-v" "/var/lib/crater-agent-workspace/builds/worker-6-tc1/target:/opt/rustwide/target:rw,Z" "-v" "/var/lib/crater-agent-workspace/builds/worker-6-tc1/source:/opt/rustwide/workdir:ro,Z" "-v" "/var/lib/crater-agent-workspace/cargo-home:/opt/rustwide/cargo-home:ro,Z" "-v" "/var/lib/crater-agent-workspace/rustup-home:/opt/rustwide/rustup-home:ro,Z" "-e" "SOURCE_DIR=/opt/rustwide/workdir" "-e" "CARGO_TARGET_DIR=/opt/rustwide/target" "-e" "CARGO_HOME=/opt/rustwide/cargo-home" "-e" "RUSTUP_HOME=/opt/rustwide/rustup-home" "-w" "/opt/rustwide/workdir" "-m" "1610612736" "--user" "0:0" "--network" "none" "ghcr.io/rust-lang/crates-build-env/linux@sha256:5ff2268d62e97bff2cde7d5815dd6ed5b47097566f13b8d0ca110b04b60e07ed" "/opt/rustwide/cargo-home/bin/cargo" "+1.69.0" "metadata" "--no-deps" "--format-version=1", kill_on_drop: false }`
[INFO] [stdout] f3121dea6cac00959cc9043dba4b614869ef637203f9d55ed7aefc7f19041d62
[INFO] running `Command { std: "docker" "start" "-a" "f3121dea6cac00959cc9043dba4b614869ef637203f9d55ed7aefc7f19041d62", kill_on_drop: false }`
[INFO] running `Command { std: "docker" "inspect" "f3121dea6cac00959cc9043dba4b614869ef637203f9d55ed7aefc7f19041d62", kill_on_drop: false }`
[INFO] running `Command { std: "docker" "rm" "-f" "f3121dea6cac00959cc9043dba4b614869ef637203f9d55ed7aefc7f19041d62", kill_on_drop: false }`
[INFO] [stdout] f3121dea6cac00959cc9043dba4b614869ef637203f9d55ed7aefc7f19041d62
[INFO] running `Command { std: "docker" "create" "-v" "/var/lib/crater-agent-workspace/builds/worker-6-tc1/target:/opt/rustwide/target:rw,Z" "-v" "/var/lib/crater-agent-workspace/builds/worker-6-tc1/source:/opt/rustwide/workdir:ro,Z" "-v" "/var/lib/crater-agent-workspace/cargo-home:/opt/rustwide/cargo-home:ro,Z" "-v" "/var/lib/crater-agent-workspace/rustup-home:/opt/rustwide/rustup-home:ro,Z" "-e" "SOURCE_DIR=/opt/rustwide/workdir" "-e" "CARGO_TARGET_DIR=/opt/rustwide/target" "-e" "CARGO_INCREMENTAL=0" "-e" "RUST_BACKTRACE=full" "-e" "RUSTFLAGS=--cap-lints=warn" "-e" "RUSTDOCFLAGS=--cap-lints=warn" "-e" "CARGO_HOME=/opt/rustwide/cargo-home" "-e" "RUSTUP_HOME=/opt/rustwide/rustup-home" "-w" "/opt/rustwide/workdir" "-m" "1610612736" "--user" "0:0" "--network" "none" "ghcr.io/rust-lang/crates-build-env/linux@sha256:5ff2268d62e97bff2cde7d5815dd6ed5b47097566f13b8d0ca110b04b60e07ed" "/opt/rustwide/cargo-home/bin/cargo" "+1.69.0" "build" "--frozen" "--message-format=json", kill_on_drop: false }`
[INFO] [stdout] 8d9f8ead9b778683352f303abb7869a00127b7d2b50f78d356c4b4b0afe7791b
[INFO] running `Command { std: "docker" "start" "-a" "8d9f8ead9b778683352f303abb7869a00127b7d2b50f78d356c4b4b0afe7791b", kill_on_drop: false }`
[INFO] [stderr]     Blocking waiting for file lock on package cache
[INFO] [stderr]    Compiling syn v1.0.109
[INFO] [stderr]    Compiling futures-core v0.3.28
[INFO] [stderr]    Compiling libm v0.2.6
[INFO] [stderr]    Compiling futures-task v0.3.28
[INFO] [stderr]    Compiling futures-sink v0.3.28
[INFO] [stderr]    Compiling futures-channel v0.3.28
[INFO] [stderr]    Compiling log v0.4.17
[INFO] [stderr]    Compiling num-traits v0.2.15
[INFO] [stderr]    Compiling futures-util v0.3.28
[INFO] [stderr]    Compiling futures-io v0.3.28
[INFO] [stderr]    Compiling syn v2.0.15
[INFO] [stderr]    Compiling parking_lot_core v0.9.7
[INFO] [stderr]    Compiling getrandom v0.2.9
[INFO] [stderr]    Compiling tokio v1.28.0
[INFO] [stderr]    Compiling async-trait v0.1.68
[INFO] [stderr]    Compiling num_cpus v1.15.0
[INFO] [stderr]    Compiling time v0.1.45
[INFO] [stderr]    Compiling nanorand v0.7.0
[INFO] [stderr]    Compiling parking_lot v0.12.1
[INFO] [stderr]    Compiling signal-hook-registry v1.4.1
[INFO] [stderr]    Compiling spin v0.9.8
[INFO] [stderr]    Compiling socket2 v0.4.9
[INFO] [stderr]    Compiling iana-time-zone v0.1.56
[INFO] [stderr]    Compiling aho-corasick v1.0.1
[INFO] [stderr]    Compiling paris v1.5.15
[INFO] [stderr]    Compiling regex-syntax v0.7.1
[INFO] [stderr]    Compiling vec_box v1.0.0
[INFO] [stderr]    Compiling terminal_size v0.1.17
[INFO] [stderr]    Compiling mio v0.8.6
[INFO] [stderr]    Compiling linya v0.3.0
[INFO] [stderr]    Compiling num-integer v0.1.45
[INFO] [stderr]    Compiling chrono v0.4.24
[INFO] [stderr]    Compiling regex v1.8.1
[INFO] [stderr]    Compiling thiserror-impl v1.0.40
[INFO] [stderr]    Compiling futures-macro v0.3.28
[INFO] [stderr]    Compiling tokio-macros v2.1.0
[INFO] [stderr]    Compiling pin-project-internal v1.0.12
[INFO] [stderr]    Compiling dos-uid-derive v2.0.0
[INFO] [stderr]    Compiling dos-uid-derive v1.0.2
[INFO] [stderr]    Compiling thiserror v1.0.40
[INFO] [stderr]    Compiling simulink-binder v0.1.1
[INFO] [stderr]    Compiling gmt_dos-clients v1.0.0
[INFO] [stderr]    Compiling pin-project v1.0.12
[INFO] [stderr]    Compiling flume v0.10.14
[INFO] [stderr]    Compiling gmt_mount-ctrl v2.1.0
[INFO] [stdout] error[E0433]: failed to resolve: use of undeclared crate or module `drives`
[INFO] [stdout]   --> /opt/rustwide/cargo-home/registry/src/github.com-1ecc6299db9ec823/gmt_mount-ctrl-2.1.0/src/lib.rs:16:30
[INFO] [stdout]    |
[INFO] [stdout] 16 | impl<'a> DriveController for drives::Controller<'a> {
[INFO] [stdout]    |                              ^^^^^^ use of undeclared crate or module `drives`
[INFO] [stdout] 
[INFO] [stdout] 
[INFO] [stdout] error[E0433]: failed to resolve: use of undeclared crate or module `drives`
[INFO] [stdout]   --> /opt/rustwide/cargo-home/registry/src/github.com-1ecc6299db9ec823/gmt_mount-ctrl-2.1.0/src/lib.rs:18:16
[INFO] [stdout]    |
[INFO] [stdout] 18 |         if let drives::U::Mountcmd(val) = &mut self.mount_cmd {
[INFO] [stdout]    |                ^^^^^^ use of undeclared crate or module `drives`
[INFO] [stdout] 
[INFO] [stdout] 
[INFO] [stdout] error[E0433]: failed to resolve: use of undeclared crate or module `drives`
[INFO] [stdout]   --> /opt/rustwide/cargo-home/registry/src/github.com-1ecc6299db9ec823/gmt_mount-ctrl-2.1.0/src/lib.rs:26:16
[INFO] [stdout]    |
[INFO] [stdout] 26 |         if let drives::U::Mountpos(val) = &mut self.mount_pos {
[INFO] [stdout]    |                ^^^^^^ use of undeclared crate or module `drives`
[INFO] [stdout] 
[INFO] [stdout] 
[INFO] [stdout] error[E0433]: failed to resolve: use of undeclared crate or module `drives`
[INFO] [stdout]   --> /opt/rustwide/cargo-home/registry/src/github.com-1ecc6299db9ec823/gmt_mount-ctrl-2.1.0/src/lib.rs:34:13
[INFO] [stdout]    |
[INFO] [stdout] 34 |         let drives::Y::MountT(val) = &self.mount_t;
[INFO] [stdout]    |             ^^^^^^ use of undeclared crate or module `drives`
[INFO] [stdout] 
[INFO] [stdout] 
[INFO] [stdout] error[E0433]: failed to resolve: use of undeclared crate or module `controller`
[INFO] [stdout]   --> /opt/rustwide/cargo-home/registry/src/github.com-1ecc6299db9ec823/gmt_mount-ctrl-2.1.0/src/lib.rs:44:35
[INFO] [stdout]    |
[INFO] [stdout] 44 | impl<'a> ControllerController for controller::Controller<'a> {
[INFO] [stdout]    |                                   ^^^^^^^^^^ use of undeclared crate or module `controller`
[INFO] [stdout] 
[INFO] [stdout] 
[INFO] [stdout] error[E0433]: failed to resolve: use of undeclared crate or module `controller`
[INFO] [stdout]   --> /opt/rustwide/cargo-home/registry/src/github.com-1ecc6299db9ec823/gmt_mount-ctrl-2.1.0/src/lib.rs:46:16
[INFO] [stdout]    |
[INFO] [stdout] 46 |         if let controller::U::MountFB(val) = &mut self.mount_fb {
[INFO] [stdout]    |                ^^^^^^^^^^ use of undeclared crate or module `controller`
[INFO] [stdout] 
[INFO] [stdout] 
[INFO] [stdout] error[E0433]: failed to resolve: use of undeclared crate or module `controller`
[INFO] [stdout]   --> /opt/rustwide/cargo-home/registry/src/github.com-1ecc6299db9ec823/gmt_mount-ctrl-2.1.0/src/lib.rs:54:16
[INFO] [stdout]    |
[INFO] [stdout] 54 |         if let controller::U::MountSP(val) = &mut self.mount_sp {
[INFO] [stdout]    |                ^^^^^^^^^^ use of undeclared crate or module `controller`
[INFO] [stdout] 
[INFO] [stdout] 
[INFO] [stdout] error[E0433]: failed to resolve: use of undeclared crate or module `controller`
[INFO] [stdout]   --> /opt/rustwide/cargo-home/registry/src/github.com-1ecc6299db9ec823/gmt_mount-ctrl-2.1.0/src/lib.rs:62:13
[INFO] [stdout]    |
[INFO] [stdout] 62 |         let controller::Y::Mountcmd(val) = &self.mount_cmd;
[INFO] [stdout]    |             ^^^^^^^^^^ use of undeclared crate or module `controller`
[INFO] [stdout] 
[INFO] [stdout] 
[INFO] [stdout] error: aborting due to 8 previous errors
[INFO] [stdout] 
[INFO] [stdout] 
[INFO] [stdout] For more information about this error, try `rustc --explain E0433`.
[INFO] [stdout] 
[INFO] [stderr] error: could not compile `gmt_mount-ctrl` due to 9 previous errors
[INFO] [stderr] warning: build failed, waiting for other jobs to finish...
[INFO] running `Command { std: "docker" "inspect" "8d9f8ead9b778683352f303abb7869a00127b7d2b50f78d356c4b4b0afe7791b", kill_on_drop: false }`
[INFO] running `Command { std: "docker" "rm" "-f" "8d9f8ead9b778683352f303abb7869a00127b7d2b50f78d356c4b4b0afe7791b", kill_on_drop: false }`
[INFO] [stdout] 8d9f8ead9b778683352f303abb7869a00127b7d2b50f78d356c4b4b0afe7791b
