[INFO] fetching crate gmt_dos-clients_arrow 0.2.3...
[INFO] testing gmt_dos-clients_arrow-0.2.3 against 1.69.0 for beta-1.70-1
[INFO] extracting crate gmt_dos-clients_arrow 0.2.3 into /workspace/builds/worker-7-tc1/source
[INFO] validating manifest of crates.io crate gmt_dos-clients_arrow 0.2.3 on toolchain 1.69.0
[INFO] running `Command { std: CARGO_HOME="/workspace/cargo-home" RUSTUP_HOME="/workspace/rustup-home" "/workspace/cargo-home/bin/cargo" "+1.69.0" "metadata" "--manifest-path" "Cargo.toml" "--no-deps", kill_on_drop: false }`
[INFO] started tweaking crates.io crate gmt_dos-clients_arrow 0.2.3
[INFO] finished tweaking crates.io crate gmt_dos-clients_arrow 0.2.3
[INFO] tweaked toml for crates.io crate gmt_dos-clients_arrow 0.2.3 written to /workspace/builds/worker-7-tc1/source/Cargo.toml
[INFO] running `Command { std: CARGO_HOME="/workspace/cargo-home" RUSTUP_HOME="/workspace/rustup-home" __CARGO_TEST_CHANNEL_OVERRIDE_DO_NOT_USE_THIS="nightly" "/workspace/cargo-home/bin/cargo" "+1.69.0" "generate-lockfile" "--manifest-path" "Cargo.toml" "-Zno-index-update", kill_on_drop: false }`
[INFO] running `Command { std: CARGO_HOME="/workspace/cargo-home" RUSTUP_HOME="/workspace/rustup-home" "/workspace/cargo-home/bin/cargo" "+1.69.0" "fetch" "--manifest-path" "Cargo.toml", kill_on_drop: false }`
[INFO] [stderr]  Downloading crates ...
[INFO] [stderr]   Downloaded vec_box v1.0.0
[INFO] [stderr]   Downloaded matio-rs_derive v0.1.0
[INFO] [stderr]   Downloaded dos-uid-derive v2.0.0
[INFO] [stderr]   Downloaded matio-rs v1.3.1
[INFO] [stderr]   Downloaded gmt_dos-clients v1.0.0
[INFO] [stderr]   Downloaded arrow-row v30.0.1
[INFO] [stderr]   Downloaded arrow-string v30.0.1
[INFO] [stderr]   Downloaded arrow-csv v30.0.1
[INFO] [stderr]   Downloaded paris v1.5.15
[INFO] [stderr]   Downloaded arrow-buffer v30.0.1
[INFO] [stderr]   Downloaded arrow-data v30.0.1
[INFO] [stderr]   Downloaded arrow-schema v30.0.1
[INFO] [stderr]   Downloaded flatbuffers v22.9.29
[INFO] [stderr]   Downloaded arrow-cast v30.0.1
[INFO] [stderr]   Downloaded arrow-json v30.0.1
[INFO] [stderr]   Downloaded arrow-ord v30.0.1
[INFO] [stderr]   Downloaded arrow-arith v30.0.1
[INFO] [stderr]   Downloaded arrow-ipc v30.0.1
[INFO] [stderr]   Downloaded arrow-select v30.0.1
[INFO] [stderr]   Downloaded arrow-array v30.0.1
[INFO] [stderr]   Downloaded arrow v30.0.1
[INFO] [stderr]   Downloaded matio-rs-sys v0.2.2
[INFO] [stderr]   Downloaded gmt_dos-actors v6.0.0
[INFO] [stderr]   Downloaded parquet v30.0.1
[INFO] running `Command { std: "docker" "create" "-v" "/var/lib/crater-agent-workspace/builds/worker-7-tc1/target:/opt/rustwide/target:rw,Z" "-v" "/var/lib/crater-agent-workspace/builds/worker-7-tc1/source:/opt/rustwide/workdir:ro,Z" "-v" "/var/lib/crater-agent-workspace/cargo-home:/opt/rustwide/cargo-home:ro,Z" "-v" "/var/lib/crater-agent-workspace/rustup-home:/opt/rustwide/rustup-home:ro,Z" "-e" "SOURCE_DIR=/opt/rustwide/workdir" "-e" "CARGO_TARGET_DIR=/opt/rustwide/target" "-e" "CARGO_HOME=/opt/rustwide/cargo-home" "-e" "RUSTUP_HOME=/opt/rustwide/rustup-home" "-w" "/opt/rustwide/workdir" "-m" "1610612736" "--user" "0:0" "--network" "none" "ghcr.io/rust-lang/crates-build-env/linux@sha256:5ff2268d62e97bff2cde7d5815dd6ed5b47097566f13b8d0ca110b04b60e07ed" "/opt/rustwide/cargo-home/bin/cargo" "+1.69.0" "metadata" "--no-deps" "--format-version=1", kill_on_drop: false }`
[INFO] [stdout] c3dc924d5de03f53e77982c3ae3ccbec45f9b5612675e13b17d90ffdced19390
[INFO] running `Command { std: "docker" "start" "-a" "c3dc924d5de03f53e77982c3ae3ccbec45f9b5612675e13b17d90ffdced19390", kill_on_drop: false }`
[INFO] running `Command { std: "docker" "inspect" "c3dc924d5de03f53e77982c3ae3ccbec45f9b5612675e13b17d90ffdced19390", kill_on_drop: false }`
[INFO] running `Command { std: "docker" "rm" "-f" "c3dc924d5de03f53e77982c3ae3ccbec45f9b5612675e13b17d90ffdced19390", kill_on_drop: false }`
[INFO] [stdout] c3dc924d5de03f53e77982c3ae3ccbec45f9b5612675e13b17d90ffdced19390
[INFO] running `Command { std: "docker" "create" "-v" "/var/lib/crater-agent-workspace/builds/worker-7-tc1/target:/opt/rustwide/target:rw,Z" "-v" "/var/lib/crater-agent-workspace/builds/worker-7-tc1/source:/opt/rustwide/workdir:ro,Z" "-v" "/var/lib/crater-agent-workspace/cargo-home:/opt/rustwide/cargo-home:ro,Z" "-v" "/var/lib/crater-agent-workspace/rustup-home:/opt/rustwide/rustup-home:ro,Z" "-e" "SOURCE_DIR=/opt/rustwide/workdir" "-e" "CARGO_TARGET_DIR=/opt/rustwide/target" "-e" "CARGO_INCREMENTAL=0" "-e" "RUST_BACKTRACE=full" "-e" "RUSTFLAGS=--cap-lints=warn" "-e" "RUSTDOCFLAGS=--cap-lints=warn" "-e" "CARGO_HOME=/opt/rustwide/cargo-home" "-e" "RUSTUP_HOME=/opt/rustwide/rustup-home" "-w" "/opt/rustwide/workdir" "-m" "1610612736" "--user" "0:0" "--network" "none" "ghcr.io/rust-lang/crates-build-env/linux@sha256:5ff2268d62e97bff2cde7d5815dd6ed5b47097566f13b8d0ca110b04b60e07ed" "/opt/rustwide/cargo-home/bin/cargo" "+1.69.0" "build" "--frozen" "--message-format=json", kill_on_drop: false }`
[INFO] [stdout] 6c2dc938fbbe741294d6f4acbb033bf71d01cec8095ced37b60f6e4feacbb77b
[INFO] running `Command { std: "docker" "start" "-a" "6c2dc938fbbe741294d6f4acbb033bf71d01cec8095ced37b60f6e4feacbb77b", kill_on_drop: false }`
[INFO] [stderr]    Compiling num-traits v0.2.15
[INFO] [stderr]    Compiling proc-macro2 v1.0.56
[INFO] [stderr]    Compiling num-integer v0.1.45
[INFO] [stderr]    Compiling num-bigint v0.4.3
[INFO] [stderr]    Compiling crunchy v0.2.2
[INFO] [stderr]    Compiling num-rational v0.4.1
[INFO] [stderr]    Compiling getrandom v0.2.9
[INFO] [stderr]    Compiling num-iter v0.1.43
[INFO] [stderr]    Compiling proc-macro-hack v0.5.20+deprecated
[INFO] [stderr]    Compiling tiny-keccak v2.0.2
[INFO] [stderr]    Compiling once_cell v1.17.1
[INFO] [stderr]    Compiling ahash v0.8.3
[INFO] [stderr]    Compiling time v0.1.45
[INFO] [stderr]    Compiling arrow-schema v30.0.1
[INFO] [stderr]    Compiling jobserver v0.1.26
[INFO] [stderr]    Compiling hashbrown v0.13.2
[INFO] [stderr]    Compiling quote v1.0.26
[INFO] [stderr]    Compiling cc v1.0.79
[INFO] [stderr]    Compiling lexical-util v0.8.5
[INFO] [stderr]    Compiling syn v1.0.109
[INFO] [stderr]    Compiling syn v2.0.15
[INFO] [stderr]    Compiling futures-core v0.3.28
[INFO] [stderr]    Compiling lexical-write-integer v0.8.5
[INFO] [stderr]    Compiling lexical-parse-integer v0.8.6
[INFO] [stderr]    Compiling pkg-config v0.3.26
[INFO] [stderr]    Compiling lexical-write-float v0.8.5
[INFO] [stderr]    Compiling const-random-macro v0.1.15
[INFO] [stderr]    Compiling num-complex v0.4.3
[INFO] [stderr]    Compiling half v2.2.1
[INFO] [stderr]    Compiling const-random v0.1.15
[INFO] [stderr]    Compiling chrono v0.4.24
[INFO] [stderr]    Compiling lexical-parse-float v0.8.5
[INFO] [stderr]    Compiling zstd-sys v2.0.8+zstd.1.5.5
[INFO] [stderr]    Compiling slab v0.4.8
[INFO] [stderr]    Compiling lexical-core v0.8.5
[INFO] [stderr]    Compiling futures-task v0.3.28
[INFO] [stderr]    Compiling futures-sink v0.3.28
[INFO] [stderr]    Compiling futures-channel v0.3.28
[INFO] [stderr]    Compiling futures-util v0.3.28
[INFO] [stderr]    Compiling lz4-sys v1.9.4
[INFO] [stderr]    Compiling aho-corasick v1.0.1
[INFO] [stderr]    Compiling indexmap v1.9.3
[INFO] [stderr]    Compiling num v0.4.0
[INFO] [stderr]    Compiling futures-io v0.3.28
[INFO] [stderr]    Compiling arrow-buffer v30.0.1
[INFO] [stderr]    Compiling log v0.4.17
[INFO] [stderr]    Compiling regex-syntax v0.7.1
[INFO] [stderr]    Compiling arrow-data v30.0.1
[INFO] [stderr]    Compiling serde_json v1.0.96
[INFO] [stderr]    Compiling crc32fast v1.3.2
[INFO] [stderr]    Compiling alloc-no-stdlib v2.0.4
[INFO] [stderr]    Compiling zstd-safe v6.0.5+zstd.1.5.4
[INFO] [stderr]    Compiling alloc-stdlib v0.2.2
[INFO] [stderr]    Compiling csv-core v0.1.10
[INFO] [stderr]    Compiling tokio v1.28.0
[INFO] [stderr]    Compiling hashbrown v0.12.3
[INFO] [stderr]    Compiling arrow-array v30.0.1
[INFO] [stderr]    Compiling snap v1.1.0
[INFO] [stderr]    Compiling paste v1.0.12
[INFO] [stderr]    Compiling regex v1.8.1
[INFO] [stderr]    Compiling miniz_oxide v0.7.1
[INFO] [stderr]    Compiling arrow-select v30.0.1
[INFO] [stderr]    Compiling csv v1.2.1
[INFO] [stderr]    Compiling thiserror-impl v1.0.40
[INFO] [stderr]    Compiling arrow-cast v30.0.1
[INFO] [stderr]    Compiling futures-macro v0.3.28
[INFO] [stderr]    Compiling tokio-macros v2.1.0
[INFO] [stderr]    Compiling pin-project-internal v1.0.12
[INFO] [stderr]    Compiling dos-uid-derive v2.0.0
[INFO] [stderr]    Compiling thiserror v1.0.40
[INFO] [stderr]    Compiling flatbuffers v22.9.29
[INFO] [stderr]    Compiling spin v0.9.8
[INFO] [stderr]    Compiling brotli-decompressor v2.3.4
[INFO] [stderr]    Compiling ordered-float v2.10.0
[INFO] [stderr]    Compiling arrow-ipc v30.0.1
[INFO] [stderr]    Compiling nanorand v0.7.0
[INFO] [stderr]    Compiling num_cpus v1.15.0
[INFO] [stderr]    Compiling pin-project v1.0.12
[INFO] [stderr]    Compiling paris v1.5.15
[INFO] [stderr]    Compiling byteorder v1.4.3
[INFO] [stderr]    Compiling integer-encoding v3.0.4
[INFO] [stderr]    Compiling regex-syntax v0.6.29
[INFO] [stderr]    Compiling lazy_static v1.4.0
[INFO] [stderr]    Compiling thrift v0.17.0
[INFO] [stderr]    Compiling arrow-csv v30.0.1
[INFO] [stderr]    Compiling arrow-json v30.0.1
[INFO] [stderr]    Compiling gmt_dos-clients v1.0.0
[INFO] [stderr]    Compiling flume v0.10.14
[INFO] [stderr]    Compiling brotli v3.3.4
[INFO] [stderr]    Compiling futures-executor v0.3.28
[INFO] [stderr]    Compiling flate2 v1.0.26
[INFO] [stderr]    Compiling futures v0.3.28
[INFO] [stderr]    Compiling arrow-string v30.0.1
[INFO] [stderr]    Compiling async-trait v0.1.68
[INFO] [stderr]    Compiling arrow-ord v30.0.1
[INFO] [stderr]    Compiling arrow-arith v30.0.1
[INFO] [stderr]    Compiling arrow-row v30.0.1
[INFO] [stderr]    Compiling twox-hash v1.6.3
[INFO] [stderr]    Compiling seq-macro v0.3.3
[INFO] [stderr]    Compiling vec_box v1.0.0
[INFO] [stderr]    Compiling base64 v0.20.0
[INFO] [stderr]    Compiling humantime v2.1.0
[INFO] [stderr]    Compiling bytes v1.4.0
[INFO] [stderr]    Compiling gmt_dos-actors v6.0.0
[INFO] [stderr]    Compiling arrow v30.0.1
[INFO] [stderr]    Compiling lz4 v1.24.0
[INFO] [stderr]    Compiling zstd v0.12.3+zstd.1.5.2
[INFO] [stderr]    Compiling parquet v30.0.1
[INFO] [stderr]    Compiling gmt_dos-clients_arrow v0.2.3 (/opt/rustwide/workdir)
[INFO] [stderr]     Finished dev [unoptimized + debuginfo] target(s) in 2m 19s
[INFO] running `Command { std: "docker" "inspect" "6c2dc938fbbe741294d6f4acbb033bf71d01cec8095ced37b60f6e4feacbb77b", kill_on_drop: false }`
[INFO] running `Command { std: "docker" "rm" "-f" "6c2dc938fbbe741294d6f4acbb033bf71d01cec8095ced37b60f6e4feacbb77b", kill_on_drop: false }`
[INFO] [stdout] 6c2dc938fbbe741294d6f4acbb033bf71d01cec8095ced37b60f6e4feacbb77b
[INFO] running `Command { std: "docker" "create" "-v" "/var/lib/crater-agent-workspace/builds/worker-7-tc1/target:/opt/rustwide/target:rw,Z" "-v" "/var/lib/crater-agent-workspace/builds/worker-7-tc1/source:/opt/rustwide/workdir:ro,Z" "-v" "/var/lib/crater-agent-workspace/cargo-home:/opt/rustwide/cargo-home:ro,Z" "-v" "/var/lib/crater-agent-workspace/rustup-home:/opt/rustwide/rustup-home:ro,Z" "-e" "SOURCE_DIR=/opt/rustwide/workdir" "-e" "CARGO_TARGET_DIR=/opt/rustwide/target" "-e" "CARGO_INCREMENTAL=0" "-e" "RUST_BACKTRACE=full" "-e" "RUSTFLAGS=--cap-lints=warn" "-e" "RUSTDOCFLAGS=--cap-lints=warn" "-e" "CARGO_HOME=/opt/rustwide/cargo-home" "-e" "RUSTUP_HOME=/opt/rustwide/rustup-home" "-w" "/opt/rustwide/workdir" "-m" "1610612736" "--user" "0:0" "--network" "none" "ghcr.io/rust-lang/crates-build-env/linux@sha256:5ff2268d62e97bff2cde7d5815dd6ed5b47097566f13b8d0ca110b04b60e07ed" "/opt/rustwide/cargo-home/bin/cargo" "+1.69.0" "test" "--frozen" "--no-run" "--message-format=json", kill_on_drop: false }`
[INFO] [stdout] 9c37f213fc240541655235d33e0ab9bd942fead523dd079c08daae7cd64ffac9
[INFO] running `Command { std: "docker" "start" "-a" "9c37f213fc240541655235d33e0ab9bd942fead523dd079c08daae7cd64ffac9", kill_on_drop: false }`
[INFO] [stderr]    Compiling async-stream-impl v0.3.5
[INFO] [stderr]    Compiling tokio-stream v0.1.14
[INFO] [stderr]    Compiling async-stream v0.3.5
[INFO] [stderr]    Compiling tokio-test v0.4.2
[INFO] [stderr]    Compiling gmt_dos-clients_arrow v0.2.3 (/opt/rustwide/workdir)
[INFO] [stderr]     Finished test [unoptimized + debuginfo] target(s) in 3.80s
[INFO] running `Command { std: "docker" "inspect" "9c37f213fc240541655235d33e0ab9bd942fead523dd079c08daae7cd64ffac9", kill_on_drop: false }`
[INFO] running `Command { std: "docker" "rm" "-f" "9c37f213fc240541655235d33e0ab9bd942fead523dd079c08daae7cd64ffac9", kill_on_drop: false }`
[INFO] [stdout] 9c37f213fc240541655235d33e0ab9bd942fead523dd079c08daae7cd64ffac9
[INFO] running `Command { std: "docker" "create" "-v" "/var/lib/crater-agent-workspace/builds/worker-7-tc1/target:/opt/rustwide/target:rw,Z" "-v" "/var/lib/crater-agent-workspace/builds/worker-7-tc1/source:/opt/rustwide/workdir:ro,Z" "-v" "/var/lib/crater-agent-workspace/cargo-home:/opt/rustwide/cargo-home:ro,Z" "-v" "/var/lib/crater-agent-workspace/rustup-home:/opt/rustwide/rustup-home:ro,Z" "-e" "SOURCE_DIR=/opt/rustwide/workdir" "-e" "CARGO_TARGET_DIR=/opt/rustwide/target" "-e" "CARGO_INCREMENTAL=0" "-e" "RUST_BACKTRACE=full" "-e" "RUSTFLAGS=--cap-lints=warn" "-e" "RUSTDOCFLAGS=--cap-lints=warn" "-e" "CARGO_HOME=/opt/rustwide/cargo-home" "-e" "RUSTUP_HOME=/opt/rustwide/rustup-home" "-w" "/opt/rustwide/workdir" "-m" "1610612736" "--user" "0:0" "--network" "none" "ghcr.io/rust-lang/crates-build-env/linux@sha256:5ff2268d62e97bff2cde7d5815dd6ed5b47097566f13b8d0ca110b04b60e07ed" "/opt/rustwide/cargo-home/bin/cargo" "+1.69.0" "test" "--frozen", kill_on_drop: false }`
[INFO] [stdout] 93de11a46b4cb735174b4dc4dab390854c3e0aad18b1e07398bebd08f0975e4d
[INFO] running `Command { std: "docker" "start" "-a" "93de11a46b4cb735174b4dc4dab390854c3e0aad18b1e07398bebd08f0975e4d", kill_on_drop: false }`
[INFO] [stderr]     Finished test [unoptimized + debuginfo] target(s) in 0.20s
[INFO] [stderr]      Running unittests src/lib.rs (/opt/rustwide/target/debug/deps/gmt_dos_clients_arrow-142419d5631bf08b)
[INFO] [stdout] 
[INFO] [stdout] running 0 tests
[INFO] [stdout] 
[INFO] [stdout] test result: ok. 0 passed; 0 failed; 0 ignored; 0 measured; 0 filtered out; finished in 0.00s
[INFO] [stdout] 
[INFO] [stderr]    Doc-tests gmt_dos-clients_arrow
[INFO] [stdout] 
[INFO] [stdout] running 4 tests
[INFO] [stdout] test src/lib.rs - (line 18) - compile ... FAILED
[INFO] [stdout] test src/lib.rs - (line 26) ... FAILED
[INFO] [stdout] test src/lib.rs - (line 12) - compile ... FAILED
[INFO] [stdout] test src/lib.rs - (line 34) ... FAILED
[INFO] [stdout] 
[INFO] [stdout] failures:
[INFO] [stdout] 
[INFO] [stdout] ---- src/lib.rs - (line 18) stdout ----
[INFO] [stdout] error[E0433]: failed to resolve: use of undeclared crate or module `dos_actors`
[INFO] [stdout]  --> src/lib.rs:20:5
[INFO] [stdout]   |
[INFO] [stdout] 5 | use dos_actors::prelude::*;
[INFO] [stdout]   |     ^^^^^^^^^^ use of undeclared crate or module `dos_actors`
[INFO] [stdout] 
[INFO] [stdout] error: aborting due to previous error
[INFO] [stdout] 
[INFO] [stdout] For more information about this error, try `rustc --explain E0433`.
[INFO] [stdout] Couldn't compile the test.
[INFO] [stdout] ---- src/lib.rs - (line 26) stdout ----
[INFO] [stdout] error[E0433]: failed to resolve: use of undeclared crate or module `dos_actors`
[INFO] [stdout]  --> src/lib.rs:28:5
[INFO] [stdout]   |
[INFO] [stdout] 5 | use dos_actors::prelude::*;
[INFO] [stdout]   |     ^^^^^^^^^^ use of undeclared crate or module `dos_actors`
[INFO] [stdout] 
[INFO] [stdout] error: aborting due to previous error
[INFO] [stdout] 
[INFO] [stdout] For more information about this error, try `rustc --explain E0433`.
[INFO] [stdout] Couldn't compile the test.
[INFO] [stdout] ---- src/lib.rs - (line 12) stdout ----
[INFO] [stdout] error[E0433]: failed to resolve: use of undeclared crate or module `dos_actors`
[INFO] [stdout]  --> src/lib.rs:14:5
[INFO] [stdout]   |
[INFO] [stdout] 5 | use dos_actors::prelude::*;
[INFO] [stdout]   |     ^^^^^^^^^^ use of undeclared crate or module `dos_actors`
[INFO] [stdout] 
[INFO] [stdout] error: aborting due to previous error
[INFO] [stdout] 
[INFO] [stdout] For more information about this error, try `rustc --explain E0433`.
[INFO] [stdout] Couldn't compile the test.
[INFO] [stdout] ---- src/lib.rs - (line 34) stdout ----
[INFO] [stdout] error[E0433]: failed to resolve: use of undeclared crate or module `dos_actors`
[INFO] [stdout]  --> src/lib.rs:36:5
[INFO] [stdout]   |
[INFO] [stdout] 5 | use dos_actors::prelude::*;
[INFO] [stdout]   |     ^^^^^^^^^^ use of undeclared crate or module `dos_actors`
[INFO] [stdout] 
[INFO] [stdout] error: cannot find derive macro `UID` in this scope
[INFO] [stdout]   --> src/lib.rs:41:10
[INFO] [stdout]    |
[INFO] [stdout] 10 | #[derive(UID)]
[INFO] [stdout]    |          ^^^
[INFO] [stdout]    |
[INFO] [stdout]    = help: consider importing this derive macro:
[INFO] [stdout]            gmt_dos_clients::interface::UID
[INFO] [stdout] 
[INFO] [stdout] error[E0433]: failed to resolve: use of undeclared crate or module `dos_actors`
[INFO] [stdout]   --> src/lib.rs:44:10
[INFO] [stdout]    |
[INFO] [stdout] 13 | Ok::<(), dos_actors::model::ModelError>(())
[INFO] [stdout]    |          ^^^^^^^^^^ use of undeclared crate or module `dos_actors`
[INFO] [stdout] 
[INFO] [stdout] error[E0433]: failed to resolve: use of undeclared type `Terminator`
[INFO] [stdout]  --> src/lib.rs:39:16
[INFO] [stdout]   |
[INFO] [stdout] 8 | let mut sink = Terminator::<_>::new(logging);
[INFO] [stdout]   |                ^^^^^^^^^^ use of undeclared type `Terminator`
[INFO] [stdout]   |
[INFO] [stdout] help: consider importing this type alias
[INFO] [stdout]   |
[INFO] [stdout] 2 | use gmt_dos_actors::Terminator;
[INFO] [stdout]   |
[INFO] [stdout] 
[INFO] [stdout] error[E0412]: cannot find type `Initiator` in this scope
[INFO] [stdout]  --> src/lib.rs:40:17
[INFO] [stdout]   |
[INFO] [stdout] 9 | let mut source: Initiator<_> = Signals::new(1, 100).into();
[INFO] [stdout]   |                 ^^^^^^^^^ not found in this scope
[INFO] [stdout]   |
[INFO] [stdout] help: consider importing this type alias
[INFO] [stdout]   |
[INFO] [stdout] 2 | use gmt_dos_actors::Initiator;
[INFO] [stdout]   |
[INFO] [stdout] 
[INFO] [stdout] error[E0433]: failed to resolve: use of undeclared type `Signals`
[INFO] [stdout]  --> src/lib.rs:40:32
[INFO] [stdout]   |
[INFO] [stdout] 9 | let mut source: Initiator<_> = Signals::new(1, 100).into();
[INFO] [stdout]   |                                ^^^^^^^ use of undeclared type `Signals`
[INFO] [stdout]   |
[INFO] [stdout] help: consider importing this struct
[INFO] [stdout]   |
[INFO] [stdout] 2 | use gmt_dos_clients::Signals;
[INFO] [stdout]   |
[INFO] [stdout] 
[INFO] [stdout] error[E0599]: no method named `into_arcx` found for struct `Arrow` in the current scope
[INFO] [stdout]    --> src/lib.rs:38:44
[INFO] [stdout]     |
[INFO] [stdout] 7   | let logging = Arrow::builder(1000).build().into_arcx();
[INFO] [stdout]     |                                            ^^^^^^^^^ method not found in `Arrow`
[INFO] [stdout]     |
[INFO] [stdout]    ::: /opt/rustwide/cargo-home/registry/src/github.com-1ecc6299db9ec823/gmt_dos-actors-6.0.0/src/lib.rs:125:8
[INFO] [stdout]     |
[INFO] [stdout] 125 |     fn into_arcx(self) -> Arc<Mutex<Self>>
[INFO] [stdout]     |        --------- the method is available for `Arrow` here
[INFO] [stdout]     |
[INFO] [stdout]     = help: items from traits can only be used if the trait is in scope
[INFO] [stdout] help: the following trait is implemented but not in scope; perhaps add a `use` for it:
[INFO] [stdout]     |
[INFO] [stdout] 2   | use gmt_dos_actors::ArcMutex;
[INFO] [stdout]     |
[INFO] [stdout] 
[INFO] [stdout] error: aborting due to 7 previous errors
[INFO] [stdout] 
[INFO] [stdout] Some errors have detailed explanations: E0412, E0433, E0599.
[INFO] [stdout] For more information about an error, try `rustc --explain E0412`.
[INFO] [stdout] Couldn't compile the test.
[INFO] [stdout] 
[INFO] [stdout] failures:
[INFO] [stdout]     src/lib.rs - (line 12)
[INFO] [stdout]     src/lib.rs - (line 18)
[INFO] [stdout]     src/lib.rs - (line 26)
[INFO] [stdout]     src/lib.rs - (line 34)
[INFO] [stdout] 
[INFO] [stdout] test result: FAILED. 0 passed; 4 failed; 0 ignored; 0 measured; 0 filtered out; finished in 0.26s
[INFO] [stdout] 
[INFO] [stderr] error: doctest failed, to rerun pass `--doc`
[INFO] running `Command { std: "docker" "inspect" "93de11a46b4cb735174b4dc4dab390854c3e0aad18b1e07398bebd08f0975e4d", kill_on_drop: false }`
[INFO] running `Command { std: "docker" "rm" "-f" "93de11a46b4cb735174b4dc4dab390854c3e0aad18b1e07398bebd08f0975e4d", kill_on_drop: false }`
[INFO] [stdout] 93de11a46b4cb735174b4dc4dab390854c3e0aad18b1e07398bebd08f0975e4d
