[INFO] fetching crate glslt 0.7.0...
[INFO] testing glslt-0.7.0 against 1.69.0 for beta-1.70-1
[INFO] extracting crate glslt 0.7.0 into /workspace/builds/worker-4-tc1/source
[INFO] validating manifest of crates.io crate glslt 0.7.0 on toolchain 1.69.0
[INFO] running `Command { std: CARGO_HOME="/workspace/cargo-home" RUSTUP_HOME="/workspace/rustup-home" "/workspace/cargo-home/bin/cargo" "+1.69.0" "metadata" "--manifest-path" "Cargo.toml" "--no-deps", kill_on_drop: false }`
[INFO] started tweaking crates.io crate glslt 0.7.0
[INFO] finished tweaking crates.io crate glslt 0.7.0
[INFO] tweaked toml for crates.io crate glslt 0.7.0 written to /workspace/builds/worker-4-tc1/source/Cargo.toml
[INFO] running `Command { std: CARGO_HOME="/workspace/cargo-home" RUSTUP_HOME="/workspace/rustup-home" __CARGO_TEST_CHANNEL_OVERRIDE_DO_NOT_USE_THIS="nightly" "/workspace/cargo-home/bin/cargo" "+1.69.0" "generate-lockfile" "--manifest-path" "Cargo.toml" "-Zno-index-update", kill_on_drop: false }`
[INFO] running `Command { std: CARGO_HOME="/workspace/cargo-home" RUSTUP_HOME="/workspace/rustup-home" "/workspace/cargo-home/bin/cargo" "+1.69.0" "fetch" "--manifest-path" "Cargo.toml", kill_on_drop: false }`
[INFO] [stderr]  Downloading crates ...
[INFO] [stderr]   Downloaded pyo3-macros v0.15.2
[INFO] [stderr]   Downloaded pyo3-macros-backend v0.15.2
[INFO] [stderr]   Downloaded indoc-impl v0.3.6
[INFO] [stderr]   Downloaded indoc v0.3.6
[INFO] [stderr]   Downloaded pyo3-build-config v0.15.2
[INFO] [stderr]   Downloaded cbitset v0.2.0
[INFO] [stderr]   Downloaded line-span v0.1.3
[INFO] [stderr]   Downloaded bimap v0.6.3
[INFO] [stderr]   Downloaded lang-util v0.4.1
[INFO] [stderr]   Downloaded pyo3 v0.15.2
[INFO] [stderr]   Downloaded lang-util-derive v0.4.1
[INFO] [stderr]   Downloaded glsl-lang-types v0.4.1
[INFO] [stderr]   Downloaded glsl-lang v0.4.1
[INFO] [stderr]   Downloaded glsl-lang-lexer v0.4.1
[INFO] [stderr]   Downloaded glsl-lang-pp v0.4.1
[INFO] running `Command { std: "docker" "create" "-v" "/var/lib/crater-agent-workspace/builds/worker-4-tc1/target:/opt/rustwide/target:rw,Z" "-v" "/var/lib/crater-agent-workspace/builds/worker-4-tc1/source:/opt/rustwide/workdir:ro,Z" "-v" "/var/lib/crater-agent-workspace/cargo-home:/opt/rustwide/cargo-home:ro,Z" "-v" "/var/lib/crater-agent-workspace/rustup-home:/opt/rustwide/rustup-home:ro,Z" "-e" "SOURCE_DIR=/opt/rustwide/workdir" "-e" "CARGO_TARGET_DIR=/opt/rustwide/target" "-e" "CARGO_HOME=/opt/rustwide/cargo-home" "-e" "RUSTUP_HOME=/opt/rustwide/rustup-home" "-w" "/opt/rustwide/workdir" "-m" "1610612736" "--user" "0:0" "--network" "none" "ghcr.io/rust-lang/crates-build-env/linux@sha256:5ff2268d62e97bff2cde7d5815dd6ed5b47097566f13b8d0ca110b04b60e07ed" "/opt/rustwide/cargo-home/bin/cargo" "+1.69.0" "metadata" "--no-deps" "--format-version=1", kill_on_drop: false }`
[INFO] [stdout] 323e662d89e8c9145989b8a2f28b215cb304fde4ac215cedc0c8f48f678d8d2b
[INFO] running `Command { std: "docker" "start" "-a" "323e662d89e8c9145989b8a2f28b215cb304fde4ac215cedc0c8f48f678d8d2b", kill_on_drop: false }`
[INFO] running `Command { std: "docker" "inspect" "323e662d89e8c9145989b8a2f28b215cb304fde4ac215cedc0c8f48f678d8d2b", kill_on_drop: false }`
[INFO] running `Command { std: "docker" "rm" "-f" "323e662d89e8c9145989b8a2f28b215cb304fde4ac215cedc0c8f48f678d8d2b", kill_on_drop: false }`
[INFO] [stdout] 323e662d89e8c9145989b8a2f28b215cb304fde4ac215cedc0c8f48f678d8d2b
[INFO] running `Command { std: "docker" "create" "-v" "/var/lib/crater-agent-workspace/builds/worker-4-tc1/target:/opt/rustwide/target:rw,Z" "-v" "/var/lib/crater-agent-workspace/builds/worker-4-tc1/source:/opt/rustwide/workdir:ro,Z" "-v" "/var/lib/crater-agent-workspace/cargo-home:/opt/rustwide/cargo-home:ro,Z" "-v" "/var/lib/crater-agent-workspace/rustup-home:/opt/rustwide/rustup-home:ro,Z" "-e" "SOURCE_DIR=/opt/rustwide/workdir" "-e" "CARGO_TARGET_DIR=/opt/rustwide/target" "-e" "CARGO_INCREMENTAL=0" "-e" "RUST_BACKTRACE=full" "-e" "RUSTFLAGS=--cap-lints=warn" "-e" "RUSTDOCFLAGS=--cap-lints=warn" "-e" "CARGO_HOME=/opt/rustwide/cargo-home" "-e" "RUSTUP_HOME=/opt/rustwide/rustup-home" "-w" "/opt/rustwide/workdir" "-m" "1610612736" "--user" "0:0" "--network" "none" "ghcr.io/rust-lang/crates-build-env/linux@sha256:5ff2268d62e97bff2cde7d5815dd6ed5b47097566f13b8d0ca110b04b60e07ed" "/opt/rustwide/cargo-home/bin/cargo" "+1.69.0" "build" "--frozen" "--message-format=json", kill_on_drop: false }`
[INFO] [stdout] 3c5362af0bff6f11dec0d3ccb7f0269893521b46c75fd538d4d179bbff254add
[INFO] running `Command { std: "docker" "start" "-a" "3c5362af0bff6f11dec0d3ccb7f0269893521b46c75fd538d4d179bbff254add", kill_on_drop: false }`
[INFO] [stderr]    Compiling proc-macro2 v1.0.56
[INFO] [stderr]    Compiling libc v0.2.142
[INFO] [stderr]    Compiling quote v1.0.26
[INFO] [stderr]    Compiling unicode-ident v1.0.8
[INFO] [stderr]    Compiling memchr v2.5.0
[INFO] [stderr]    Compiling syn v1.0.109
[INFO] [stderr]    Compiling regex-syntax v0.7.1
[INFO] [stderr]    Compiling parking_lot_core v0.9.7
[INFO] [stderr]    Compiling fnv v1.0.7
[INFO] [stderr]    Compiling io-lifetimes v1.0.10
[INFO] [stderr]    Compiling ident_case v1.0.1
[INFO] [stderr]    Compiling strsim v0.10.0
[INFO] [stderr]    Compiling scopeguard v1.1.0
[INFO] [stderr]    Compiling serde v1.0.160
[INFO] [stderr]    Compiling lock_api v0.4.9
[INFO] [stderr]    Compiling indexmap v1.9.3
[INFO] [stderr]    Compiling typenum v1.16.0
[INFO] [stderr]    Compiling crunchy v0.2.2
[INFO] [stderr]    Compiling rustix v0.37.18
[INFO] [stderr]    Compiling smallvec v1.10.0
[INFO] [stderr]    Compiling log v0.4.17
[INFO] [stderr]    Compiling generic-array v0.14.7
[INFO] [stderr]    Compiling siphasher v0.3.10
[INFO] [stderr]    Compiling linux-raw-sys v0.3.6
[INFO] [stderr]    Compiling bitflags v1.3.2
[INFO] [stderr]    Compiling tiny-keccak v2.0.2
[INFO] [stderr]    Compiling phf_shared v0.10.0
[INFO] [stderr]    Compiling either v1.8.1
[INFO] [stderr]    Compiling bit-vec v0.6.3
[INFO] [stderr]    Compiling precomputed-hash v0.1.1
[INFO] [stderr]    Compiling once_cell v1.17.1
[INFO] [stderr]    Compiling convert_case v0.4.0
[INFO] [stderr]    Compiling new_debug_unreachable v1.0.4
[INFO] [stderr]    Compiling thiserror v1.0.40
[INFO] [stderr]    Compiling ena v0.14.2
[INFO] [stderr]    Compiling bit-set v0.5.3
[INFO] [stderr]    Compiling aho-corasick v1.0.1
[INFO] [stderr]    Compiling itertools v0.10.5
[INFO] [stderr]    Compiling text-size v1.1.0
[INFO] [stderr]    Compiling petgraph v0.6.3
[INFO] [stderr]    Compiling diff v0.1.13
[INFO] [stderr]    Compiling line-span v0.1.3
[INFO] [stderr]    Compiling syn v2.0.15
[INFO] [stderr]    Compiling regex-syntax v0.6.29
[INFO] [stderr]    Compiling unicode-xid v0.2.4
[INFO] [stderr]    Compiling cpufeatures v0.2.7
[INFO] [stderr]    Compiling lazy_static v1.4.0
[INFO] [stderr]    Compiling bimap v0.6.3
[INFO] [stderr]    Compiling dirs-sys-next v0.1.2
[INFO] [stderr]    Compiling dirs-next v2.0.0
[INFO] [stderr]    Compiling parking_lot v0.12.1
[INFO] [stderr]    Compiling term v0.7.0
[INFO] [stderr]    Compiling regex v1.8.1
[INFO] [stderr]    Compiling string_cache v0.8.7
[INFO] [stderr]    Compiling block-buffer v0.10.4
[INFO] [stderr]    Compiling ascii-canvas v3.0.0
[INFO] [stderr]    Compiling crypto-common v0.1.6
[INFO] [stderr]    Compiling digest v0.10.6
[INFO] [stderr]    Compiling sha-1 v0.10.1
[INFO] [stderr]    Compiling is-terminal v0.4.7
[INFO] [stderr]    Compiling lalrpop-util v0.19.12
[INFO] [stderr]    Compiling thiserror-impl v1.0.40
[INFO] [stderr]    Compiling lalrpop v0.19.12
[INFO] [stderr]    Compiling smol_str v0.1.24
[INFO] [stderr]    Compiling darling_core v0.14.4
[INFO] [stderr]    Compiling derive_more v0.99.17
[INFO] [stderr]    Compiling darling_macro v0.14.4
[INFO] [stderr]    Compiling darling v0.14.4
[INFO] [stderr]    Compiling lang-util-derive v0.4.1
[INFO] [stderr]    Compiling lang-util v0.4.1
[INFO] [stderr]    Compiling glsl-lang-types v0.4.1
[INFO] [stderr]    Compiling glsl-lang-lexer v0.4.1
[INFO] [stderr]    Compiling glsl-lang v0.4.1
[INFO] [stderr]    Compiling glslt v0.7.0 (/opt/rustwide/workdir)
[INFO] [stderr]     Finished dev [unoptimized + debuginfo] target(s) in 52.78s
[INFO] running `Command { std: "docker" "inspect" "3c5362af0bff6f11dec0d3ccb7f0269893521b46c75fd538d4d179bbff254add", kill_on_drop: false }`
[INFO] running `Command { std: "docker" "rm" "-f" "3c5362af0bff6f11dec0d3ccb7f0269893521b46c75fd538d4d179bbff254add", kill_on_drop: false }`
[INFO] [stdout] 3c5362af0bff6f11dec0d3ccb7f0269893521b46c75fd538d4d179bbff254add
[INFO] running `Command { std: "docker" "create" "-v" "/var/lib/crater-agent-workspace/builds/worker-4-tc1/target:/opt/rustwide/target:rw,Z" "-v" "/var/lib/crater-agent-workspace/builds/worker-4-tc1/source:/opt/rustwide/workdir:ro,Z" "-v" "/var/lib/crater-agent-workspace/cargo-home:/opt/rustwide/cargo-home:ro,Z" "-v" "/var/lib/crater-agent-workspace/rustup-home:/opt/rustwide/rustup-home:ro,Z" "-e" "SOURCE_DIR=/opt/rustwide/workdir" "-e" "CARGO_TARGET_DIR=/opt/rustwide/target" "-e" "CARGO_INCREMENTAL=0" "-e" "RUST_BACKTRACE=full" "-e" "RUSTFLAGS=--cap-lints=warn" "-e" "RUSTDOCFLAGS=--cap-lints=warn" "-e" "CARGO_HOME=/opt/rustwide/cargo-home" "-e" "RUSTUP_HOME=/opt/rustwide/rustup-home" "-w" "/opt/rustwide/workdir" "-m" "1610612736" "--user" "0:0" "--network" "none" "ghcr.io/rust-lang/crates-build-env/linux@sha256:5ff2268d62e97bff2cde7d5815dd6ed5b47097566f13b8d0ca110b04b60e07ed" "/opt/rustwide/cargo-home/bin/cargo" "+1.69.0" "test" "--frozen" "--no-run" "--message-format=json", kill_on_drop: false }`
[INFO] [stdout] e9b207263ad14ff2a9403324d469c3b95cb179987194cf0be06bc155e2d94200
[INFO] running `Command { std: "docker" "start" "-a" "e9b207263ad14ff2a9403324d469c3b95cb179987194cf0be06bc155e2d94200", kill_on_drop: false }`
[INFO] [stderr]    Compiling libc v0.2.142
[INFO] [stderr]    Compiling diff v0.1.13
[INFO] [stderr]    Compiling humantime v2.1.0
[INFO] [stderr]    Compiling yansi v0.5.1
[INFO] [stderr]    Compiling termcolor v1.2.0
[INFO] [stderr]    Compiling pretty_assertions v1.3.0
[INFO] [stderr]    Compiling dirs-sys-next v0.1.2
[INFO] [stderr]    Compiling parking_lot_core v0.9.7
[INFO] [stderr]    Compiling io-lifetimes v1.0.10
[INFO] [stderr]    Compiling atty v0.2.14
[INFO] [stderr]    Compiling env_logger v0.9.3
[INFO] [stderr]    Compiling rustix v0.37.18
[INFO] [stderr]    Compiling dirs-next v2.0.0
[INFO] [stderr]    Compiling parking_lot v0.12.1
[INFO] [stderr]    Compiling term v0.7.0
[INFO] [stderr]    Compiling string_cache v0.8.7
[INFO] [stderr]    Compiling ascii-canvas v3.0.0
[INFO] [stderr]    Compiling is-terminal v0.4.7
[INFO] [stderr]    Compiling lalrpop v0.19.12
[INFO] [stderr]    Compiling glsl-lang v0.4.1
[INFO] [stderr]    Compiling glslt v0.7.0 (/opt/rustwide/workdir)
[INFO] [stdout] error[E0433]: failed to resolve: could not find `parse` in `glslt`
[INFO] [stdout]    --> tests/common.rs:140:26
[INFO] [stdout]     |
[INFO] [stdout] 140 |         .context(&glslt::parse::make_parse_context(None))
[INFO] [stdout]     |                          ^^^^^ could not find `parse` in `glslt`
[INFO] [stdout] 
[INFO] [stdout] 
[INFO] [stdout] error[E0433]: failed to resolve: could not find `parse` in `glslt`
[INFO] [stdout]    --> tests/common.rs:140:26
[INFO] [stdout]     |
[INFO] [stdout] 140 |         .context(&glslt::parse::make_parse_context(None))
[INFO] [stdout]     |                          ^^^^^ could not find `parse` in `glslt`
[INFO] [stdout] 
[INFO] [stdout] 
[INFO] [stdout] error[E0433]: failed to resolve: could not find `parse` in `glslt`
[INFO] [stdout]    --> tests/common.rs:140:26
[INFO] [stdout]     |
[INFO] [stdout] 140 |         .context(&glslt::parse::make_parse_context(None))
[INFO] [stdout]     |                          ^^^^^ could not find `parse` in `glslt`
[INFO] [stdout] 
[INFO] [stdout] 
[INFO] [stdout] error[E0433]: failed to resolve: could not find `parse` in `glslt`
[INFO] [stdout]    --> tests/common.rs:140:26
[INFO] [stdout]     |
[INFO] [stdout] 140 |         .context(&glslt::parse::make_parse_context(None))
[INFO] [stdout]     |                          ^^^^^ could not find `parse` in `glslt`
[INFO] [stdout] 
[INFO] [stdout] 
[INFO] [stdout] error[E0433]: failed to resolve: could not find `parse` in `glslt`
[INFO] [stdout]    --> tests/common.rs:140:26
[INFO] [stdout]     |
[INFO] [stdout] 140 |         .context(&glslt::parse::make_parse_context(None))
[INFO] [stdout]     |                          ^^^^^ could not find `parse` in `glslt`
[INFO] [stdout] 
[INFO] [stdout] 
[INFO] [stdout] error[E0433]: failed to resolve: could not find `parse` in `glslt`
[INFO] [stdout]    --> tests/common.rs:140:26
[INFO] [stdout]     |
[INFO] [stdout] 140 |         .context(&glslt::parse::make_parse_context(None))
[INFO] [stdout]     |                          ^^^^^ could not find `parse` in `glslt`
[INFO] [stdout] 
[INFO] [stdout] 
[INFO] [stdout] error[E0433]: failed to resolve: could not find `parse` in `glslt`
[INFO] [stdout]    --> tests/common.rs:140:26
[INFO] [stdout]     |
[INFO] [stdout] 140 |         .context(&glslt::parse::make_parse_context(None))
[INFO] [stdout]     |                          ^^^^^ could not find `parse` in `glslt`
[INFO] [stdout] 
[INFO] [stdout] 
[INFO] [stdout] error[E0433]: failed to resolve: could not find `parse` in `glslt`
[INFO] [stdout]    --> tests/common.rs:140:26
[INFO] [stdout]     |
[INFO] [stdout] 140 |         .context(&glslt::parse::make_parse_context(None))
[INFO] [stdout]     |                          ^^^^^ could not find `parse` in `glslt`
[INFO] [stdout] 
[INFO] [stdout] 
[INFO] [stdout] error[E0599]: no method named `builder` found for reference `&str` in the current scope
[INFO] [stdout]    --> tests/common.rs:139:10
[INFO] [stdout]     |
[INFO] [stdout] 138 |       let (mut tu, _, lexer) = input
[INFO] [stdout]     |  ______________________________-
[INFO] [stdout] 139 | |         .builder()
[INFO] [stdout]     | |         -^^^^^^^ method not found in `&str`
[INFO] [stdout]     | |_________|
[INFO] [stdout]     | 
[INFO] [stdout] 
[INFO] [stdout] 
[INFO] [stdout] error[E0599]: no method named `builder` found for reference `&str` in the current scope
[INFO] [stdout]    --> tests/common.rs:139:10
[INFO] [stdout]     |
[INFO] [stdout] 138 |       let (mut tu, _, lexer) = input
[INFO] [stdout]     |  ______________________________-
[INFO] [stdout] 139 | |         .builder()
[INFO] [stdout]     | |         -^^^^^^^ method not found in `&str`
[INFO] [stdout]     | |_________|
[INFO] [stdout]     | 
[INFO] [stdout] 
[INFO] [stdout] 
[INFO] [stdout] warning: unused import: `glsl_lang::parse::IntoParseBuilderExt`
[INFO] [stdout]    --> tests/common.rs:137:9
[INFO] [stdout]     |
[INFO] [stdout] 137 |     use glsl_lang::parse::IntoParseBuilderExt;
[INFO] [stdout]     |         ^^^^^^^^^^^^^^^^^^^^^^^^^^^^^^^^^^^^^
[INFO] [stdout]     |
[INFO] [stdout]     = note: `#[warn(unused_imports)]` on by default
[INFO] [stdout] 
[INFO] [stdout] 
[INFO] [stdout] error[E0599]: no method named `builder` found for reference `&str` in the current scope
[INFO] [stdout]    --> tests/common.rs:139:10
[INFO] [stdout]     |
[INFO] [stdout] 138 |       let (mut tu, _, lexer) = input
[INFO] [stdout]     |  ______________________________-
[INFO] [stdout] 139 | |         .builder()
[INFO] [stdout]     | |         -^^^^^^^ method not found in `&str`
[INFO] [stdout]     | |_________|
[INFO] [stdout]     | 
[INFO] [stdout] 
[INFO] [stdout] 
[INFO] [stdout] warning: unused import: `glsl_lang::parse::IntoParseBuilderExt`
[INFO] [stdout]    --> tests/common.rs:137:9
[INFO] [stdout]     |
[INFO] [stdout] 137 |     use glsl_lang::parse::IntoParseBuilderExt;
[INFO] [stdout]     |         ^^^^^^^^^^^^^^^^^^^^^^^^^^^^^^^^^^^^^
[INFO] [stdout]     |
[INFO] [stdout]     = note: `#[warn(unused_imports)]` on by default
[INFO] [stdout] 
[INFO] [stdout] 
[INFO] [stdout] error: aborting due to 2 previous errors; 1 warning emitted
[INFO] [stdout] 
[INFO] [stdout] 
[INFO] [stdout] error: aborting due to 2 previous errors; 1 warning emitted
[INFO] [stdout] 
[INFO] [stdout] 
[INFO] [stdout] Some errors have detailed explanations: E0433, E0599.
[INFO] [stdout] 
[INFO] [stdout] For more information about an error, try `rustc --explain E0433`.
[INFO] [stdout] 
[INFO] [stdout] Some errors have detailed explanations: E0433, E0599.
[INFO] [stdout] 
[INFO] [stdout] For more information about an error, try `rustc --explain E0433`.
[INFO] [stdout] 
[INFO] [stdout] warning: unused import: `glsl_lang::parse::IntoParseBuilderExt`
[INFO] [stdout]    --> tests/common.rs:137:9
[INFO] [stdout]     |
[INFO] [stdout] 137 |     use glsl_lang::parse::IntoParseBuilderExt;
[INFO] [stdout]     |         ^^^^^^^^^^^^^^^^^^^^^^^^^^^^^^^^^^^^^
[INFO] [stdout]     |
[INFO] [stdout]     = note: `#[warn(unused_imports)]` on by default
[INFO] [stdout] 
[INFO] [stdout] 
[INFO] [stderr] error: could not compile `glslt` due to 3 previous errors; 1 warning emitted
[INFO] [stderr] warning: build failed, waiting for other jobs to finish...
[INFO] [stderr] error: could not compile `glslt` due to 3 previous errors; 1 warning emitted
[INFO] [stdout] error: aborting due to 2 previous errors; 1 warning emitted
[INFO] [stdout] 
[INFO] [stdout] 
[INFO] [stdout] Some errors have detailed explanations: E0433, E0599.
[INFO] [stdout] 
[INFO] [stdout] For more information about an error, try `rustc --explain E0433`.
[INFO] [stdout] 
[INFO] [stderr] error: could not compile `glslt` due to 3 previous errors; 1 warning emitted
[INFO] [stdout] error[E0599]: no method named `builder` found for reference `&str` in the current scope
[INFO] [stdout]    --> tests/common.rs:139:10
[INFO] [stdout]     |
[INFO] [stdout] 138 |       let (mut tu, _, lexer) = input
[INFO] [stdout]     |  ______________________________-
[INFO] [stdout] 139 | |         .builder()
[INFO] [stdout]     | |         -^^^^^^^ method not found in `&str`
[INFO] [stdout]     | |_________|
[INFO] [stdout]     | 
[INFO] [stdout] 
[INFO] [stdout] 
[INFO] [stdout] error[E0599]: no method named `builder` found for reference `&str` in the current scope
[INFO] [stdout]    --> tests/common.rs:139:10
[INFO] [stdout]     |
[INFO] [stdout] 138 |       let (mut tu, _, lexer) = input
[INFO] [stdout]     |  ______________________________-
[INFO] [stdout] 139 | |         .builder()
[INFO] [stdout]     | |         -^^^^^^^ method not found in `&str`
[INFO] [stdout]     | |_________|
[INFO] [stdout]     | 
[INFO] [stdout] 
[INFO] [stdout] 
[INFO] [stdout] warning: unused import: `glsl_lang::parse::IntoParseBuilderExt`
[INFO] [stdout]    --> tests/common.rs:137:9
[INFO] [stdout]     |
[INFO] [stdout] 137 |     use glsl_lang::parse::IntoParseBuilderExt;
[INFO] [stdout]     |         ^^^^^^^^^^^^^^^^^^^^^^^^^^^^^^^^^^^^^
[INFO] [stdout]     |
[INFO] [stdout]     = note: `#[warn(unused_imports)]` on by default
[INFO] [stdout] 
[INFO] [stdout] 
[INFO] [stdout] error[E0599]: no method named `builder` found for reference `&str` in the current scope
[INFO] [stdout]    --> tests/common.rs:139:10
[INFO] [stdout]     |
[INFO] [stdout] 138 |       let (mut tu, _, lexer) = input
[INFO] [stdout]     |  ______________________________-
[INFO] [stdout] 139 | |         .builder()
[INFO] [stdout]     | |         -^^^^^^^ method not found in `&str`
[INFO] [stdout]     | |_________|
[INFO] [stdout]     | 
[INFO] [stdout] 
[INFO] [stdout] 
[INFO] [stdout] warning: unused import: `glsl_lang::parse::IntoParseBuilderExt`
[INFO] [stdout]    --> tests/common.rs:137:9
[INFO] [stdout]     |
[INFO] [stdout] 137 |     use glsl_lang::parse::IntoParseBuilderExt;
[INFO] [stdout]     |         ^^^^^^^^^^^^^^^^^^^^^^^^^^^^^^^^^^^^^
[INFO] [stdout]     |
[INFO] [stdout]     = note: `#[warn(unused_imports)]` on by default
[INFO] [stdout] 
[INFO] [stdout] 
[INFO] [stdout] error: aborting due to 2 previous errors; 1 warning emitted
[INFO] [stdout] 
[INFO] [stdout] 
[INFO] [stdout] Some errors have detailed explanations: E0433, E0599.
[INFO] [stdout] 
[INFO] [stdout] For more information about an error, try `rustc --explain E0433`.
[INFO] [stdout] 
[INFO] [stdout] error: aborting due to 2 previous errors; 1 warning emitted
[INFO] [stdout] 
[INFO] [stdout] 
[INFO] [stdout] Some errors have detailed explanations: E0433, E0599.
[INFO] [stdout] 
[INFO] [stdout] For more information about an error, try `rustc --explain E0433`.
[INFO] [stdout] 
[INFO] [stderr] error: could not compile `glslt` due to 3 previous errors; 1 warning emitted
[INFO] [stdout] error[E0599]: no method named `builder` found for reference `&str` in the current scope
[INFO] [stdout]    --> tests/common.rs:139:10
[INFO] [stdout]     |
[INFO] [stdout] 138 |       let (mut tu, _, lexer) = input
[INFO] [stdout]     |  ______________________________-
[INFO] [stdout] 139 | |         .builder()
[INFO] [stdout]     | |         -^^^^^^^ method not found in `&str`
[INFO] [stdout]     | |_________|
[INFO] [stdout]     | 
[INFO] [stdout] 
[INFO] [stdout] 
[INFO] [stdout] warning: unused import: `glsl_lang::parse::IntoParseBuilderExt`
[INFO] [stdout]    --> tests/common.rs:137:9
[INFO] [stdout]     |
[INFO] [stdout] 137 |     use glsl_lang::parse::IntoParseBuilderExt;
[INFO] [stdout]     |         ^^^^^^^^^^^^^^^^^^^^^^^^^^^^^^^^^^^^^
[INFO] [stdout]     |
[INFO] [stdout]     = note: `#[warn(unused_imports)]` on by default
[INFO] [stdout] 
[INFO] [stdout] 
[INFO] [stderr] error: could not compile `glslt` due to 3 previous errors; 1 warning emitted
[INFO] [stdout] warning: unused import: `glsl_lang::parse::IntoParseBuilderExt`
[INFO] [stdout]    --> tests/common.rs:137:9
[INFO] [stdout]     |
[INFO] [stdout] 137 |     use glsl_lang::parse::IntoParseBuilderExt;
[INFO] [stdout]     |         ^^^^^^^^^^^^^^^^^^^^^^^^^^^^^^^^^^^^^
[INFO] [stdout]     |
[INFO] [stdout]     = note: `#[warn(unused_imports)]` on by default
[INFO] [stdout] 
[INFO] [stdout] 
[INFO] [stdout] error: aborting due to 2 previous errors; 1 warning emitted
[INFO] [stdout] 
[INFO] [stdout] 
[INFO] [stdout] error[E0599]: no method named `builder` found for reference `&str` in the current scope
[INFO] [stdout]    --> tests/common.rs:139:10
[INFO] [stdout]     |
[INFO] [stdout] 138 |       let (mut tu, _, lexer) = input
[INFO] [stdout]     |  ______________________________-
[INFO] [stdout] 139 | |         .builder()
[INFO] [stdout]     | |         -^^^^^^^ method not found in `&str`
[INFO] [stdout]     | |_________|
[INFO] [stdout]     | 
[INFO] [stdout] 
[INFO] [stdout] 
[INFO] [stdout] error: aborting due to 2 previous errors; 1 warning emitted
[INFO] [stdout] 
[INFO] [stdout] 
[INFO] [stdout] Some errors have detailed explanations: E0433, E0599.
[INFO] [stdout] 
[INFO] [stdout] For more information about an error, try `rustc --explain E0433`.
[INFO] [stdout] 
[INFO] [stdout] Some errors have detailed explanations: E0433, E0599.
[INFO] [stdout] 
[INFO] [stdout] For more information about an error, try `rustc --explain E0433`.
[INFO] [stdout] 
[INFO] [stdout] warning: unused import: `glsl_lang::parse::IntoParseBuilderExt`
[INFO] [stdout]    --> tests/common.rs:137:9
[INFO] [stdout]     |
[INFO] [stdout] 137 |     use glsl_lang::parse::IntoParseBuilderExt;
[INFO] [stdout]     |         ^^^^^^^^^^^^^^^^^^^^^^^^^^^^^^^^^^^^^
[INFO] [stdout]     |
[INFO] [stdout]     = note: `#[warn(unused_imports)]` on by default
[INFO] [stdout] 
[INFO] [stdout] 
[INFO] [stdout] error: aborting due to 2 previous errors; 1 warning emitted
[INFO] [stdout] 
[INFO] [stdout] 
[INFO] [stdout] Some errors have detailed explanations: E0433, E0599.
[INFO] [stdout] 
[INFO] [stdout] For more information about an error, try `rustc --explain E0433`.
[INFO] [stdout] 
[INFO] [stderr] error: could not compile `glslt` due to 3 previous errors; 1 warning emitted
[INFO] [stderr] error: could not compile `glslt` due to 3 previous errors; 1 warning emitted
[INFO] [stderr] error: could not compile `glslt` due to 3 previous errors; 1 warning emitted
[INFO] running `Command { std: "docker" "inspect" "e9b207263ad14ff2a9403324d469c3b95cb179987194cf0be06bc155e2d94200", kill_on_drop: false }`
[INFO] running `Command { std: "docker" "rm" "-f" "e9b207263ad14ff2a9403324d469c3b95cb179987194cf0be06bc155e2d94200", kill_on_drop: false }`
[INFO] [stdout] e9b207263ad14ff2a9403324d469c3b95cb179987194cf0be06bc155e2d94200
