[INFO] fetching crate glsl-layout2 0.5.1...
[INFO] testing glsl-layout2-0.5.1 against 1.69.0 for beta-1.70-1
[INFO] extracting crate glsl-layout2 0.5.1 into /workspace/builds/worker-7-tc1/source
[INFO] validating manifest of crates.io crate glsl-layout2 0.5.1 on toolchain 1.69.0
[INFO] running `Command { std: CARGO_HOME="/workspace/cargo-home" RUSTUP_HOME="/workspace/rustup-home" "/workspace/cargo-home/bin/cargo" "+1.69.0" "metadata" "--manifest-path" "Cargo.toml" "--no-deps", kill_on_drop: false }`
[INFO] started tweaking crates.io crate glsl-layout2 0.5.1
[INFO] finished tweaking crates.io crate glsl-layout2 0.5.1
[INFO] tweaked toml for crates.io crate glsl-layout2 0.5.1 written to /workspace/builds/worker-7-tc1/source/Cargo.toml
[INFO] running `Command { std: CARGO_HOME="/workspace/cargo-home" RUSTUP_HOME="/workspace/rustup-home" __CARGO_TEST_CHANNEL_OVERRIDE_DO_NOT_USE_THIS="nightly" "/workspace/cargo-home/bin/cargo" "+1.69.0" "generate-lockfile" "--manifest-path" "Cargo.toml" "-Zno-index-update", kill_on_drop: false }`
[INFO] running `Command { std: CARGO_HOME="/workspace/cargo-home" RUSTUP_HOME="/workspace/rustup-home" "/workspace/cargo-home/bin/cargo" "+1.69.0" "fetch" "--manifest-path" "Cargo.toml", kill_on_drop: false }`
[INFO] [stderr]  Downloading crates ...
[INFO] [stderr]   Downloaded glsl-layout-derive2 v0.4.0
[INFO] running `Command { std: "docker" "create" "-v" "/var/lib/crater-agent-workspace/builds/worker-7-tc1/target:/opt/rustwide/target:rw,Z" "-v" "/var/lib/crater-agent-workspace/builds/worker-7-tc1/source:/opt/rustwide/workdir:ro,Z" "-v" "/var/lib/crater-agent-workspace/cargo-home:/opt/rustwide/cargo-home:ro,Z" "-v" "/var/lib/crater-agent-workspace/rustup-home:/opt/rustwide/rustup-home:ro,Z" "-e" "SOURCE_DIR=/opt/rustwide/workdir" "-e" "CARGO_TARGET_DIR=/opt/rustwide/target" "-e" "CARGO_HOME=/opt/rustwide/cargo-home" "-e" "RUSTUP_HOME=/opt/rustwide/rustup-home" "-w" "/opt/rustwide/workdir" "-m" "1610612736" "--user" "0:0" "--network" "none" "ghcr.io/rust-lang/crates-build-env/linux@sha256:5ff2268d62e97bff2cde7d5815dd6ed5b47097566f13b8d0ca110b04b60e07ed" "/opt/rustwide/cargo-home/bin/cargo" "+1.69.0" "metadata" "--no-deps" "--format-version=1", kill_on_drop: false }`
[INFO] [stdout] ff6c5e6d95a139c362a3f5e020a177075c77275df35818351157f42b5ae86852
[INFO] running `Command { std: "docker" "start" "-a" "ff6c5e6d95a139c362a3f5e020a177075c77275df35818351157f42b5ae86852", kill_on_drop: false }`
[INFO] running `Command { std: "docker" "inspect" "ff6c5e6d95a139c362a3f5e020a177075c77275df35818351157f42b5ae86852", kill_on_drop: false }`
[INFO] running `Command { std: "docker" "rm" "-f" "ff6c5e6d95a139c362a3f5e020a177075c77275df35818351157f42b5ae86852", kill_on_drop: false }`
[INFO] [stdout] ff6c5e6d95a139c362a3f5e020a177075c77275df35818351157f42b5ae86852
[INFO] running `Command { std: "docker" "create" "-v" "/var/lib/crater-agent-workspace/builds/worker-7-tc1/target:/opt/rustwide/target:rw,Z" "-v" "/var/lib/crater-agent-workspace/builds/worker-7-tc1/source:/opt/rustwide/workdir:ro,Z" "-v" "/var/lib/crater-agent-workspace/cargo-home:/opt/rustwide/cargo-home:ro,Z" "-v" "/var/lib/crater-agent-workspace/rustup-home:/opt/rustwide/rustup-home:ro,Z" "-e" "SOURCE_DIR=/opt/rustwide/workdir" "-e" "CARGO_TARGET_DIR=/opt/rustwide/target" "-e" "CARGO_INCREMENTAL=0" "-e" "RUST_BACKTRACE=full" "-e" "RUSTFLAGS=--cap-lints=warn" "-e" "RUSTDOCFLAGS=--cap-lints=warn" "-e" "CARGO_HOME=/opt/rustwide/cargo-home" "-e" "RUSTUP_HOME=/opt/rustwide/rustup-home" "-w" "/opt/rustwide/workdir" "-m" "1610612736" "--user" "0:0" "--network" "none" "ghcr.io/rust-lang/crates-build-env/linux@sha256:5ff2268d62e97bff2cde7d5815dd6ed5b47097566f13b8d0ca110b04b60e07ed" "/opt/rustwide/cargo-home/bin/cargo" "+1.69.0" "build" "--frozen" "--message-format=json", kill_on_drop: false }`
[INFO] [stdout] 02f66dfaddfd7a43e39ab1e03af02563be718795cce9a34f9c11076174b72848
[INFO] running `Command { std: "docker" "start" "-a" "02f66dfaddfd7a43e39ab1e03af02563be718795cce9a34f9c11076174b72848", kill_on_drop: false }`
[INFO] [stderr]    Compiling syn v2.0.15
[INFO] [stderr]    Compiling glsl-layout-derive2 v0.4.0
[INFO] [stderr]    Compiling glsl-layout2 v0.5.1 (/opt/rustwide/workdir)
[INFO] [stderr]     Finished dev [unoptimized + debuginfo] target(s) in 5.64s
[INFO] running `Command { std: "docker" "inspect" "02f66dfaddfd7a43e39ab1e03af02563be718795cce9a34f9c11076174b72848", kill_on_drop: false }`
[INFO] running `Command { std: "docker" "rm" "-f" "02f66dfaddfd7a43e39ab1e03af02563be718795cce9a34f9c11076174b72848", kill_on_drop: false }`
[INFO] [stdout] 02f66dfaddfd7a43e39ab1e03af02563be718795cce9a34f9c11076174b72848
[INFO] running `Command { std: "docker" "create" "-v" "/var/lib/crater-agent-workspace/builds/worker-7-tc1/target:/opt/rustwide/target:rw,Z" "-v" "/var/lib/crater-agent-workspace/builds/worker-7-tc1/source:/opt/rustwide/workdir:ro,Z" "-v" "/var/lib/crater-agent-workspace/cargo-home:/opt/rustwide/cargo-home:ro,Z" "-v" "/var/lib/crater-agent-workspace/rustup-home:/opt/rustwide/rustup-home:ro,Z" "-e" "SOURCE_DIR=/opt/rustwide/workdir" "-e" "CARGO_TARGET_DIR=/opt/rustwide/target" "-e" "CARGO_INCREMENTAL=0" "-e" "RUST_BACKTRACE=full" "-e" "RUSTFLAGS=--cap-lints=warn" "-e" "RUSTDOCFLAGS=--cap-lints=warn" "-e" "CARGO_HOME=/opt/rustwide/cargo-home" "-e" "RUSTUP_HOME=/opt/rustwide/rustup-home" "-w" "/opt/rustwide/workdir" "-m" "1610612736" "--user" "0:0" "--network" "none" "ghcr.io/rust-lang/crates-build-env/linux@sha256:5ff2268d62e97bff2cde7d5815dd6ed5b47097566f13b8d0ca110b04b60e07ed" "/opt/rustwide/cargo-home/bin/cargo" "+1.69.0" "test" "--frozen" "--no-run" "--message-format=json", kill_on_drop: false }`
[INFO] [stdout] 07285ddb0dcc8c32858d50ecedaa49024ea492e26ae513290d58b978ad5b545f
[INFO] running `Command { std: "docker" "start" "-a" "07285ddb0dcc8c32858d50ecedaa49024ea492e26ae513290d58b978ad5b545f", kill_on_drop: false }`
[INFO] [stderr]    Compiling glsl-layout2 v0.5.1 (/opt/rustwide/workdir)
[INFO] [stderr]     Finished test [unoptimized + debuginfo] target(s) in 0.77s
[INFO] running `Command { std: "docker" "inspect" "07285ddb0dcc8c32858d50ecedaa49024ea492e26ae513290d58b978ad5b545f", kill_on_drop: false }`
[INFO] running `Command { std: "docker" "rm" "-f" "07285ddb0dcc8c32858d50ecedaa49024ea492e26ae513290d58b978ad5b545f", kill_on_drop: false }`
[INFO] [stdout] 07285ddb0dcc8c32858d50ecedaa49024ea492e26ae513290d58b978ad5b545f
[INFO] running `Command { std: "docker" "create" "-v" "/var/lib/crater-agent-workspace/builds/worker-7-tc1/target:/opt/rustwide/target:rw,Z" "-v" "/var/lib/crater-agent-workspace/builds/worker-7-tc1/source:/opt/rustwide/workdir:ro,Z" "-v" "/var/lib/crater-agent-workspace/cargo-home:/opt/rustwide/cargo-home:ro,Z" "-v" "/var/lib/crater-agent-workspace/rustup-home:/opt/rustwide/rustup-home:ro,Z" "-e" "SOURCE_DIR=/opt/rustwide/workdir" "-e" "CARGO_TARGET_DIR=/opt/rustwide/target" "-e" "CARGO_INCREMENTAL=0" "-e" "RUST_BACKTRACE=full" "-e" "RUSTFLAGS=--cap-lints=warn" "-e" "RUSTDOCFLAGS=--cap-lints=warn" "-e" "CARGO_HOME=/opt/rustwide/cargo-home" "-e" "RUSTUP_HOME=/opt/rustwide/rustup-home" "-w" "/opt/rustwide/workdir" "-m" "1610612736" "--user" "0:0" "--network" "none" "ghcr.io/rust-lang/crates-build-env/linux@sha256:5ff2268d62e97bff2cde7d5815dd6ed5b47097566f13b8d0ca110b04b60e07ed" "/opt/rustwide/cargo-home/bin/cargo" "+1.69.0" "test" "--frozen", kill_on_drop: false }`
[INFO] [stdout] 2cd6c9ad59164ecfca3473bface0cf0511914e7b770e66df1bd20d07c7e107a8
[INFO] running `Command { std: "docker" "start" "-a" "2cd6c9ad59164ecfca3473bface0cf0511914e7b770e66df1bd20d07c7e107a8", kill_on_drop: false }`
[INFO] [stderr]     Finished test [unoptimized + debuginfo] target(s) in 0.01s
[INFO] [stderr]      Running unittests src/lib.rs (/opt/rustwide/target/debug/deps/glsl_layout2-ee5dcbaf7a78479f)
[INFO] [stdout] 
[INFO] [stdout] running 3 tests
[INFO] [stdout] test array::test_array ... ok
[INFO] [stdout] test test_array ... ok
[INFO] [stdout] test test_derive ... ok
[INFO] [stdout] 
[INFO] [stdout] test result: ok. 3 passed; 0 failed; 0 ignored; 0 measured; 0 filtered out; finished in 0.00s
[INFO] [stdout] 
[INFO] [stderr]    Doc-tests glsl-layout2
[INFO] [stdout] 
[INFO] [stdout] running 16 tests
[INFO] [stdout] test src/vec.rs - vec::dvec2 (line 263) ... FAILED
[INFO] [stdout] test src/vec.rs - vec::dvec3 (line 280) ... FAILED
[INFO] [stdout] test src/vec.rs - vec::bvec3 (line 76) ... FAILED
[INFO] [stdout] test src/vec.rs - vec::dvec4 (line 297) ... FAILED
[INFO] [stdout] test src/vec.rs - vec::ivec3 (line 127) ... FAILED
[INFO] [stdout] test src/vec.rs - vec::ivec4 (line 144) ... FAILED
[INFO] [stdout] test src/vec.rs - vec::ivec2 (line 110) ... FAILED
[INFO] [stdout] test src/vec.rs - vec::bvec4 (line 93) ... FAILED
[INFO] [stdout] test src/vec.rs - vec::vec2 (line 212) ... FAILED
[INFO] [stdout] test src/vec.rs - vec::bvec2 (line 59) ... FAILED
[INFO] [stdout] test src/vec.rs - vec::uvec4 (line 195) ... FAILED
[INFO] [stdout] test src/vec.rs - vec::uvec2 (line 161) ... FAILED
[INFO] [stdout] test src/vec.rs - vec::vec4 (line 246) ... FAILED
[INFO] [stdout] test src/vec.rs - vec::vec3 (line 229) ... FAILED
[INFO] [stdout] test src/vec.rs - vec::uvec3 (line 178) ... FAILED
[INFO] [stdout] test src/lib.rs - (line 9) ... FAILED
[INFO] [stdout] 
[INFO] [stdout] failures:
[INFO] [stdout] 
[INFO] [stdout] ---- src/vec.rs - vec::dvec2 (line 263) stdout ----
[INFO] [stdout] error[E0463]: can't find crate for `glsl_layout`
[INFO] [stdout]  --> src/vec.rs:264:14
[INFO] [stdout]   |
[INFO] [stdout] 2 | #[macro_use] extern crate glsl_layout;
[INFO] [stdout]   |              ^^^^^^^^^^^^^^^^^^^^^^^^^ can't find crate
[INFO] [stdout] 
[INFO] [stdout] error: aborting due to previous error
[INFO] [stdout] 
[INFO] [stdout] For more information about this error, try `rustc --explain E0463`.
[INFO] [stdout] Couldn't compile the test.
[INFO] [stdout] ---- src/vec.rs - vec::dvec3 (line 280) stdout ----
[INFO] [stdout] error[E0463]: can't find crate for `glsl_layout`
[INFO] [stdout]  --> src/vec.rs:281:14
[INFO] [stdout]   |
[INFO] [stdout] 2 | #[macro_use] extern crate glsl_layout;
[INFO] [stdout]   |              ^^^^^^^^^^^^^^^^^^^^^^^^^ can't find crate
[INFO] [stdout] 
[INFO] [stdout] error: aborting due to previous error
[INFO] [stdout] 
[INFO] [stdout] For more information about this error, try `rustc --explain E0463`.
[INFO] [stdout] Couldn't compile the test.
[INFO] [stdout] ---- src/vec.rs - vec::bvec3 (line 76) stdout ----
[INFO] [stdout] error[E0463]: can't find crate for `glsl_layout`
[INFO] [stdout]  --> src/vec.rs:77:14
[INFO] [stdout]   |
[INFO] [stdout] 2 | #[macro_use] extern crate glsl_layout;
[INFO] [stdout]   |              ^^^^^^^^^^^^^^^^^^^^^^^^^ can't find crate
[INFO] [stdout] 
[INFO] [stdout] error: aborting due to previous error
[INFO] [stdout] 
[INFO] [stdout] For more information about this error, try `rustc --explain E0463`.
[INFO] [stdout] Couldn't compile the test.
[INFO] [stdout] ---- src/vec.rs - vec::dvec4 (line 297) stdout ----
[INFO] [stdout] error[E0463]: can't find crate for `glsl_layout`
[INFO] [stdout]  --> src/vec.rs:298:14
[INFO] [stdout]   |
[INFO] [stdout] 2 | #[macro_use] extern crate glsl_layout;
[INFO] [stdout]   |              ^^^^^^^^^^^^^^^^^^^^^^^^^ can't find crate
[INFO] [stdout] 
[INFO] [stdout] error: aborting due to previous error
[INFO] [stdout] 
[INFO] [stdout] For more information about this error, try `rustc --explain E0463`.
[INFO] [stdout] Couldn't compile the test.
[INFO] [stdout] ---- src/vec.rs - vec::ivec3 (line 127) stdout ----
[INFO] [stdout] error[E0463]: can't find crate for `glsl_layout`
[INFO] [stdout]  --> src/vec.rs:128:14
[INFO] [stdout]   |
[INFO] [stdout] 2 | #[macro_use] extern crate glsl_layout;
[INFO] [stdout]   |              ^^^^^^^^^^^^^^^^^^^^^^^^^ can't find crate
[INFO] [stdout] 
[INFO] [stdout] error: aborting due to previous error
[INFO] [stdout] 
[INFO] [stdout] For more information about this error, try `rustc --explain E0463`.
[INFO] [stdout] Couldn't compile the test.
[INFO] [stdout] ---- src/vec.rs - vec::ivec4 (line 144) stdout ----
[INFO] [stdout] error[E0463]: can't find crate for `glsl_layout`
[INFO] [stdout]  --> src/vec.rs:145:14
[INFO] [stdout]   |
[INFO] [stdout] 2 | #[macro_use] extern crate glsl_layout;
[INFO] [stdout]   |              ^^^^^^^^^^^^^^^^^^^^^^^^^ can't find crate
[INFO] [stdout] 
[INFO] [stdout] error: aborting due to previous error
[INFO] [stdout] 
[INFO] [stdout] For more information about this error, try `rustc --explain E0463`.
[INFO] [stdout] Couldn't compile the test.
[INFO] [stdout] ---- src/vec.rs - vec::ivec2 (line 110) stdout ----
[INFO] [stdout] error[E0463]: can't find crate for `glsl_layout`
[INFO] [stdout]  --> src/vec.rs:111:14
[INFO] [stdout]   |
[INFO] [stdout] 2 | #[macro_use] extern crate glsl_layout;
[INFO] [stdout]   |              ^^^^^^^^^^^^^^^^^^^^^^^^^ can't find crate
[INFO] [stdout] 
[INFO] [stdout] error: aborting due to previous error
[INFO] [stdout] 
[INFO] [stdout] For more information about this error, try `rustc --explain E0463`.
[INFO] [stdout] Couldn't compile the test.
[INFO] [stdout] ---- src/vec.rs - vec::bvec4 (line 93) stdout ----
[INFO] [stdout] error[E0463]: can't find crate for `glsl_layout`
[INFO] [stdout]  --> src/vec.rs:94:14
[INFO] [stdout]   |
[INFO] [stdout] 2 | #[macro_use] extern crate glsl_layout;
[INFO] [stdout]   |              ^^^^^^^^^^^^^^^^^^^^^^^^^ can't find crate
[INFO] [stdout] 
[INFO] [stdout] error: aborting due to previous error
[INFO] [stdout] 
[INFO] [stdout] For more information about this error, try `rustc --explain E0463`.
[INFO] [stdout] Couldn't compile the test.
[INFO] [stdout] ---- src/vec.rs - vec::vec2 (line 212) stdout ----
[INFO] [stdout] error[E0463]: can't find crate for `glsl_layout`
[INFO] [stdout]  --> src/vec.rs:213:14
[INFO] [stdout]   |
[INFO] [stdout] 2 | #[macro_use] extern crate glsl_layout;
[INFO] [stdout]   |              ^^^^^^^^^^^^^^^^^^^^^^^^^ can't find crate
[INFO] [stdout] 
[INFO] [stdout] error: aborting due to previous error
[INFO] [stdout] 
[INFO] [stdout] For more information about this error, try `rustc --explain E0463`.
[INFO] [stdout] Couldn't compile the test.
[INFO] [stdout] ---- src/vec.rs - vec::bvec2 (line 59) stdout ----
[INFO] [stdout] error[E0463]: can't find crate for `glsl_layout`
[INFO] [stdout]  --> src/vec.rs:60:14
[INFO] [stdout]   |
[INFO] [stdout] 2 | #[macro_use] extern crate glsl_layout;
[INFO] [stdout]   |              ^^^^^^^^^^^^^^^^^^^^^^^^^ can't find crate
[INFO] [stdout] 
[INFO] [stdout] error: aborting due to previous error
[INFO] [stdout] 
[INFO] [stdout] For more information about this error, try `rustc --explain E0463`.
[INFO] [stdout] Couldn't compile the test.
[INFO] [stdout] ---- src/vec.rs - vec::uvec4 (line 195) stdout ----
[INFO] [stdout] error[E0463]: can't find crate for `glsl_layout`
[INFO] [stdout]  --> src/vec.rs:196:14
[INFO] [stdout]   |
[INFO] [stdout] 2 | #[macro_use] extern crate glsl_layout;
[INFO] [stdout]   |              ^^^^^^^^^^^^^^^^^^^^^^^^^ can't find crate
[INFO] [stdout] 
[INFO] [stdout] error: aborting due to previous error
[INFO] [stdout] 
[INFO] [stdout] For more information about this error, try `rustc --explain E0463`.
[INFO] [stdout] Couldn't compile the test.
[INFO] [stdout] ---- src/vec.rs - vec::uvec2 (line 161) stdout ----
[INFO] [stdout] error[E0463]: can't find crate for `glsl_layout`
[INFO] [stdout]  --> src/vec.rs:162:14
[INFO] [stdout]   |
[INFO] [stdout] 2 | #[macro_use] extern crate glsl_layout;
[INFO] [stdout]   |              ^^^^^^^^^^^^^^^^^^^^^^^^^ can't find crate
[INFO] [stdout] 
[INFO] [stdout] error: aborting due to previous error
[INFO] [stdout] 
[INFO] [stdout] For more information about this error, try `rustc --explain E0463`.
[INFO] [stdout] Couldn't compile the test.
[INFO] [stdout] ---- src/vec.rs - vec::vec4 (line 246) stdout ----
[INFO] [stdout] error[E0463]: can't find crate for `glsl_layout`
[INFO] [stdout]  --> src/vec.rs:247:14
[INFO] [stdout]   |
[INFO] [stdout] 2 | #[macro_use] extern crate glsl_layout;
[INFO] [stdout]   |              ^^^^^^^^^^^^^^^^^^^^^^^^^ can't find crate
[INFO] [stdout] 
[INFO] [stdout] error: aborting due to previous error
[INFO] [stdout] 
[INFO] [stdout] For more information about this error, try `rustc --explain E0463`.
[INFO] [stdout] Couldn't compile the test.
[INFO] [stdout] ---- src/vec.rs - vec::vec3 (line 229) stdout ----
[INFO] [stdout] error[E0463]: can't find crate for `glsl_layout`
[INFO] [stdout]  --> src/vec.rs:230:14
[INFO] [stdout]   |
[INFO] [stdout] 2 | #[macro_use] extern crate glsl_layout;
[INFO] [stdout]   |              ^^^^^^^^^^^^^^^^^^^^^^^^^ can't find crate
[INFO] [stdout] 
[INFO] [stdout] error: aborting due to previous error
[INFO] [stdout] 
[INFO] [stdout] For more information about this error, try `rustc --explain E0463`.
[INFO] [stdout] Couldn't compile the test.
[INFO] [stdout] ---- src/vec.rs - vec::uvec3 (line 178) stdout ----
[INFO] [stdout] error[E0463]: can't find crate for `glsl_layout`
[INFO] [stdout]  --> src/vec.rs:179:14
[INFO] [stdout]   |
[INFO] [stdout] 2 | #[macro_use] extern crate glsl_layout;
[INFO] [stdout]   |              ^^^^^^^^^^^^^^^^^^^^^^^^^ can't find crate
[INFO] [stdout] 
[INFO] [stdout] error: aborting due to previous error
[INFO] [stdout] 
[INFO] [stdout] For more information about this error, try `rustc --explain E0463`.
[INFO] [stdout] Couldn't compile the test.
[INFO] [stdout] ---- src/lib.rs - (line 9) stdout ----
[INFO] [stdout] error[E0463]: can't find crate for `glsl_layout`
[INFO] [stdout]   --> src/lib.rs:22:1
[INFO] [stdout]    |
[INFO] [stdout] 14 | extern crate glsl_layout;
[INFO] [stdout]    | ^^^^^^^^^^^^^^^^^^^^^^^^^ can't find crate
[INFO] [stdout] 
[INFO] [stdout] error: cannot find derive macro `Uniform` in this scope
[INFO] [stdout]   --> src/lib.rs:27:39
[INFO] [stdout]    |
[INFO] [stdout] 19 | #[derive(Debug, Default, Clone, Copy, Uniform)]
[INFO] [stdout]    |                                       ^^^^^^^
[INFO] [stdout]    |
[INFO] [stdout]    = help: consider importing one of these items:
[INFO] [stdout]            glsl_layout2::Uniform
[INFO] [stdout]            glsl_layout_derive2::Uniform
[INFO] [stdout] 
[INFO] [stdout] error[E0433]: failed to resolve: use of undeclared type `Uniform`
[INFO] [stdout]   --> src/lib.rs:37:21
[INFO] [stdout]    |
[INFO] [stdout] 29 | type UFoo = <Foo as Uniform>::Std140;
[INFO] [stdout]    |                     ^^^^^^^ use of undeclared type `Uniform`
[INFO] [stdout] 
[INFO] [stdout] error[E0412]: cannot find type `int` in this scope
[INFO] [stdout]   --> src/lib.rs:29:8
[INFO] [stdout]    |
[INFO] [stdout] 21 |     x: int,
[INFO] [stdout]    |        ^^^ not found in this scope
[INFO] [stdout]    |
[INFO] [stdout] help: perhaps you intended to use this type
[INFO] [stdout]    |
[INFO] [stdout] 21 |     x: i32,
[INFO] [stdout]    |        ~~~
[INFO] [stdout] help: consider importing this type alias
[INFO] [stdout]    |
[INFO] [stdout] 15 | use glsl_layout2::int;
[INFO] [stdout]    |
[INFO] [stdout] 
[INFO] [stdout] error[E0412]: cannot find type `vec3` in this scope
[INFO] [stdout]   --> src/lib.rs:30:8
[INFO] [stdout]    |
[INFO] [stdout] 22 |     y: vec3,
[INFO] [stdout]    |        ^^^^ not found in this scope
[INFO] [stdout]    |
[INFO] [stdout] help: consider importing this struct
[INFO] [stdout]    |
[INFO] [stdout] 15 | use glsl_layout2::vec3;
[INFO] [stdout]    |
[INFO] [stdout] 
[INFO] [stdout] error[E0412]: cannot find type `float` in this scope
[INFO] [stdout]   --> src/lib.rs:31:8
[INFO] [stdout]    |
[INFO] [stdout] 23 |     z: float,
[INFO] [stdout]    |        ^^^^^ not found in this scope
[INFO] [stdout]    |
[INFO] [stdout] help: perhaps you intended to use this type
[INFO] [stdout]    |
[INFO] [stdout] 23 |     z: f32,
[INFO] [stdout]    |        ~~~
[INFO] [stdout] help: consider importing this type alias
[INFO] [stdout]    |
[INFO] [stdout] 15 | use glsl_layout2::float;
[INFO] [stdout]    |
[INFO] [stdout] 
[INFO] [stdout] error[E0412]: cannot find type `mat4x4` in this scope
[INFO] [stdout]   --> src/lib.rs:32:8
[INFO] [stdout]    |
[INFO] [stdout] 24 |     w: mat4x4,
[INFO] [stdout]    |        ^^^^^^ not found in this scope
[INFO] [stdout]    |
[INFO] [stdout] help: consider importing this type alias
[INFO] [stdout]    |
[INFO] [stdout] 15 | use glsl_layout2::mat4x4;
[INFO] [stdout]    |
[INFO] [stdout] 
[INFO] [stdout] error[E0412]: cannot find type `int` in this scope
[INFO] [stdout]   --> src/lib.rs:41:27
[INFO] [stdout]    |
[INFO] [stdout] 33 |     round_up_to(size_of::<int>(), 16), // `vec3` has alignment of size `vec4`
[INFO] [stdout]    |                           ^^^ not found in this scope
[INFO] [stdout]    |
[INFO] [stdout] help: perhaps you intended to use this type
[INFO] [stdout]    |
[INFO] [stdout] 33 |     round_up_to(size_of::<i32>(), 16), // `vec3` has alignment of size `vec4`
[INFO] [stdout]    |                           ~~~
[INFO] [stdout] help: consider importing this type alias
[INFO] [stdout]    |
[INFO] [stdout] 15 | use glsl_layout2::int;
[INFO] [stdout]    |
[INFO] [stdout] 
[INFO] [stdout] error[E0412]: cannot find type `vec3` in this scope
[INFO] [stdout]   --> src/lib.rs:47:49
[INFO] [stdout]    |
[INFO] [stdout] 39 |     round_up_to(offset_of!(UFoo: y) + size_of::<vec3>(), 4),
[INFO] [stdout]    |                                                 ^^^^ not found in this scope
[INFO] [stdout]    |
[INFO] [stdout] help: consider importing this struct
[INFO] [stdout]    |
[INFO] [stdout] 15 | use glsl_layout2::vec3;
[INFO] [stdout]    |
[INFO] [stdout] 
[INFO] [stdout] error[E0599]: no method named `std140` found for struct `Foo` in the current scope
[INFO] [stdout]   --> src/lib.rs:64:3
[INFO] [stdout]    |
[INFO] [stdout] 20 |   struct Foo {
[INFO] [stdout]    |   ---------- method `std140` not found for this struct
[INFO] [stdout] ...
[INFO] [stdout] 49 |   let foo_uniform = Foo {
[INFO] [stdout]    |  ___________________-
[INFO] [stdout] 50 | |     x: 2,
[INFO] [stdout] 51 | |     y: [0.0; 3].into(),
[INFO] [stdout] 52 | |     z: 0.0,
[INFO] [stdout] ...  |
[INFO] [stdout] 55 | |     b: 0.0,
[INFO] [stdout] 56 | | }.std140();
[INFO] [stdout]    | |  -^^^^^^ method not found in `Foo`
[INFO] [stdout]    | |__|
[INFO] [stdout]    | 
[INFO] [stdout]    |
[INFO] [stdout]    = help: items from traits can only be used if the trait is implemented and in scope
[INFO] [stdout]    = note: the following trait defines an item `std140`, perhaps you need to implement it:
[INFO] [stdout]            candidate #1: `glsl_layout2::Uniform`
[INFO] [stdout] 
[INFO] [stdout] error: aborting due to 10 previous errors
[INFO] [stdout] 
[INFO] [stdout] Some errors have detailed explanations: E0412, E0433, E0463, E0599.
[INFO] [stdout] For more information about an error, try `rustc --explain E0412`.
[INFO] [stdout] Couldn't compile the test.
[INFO] [stdout] 
[INFO] [stdout] failures:
[INFO] [stdout]     src/lib.rs - (line 9)
[INFO] [stdout]     src/vec.rs - vec::bvec2 (line 59)
[INFO] [stdout]     src/vec.rs - vec::bvec3 (line 76)
[INFO] [stdout]     src/vec.rs - vec::bvec4 (line 93)
[INFO] [stdout]     src/vec.rs - vec::dvec2 (line 263)
[INFO] [stdout]     src/vec.rs - vec::dvec3 (line 280)
[INFO] [stdout]     src/vec.rs - vec::dvec4 (line 297)
[INFO] [stdout]     src/vec.rs - vec::ivec2 (line 110)
[INFO] [stdout]     src/vec.rs - vec::ivec3 (line 127)
[INFO] [stdout]     src/vec.rs - vec::ivec4 (line 144)
[INFO] [stdout]     src/vec.rs - vec::uvec2 (line 161)
[INFO] [stdout]     src/vec.rs - vec::uvec3 (line 178)
[INFO] [stdout]     src/vec.rs - vec::uvec4 (line 195)
[INFO] [stdout]     src/vec.rs - vec::vec2 (line 212)
[INFO] [stdout]     src/vec.rs - vec::vec3 (line 229)
[INFO] [stdout]     src/vec.rs - vec::vec4 (line 246)
[INFO] [stdout] 
[INFO] [stdout] test result: FAILED. 0 passed; 16 failed; 0 ignored; 0 measured; 0 filtered out; finished in 0.14s
[INFO] [stdout] 
[INFO] [stderr] error: doctest failed, to rerun pass `--doc`
[INFO] running `Command { std: "docker" "inspect" "2cd6c9ad59164ecfca3473bface0cf0511914e7b770e66df1bd20d07c7e107a8", kill_on_drop: false }`
[INFO] running `Command { std: "docker" "rm" "-f" "2cd6c9ad59164ecfca3473bface0cf0511914e7b770e66df1bd20d07c7e107a8", kill_on_drop: false }`
[INFO] [stdout] 2cd6c9ad59164ecfca3473bface0cf0511914e7b770e66df1bd20d07c7e107a8
