[INFO] fetching crate glitz 0.4.0...
[INFO] testing glitz-0.4.0 against 1.69.0 for beta-1.70-1
[INFO] extracting crate glitz 0.4.0 into /workspace/builds/worker-4-tc1/source
[INFO] validating manifest of crates.io crate glitz 0.4.0 on toolchain 1.69.0
[INFO] running `Command { std: CARGO_HOME="/workspace/cargo-home" RUSTUP_HOME="/workspace/rustup-home" "/workspace/cargo-home/bin/cargo" "+1.69.0" "metadata" "--manifest-path" "Cargo.toml" "--no-deps", kill_on_drop: false }`
[INFO] started tweaking crates.io crate glitz 0.4.0
[INFO] finished tweaking crates.io crate glitz 0.4.0
[INFO] tweaked toml for crates.io crate glitz 0.4.0 written to /workspace/builds/worker-4-tc1/source/Cargo.toml
[INFO] running `Command { std: CARGO_HOME="/workspace/cargo-home" RUSTUP_HOME="/workspace/rustup-home" __CARGO_TEST_CHANNEL_OVERRIDE_DO_NOT_USE_THIS="nightly" "/workspace/cargo-home/bin/cargo" "+1.69.0" "generate-lockfile" "--manifest-path" "Cargo.toml" "-Zno-index-update", kill_on_drop: false }`
[INFO] running `Command { std: CARGO_HOME="/workspace/cargo-home" RUSTUP_HOME="/workspace/rustup-home" "/workspace/cargo-home/bin/cargo" "+1.69.0" "fetch" "--manifest-path" "Cargo.toml", kill_on_drop: false }`
[INFO] [stderr]     Blocking waiting for file lock on package cache
[INFO] [stderr]  Downloading crates ...
[INFO] [stderr]   Downloaded zstring v0.1.3
[INFO] running `Command { std: "docker" "create" "-v" "/var/lib/crater-agent-workspace/builds/worker-4-tc1/target:/opt/rustwide/target:rw,Z" "-v" "/var/lib/crater-agent-workspace/builds/worker-4-tc1/source:/opt/rustwide/workdir:ro,Z" "-v" "/var/lib/crater-agent-workspace/cargo-home:/opt/rustwide/cargo-home:ro,Z" "-v" "/var/lib/crater-agent-workspace/rustup-home:/opt/rustwide/rustup-home:ro,Z" "-e" "SOURCE_DIR=/opt/rustwide/workdir" "-e" "CARGO_TARGET_DIR=/opt/rustwide/target" "-e" "CARGO_HOME=/opt/rustwide/cargo-home" "-e" "RUSTUP_HOME=/opt/rustwide/rustup-home" "-w" "/opt/rustwide/workdir" "-m" "1610612736" "--user" "0:0" "--network" "none" "ghcr.io/rust-lang/crates-build-env/linux@sha256:5ff2268d62e97bff2cde7d5815dd6ed5b47097566f13b8d0ca110b04b60e07ed" "/opt/rustwide/cargo-home/bin/cargo" "+1.69.0" "metadata" "--no-deps" "--format-version=1", kill_on_drop: false }`
[INFO] [stdout] 81be39b87c0acf65b8a78b97c6e093b3f1fa5ee0a8177fb3d0e2f222b74b38e2
[INFO] running `Command { std: "docker" "start" "-a" "81be39b87c0acf65b8a78b97c6e093b3f1fa5ee0a8177fb3d0e2f222b74b38e2", kill_on_drop: false }`
[INFO] running `Command { std: "docker" "inspect" "81be39b87c0acf65b8a78b97c6e093b3f1fa5ee0a8177fb3d0e2f222b74b38e2", kill_on_drop: false }`
[INFO] running `Command { std: "docker" "rm" "-f" "81be39b87c0acf65b8a78b97c6e093b3f1fa5ee0a8177fb3d0e2f222b74b38e2", kill_on_drop: false }`
[INFO] [stdout] 81be39b87c0acf65b8a78b97c6e093b3f1fa5ee0a8177fb3d0e2f222b74b38e2
[INFO] running `Command { std: "docker" "create" "-v" "/var/lib/crater-agent-workspace/builds/worker-4-tc1/target:/opt/rustwide/target:rw,Z" "-v" "/var/lib/crater-agent-workspace/builds/worker-4-tc1/source:/opt/rustwide/workdir:ro,Z" "-v" "/var/lib/crater-agent-workspace/cargo-home:/opt/rustwide/cargo-home:ro,Z" "-v" "/var/lib/crater-agent-workspace/rustup-home:/opt/rustwide/rustup-home:ro,Z" "-e" "SOURCE_DIR=/opt/rustwide/workdir" "-e" "CARGO_TARGET_DIR=/opt/rustwide/target" "-e" "CARGO_INCREMENTAL=0" "-e" "RUST_BACKTRACE=full" "-e" "RUSTFLAGS=--cap-lints=warn" "-e" "RUSTDOCFLAGS=--cap-lints=warn" "-e" "CARGO_HOME=/opt/rustwide/cargo-home" "-e" "RUSTUP_HOME=/opt/rustwide/rustup-home" "-w" "/opt/rustwide/workdir" "-m" "1610612736" "--user" "0:0" "--network" "none" "ghcr.io/rust-lang/crates-build-env/linux@sha256:5ff2268d62e97bff2cde7d5815dd6ed5b47097566f13b8d0ca110b04b60e07ed" "/opt/rustwide/cargo-home/bin/cargo" "+1.69.0" "build" "--frozen" "--message-format=json", kill_on_drop: false }`
[INFO] [stdout] d7dc7a3e21dd9b4d662a2cf4844f7342a7357b8e29a0273f8338f0a0307e5d00
[INFO] running `Command { std: "docker" "start" "-a" "d7dc7a3e21dd9b4d662a2cf4844f7342a7357b8e29a0273f8338f0a0307e5d00", kill_on_drop: false }`
[INFO] [stderr]    Compiling zstring v0.1.3
[INFO] [stderr]    Compiling chlorine v1.0.10
[INFO] [stderr]    Compiling glitz v0.4.0 (/opt/rustwide/workdir)
[INFO] [stderr]     Finished dev [unoptimized + debuginfo] target(s) in 0.62s
[INFO] running `Command { std: "docker" "inspect" "d7dc7a3e21dd9b4d662a2cf4844f7342a7357b8e29a0273f8338f0a0307e5d00", kill_on_drop: false }`
[INFO] running `Command { std: "docker" "rm" "-f" "d7dc7a3e21dd9b4d662a2cf4844f7342a7357b8e29a0273f8338f0a0307e5d00", kill_on_drop: false }`
[INFO] [stdout] d7dc7a3e21dd9b4d662a2cf4844f7342a7357b8e29a0273f8338f0a0307e5d00
[INFO] running `Command { std: "docker" "create" "-v" "/var/lib/crater-agent-workspace/builds/worker-4-tc1/target:/opt/rustwide/target:rw,Z" "-v" "/var/lib/crater-agent-workspace/builds/worker-4-tc1/source:/opt/rustwide/workdir:ro,Z" "-v" "/var/lib/crater-agent-workspace/cargo-home:/opt/rustwide/cargo-home:ro,Z" "-v" "/var/lib/crater-agent-workspace/rustup-home:/opt/rustwide/rustup-home:ro,Z" "-e" "SOURCE_DIR=/opt/rustwide/workdir" "-e" "CARGO_TARGET_DIR=/opt/rustwide/target" "-e" "CARGO_INCREMENTAL=0" "-e" "RUST_BACKTRACE=full" "-e" "RUSTFLAGS=--cap-lints=warn" "-e" "RUSTDOCFLAGS=--cap-lints=warn" "-e" "CARGO_HOME=/opt/rustwide/cargo-home" "-e" "RUSTUP_HOME=/opt/rustwide/rustup-home" "-w" "/opt/rustwide/workdir" "-m" "1610612736" "--user" "0:0" "--network" "none" "ghcr.io/rust-lang/crates-build-env/linux@sha256:5ff2268d62e97bff2cde7d5815dd6ed5b47097566f13b8d0ca110b04b60e07ed" "/opt/rustwide/cargo-home/bin/cargo" "+1.69.0" "test" "--frozen" "--no-run" "--message-format=json", kill_on_drop: false }`
[INFO] [stdout] cdcf771399ad437fb9bed349bd2b1d5b5ee32b1c35de873432c6861a64e0565f
[INFO] running `Command { std: "docker" "start" "-a" "cdcf771399ad437fb9bed349bd2b1d5b5ee32b1c35de873432c6861a64e0565f", kill_on_drop: false }`
[INFO] [stderr]    Compiling glitz v0.4.0 (/opt/rustwide/workdir)
[INFO] [stderr]     Finished test [unoptimized + debuginfo] target(s) in 0.45s
[INFO] running `Command { std: "docker" "inspect" "cdcf771399ad437fb9bed349bd2b1d5b5ee32b1c35de873432c6861a64e0565f", kill_on_drop: false }`
[INFO] running `Command { std: "docker" "rm" "-f" "cdcf771399ad437fb9bed349bd2b1d5b5ee32b1c35de873432c6861a64e0565f", kill_on_drop: false }`
[INFO] [stdout] cdcf771399ad437fb9bed349bd2b1d5b5ee32b1c35de873432c6861a64e0565f
[INFO] running `Command { std: "docker" "create" "-v" "/var/lib/crater-agent-workspace/builds/worker-4-tc1/target:/opt/rustwide/target:rw,Z" "-v" "/var/lib/crater-agent-workspace/builds/worker-4-tc1/source:/opt/rustwide/workdir:ro,Z" "-v" "/var/lib/crater-agent-workspace/cargo-home:/opt/rustwide/cargo-home:ro,Z" "-v" "/var/lib/crater-agent-workspace/rustup-home:/opt/rustwide/rustup-home:ro,Z" "-e" "SOURCE_DIR=/opt/rustwide/workdir" "-e" "CARGO_TARGET_DIR=/opt/rustwide/target" "-e" "CARGO_INCREMENTAL=0" "-e" "RUST_BACKTRACE=full" "-e" "RUSTFLAGS=--cap-lints=warn" "-e" "RUSTDOCFLAGS=--cap-lints=warn" "-e" "CARGO_HOME=/opt/rustwide/cargo-home" "-e" "RUSTUP_HOME=/opt/rustwide/rustup-home" "-w" "/opt/rustwide/workdir" "-m" "1610612736" "--user" "0:0" "--network" "none" "ghcr.io/rust-lang/crates-build-env/linux@sha256:5ff2268d62e97bff2cde7d5815dd6ed5b47097566f13b8d0ca110b04b60e07ed" "/opt/rustwide/cargo-home/bin/cargo" "+1.69.0" "test" "--frozen", kill_on_drop: false }`
[INFO] [stdout] 95ae15e43238df6221b7223720b7e9aac2b6fd1e1c33688eb8e49e313e8149ce
[INFO] running `Command { std: "docker" "start" "-a" "95ae15e43238df6221b7223720b7e9aac2b6fd1e1c33688eb8e49e313e8149ce", kill_on_drop: false }`
[INFO] [stderr]     Finished test [unoptimized + debuginfo] target(s) in 0.00s
[INFO] [stderr]      Running unittests src/lib.rs (/opt/rustwide/target/debug/deps/glitz-66844e0c1a3e10e3)
[INFO] [stdout] 
[INFO] [stdout] running 0 tests
[INFO] [stdout] 
[INFO] [stdout] test result: ok. 0 passed; 0 failed; 0 ignored; 0 measured; 0 filtered out; finished in 0.00s
[INFO] [stdout] 
[INFO] [stderr]    Doc-tests glitz
[INFO] [stdout] 
[INFO] [stdout] running 1 test
[INFO] [stdout] test src/lib.rs - (line 31) - compile ... FAILED
[INFO] [stdout] 
[INFO] [stdout] failures:
[INFO] [stdout] 
[INFO] [stdout] ---- src/lib.rs - (line 31) stdout ----
[INFO] [stdout] error[E0631]: type mismatch in closure arguments
[INFO] [stdout]   --> src/lib.rs:48:38
[INFO] [stdout]    |
[INFO] [stdout] 8  | let loader_fn = |c_str: *const u8| {
[INFO] [stdout]    |                 ------------------ found signature defined here
[INFO] [stdout] ...
[INFO] [stdout] 20 | let gl = unsafe { GlFns::from_loader(&loader_fn).unwrap() };
[INFO] [stdout]    |                                      ^^^^^^^^^^ expected due to this
[INFO] [stdout]    |
[INFO] [stdout]    = note: expected closure signature `for<'a> fn(zstring::zstr::ZStr<'a>) -> _`
[INFO] [stdout]               found closure signature `fn(*const u8) -> _`
[INFO] [stdout]    = note: required for the cast from `[closure@src/lib.rs:8:17: 8:35]` to the object type `dyn for<'a> Fn(zstring::zstr::ZStr<'a>) -> *mut c_void`
[INFO] [stdout] 
[INFO] [stdout] error: aborting due to previous error
[INFO] [stdout] 
[INFO] [stdout] For more information about this error, try `rustc --explain E0631`.
[INFO] [stdout] Couldn't compile the test.
[INFO] [stdout] 
[INFO] [stdout] failures:
[INFO] [stdout]     src/lib.rs - (line 31)
[INFO] [stdout] 
[INFO] [stdout] test result: FAILED. 0 passed; 1 failed; 0 ignored; 0 measured; 0 filtered out; finished in 0.04s
[INFO] [stdout] 
[INFO] [stderr] error: doctest failed, to rerun pass `--doc`
[INFO] running `Command { std: "docker" "inspect" "95ae15e43238df6221b7223720b7e9aac2b6fd1e1c33688eb8e49e313e8149ce", kill_on_drop: false }`
[INFO] running `Command { std: "docker" "rm" "-f" "95ae15e43238df6221b7223720b7e9aac2b6fd1e1c33688eb8e49e313e8149ce", kill_on_drop: false }`
[INFO] [stdout] 95ae15e43238df6221b7223720b7e9aac2b6fd1e1c33688eb8e49e313e8149ce
