[INFO] fetching crate glib 0.17.9...
[INFO] testing glib-0.17.9 against 1.69.0 for beta-1.70-1
[INFO] extracting crate glib 0.17.9 into /workspace/builds/worker-4-tc1/source
[INFO] validating manifest of crates.io crate glib 0.17.9 on toolchain 1.69.0
[INFO] running `Command { std: CARGO_HOME="/workspace/cargo-home" RUSTUP_HOME="/workspace/rustup-home" "/workspace/cargo-home/bin/cargo" "+1.69.0" "metadata" "--manifest-path" "Cargo.toml" "--no-deps", kill_on_drop: false }`
[INFO] started tweaking crates.io crate glib 0.17.9
[INFO] removed 0 missing tests
[INFO] finished tweaking crates.io crate glib 0.17.9
[INFO] tweaked toml for crates.io crate glib 0.17.9 written to /workspace/builds/worker-4-tc1/source/Cargo.toml
[INFO] running `Command { std: CARGO_HOME="/workspace/cargo-home" RUSTUP_HOME="/workspace/rustup-home" __CARGO_TEST_CHANNEL_OVERRIDE_DO_NOT_USE_THIS="nightly" "/workspace/cargo-home/bin/cargo" "+1.69.0" "generate-lockfile" "--manifest-path" "Cargo.toml" "-Zno-index-update", kill_on_drop: false }`
[INFO] running `Command { std: CARGO_HOME="/workspace/cargo-home" RUSTUP_HOME="/workspace/rustup-home" "/workspace/cargo-home/bin/cargo" "+1.69.0" "fetch" "--manifest-path" "Cargo.toml", kill_on_drop: false }`
[INFO] [stderr]  Downloading crates ...
[INFO] [stderr]   Downloaded trybuild2 v1.0.2
[INFO] running `Command { std: "docker" "create" "-v" "/var/lib/crater-agent-workspace/builds/worker-4-tc1/target:/opt/rustwide/target:rw,Z" "-v" "/var/lib/crater-agent-workspace/builds/worker-4-tc1/source:/opt/rustwide/workdir:ro,Z" "-v" "/var/lib/crater-agent-workspace/cargo-home:/opt/rustwide/cargo-home:ro,Z" "-v" "/var/lib/crater-agent-workspace/rustup-home:/opt/rustwide/rustup-home:ro,Z" "-e" "SOURCE_DIR=/opt/rustwide/workdir" "-e" "CARGO_TARGET_DIR=/opt/rustwide/target" "-e" "CARGO_HOME=/opt/rustwide/cargo-home" "-e" "RUSTUP_HOME=/opt/rustwide/rustup-home" "-w" "/opt/rustwide/workdir" "-m" "1610612736" "--user" "0:0" "--network" "none" "ghcr.io/rust-lang/crates-build-env/linux@sha256:5ff2268d62e97bff2cde7d5815dd6ed5b47097566f13b8d0ca110b04b60e07ed" "/opt/rustwide/cargo-home/bin/cargo" "+1.69.0" "metadata" "--no-deps" "--format-version=1", kill_on_drop: false }`
[INFO] [stdout] ddfcf6ebbea847393b21ac2ae7fbfd1596726ae1e51a3f58444910c8da059ce1
[INFO] running `Command { std: "docker" "start" "-a" "ddfcf6ebbea847393b21ac2ae7fbfd1596726ae1e51a3f58444910c8da059ce1", kill_on_drop: false }`
[INFO] running `Command { std: "docker" "inspect" "ddfcf6ebbea847393b21ac2ae7fbfd1596726ae1e51a3f58444910c8da059ce1", kill_on_drop: false }`
[INFO] running `Command { std: "docker" "rm" "-f" "ddfcf6ebbea847393b21ac2ae7fbfd1596726ae1e51a3f58444910c8da059ce1", kill_on_drop: false }`
[INFO] [stdout] ddfcf6ebbea847393b21ac2ae7fbfd1596726ae1e51a3f58444910c8da059ce1
[INFO] running `Command { std: "docker" "create" "-v" "/var/lib/crater-agent-workspace/builds/worker-4-tc1/target:/opt/rustwide/target:rw,Z" "-v" "/var/lib/crater-agent-workspace/builds/worker-4-tc1/source:/opt/rustwide/workdir:ro,Z" "-v" "/var/lib/crater-agent-workspace/cargo-home:/opt/rustwide/cargo-home:ro,Z" "-v" "/var/lib/crater-agent-workspace/rustup-home:/opt/rustwide/rustup-home:ro,Z" "-e" "SOURCE_DIR=/opt/rustwide/workdir" "-e" "CARGO_TARGET_DIR=/opt/rustwide/target" "-e" "CARGO_INCREMENTAL=0" "-e" "RUST_BACKTRACE=full" "-e" "RUSTFLAGS=--cap-lints=warn" "-e" "RUSTDOCFLAGS=--cap-lints=warn" "-e" "CARGO_HOME=/opt/rustwide/cargo-home" "-e" "RUSTUP_HOME=/opt/rustwide/rustup-home" "-w" "/opt/rustwide/workdir" "-m" "1610612736" "--user" "0:0" "--network" "none" "ghcr.io/rust-lang/crates-build-env/linux@sha256:5ff2268d62e97bff2cde7d5815dd6ed5b47097566f13b8d0ca110b04b60e07ed" "/opt/rustwide/cargo-home/bin/cargo" "+1.69.0" "build" "--frozen" "--message-format=json", kill_on_drop: false }`
[INFO] [stdout] 0e2cbfa9dcaadec410651b0dc97eaa166105b64fa49399a70000d1ea11e19165
[INFO] running `Command { std: "docker" "start" "-a" "0e2cbfa9dcaadec410651b0dc97eaa166105b64fa49399a70000d1ea11e19165", kill_on_drop: false }`
[INFO] [stderr]    Compiling serde v1.0.160
[INFO] [stderr]    Compiling hashbrown v0.12.3
[INFO] [stderr]    Compiling winnow v0.4.4
[INFO] [stderr]    Compiling target-lexicon v0.12.7
[INFO] [stderr]    Compiling smallvec v1.10.0
[INFO] [stderr]    Compiling version-compare v0.1.1
[INFO] [stderr]    Compiling futures-core v0.3.28
[INFO] [stderr]    Compiling syn v1.0.109
[INFO] [stderr]    Compiling futures-task v0.3.28
[INFO] [stderr]    Compiling indexmap v1.9.3
[INFO] [stderr]    Compiling futures-util v0.3.28
[INFO] [stderr]    Compiling syn v2.0.15
[INFO] [stderr]    Compiling proc-macro-error-attr v1.0.4
[INFO] [stderr]    Compiling anyhow v1.0.71
[INFO] [stderr]    Compiling futures-channel v0.3.28
[INFO] [stderr]    Compiling cfg-expr v0.15.1
[INFO] [stderr]    Compiling serde_derive v1.0.160
[INFO] [stderr]    Compiling futures-macro v0.3.28
[INFO] [stderr]    Compiling thiserror-impl v1.0.40
[INFO] [stderr]    Compiling proc-macro-error v1.0.4
[INFO] [stderr]    Compiling thiserror v1.0.40
[INFO] [stderr]    Compiling futures-executor v0.3.28
[INFO] [stderr]    Compiling toml_datetime v0.6.1
[INFO] [stderr]    Compiling serde_spanned v0.6.1
[INFO] [stderr]    Compiling toml_edit v0.19.8
[INFO] [stderr]    Compiling toml v0.7.3
[INFO] [stderr]    Compiling proc-macro-crate v1.3.1
[INFO] [stderr]    Compiling system-deps v6.0.5
[INFO] [stderr]    Compiling glib-macros v0.17.9
[INFO] [stderr]    Compiling glib-sys v0.17.4
[INFO] [stderr]    Compiling gobject-sys v0.17.4
[INFO] [stderr]    Compiling gio-sys v0.17.4
[INFO] [stderr]    Compiling glib v0.17.9 (/opt/rustwide/workdir)
[INFO] [stderr]     Finished dev [unoptimized + debuginfo] target(s) in 21.72s
[INFO] running `Command { std: "docker" "inspect" "0e2cbfa9dcaadec410651b0dc97eaa166105b64fa49399a70000d1ea11e19165", kill_on_drop: false }`
[INFO] running `Command { std: "docker" "rm" "-f" "0e2cbfa9dcaadec410651b0dc97eaa166105b64fa49399a70000d1ea11e19165", kill_on_drop: false }`
[INFO] [stdout] 0e2cbfa9dcaadec410651b0dc97eaa166105b64fa49399a70000d1ea11e19165
[INFO] running `Command { std: "docker" "create" "-v" "/var/lib/crater-agent-workspace/builds/worker-4-tc1/target:/opt/rustwide/target:rw,Z" "-v" "/var/lib/crater-agent-workspace/builds/worker-4-tc1/source:/opt/rustwide/workdir:ro,Z" "-v" "/var/lib/crater-agent-workspace/cargo-home:/opt/rustwide/cargo-home:ro,Z" "-v" "/var/lib/crater-agent-workspace/rustup-home:/opt/rustwide/rustup-home:ro,Z" "-e" "SOURCE_DIR=/opt/rustwide/workdir" "-e" "CARGO_TARGET_DIR=/opt/rustwide/target" "-e" "CARGO_INCREMENTAL=0" "-e" "RUST_BACKTRACE=full" "-e" "RUSTFLAGS=--cap-lints=warn" "-e" "RUSTDOCFLAGS=--cap-lints=warn" "-e" "CARGO_HOME=/opt/rustwide/cargo-home" "-e" "RUSTUP_HOME=/opt/rustwide/rustup-home" "-w" "/opt/rustwide/workdir" "-m" "1610612736" "--user" "0:0" "--network" "none" "ghcr.io/rust-lang/crates-build-env/linux@sha256:5ff2268d62e97bff2cde7d5815dd6ed5b47097566f13b8d0ca110b04b60e07ed" "/opt/rustwide/cargo-home/bin/cargo" "+1.69.0" "test" "--frozen" "--no-run" "--message-format=json", kill_on_drop: false }`
[INFO] [stdout] 08333dcf04d83e33b280d097de240ee87e94090f23bdb3e10e6e605e77d7ac36
[INFO] running `Command { std: "docker" "start" "-a" "08333dcf04d83e33b280d097de240ee87e94090f23bdb3e10e6e605e77d7ac36", kill_on_drop: false }`
[INFO] [stderr]    Compiling serde v1.0.160
[INFO] [stderr]    Compiling num-traits v0.2.15
[INFO] [stderr]    Compiling io-lifetimes v1.0.10
[INFO] [stderr]    Compiling os_str_bytes v6.5.0
[INFO] [stderr]    Compiling ciborium-io v0.2.0
[INFO] [stderr]    Compiling half v1.8.2
[INFO] [stderr]    Compiling plotters-backend v0.3.4
[INFO] [stderr]    Compiling rustix v0.37.18
[INFO] [stderr]    Compiling cast v0.3.0
[INFO] [stderr]    Compiling trybuild2 v1.0.2
[INFO] [stderr]    Compiling textwrap v0.16.0
[INFO] [stderr]    Compiling regex-syntax v0.7.1
[INFO] [stderr]    Compiling atty v0.2.14
[INFO] [stderr]    Compiling anes v0.1.6
[INFO] [stderr]    Compiling oorandom v11.1.3
[INFO] [stderr]    Compiling gir-format-check v0.1.3
[INFO] [stderr]    Compiling criterion-plot v0.5.0
[INFO] [stderr]    Compiling plotters-svg v0.3.3
[INFO] [stderr]    Compiling clap_lex v0.2.4
[INFO] [stderr]    Compiling ciborium-ll v0.2.0
[INFO] [stderr]    Compiling clap v3.2.25
[INFO] [stderr]    Compiling regex v1.8.1
[INFO] [stderr]    Compiling plotters v0.3.4
[INFO] [stderr]    Compiling tempfile v3.5.0
[INFO] [stderr]    Compiling serde_spanned v0.6.1
[INFO] [stderr]    Compiling toml_datetime v0.6.1
[INFO] [stderr]    Compiling serde_json v1.0.96
[INFO] [stderr]    Compiling ciborium v0.2.0
[INFO] [stderr]    Compiling basic-toml v0.1.2
[INFO] [stderr]    Compiling toml_edit v0.19.8
[INFO] [stderr]    Compiling tinytemplate v1.2.1
[INFO] [stderr]    Compiling criterion v0.4.0
[INFO] [stderr]    Compiling toml v0.7.3
[INFO] [stderr]    Compiling proc-macro-crate v1.3.1
[INFO] [stderr]    Compiling system-deps v6.0.5
[INFO] [stderr]    Compiling glib-macros v0.17.9
[INFO] [stderr]    Compiling glib-sys v0.17.4
[INFO] [stderr]    Compiling gobject-sys v0.17.4
[INFO] [stderr]    Compiling gio-sys v0.17.4
[INFO] [stderr]    Compiling glib v0.17.9 (/opt/rustwide/workdir)
[INFO] [stderr]     Finished test [unoptimized + debuginfo] target(s) in 30.93s
[INFO] running `Command { std: "docker" "inspect" "08333dcf04d83e33b280d097de240ee87e94090f23bdb3e10e6e605e77d7ac36", kill_on_drop: false }`
[INFO] running `Command { std: "docker" "rm" "-f" "08333dcf04d83e33b280d097de240ee87e94090f23bdb3e10e6e605e77d7ac36", kill_on_drop: false }`
[INFO] [stdout] 08333dcf04d83e33b280d097de240ee87e94090f23bdb3e10e6e605e77d7ac36
[INFO] running `Command { std: "docker" "create" "-v" "/var/lib/crater-agent-workspace/builds/worker-4-tc1/target:/opt/rustwide/target:rw,Z" "-v" "/var/lib/crater-agent-workspace/builds/worker-4-tc1/source:/opt/rustwide/workdir:ro,Z" "-v" "/var/lib/crater-agent-workspace/cargo-home:/opt/rustwide/cargo-home:ro,Z" "-v" "/var/lib/crater-agent-workspace/rustup-home:/opt/rustwide/rustup-home:ro,Z" "-e" "SOURCE_DIR=/opt/rustwide/workdir" "-e" "CARGO_TARGET_DIR=/opt/rustwide/target" "-e" "CARGO_INCREMENTAL=0" "-e" "RUST_BACKTRACE=full" "-e" "RUSTFLAGS=--cap-lints=warn" "-e" "RUSTDOCFLAGS=--cap-lints=warn" "-e" "CARGO_HOME=/opt/rustwide/cargo-home" "-e" "RUSTUP_HOME=/opt/rustwide/rustup-home" "-w" "/opt/rustwide/workdir" "-m" "1610612736" "--user" "0:0" "--network" "none" "ghcr.io/rust-lang/crates-build-env/linux@sha256:5ff2268d62e97bff2cde7d5815dd6ed5b47097566f13b8d0ca110b04b60e07ed" "/opt/rustwide/cargo-home/bin/cargo" "+1.69.0" "test" "--frozen", kill_on_drop: false }`
[INFO] [stdout] 09402000f75eb5ebb61c8c1a8bb0b4e6af12dd030f2c71c018f24601efe23373
[INFO] running `Command { std: "docker" "start" "-a" "09402000f75eb5ebb61c8c1a8bb0b4e6af12dd030f2c71c018f24601efe23373", kill_on_drop: false }`
[INFO] [stderr]     Finished test [unoptimized + debuginfo] target(s) in 0.26s
[INFO] [stderr]      Running unittests src/lib.rs (/opt/rustwide/target/debug/deps/glib-624231e7b8f5295a)
[INFO] [stdout] 
[INFO] [stdout] running 222 tests
[INFO] [stdout] test byte_array::tests::various ... ok
[INFO] [stdout] test bytes::tests::from_owned ... ok
[INFO] [stdout] test bytes::tests::from_static ... ok
[INFO] [stdout] test bytes::tests::eq ... ok
[INFO] [stdout] test byte_array::tests::hash ... ok
[INFO] [stdout] test bytes::tests::hash ... ok
[INFO] [stdout] test char::tests::convert_from_glib ... ok
[INFO] [stdout] test bytes::tests::ord ... ok
[INFO] [stdout] test char::tests::converts_single_byte_chars ... ok
[INFO] [stdout] test char::tests::into_char ... ok
[INFO] [stdout] test char::tests::into_u8 ... ok
[INFO] [stdout] test char::tests::into_i8 ... ok
[INFO] [stdout] test char::tests::refuses_multibyte_chars ... ok
[INFO] [stdout] test checksum::tests::digest ... ok
[INFO] [stdout] test checksum::tests::update ... ok
[INFO] [stdout] test checksum::tests::update_multi_call ... ok
[INFO] [stdout] test closure::tests::test_closure ... ok
[INFO] [stdout] test collections::list::test::from_glib_full ... ok
[INFO] [stdout] test collections::list::test::from_glib_container ... ok
[INFO] [stdout] test collections::list::test::from_glib_none ... ok
[INFO] [stdout] test collections::ptr_slice::test::test_from_glib_full ... ok
[INFO] [stdout] test collections::ptr_slice::test::test_into_ptrslice ... ok
[INFO] [stdout] test collections::ptr_slice::test::test_safe_api ... ok
[INFO] [stdout] test collections::slice::test::test_from_glib_full ... ok
[INFO] [stdout] test collections::slice::test::test_from_glib_none ... ok
[INFO] [stdout] test collections::slice::test::test_safe_api ... ok
[INFO] [stdout] test collections::slist::test::from_glib_container ... ok
[INFO] [stdout] test collections::slist::test::from_glib_none ... ok
[INFO] [stdout] test collections::slist::test::safe_api ... ok
[INFO] [stdout] test collections::strv::test::test_contains ... ok
[INFO] [stdout] test collections::strv::test::test_from_glib_container ... ok
[INFO] [stdout] test collections::strv::test::test_from_glib_none ... ok
[INFO] [stdout] test collections::strv::test::test_from_glib_full ... ok
[INFO] [stdout] test collections::strv::test::test_join ... ok
[INFO] [stdout] test collections::strv::test::test_safe_api ... ok
[INFO] [stdout] test collections::strv::test::test_into_strv ... ok
[INFO] [stdout] test convert::tests::utf8_and_utf32 ... ok
[INFO] [stdout] test collections::ptr_slice::test::test_from_glib_none ... ok
[INFO] [stdout] test date_time::tests::test_value ... ok
[INFO] [stdout] test collections::list::test::safe_api ... ok
[INFO] [stdout] test date::test::test_value ... ok
[INFO] [stdout] test enums::tests::test_flags ... ok
[INFO] [stdout] test error::tests::test_bool_error ... ok
[INFO] [stdout] test error::tests::test_error_kind ... ok
[INFO] [stdout] test error::tests::test_error_matches ... ok
[INFO] [stdout] test error::tests::test_into_raw ... ok
[INFO] [stdout] test error::tests::test_value ... ok
[INFO] [stdout] test convert::tests::convert_ascii ... ok
[INFO] [stdout] test convert::tests::filename_charsets ... ok
[INFO] [stdout] test convert::tests::iconv ... ok
[INFO] [stdout] test gstring::tests::gformat ... ok
[INFO] [stdout] test gstring::tests::test_as_ref_path ... ok
[INFO] [stdout] test gstring::tests::test_from_glib_container ... ok
[INFO] [stdout] test gstring::tests::layout ... ok
[INFO] [stdout] test gstring::tests::test_gstring ... ok
[INFO] [stdout] test gstring::tests::test_gstring_from_cstring ... ok
[INFO] [stdout] test gstring::tests::test_gstring_from_ptr_lossy ... ok
[INFO] [stdout] test gstring::tests::test_gstring_from_str ... ok
[INFO] [stdout] test gstring::tests::test_hashmap ... ok
[INFO] [stdout] test gstring::tests::test_owned_glib_string ... ok
[INFO] [stdout] test gstring::tests::test_string_from_gstring ... ok
[INFO] [stdout] test gstring::tests::test_string_from_gstring_from_cstring ... ok
[INFO] [stdout] test gstring::tests::test_vec_u8_to_gstring ... ok
[INFO] [stdout] test gstring_builder::tests::append ... ok
[INFO] [stdout] test gstring_builder::tests::default ... ok
[INFO] [stdout] test gobject::binding::test::binding_to_transform_with_values ... ok
[INFO] [stdout] test gstring_builder::tests::display ... ok
[INFO] [stdout] test gobject::binding::test::binding_to_transform_ref ... ok
[INFO] [stdout] test gobject::binding::test::binding_from_transform_values_change_type ... ok
[INFO] [stdout] test gstring_builder::tests::eq ... ok
[INFO] [stdout] test gobject::binding::test::binding_to_transform_change_type ... ok
[INFO] [stdout] test gobject::binding::test::binding_from_transform ... ok
[INFO] [stdout] test gobject::binding::test::binding_from_transform_change_type ... ok
[INFO] [stdout] test gstring_builder::tests::prepend ... ok
[INFO] [stdout] test gstring_builder::tests::write ... ok
[INFO] [stdout] test gobject::binding::test::binding_from_transform_with_values ... ok
[INFO] [stdout] test collections::slist::test::from_glib_full ... ok
[INFO] [stdout] test gobject::binding::test::binding_to_transform_owned_ref ... ok
[INFO] [stdout] test gobject::binding::test::binding_to_transform_with_values_change_type ... ok
[INFO] [stdout] test gobject::binding::test::binding ... ok
[INFO] [stdout] test main_context::tests::test_invoke ... ok
[INFO] [stdout] test main_context::tests::test_with_thread_default ... ok
[INFO] [stdout] test main_context_channel::tests::test_channel ... ok
[INFO] [stdout] test main_context_channel::tests::test_drop_receiver ... ok
[INFO] [stdout] test main_context_channel::tests::test_drop_sender ... ok
[INFO] [stdout] test main_context_channel::tests::test_remove_receiver ... ok
[INFO] [stdout] test main_context_channel::tests::test_remove_receiver_and_drop_source ... ok
[INFO] [stdout] test main_context_futures::tests::test_block_on ... ok
[INFO] [stdout] test main_context_futures::tests::test_spawn ... ok
[INFO] [stdout] test main_context_futures::tests::test_spawn_from_within ... ok
[INFO] [stdout] test main_context_futures::tests::test_spawn_local ... ok
[INFO] [stdout] test main_context_futures::tests::test_spawn_return ... ok
[INFO] [stdout] test object::tests::data ... ok
[INFO] [stdout] test object::tests::new ... ok
[INFO] [stdout] test object::tests::test_borrow_hashing ... ok
[INFO] [stdout] test object::tests::test_value ... ok
[INFO] [stdout] test object::tests::weak_ref ... ok
[INFO] [stdout] test object::tests::weak_ref_notify ... ok
[INFO] [stdout] test param_spec::tests::test_has_param_spec ... ok
[INFO] [stdout] test param_spec::tests::test_param_spec_builder_flags ... ok
[INFO] [stdout] test param_spec::tests::test_param_spec_int_builder ... ok
[INFO] [stdout] test param_spec::tests::test_param_spec_string ... ok
[INFO] [stdout] test quark::tests::test_from_str ... ok
[INFO] [stdout] test subclass::boxed::test::test_register ... ok
[INFO] [stdout] test subclass::boxed::test::test_value ... ok
[INFO] [stdout] test subclass::object::test::test_builder ... ok
[INFO] [stdout] test subclass::object::test::test_callback_validity ... ok
[INFO] [stdout] test subclass::object::test::test_create ... ok
[INFO] [stdout] test subclass::object::test::test_create_child_object ... ok
[INFO] [stdout] test subclass::object::test::test_properties ... ok
[INFO] [stdout] test subclass::object::test::test_set_property ... ok
[INFO] [stdout] test future_with_timeout::tests::test_future_with_timeout ... ok
[INFO] [stdout] test future_with_timeout::tests::test_future_with_timeout_send ... ok
[INFO] [stdout] test main_context::tests::test_with_thread_default_is_panic_safe ... ok
[INFO] [stdout] test subclass::object::test::test_signal_return_expected_object_type ... ok
[INFO] [stdout] test subclass::object::test::test_signal_return_expected_type ... ok
[INFO] [stdout] test subclass::object::test::test_signals ... ok
[INFO] [stdout] test subclass::shared::test::same_ffi_pointer_arc ... ok
[INFO] [stdout] test subclass::shared::test::same_ffi_pointer_rc ... ok
[INFO] [stdout] test subclass::shared::test::test_register ... ok
[INFO] [stdout] test subclass::shared::test::test_value_arc ... ok
[INFO] [stdout] test subclass::shared::test::test_value_rc ... ok
[INFO] [stdout] test source_futures::tests::test_timeout ... ok
[INFO] [stdout] test source_futures::tests::test_timeout_and_channel ... ok
[INFO] [stdout] test source_futures::tests::test_timeout_send ... ok
[INFO] [stdout] test translate::tests::boolean ... ok
[INFO] [stdout] test thread_pool::tests::test_push_future ... ok
[INFO] [stdout] test thread_pool::tests::test_push ... ok
[INFO] [stdout] test translate::tests::gstring_array ... ok
[INFO] [stdout] test translate::tests::none_value ... ok
[INFO] [stdout] test translate::tests::invalid_value ... ok
[INFO] [stdout] test translate::tests::none_or_invalid_value ... ok
[INFO] [stdout] test translate::tests::ordering ... ok
[INFO] [stdout] test translate::tests::ptr_array ... ok
[INFO] [stdout] test translate::tests::string ... ok
[INFO] [stdout] test translate::tests::string_array ... ok
[INFO] [stdout] test translate::tests::string_hash_map ... ok
[INFO] [stdout] test types::tests::hash ... ok
[INFO] [stdout] test types::tests::invalid ... ok
[INFO] [stdout] test types::tests::ord ... ok
[INFO] [stdout] test translate::tests::test_paths ... ok
[INFO] [stdout] test utils::tests::getenv ... ok
[INFO] [stdout] test utils::tests::setenv ... ok
[INFO] [stdout] test utils::tests::test_filename_from_uri ... ok
[INFO] [stdout] test utils::tests::test_uri_parsing ... ok
[INFO] [stdout] test value::tests::test_debug ... ok
[INFO] [stdout] test value::tests::test_into_raw ... ok
[INFO] [stdout] test value::tests::test_send_value ... ok
[INFO] [stdout] test value::tests::test_from_to_value ... ok
[INFO] [stdout] test value::tests::test_strv ... ok
[INFO] [stdout] test value::tests::test_transform ... ok
[INFO] [stdout] test variant::tests::test_array ... ok
[INFO] [stdout] test variant::tests::test_array_collect ... ok
[INFO] [stdout] test unicollate::tests::collate_filenames ... ok
[INFO] [stdout] test unicollate::tests::collate ... ok
[INFO] [stdout] test variant::tests::test_array_from_iter ... ok
[INFO] [stdout] test variant::tests::test_empty ... ok
[INFO] [stdout] test variant::tests::test_eq ... ok
[INFO] [stdout] test variant::tests::test_byteswap ... ok
[INFO] [stdout] test variant::tests::test_btreemap ... ok
[INFO] [stdout] test variant::tests::test_fixed_variant_array ... ok
[INFO] [stdout] test variant::tests::test_fixed_array ... ok
[INFO] [stdout] test variant::tests::test_get ... ok
[INFO] [stdout] test variant::tests::test_i32 ... ok
[INFO] [stdout] test variant::tests::test_i64 ... ok
[INFO] [stdout] test variant::tests::test_hash ... ok
[INFO] [stdout] test variant::tests::test_paths ... ok
[INFO] [stdout] test variant::tests::test_i16 ... ok
[INFO] [stdout] test variant::tests::test_maybe ... ok
[INFO] [stdout] test variant::tests::test_regression_from_variant_panics ... ok
[INFO] [stdout] test variant::tests::test_str ... ok
[INFO] [stdout] test variant::tests::test_string ... ok
[INFO] [stdout] test variant::tests::test_try_child ... ok
[INFO] [stdout] test variant::tests::test_tuple ... ok
[INFO] [stdout] test variant::tests::test_tuple_from_iter ... ok
[INFO] [stdout] test variant::tests::test_serialize ... ok
[INFO] [stdout] test variant::tests::test_u16 ... ok
[INFO] [stdout] test variant::tests::test_print_parse ... ok
[INFO] [stdout] test variant::tests::test_u32 ... ok
[INFO] [stdout] test variant::tests::test_u8 ... ok
[INFO] [stdout] test variant_dict::test::create_destroy ... ok
[INFO] [stdout] test variant_dict::test::create_populate_destroy ... ok
[INFO] [stdout] test variant::tests::test_u64 ... ok
[INFO] [stdout] test variant_dict::test::create_populate_remove ... ok
[INFO] [stdout] test variant_dict::test::create_roundtrip ... ok
[INFO] [stdout] test variant_dict::test::lookup ... ok
[INFO] [stdout] test variant_iter::tests::test_variant_iter_count ... ok
[INFO] [stdout] test variant_iter::tests::test_variant_iter_array ... ok
[INFO] [stdout] test variant_iter::tests::test_variant_iter_dictentry ... ok
[INFO] [stdout] test variant_iter::tests::test_variant_iter_last ... ok
[INFO] [stdout] test variant_iter::tests::test_variant_iter_nth ... ok
[INFO] [stdout] test variant_iter::tests::test_variant_iter_tuple ... ok
[INFO] [stdout] test variant_iter::tests::test_variant_iter_variant ... ok
[INFO] [stdout] test variant_iter::tests::test_variant_iter_map ... ok
[INFO] [stdout] test variant_iter::tests::test_variant_str_iter_last ... ok
[INFO] [stdout] test variant_iter::tests::test_variant_str_iter_nth ... ok
[INFO] [stdout] test variant_iter::tests::test_variant_str_iter_count ... ok
[INFO] [stdout] test variant_type::tests::eq ... ok
[INFO] [stdout] test variant_type::tests::from_bytes ... ok
[INFO] [stdout] test main_context_futures::tests::test_spawn_panic ... ok
[INFO] [stdout] test variant_type::tests::new_empty ... ok
[INFO] [stdout] test variant_type::tests::new ... ok
[INFO] [stdout] test variant_type::tests::new_too_long ... ok
[INFO] [stdout] test subclass::object::test::test_construct_property_set_twice - should panic ... ok
[INFO] [stdout] test variant_type::tests::new_too_short ... ok
[INFO] [stdout] test variant_type::tests::new_with_nul ... ok
[INFO] [stdout] test variant_type::tests::ne ... ok
[INFO] [stdout] test variant_type::tests::to_owned ... ok
[INFO] [stdout] test variant_type::tests::tuple_iter ... ok
[INFO] [stdout] test variant_dict::test::create_populate_roundtrip ... ok
[INFO] [stdout] test variant_type::tests::value ... ok
[INFO] [stdout] test subclass::object::test::test_set_property_non_writable - should panic ... ok
[INFO] [stdout] test variant_type::tests::type_ ... ok
[INFO] [stdout] test subclass::object::test::test_set_property_not_found - should panic ... ok
[INFO] [stdout] test subclass::object::test::test_set_property_not_writable - should panic ... ok
[INFO] [stdout] test subclass::object::test::test_set_property_wrong_type - should panic ... ok
[INFO] [stdout] test subclass::object::test::test_set_property_wrong_type_2 - should panic ... ok
[INFO] [stdout] test source_futures::tests::test_interval ... ok
[INFO] [stdout] test main_context_channel::tests::test_sync_channel ... ok
[INFO] [stdout] test main_context_channel::tests::test_sync_channel_drop_receiver_wakeup ... ok
[INFO] [stdout] test main_context_channel::tests::test_sync_channel_drop_wakeup ... ok
[INFO] [stdout] test main_context_channel::tests::test_sync_channel_rendezvous ... ok
[INFO] [stdout] 
[INFO] [stdout] test result: ok. 222 passed; 0 failed; 0 ignored; 0 measured; 0 filtered out; finished in 0.16s
[INFO] [stdout] 
[INFO] [stderr]      Running tests/check_gir.rs (/opt/rustwide/target/debug/deps/check_gir-b1ea602efac40611)
[INFO] [stdout] 
[INFO] [stdout] running 1 test
[INFO] [stdout] test check_gir_file ... ok
[INFO] [stdout] 
[INFO] [stdout] test result: ok. 1 passed; 0 failed; 0 ignored; 0 measured; 0 filtered out; finished in 0.00s
[INFO] [stdout] 
[INFO] [stderr]      Running tests/clone.rs (/opt/rustwide/target/debug/deps/clone-c82650b43ded50ab)
[INFO] [stdout] 
[INFO] [stdout] running 16 tests
[INFO] [stdout] test clone_and_references ... ok
[INFO] [stdout] test clone_closure ... ok
[INFO] [stdout] test clone_default_value ... ok
[INFO] [stdout] test renaming ... ok
[INFO] [stdout] test clone_import_rename ... ok
[INFO] [stdout] test subfields_renaming ... ok
[INFO] [stdout] test test_clone_macro_async_kinds ... ok
[INFO] [stdout] test test_clone_macro_double_rename ... ok
[INFO] [stdout] test test_clone_macro_body ... ok
[INFO] [stdout] test test_clone_macro_rename ... ok
[INFO] [stdout] test test_clone_macro_double_simple ... ok
[INFO] [stdout] test test_clone_macro_default_return ... ok
[INFO] [stdout] test test_clone_macro_self_rename ... ok
[INFO] [stdout] test test_clone_macro_simple ... ok
[INFO] [stdout] test clone_panic ... ok
[INFO] [stdout] test test_clone_macro_typed_args ... ok
[INFO] [stdout] 
[INFO] [stdout] test result: ok. 16 passed; 0 failed; 0 ignored; 0 measured; 0 filtered out; finished in 0.02s
[INFO] [stdout] 
[INFO] [stderr]      Running tests/derive.rs (/opt/rustwide/target/debug/deps/derive-43c0ac67d5bdc8e8)
[INFO] [stdout] 
[INFO] [stdout] running 1 test
[INFO] [stdout] test derive_downgrade ... ok
[INFO] [stdout] 
[INFO] [stdout] test result: ok. 1 passed; 0 failed; 0 ignored; 0 measured; 0 filtered out; finished in 0.00s
[INFO] [stdout] 
[INFO] [stderr]      Running tests/log.rs (/opt/rustwide/target/debug/deps/log-fed6cf54f28d0267)
[INFO] [stdout] 
[INFO] [stdout] running 1 test
[INFO] [stderr] 
[INFO] [stderr] (process:266): domain-CRITICAL **: 03:27:27.789: hello
[INFO] [stderr] domain-Message: 03:27:27.789: hello
[INFO] [stderr] 
[INFO] [stderr] (process:266): not-domain-WARNING **: 03:27:27.789: hello
[INFO] [stderr] 
[INFO] [stderr] (process:266): domain-CRITICAL **: 03:27:27.789: hello
[INFO] [stderr] domain-Message: 03:27:27.789: hello
[INFO] [stderr] 
[INFO] [stderr] (process:266): domain-WARNING **: 03:27:27.789: hello
[INFO] [stdout] test check_log_handlers ... ok
[INFO] [stdout] 
[INFO] [stdout] test result: ok. 1 passed; 0 failed; 0 ignored; 0 measured; 0 filtered out; finished in 0.00s
[INFO] [stdout] 
[INFO] [stderr]      Running tests/print.rs (/opt/rustwide/target/debug/deps/print-e603b2af28bfcab3)
[INFO] [stdout] 
[INFO] [stdout] running 1 test
[INFO] [stdout] tadamonetoudoumtest check_print_handler ... ok
[INFO] [stdout] 
[INFO] [stdout] test result: ok. 1 passed; 0 failed; 0 ignored; 0 measured; 0 filtered out; finished in 0.00s
[INFO] [stdout] 
[INFO] [stderr] onetoudoumtadam     Running tests/structured_log.rs (/opt/rustwide/target/debug/deps/structured_log-6afda98f8119854d)
[INFO] [stdout] 
[INFO] [stdout] running 1 test
[INFO] [stdout] test structured_log ... FAILED
[INFO] [stdout] 
[INFO] [stdout] failures:
[INFO] [stdout] 
[INFO] [stdout] ---- structured_log stdout ----
[INFO] [stdout] thread 'structured_log' panicked at 'assertion failed: `(left == right)`
[INFO] [stdout]   left: `(Message, [("PRIORITY", "5"), ("CODE_FILE", "tests/structured_log.rs"), ("CODE_LINE", "31"), ("CODE_FUNC", "structured_log::structured_log"), ("MY_META", "abc"), ("MESSAGE", "normal with meta"), ("MY_META2", "def"), ("GLIB_DOMAIN", "test")])`,
[INFO] [stdout]  right: `(Message, [("PRIORITY", "5"), ("CODE_FILE", "glib/tests/structured_log.rs"), ("CODE_LINE", "31"), ("CODE_FUNC", "structured_log::structured_log"), ("MY_META", "abc"), ("MESSAGE", "normal with meta"), ("MY_META2", "def"), ("GLIB_DOMAIN", "test")])`', tests/structured_log.rs:93:5
[INFO] [stdout] stack backtrace:
[INFO] [stdout]    0:     0x562e86881a9a - std::backtrace_rs::backtrace::libunwind::trace::ha9053a9a07ca49cb
[INFO] [stdout]                                at /rustc/84c898d65adf2f39a5a98507f1fe0ce10a2b8dbc/library/std/src/../../backtrace/src/backtrace/libunwind.rs:93:5
[INFO] [stdout]    1:     0x562e86881a9a - std::backtrace_rs::backtrace::trace_unsynchronized::h9c2852a457ad564e
[INFO] [stdout]                                at /rustc/84c898d65adf2f39a5a98507f1fe0ce10a2b8dbc/library/std/src/../../backtrace/src/backtrace/mod.rs:66:5
[INFO] [stdout]    2:     0x562e86881a9a - std::sys_common::backtrace::_print_fmt::h457936fbfaa0070f
[INFO] [stdout]                                at /rustc/84c898d65adf2f39a5a98507f1fe0ce10a2b8dbc/library/std/src/sys_common/backtrace.rs:65:5
[INFO] [stdout]    3:     0x562e86881a9a - <std::sys_common::backtrace::_print::DisplayBacktrace as core::fmt::Display>::fmt::h5779d7bf7f70cb0c
[INFO] [stdout]                                at /rustc/84c898d65adf2f39a5a98507f1fe0ce10a2b8dbc/library/std/src/sys_common/backtrace.rs:44:22
[INFO] [stdout]    4:     0x562e868a513e - core::fmt::write::h5a4baaff1bcd3eb5
[INFO] [stdout]                                at /rustc/84c898d65adf2f39a5a98507f1fe0ce10a2b8dbc/library/core/src/fmt/mod.rs:1232:17
[INFO] [stdout]    5:     0x562e8687ef15 - std::io::Write::write_fmt::h478f79c628ef31d1
[INFO] [stdout]                                at /rustc/84c898d65adf2f39a5a98507f1fe0ce10a2b8dbc/library/std/src/io/mod.rs:1684:15
[INFO] [stdout]    6:     0x562e86881865 - std::sys_common::backtrace::_print::h5fcdc36060f177e8
[INFO] [stdout]                                at /rustc/84c898d65adf2f39a5a98507f1fe0ce10a2b8dbc/library/std/src/sys_common/backtrace.rs:47:5
[INFO] [stdout]    7:     0x562e86881865 - std::sys_common::backtrace::print::h54ca9458b876c8bf
[INFO] [stdout]                                at /rustc/84c898d65adf2f39a5a98507f1fe0ce10a2b8dbc/library/std/src/sys_common/backtrace.rs:34:9
[INFO] [stdout]    8:     0x562e8688362f - std::panicking::default_hook::{{closure}}::hbe471161c7664ed6
[INFO] [stdout]                                at /rustc/84c898d65adf2f39a5a98507f1fe0ce10a2b8dbc/library/std/src/panicking.rs:271:22
[INFO] [stdout]    9:     0x562e868832ef - std::panicking::default_hook::ha3500da57aa4ac4f
[INFO] [stdout]                                at /rustc/84c898d65adf2f39a5a98507f1fe0ce10a2b8dbc/library/std/src/panicking.rs:287:9
[INFO] [stdout]   10:     0x562e86856007 - <alloc::boxed::Box<F,A> as core::ops::function::Fn<Args>>::call::hdf1b89dd137ece34
[INFO] [stdout]                                at /rustc/84c898d65adf2f39a5a98507f1fe0ce10a2b8dbc/library/alloc/src/boxed.rs:2001:9
[INFO] [stdout]   11:     0x562e86856007 - test::test_main::{{closure}}::h9081a79f20e75698
[INFO] [stdout]                                at /rustc/84c898d65adf2f39a5a98507f1fe0ce10a2b8dbc/library/test/src/lib.rs:135:21
[INFO] [stdout]   12:     0x562e86883d5d - <alloc::boxed::Box<F,A> as core::ops::function::Fn<Args>>::call::h6507bddc3eebb4a5
[INFO] [stdout]                                at /rustc/84c898d65adf2f39a5a98507f1fe0ce10a2b8dbc/library/alloc/src/boxed.rs:2001:9
[INFO] [stdout]   13:     0x562e86883d5d - std::panicking::rust_panic_with_hook::h50c09d000dc561d2
[INFO] [stdout]                                at /rustc/84c898d65adf2f39a5a98507f1fe0ce10a2b8dbc/library/std/src/panicking.rs:696:13
[INFO] [stdout]   14:     0x562e86883ad9 - std::panicking::begin_panic_handler::{{closure}}::h9e2b2176e00e0d9c
[INFO] [stdout]                                at /rustc/84c898d65adf2f39a5a98507f1fe0ce10a2b8dbc/library/std/src/panicking.rs:583:13
[INFO] [stdout]   15:     0x562e86881f06 - std::sys_common::backtrace::__rust_end_short_backtrace::h5739b8e512c09d02
[INFO] [stdout]                                at /rustc/84c898d65adf2f39a5a98507f1fe0ce10a2b8dbc/library/std/src/sys_common/backtrace.rs:150:18
[INFO] [stdout]   16:     0x562e868837e2 - rust_begin_unwind
[INFO] [stdout]                                at /rustc/84c898d65adf2f39a5a98507f1fe0ce10a2b8dbc/library/std/src/panicking.rs:579:5
[INFO] [stdout]   17:     0x562e86808fb3 - core::panicking::panic_fmt::hf33a1475b4dc5c3e
[INFO] [stdout]                                at /rustc/84c898d65adf2f39a5a98507f1fe0ce10a2b8dbc/library/core/src/panicking.rs:64:14
[INFO] [stdout]   18:     0x562e8680928f - core::panicking::assert_failed_inner::haf9816227b20b6f2
[INFO] [stdout]   19:     0x562e8680d7ca - core::panicking::assert_failed::ha2adb0616dd9f0e0
[INFO] [stdout]                                at /rustc/84c898d65adf2f39a5a98507f1fe0ce10a2b8dbc/library/core/src/panicking.rs:211:5
[INFO] [stdout]   20:     0x562e8681443d - structured_log::structured_log::h92e1925f268d70c3
[INFO] [stdout]                                at /opt/rustwide/workdir/tests/structured_log.rs:93:5
[INFO] [stdout]   21:     0x562e86811a57 - structured_log::structured_log::{{closure}}::h71fbee9ebab7f250
[INFO] [stdout]                                at /opt/rustwide/workdir/tests/structured_log.rs:5:21
[INFO] [stdout]   22:     0x562e86817175 - core::ops::function::FnOnce::call_once::hd175a46cac992c0b
[INFO] [stdout]                                at /rustc/84c898d65adf2f39a5a98507f1fe0ce10a2b8dbc/library/core/src/ops/function.rs:250:5
[INFO] [stdout]   23:     0x562e8685b3ef - core::ops::function::FnOnce::call_once::h7d969581be7d0075
[INFO] [stdout]                                at /rustc/84c898d65adf2f39a5a98507f1fe0ce10a2b8dbc/library/core/src/ops/function.rs:250:5
[INFO] [stdout]   24:     0x562e8685b3ef - test::__rust_begin_short_backtrace::hca25a52684e56655
[INFO] [stdout]                                at /rustc/84c898d65adf2f39a5a98507f1fe0ce10a2b8dbc/library/test/src/lib.rs:656:18
[INFO] [stdout]   25:     0x562e8682ca0c - test::run_test::{{closure}}::ha8ac744c4af1a4bb
[INFO] [stdout]                                at /rustc/84c898d65adf2f39a5a98507f1fe0ce10a2b8dbc/library/test/src/lib.rs:647:30
[INFO] [stdout]   26:     0x562e8682ca0c - core::ops::function::FnOnce::call_once{{vtable.shim}}::h7b411a9ed45bdecf
[INFO] [stdout]                                at /rustc/84c898d65adf2f39a5a98507f1fe0ce10a2b8dbc/library/core/src/ops/function.rs:250:5
[INFO] [stdout]   27:     0x562e8685a3b6 - <alloc::boxed::Box<F,A> as core::ops::function::FnOnce<Args>>::call_once::hd05328869a8ed200
[INFO] [stdout]                                at /rustc/84c898d65adf2f39a5a98507f1fe0ce10a2b8dbc/library/alloc/src/boxed.rs:1987:9
[INFO] [stdout]   28:     0x562e8685a3b6 - <core::panic::unwind_safe::AssertUnwindSafe<F> as core::ops::function::FnOnce<()>>::call_once::h0c601ce20bd5b2be
[INFO] [stdout]                                at /rustc/84c898d65adf2f39a5a98507f1fe0ce10a2b8dbc/library/core/src/panic/unwind_safe.rs:271:9
[INFO] [stdout]   29:     0x562e8685a3b6 - std::panicking::try::do_call::ha4be5c164fe30854
[INFO] [stdout]                                at /rustc/84c898d65adf2f39a5a98507f1fe0ce10a2b8dbc/library/std/src/panicking.rs:487:40
[INFO] [stdout]   30:     0x562e8685a3b6 - std::panicking::try::h604546f3609af05f
[INFO] [stdout]                                at /rustc/84c898d65adf2f39a5a98507f1fe0ce10a2b8dbc/library/std/src/panicking.rs:451:19
[INFO] [stdout]   31:     0x562e8685a3b6 - std::panic::catch_unwind::h5bfa8afe44c9c2f9
[INFO] [stdout]                                at /rustc/84c898d65adf2f39a5a98507f1fe0ce10a2b8dbc/library/std/src/panic.rs:140:14
[INFO] [stdout]   32:     0x562e8685a3b6 - test::run_test_in_process::hd50dee55dd63e6aa
[INFO] [stdout]                                at /rustc/84c898d65adf2f39a5a98507f1fe0ce10a2b8dbc/library/test/src/lib.rs:679:27
[INFO] [stdout]   33:     0x562e8685a3b6 - test::run_test::run_test_inner::{{closure}}::h4aa0f433aa85cea8
[INFO] [stdout]                                at /rustc/84c898d65adf2f39a5a98507f1fe0ce10a2b8dbc/library/test/src/lib.rs:573:39
[INFO] [stdout]   34:     0x562e86827081 - test::run_test::run_test_inner::{{closure}}::had56431adf24b4d6
[INFO] [stdout]                                at /rustc/84c898d65adf2f39a5a98507f1fe0ce10a2b8dbc/library/test/src/lib.rs:600:37
[INFO] [stdout]   35:     0x562e86827081 - std::sys_common::backtrace::__rust_begin_short_backtrace::ha8d9890e0c73bf13
[INFO] [stdout]                                at /rustc/84c898d65adf2f39a5a98507f1fe0ce10a2b8dbc/library/std/src/sys_common/backtrace.rs:134:18
[INFO] [stdout]   36:     0x562e8682ca9b - std::thread::Builder::spawn_unchecked_::{{closure}}::{{closure}}::h251832bcb4a95327
[INFO] [stdout]                                at /rustc/84c898d65adf2f39a5a98507f1fe0ce10a2b8dbc/library/std/src/thread/mod.rs:560:17
[INFO] [stdout]   37:     0x562e8682ca9b - <core::panic::unwind_safe::AssertUnwindSafe<F> as core::ops::function::FnOnce<()>>::call_once::h8fdff598fa414831
[INFO] [stdout]                                at /rustc/84c898d65adf2f39a5a98507f1fe0ce10a2b8dbc/library/core/src/panic/unwind_safe.rs:271:9
[INFO] [stdout]   38:     0x562e8682ca9b - std::panicking::try::do_call::h455dd2f7764a950f
[INFO] [stdout]                                at /rustc/84c898d65adf2f39a5a98507f1fe0ce10a2b8dbc/library/std/src/panicking.rs:487:40
[INFO] [stdout]   39:     0x562e8682ca9b - std::panicking::try::had6f23b7b73ae72a
[INFO] [stdout]                                at /rustc/84c898d65adf2f39a5a98507f1fe0ce10a2b8dbc/library/std/src/panicking.rs:451:19
[INFO] [stdout]   40:     0x562e8682ca9b - std::panic::catch_unwind::ha6a5ca3915b4dad0
[INFO] [stdout]                                at /rustc/84c898d65adf2f39a5a98507f1fe0ce10a2b8dbc/library/std/src/panic.rs:140:14
[INFO] [stdout]   41:     0x562e8682ca9b - std::thread::Builder::spawn_unchecked_::{{closure}}::h883b72ef75da6231
[INFO] [stdout]                                at /rustc/84c898d65adf2f39a5a98507f1fe0ce10a2b8dbc/library/std/src/thread/mod.rs:559:30
[INFO] [stdout]   42:     0x562e8682ca9b - core::ops::function::FnOnce::call_once{{vtable.shim}}::hb7dff73dc8bd2ccb
[INFO] [stdout]                                at /rustc/84c898d65adf2f39a5a98507f1fe0ce10a2b8dbc/library/core/src/ops/function.rs:250:5
[INFO] [stdout]   43:     0x562e868880c3 - <alloc::boxed::Box<F,A> as core::ops::function::FnOnce<Args>>::call_once::h39990b24eedef2ab
[INFO] [stdout]                                at /rustc/84c898d65adf2f39a5a98507f1fe0ce10a2b8dbc/library/alloc/src/boxed.rs:1987:9
[INFO] [stdout]   44:     0x562e868880c3 - <alloc::boxed::Box<F,A> as core::ops::function::FnOnce<Args>>::call_once::h01a027258444143b
[INFO] [stdout]                                at /rustc/84c898d65adf2f39a5a98507f1fe0ce10a2b8dbc/library/alloc/src/boxed.rs:1987:9
[INFO] [stdout]   45:     0x562e868880c3 - std::sys::unix::thread::Thread::new::thread_start::ha4f1cdd9c25884ba
[INFO] [stdout]                                at /rustc/84c898d65adf2f39a5a98507f1fe0ce10a2b8dbc/library/std/src/sys/unix/thread.rs:108:17
[INFO] [stdout]   46:     0x7f6192ab4b43 - <unknown>
[INFO] [stdout]   47:     0x7f6192b45bb4 - __clone
[INFO] [stdout]   48:                0x0 - <unknown>
[INFO] [stdout] 
[INFO] [stdout] 
[INFO] [stdout] failures:
[INFO] [stdout]     structured_log
[INFO] [stdout] 
[INFO] [stdout] test result: FAILED. 0 passed; 1 failed; 0 ignored; 0 measured; 0 filtered out; finished in 0.01s
[INFO] [stdout] 
[INFO] [stderr] error: test failed, to rerun pass `--test structured_log`
[INFO] running `Command { std: "docker" "inspect" "09402000f75eb5ebb61c8c1a8bb0b4e6af12dd030f2c71c018f24601efe23373", kill_on_drop: false }`
[INFO] running `Command { std: "docker" "rm" "-f" "09402000f75eb5ebb61c8c1a8bb0b4e6af12dd030f2c71c018f24601efe23373", kill_on_drop: false }`
[INFO] [stdout] 09402000f75eb5ebb61c8c1a8bb0b4e6af12dd030f2c71c018f24601efe23373
