[INFO] fetching crate gix-config 0.22.0...
[INFO] testing gix-config-0.22.0 against 1.69.0 for beta-1.70-1
[INFO] extracting crate gix-config 0.22.0 into /workspace/builds/worker-2-tc1/source
[INFO] validating manifest of crates.io crate gix-config 0.22.0 on toolchain 1.69.0
[INFO] running `Command { std: CARGO_HOME="/workspace/cargo-home" RUSTUP_HOME="/workspace/rustup-home" "/workspace/cargo-home/bin/cargo" "+1.69.0" "metadata" "--manifest-path" "Cargo.toml" "--no-deps", kill_on_drop: false }`
[INFO] started tweaking crates.io crate gix-config 0.22.0
[INFO] finished tweaking crates.io crate gix-config 0.22.0
[INFO] tweaked toml for crates.io crate gix-config 0.22.0 written to /workspace/builds/worker-2-tc1/source/Cargo.toml
[INFO] running `Command { std: CARGO_HOME="/workspace/cargo-home" RUSTUP_HOME="/workspace/rustup-home" __CARGO_TEST_CHANNEL_OVERRIDE_DO_NOT_USE_THIS="nightly" "/workspace/cargo-home/bin/cargo" "+1.69.0" "generate-lockfile" "--manifest-path" "Cargo.toml" "-Zno-index-update", kill_on_drop: false }`
[INFO] running `Command { std: CARGO_HOME="/workspace/cargo-home" RUSTUP_HOME="/workspace/rustup-home" "/workspace/cargo-home/bin/cargo" "+1.69.0" "fetch" "--manifest-path" "Cargo.toml", kill_on_drop: false }`
[INFO] [stderr]  Downloading crates ...
[INFO] [stderr]   Downloaded gix-ref v0.29.1
[INFO] [stderr]   Downloaded gix-fs v0.1.1
[INFO] [stderr]   Downloaded gix-sec v0.8.0
[INFO] [stderr]   Downloaded gix-object v0.29.1
[INFO] [stderr]   Downloaded gix-actor v0.20.0
[INFO] [stderr]   Downloaded gix-lock v5.0.1
[INFO] [stderr]   Downloaded gix-tempfile v5.0.3
[INFO] [stderr]   Downloaded gix-config-value v0.12.0
[INFO] [stderr]   Downloaded gix-glob v0.7.0
[INFO] [stderr]   Downloaded gix-utils v0.1.1
[INFO] [stderr]   Downloaded gix-path v0.8.0
[INFO] [stderr]   Downloaded unicode-bom v2.0.2
[INFO] running `Command { std: "docker" "create" "-v" "/var/lib/crater-agent-workspace/builds/worker-2-tc1/target:/opt/rustwide/target:rw,Z" "-v" "/var/lib/crater-agent-workspace/builds/worker-2-tc1/source:/opt/rustwide/workdir:ro,Z" "-v" "/var/lib/crater-agent-workspace/cargo-home:/opt/rustwide/cargo-home:ro,Z" "-v" "/var/lib/crater-agent-workspace/rustup-home:/opt/rustwide/rustup-home:ro,Z" "-e" "SOURCE_DIR=/opt/rustwide/workdir" "-e" "CARGO_TARGET_DIR=/opt/rustwide/target" "-e" "CARGO_HOME=/opt/rustwide/cargo-home" "-e" "RUSTUP_HOME=/opt/rustwide/rustup-home" "-w" "/opt/rustwide/workdir" "-m" "1610612736" "--user" "0:0" "--network" "none" "ghcr.io/rust-lang/crates-build-env/linux@sha256:5ff2268d62e97bff2cde7d5815dd6ed5b47097566f13b8d0ca110b04b60e07ed" "/opt/rustwide/cargo-home/bin/cargo" "+1.69.0" "metadata" "--no-deps" "--format-version=1", kill_on_drop: false }`
[INFO] [stdout] f1a92b9f3355a3e10fae310b2abe93a9d73e66dead4e5eb7c92b1fca057230a8
[INFO] running `Command { std: "docker" "start" "-a" "f1a92b9f3355a3e10fae310b2abe93a9d73e66dead4e5eb7c92b1fca057230a8", kill_on_drop: false }`
[INFO] running `Command { std: "docker" "inspect" "f1a92b9f3355a3e10fae310b2abe93a9d73e66dead4e5eb7c92b1fca057230a8", kill_on_drop: false }`
[INFO] running `Command { std: "docker" "rm" "-f" "f1a92b9f3355a3e10fae310b2abe93a9d73e66dead4e5eb7c92b1fca057230a8", kill_on_drop: false }`
[INFO] [stdout] f1a92b9f3355a3e10fae310b2abe93a9d73e66dead4e5eb7c92b1fca057230a8
[INFO] running `Command { std: "docker" "create" "-v" "/var/lib/crater-agent-workspace/builds/worker-2-tc1/target:/opt/rustwide/target:rw,Z" "-v" "/var/lib/crater-agent-workspace/builds/worker-2-tc1/source:/opt/rustwide/workdir:ro,Z" "-v" "/var/lib/crater-agent-workspace/cargo-home:/opt/rustwide/cargo-home:ro,Z" "-v" "/var/lib/crater-agent-workspace/rustup-home:/opt/rustwide/rustup-home:ro,Z" "-e" "SOURCE_DIR=/opt/rustwide/workdir" "-e" "CARGO_TARGET_DIR=/opt/rustwide/target" "-e" "CARGO_INCREMENTAL=0" "-e" "RUST_BACKTRACE=full" "-e" "RUSTFLAGS=--cap-lints=warn" "-e" "RUSTDOCFLAGS=--cap-lints=warn" "-e" "CARGO_HOME=/opt/rustwide/cargo-home" "-e" "RUSTUP_HOME=/opt/rustwide/rustup-home" "-w" "/opt/rustwide/workdir" "-m" "1610612736" "--user" "0:0" "--network" "none" "ghcr.io/rust-lang/crates-build-env/linux@sha256:5ff2268d62e97bff2cde7d5815dd6ed5b47097566f13b8d0ca110b04b60e07ed" "/opt/rustwide/cargo-home/bin/cargo" "+1.69.0" "build" "--frozen" "--message-format=json", kill_on_drop: false }`
[INFO] [stdout] ee39397b5d694ae4307b15639ce10de031dc26e6c09fd3843bcd1d2f272acb2d
[INFO] running `Command { std: "docker" "start" "-a" "ee39397b5d694ae4307b15639ce10de031dc26e6c09fd3843bcd1d2f272acb2d", kill_on_drop: false }`
[INFO] [stderr]    Compiling libc v0.2.142
[INFO] [stderr]    Compiling thiserror v1.0.40
[INFO] [stderr]    Compiling once_cell v1.17.1
[INFO] [stderr]    Compiling regex-automata v0.1.10
[INFO] [stderr]    Compiling io-lifetimes v1.0.10
[INFO] [stderr]    Compiling sha1_smol v1.0.0
[INFO] [stderr]    Compiling rustix v0.37.18
[INFO] [stderr]    Compiling time-core v0.1.0
[INFO] [stderr]    Compiling walkdir v2.3.3
[INFO] [stderr]    Compiling num-traits v0.2.15
[INFO] [stderr]    Compiling lock_api v0.4.9
[INFO] [stderr]    Compiling parking_lot_core v0.9.7
[INFO] [stderr]    Compiling smallvec v1.10.0
[INFO] [stderr]    Compiling itoa v1.0.6
[INFO] [stderr]    Compiling syn v2.0.15
[INFO] [stderr]    Compiling fastrand v1.9.0
[INFO] [stderr]    Compiling time-macros v0.2.8
[INFO] [stderr]    Compiling scopeguard v1.1.0
[INFO] [stderr]    Compiling linux-raw-sys v0.3.6
[INFO] [stderr]    Compiling minimal-lexical v0.2.1
[INFO] [stderr]    Compiling bstr v1.4.0
[INFO] [stderr]    Compiling home v0.5.5
[INFO] [stderr]    Compiling bitflags v2.2.1
[INFO] [stderr]    Compiling gix-utils v0.1.1
[INFO] [stderr]    Compiling log v0.4.17
[INFO] [stderr]    Compiling unicode-bom v2.0.2
[INFO] [stderr]    Compiling nom v7.1.3
[INFO] [stderr]    Compiling memmap2 v0.5.10
[INFO] [stderr]    Compiling gix-sec v0.8.0
[INFO] [stderr]    Compiling time v0.3.20
[INFO] [stderr]    Compiling btoi v0.4.3
[INFO] [stderr]    Compiling parking_lot v0.12.1
[INFO] [stderr]    Compiling thiserror-impl v1.0.40
[INFO] [stderr]    Compiling tempfile v3.5.0
[INFO] [stderr]    Compiling gix-hash v0.11.1
[INFO] [stderr]    Compiling gix-date v0.5.0
[INFO] [stderr]    Compiling gix-path v0.8.0
[INFO] [stderr]    Compiling gix-validate v0.7.4
[INFO] [stderr]    Compiling gix-config-value v0.12.0
[INFO] [stderr]    Compiling gix-actor v0.20.0
[INFO] [stderr]    Compiling gix-features v0.29.0
[INFO] [stderr]    Compiling gix-fs v0.1.1
[INFO] [stderr]    Compiling gix-glob v0.7.0
[INFO] [stderr]    Compiling gix-object v0.29.1
[INFO] [stderr]    Compiling gix-tempfile v5.0.3
[INFO] [stderr]    Compiling gix-lock v5.0.1
[INFO] [stderr]    Compiling gix-ref v0.29.1
[INFO] [stderr]    Compiling gix-config v0.22.0 (/opt/rustwide/workdir)
[INFO] [stderr]     Finished dev [unoptimized + debuginfo] target(s) in 21.12s
[INFO] running `Command { std: "docker" "inspect" "ee39397b5d694ae4307b15639ce10de031dc26e6c09fd3843bcd1d2f272acb2d", kill_on_drop: false }`
[INFO] running `Command { std: "docker" "rm" "-f" "ee39397b5d694ae4307b15639ce10de031dc26e6c09fd3843bcd1d2f272acb2d", kill_on_drop: false }`
[INFO] [stdout] ee39397b5d694ae4307b15639ce10de031dc26e6c09fd3843bcd1d2f272acb2d
[INFO] running `Command { std: "docker" "create" "-v" "/var/lib/crater-agent-workspace/builds/worker-2-tc1/target:/opt/rustwide/target:rw,Z" "-v" "/var/lib/crater-agent-workspace/builds/worker-2-tc1/source:/opt/rustwide/workdir:ro,Z" "-v" "/var/lib/crater-agent-workspace/cargo-home:/opt/rustwide/cargo-home:ro,Z" "-v" "/var/lib/crater-agent-workspace/rustup-home:/opt/rustwide/rustup-home:ro,Z" "-e" "SOURCE_DIR=/opt/rustwide/workdir" "-e" "CARGO_TARGET_DIR=/opt/rustwide/target" "-e" "CARGO_INCREMENTAL=0" "-e" "RUST_BACKTRACE=full" "-e" "RUSTFLAGS=--cap-lints=warn" "-e" "RUSTDOCFLAGS=--cap-lints=warn" "-e" "CARGO_HOME=/opt/rustwide/cargo-home" "-e" "RUSTUP_HOME=/opt/rustwide/rustup-home" "-w" "/opt/rustwide/workdir" "-m" "1610612736" "--user" "0:0" "--network" "none" "ghcr.io/rust-lang/crates-build-env/linux@sha256:5ff2268d62e97bff2cde7d5815dd6ed5b47097566f13b8d0ca110b04b60e07ed" "/opt/rustwide/cargo-home/bin/cargo" "+1.69.0" "test" "--frozen" "--no-run" "--message-format=json", kill_on_drop: false }`
[INFO] [stdout] 097cfa52c97ea1a856b869a65cb87cea115a0ad0cd4654a7a20b93b18e6f8d2a
[INFO] running `Command { std: "docker" "start" "-a" "097cfa52c97ea1a856b869a65cb87cea115a0ad0cd4654a7a20b93b18e6f8d2a", kill_on_drop: false }`
[INFO] [stderr]    Compiling num-traits v0.2.15
[INFO] [stderr]    Compiling crossbeam-utils v0.8.15
[INFO] [stderr]    Compiling memoffset v0.8.0
[INFO] [stderr]    Compiling serde_derive v1.0.160
[INFO] [stderr]    Compiling crossbeam-epoch v0.9.14
[INFO] [stderr]    Compiling serde v1.0.160
[INFO] [stderr]    Compiling indexmap v1.9.3
[INFO] [stderr]    Compiling rayon-core v1.11.0
[INFO] [stderr]    Compiling serde_json v1.0.96
[INFO] [stderr]    Compiling either v1.8.1
[INFO] [stderr]    Compiling num_cpus v1.15.0
[INFO] [stderr]    Compiling os_str_bytes v6.5.0
[INFO] [stderr]    Compiling ciborium-io v0.2.0
[INFO] [stderr]    Compiling half v1.8.2
[INFO] [stderr]    Compiling plotters-backend v0.3.4
[INFO] [stderr]    Compiling ryu v1.0.13
[INFO] [stderr]    Compiling textwrap v0.16.0
[INFO] [stderr]    Compiling itertools v0.10.5
[INFO] [stderr]    Compiling cast v0.3.0
[INFO] [stderr]    Compiling ciborium-ll v0.2.0
[INFO] [stderr]    Compiling plotters-svg v0.3.3
[INFO] [stderr]    Compiling clap_lex v0.2.4
[INFO] [stderr]    Compiling regex-syntax v0.7.1
[INFO] [stderr]    Compiling atty v0.2.14
[INFO] [stderr]    Compiling oorandom v11.1.3
[INFO] [stderr]    Compiling anes v0.1.6
[INFO] [stderr]    Compiling crossbeam-channel v0.5.8
[INFO] [stderr]    Compiling clap v3.2.25
[INFO] [stderr]    Compiling crossbeam-deque v0.8.3
[INFO] [stderr]    Compiling regex v1.8.1
[INFO] [stderr]    Compiling criterion-plot v0.5.0
[INFO] [stderr]    Compiling btoi v0.4.3
[INFO] [stderr]    Compiling plotters v0.3.4
[INFO] [stderr]    Compiling rayon v1.7.0
[INFO] [stderr]    Compiling gix-actor v0.20.0
[INFO] [stderr]    Compiling gix-object v0.29.1
[INFO] [stderr]    Compiling gix-ref v0.29.1
[INFO] [stderr]    Compiling gix-config v0.22.0 (/opt/rustwide/workdir)
[INFO] [stderr]    Compiling ciborium v0.2.0
[INFO] [stderr]    Compiling tinytemplate v1.2.1
[INFO] [stderr]    Compiling criterion v0.4.0
[INFO] [stderr]     Finished test [unoptimized + debuginfo] target(s) in 24.90s
[INFO] running `Command { std: "docker" "inspect" "097cfa52c97ea1a856b869a65cb87cea115a0ad0cd4654a7a20b93b18e6f8d2a", kill_on_drop: false }`
[INFO] running `Command { std: "docker" "rm" "-f" "097cfa52c97ea1a856b869a65cb87cea115a0ad0cd4654a7a20b93b18e6f8d2a", kill_on_drop: false }`
[INFO] [stdout] 097cfa52c97ea1a856b869a65cb87cea115a0ad0cd4654a7a20b93b18e6f8d2a
[INFO] running `Command { std: "docker" "create" "-v" "/var/lib/crater-agent-workspace/builds/worker-2-tc1/target:/opt/rustwide/target:rw,Z" "-v" "/var/lib/crater-agent-workspace/builds/worker-2-tc1/source:/opt/rustwide/workdir:ro,Z" "-v" "/var/lib/crater-agent-workspace/cargo-home:/opt/rustwide/cargo-home:ro,Z" "-v" "/var/lib/crater-agent-workspace/rustup-home:/opt/rustwide/rustup-home:ro,Z" "-e" "SOURCE_DIR=/opt/rustwide/workdir" "-e" "CARGO_TARGET_DIR=/opt/rustwide/target" "-e" "CARGO_INCREMENTAL=0" "-e" "RUST_BACKTRACE=full" "-e" "RUSTFLAGS=--cap-lints=warn" "-e" "RUSTDOCFLAGS=--cap-lints=warn" "-e" "CARGO_HOME=/opt/rustwide/cargo-home" "-e" "RUSTUP_HOME=/opt/rustwide/rustup-home" "-w" "/opt/rustwide/workdir" "-m" "1610612736" "--user" "0:0" "--network" "none" "ghcr.io/rust-lang/crates-build-env/linux@sha256:5ff2268d62e97bff2cde7d5815dd6ed5b47097566f13b8d0ca110b04b60e07ed" "/opt/rustwide/cargo-home/bin/cargo" "+1.69.0" "test" "--frozen", kill_on_drop: false }`
[INFO] [stdout] 794f9d95c6ab1a2f8ac9b111518652d7bbcadc895ba43593f4a1b00d01761912
[INFO] running `Command { std: "docker" "start" "-a" "794f9d95c6ab1a2f8ac9b111518652d7bbcadc895ba43593f4a1b00d01761912", kill_on_drop: false }`
[INFO] [stderr]     Finished test [unoptimized + debuginfo] target(s) in 0.17s
[INFO] [stderr]      Running unittests src/lib.rs (/opt/rustwide/target/debug/deps/gix_config-ab4865f0ef0bcb40)
[INFO] [stdout] 
[INFO] [stdout] running 69 tests
[INFO] [stdout] test parse::nom::tests::comment::octothorpe ... ok
[INFO] [stdout] test parse::nom::tests::config_name::just_name ... ok
[INFO] [stdout] test parse::nom::tests::comment::multiple_markers ... ok
[INFO] [stdout] test parse::nom::tests::comment::semicolon ... ok
[INFO] [stdout] test file::tests::try_from::single_section ... ok
[INFO] [stdout] test parse::nom::tests::config_name::cannot_be_empty ... ok
[INFO] [stdout] test file::tests::try_from::empty ... ok
[INFO] [stdout] test parse::nom::tests::config_name::must_start_with_alphabetic ... ok
[INFO] [stdout] test parse::nom::tests::section::complex_continuation ... ok
[INFO] [stdout] test parse::nom::tests::config_name::only_a_subset_of_characters_is_allowed ... ok
[INFO] [stdout] test file::tests::try_from::multiple_sections ... ok
[INFO] [stdout] test parse::nom::tests::key_value_pair::nonascii_is_allowed_for_values_but_not_for_keys ... ok
[INFO] [stdout] test parse::nom::tests::section::section_very_commented ... ok
[INFO] [stdout] test parse::nom::tests::section::empty_value_with_windows_newlines ... ok
[INFO] [stdout] test parse::nom::tests::section_headers::deprecated_subsection ... ok
[INFO] [stdout] test parse::nom::tests::section_headers::empty_modern_subsection_name ... ok
[INFO] [stdout] test parse::nom::tests::section::section_with_empty_value ... ok
[INFO] [stdout] test parse::nom::tests::section_headers::eof_after_escape_in_sub_section ... ok
[INFO] [stdout] test parse::nom::tests::section_headers::empty_legacy_subsection_name ... ok
[INFO] [stdout] test parse::nom::tests::section::simple_value_with_windows_newlines ... ok
[INFO] [stdout] test parse::nom::tests::section_headers::backslashes_in_subsections_do_not_escape_newlines_or_tabs ... ok
[INFO] [stdout] test parse::nom::tests::section::quote_split_over_two_lines ... ok
[INFO] [stdout] test parse::nom::tests::key_value_pair::whitespace_is_not_ambiguous ... ok
[INFO] [stdout] test parse::nom::tests::section::section_handles_extraneous_whitespace_before_comment ... ok
[INFO] [stdout] test parse::nom::tests::section_headers::escaped_subsection ... ok
[INFO] [stdout] test parse::nom::tests::section::section_with_empty_value_simplified ... ok
[INFO] [stdout] test parse::nom::tests::section::section_implicit_value ... ok
[INFO] [stdout] test parse::nom::tests::section_headers::escaped_newline_in_sub_section ... ok
[INFO] [stdout] test parse::nom::tests::section::simple_section ... ok
[INFO] [stdout] test parse::nom::tests::section_headers::right_brace_in_subsection_name ... ok
[INFO] [stdout] test parse::nom::tests::value_continuation::quote_split_over_multiple_lines_with_surrounding_quotes ... ok
[INFO] [stdout] test parse::nom::tests::value_continuation::complex_continuation_with_leftover_comment ... ok
[INFO] [stdout] test parse::nom::tests::value_continuation::continuation_with_whitespace ... ok
[INFO] [stdout] test parse::nom::tests::section_headers::modern_subsection ... ok
[INFO] [stdout] test parse::nom::tests::section_headers::null_byte_in_header ... ok
[INFO] [stdout] test parse::nom::tests::sub_section::escapes_need_allocation ... ok
[INFO] [stdout] test parse::nom::tests::section_headers::null_byt_in_sub_section ... ok
[INFO] [stdout] test parse::nom::tests::sub_section::zero_copy_simple ... ok
[INFO] [stdout] test parse::nom::tests::section_headers::newline_in_header ... ok
[INFO] [stdout] test parse::nom::tests::section_headers::invalid_characters_in_section ... ok
[INFO] [stdout] test parse::nom::tests::value_continuation::quote_split_over_multiple_lines_without_surrounding_quotes_but_inner_quotes ... ok
[INFO] [stdout] test parse::nom::tests::section_headers::newline_in_sub_section ... ok
[INFO] [stdout] test parse::nom::tests::section_headers::invalid_characters_in_legacy_sub_section ... ok
[INFO] [stdout] test parse::nom::tests::section::empty_section ... ok
[INFO] [stdout] test parse::nom::tests::section_headers::no_subsection ... ok
[INFO] [stdout] test parse::nom::tests::value_continuation::quote_split_over_two_lines_with_leftover_comment ... ok
[INFO] [stdout] test parse::nom::tests::value_no_continuation::incomplete_quote ... ok
[INFO] [stdout] test parse::nom::tests::value_no_continuation::incomplete_escape ... ok
[INFO] [stdout] test parse::nom::tests::value_no_continuation::invalid_escape ... ok
[INFO] [stdout] test parse::nom::tests::value_no_continuation::no_comment ... ok
[INFO] [stdout] test parse::nom::tests::value_no_continuation::values_with_extraneous_whitespace_before_comment ... ok
[INFO] [stdout] test parse::nom::tests::value_no_continuation::trans_escaped_comment_marker_not_consumed ... ok
[INFO] [stdout] test parse::nom::tests::value_no_continuation::garbage_after_continuation_is_err ... ok
[INFO] [stdout] test parse::tests::section::header::unvalidated::section_name_only ... ok
[INFO] [stdout] test parse::nom::tests::value_continuation::simple_continuation ... ok
[INFO] [stdout] test parse::nom::tests::value_no_continuation::values_with_extraneous_whitespace_without_comment ... ok
[INFO] [stdout] test parse::tests::section::header::unvalidated::section_name_and_subsection_with_separators ... ok
[INFO] [stdout] test parse::section::header::tests::empty_header_names_are_legal ... ok
[INFO] [stdout] test parse::nom::tests::value_no_continuation::windows_newline ... ok
[INFO] [stdout] test parse::section::header::tests::empty_header_sub_names_are_legal ... ok
[INFO] [stdout] test parse::tests::section::header::write_to::legacy_subsection_format_does_not_use_escapes ... ok
[INFO] [stdout] test parse::tests::section::header::unvalidated::section_name_and_subsection ... ok
[INFO] [stdout] test parse::nom::tests::value_no_continuation::semicolon_comment_not_consumed ... ok
[INFO] [stdout] test parse::nom::tests::value_no_continuation::complex_test ... ok
[INFO] [stdout] test file::tests::try_from::multiple_duplicate_sections ... ok
[INFO] [stdout] test file::tests::try_from::single_subsection ... ok
[INFO] [stderr]    Doc-tests gix-config
[INFO] [stdout] test parse::nom::tests::value_no_continuation::no_comment_newline ... ok
[INFO] [stdout] test parse::nom::tests::value_no_continuation::octothorpe_comment_not_consumed ... ok
[INFO] [stdout] test parse::tests::section::header::write_to::subsections_escape_two_characters_only ... ok
[INFO] [stdout] 
[INFO] [stdout] test result: ok. 69 passed; 0 failed; 0 ignored; 0 measured; 0 filtered out; finished in 0.16s
[INFO] [stdout] 
[INFO] [stdout] 
[INFO] [stdout] running 22 tests
[INFO] [stdout] test src/file/access/read_only.rs - file::access::read_only::File<'event>::value (line 35) ... FAILED
[INFO] [stdout] test src/file/access/raw.rs - file::access::raw::File<'event>::set_existing_raw_multi_value (line 487) ... FAILED
[INFO] [stdout] test src/file/access/mutate.rs - file::access::mutate::File<'event>::remove_section (line 178) ... FAILED
[INFO] [stdout] test src/file/access/mutate.rs - file::access::mutate::File<'event>::remove_section (line 193) ... FAILED
[INFO] [stdout] test src/file/access/read_only.rs - file::access::read_only::File<'event>::sections_by_name (line 200) ... FAILED
[INFO] [stdout] test src/types.rs - types::File (line 88) ... FAILED
[INFO] [stdout] test src/parse/events.rs - parse::events_type::Events (line 87) ... FAILED
[INFO] [stdout] test src/value/normalize.rs - value::normalize::normalize (line 41) ... FAILED
[INFO] [stdout] test src/file/access/raw.rs - file::access::raw::File<'event>::raw_values_mut (line 229) ... FAILED
[INFO] [stdout] test src/parse/events.rs - parse::events_type::Events (line 124) ... FAILED
[INFO] [stdout] test src/file/access/mutate.rs - file::access::mutate::File<'event>::new_section (line 143) ... FAILED
[INFO] [stdout] test src/file/access/mutate.rs - file::access::mutate::File<'event>::new_section (line 130) ... FAILED
[INFO] [stdout] test src/file/access/read_only.rs - file::access::read_only::File<'event>::values (line 85) ... ok
[INFO] [stdout] test src/value/normalize.rs - value::normalize::normalize (line 32) ... ok
[INFO] [stdout] test src/file/access/raw.rs - file::access::raw::File<'event>::set_existing_raw_multi_value (line 506) ... ok
[INFO] [stdout] test src/file/access/raw.rs - file::access::raw::File<'event>::set_raw_value (line 393) ... ok
[INFO] [stdout] test src/parse/events.rs - parse::events_type::Events (line 156) ... ok
[INFO] [stdout] test src/file/access/raw.rs - file::access::raw::File<'event>::raw_values (line 155) ... ok
[INFO] [stdout] test src/parse/events.rs - parse::events_type::Events (line 191) ... ok
[INFO] [stdout] test src/file/access/raw.rs - file::access::raw::File<'event>::set_existing_raw_value (line 350) ... ok
[INFO] [stdout] test src/file/access/raw.rs - file::access::raw::File<'event>::set_existing_raw_multi_value (line 466) ... ok
[INFO] [stdout] test src/value/normalize.rs - value::normalize::normalize (line 50) ... ok
[INFO] [stdout] 
[INFO] [stdout] failures:
[INFO] [stdout] 
[INFO] [stdout] ---- src/file/access/read_only.rs - file::access::read_only::File<'event>::value (line 35) stdout ----
[INFO] [stdout] error: linking with `cc` failed: exit status: 1
[INFO] [stdout]   |
[INFO] [stdout]   = note: LC_ALL="C" PATH="/opt/rustwide/rustup-home/toolchains/1.69.0-x86_64-unknown-linux-gnu/lib/rustlib/x86_64-unknown-linux-gnu/bin:/opt/rustwide/cargo-home/bin:/usr/local/sbin:/usr/local/bin:/usr/sbin:/usr/bin:/sbin:/bin" VSLANG="1033" "cc" "-m64" "/tmp/rustctCRlcS/symbols.o" "/tmp/rustdoctestmusK4h/rust_out.rust_out.5bfee551-cgu.0.rcgu.o" "/tmp/rustdoctestmusK4h/rust_out.j00p4ncf7xg64kg.rcgu.o" "-Wl,--as-needed" "-L" "/opt/rustwide/target/debug/deps" "-L" "/opt/rustwide/target/debug/deps" "-L" "/opt/rustwide/rustup-home/toolchains/1.69.0-x86_64-unknown-linux-gnu/lib/rustlib/x86_64-unknown-linux-gnu/lib" "-Wl,-Bstatic" "/opt/rustwide/target/debug/deps/libgix_config-655c54762decd542.rlib" "/opt/rustwide/target/debug/deps/libunicode_bom-0be28c5b12489422.rlib" "/opt/rustwide/target/debug/deps/libgix_glob-a3367064ae541e6d.rlib" "/opt/rustwide/target/debug/deps/libgix_sec-bfb90b975e0aadc5.rlib" "/opt/rustwide/target/debug/deps/liblog-b7002f1ab15c8d8b.rlib" "/opt/rustwide/target/debug/deps/libgix_config_value-172951f2722926d4.rlib" "/opt/rustwide/target/debug/deps/libbitflags-91cd4accf44ddcad.rlib" "/opt/rustwide/target/debug/deps/libgix_ref-74ed1cc78882dd45.rlib" "/opt/rustwide/target/debug/deps/libgix_lock-dba75234c79997ac.rlib" "/opt/rustwide/target/debug/deps/libgix_utils-54fb8a7c90f6479d.rlib" "/opt/rustwide/target/debug/deps/libgix_tempfile-15b524897367958d.rlib" "/opt/rustwide/target/debug/deps/libtempfile-aae6854e04c6e2dc.rlib" "/opt/rustwide/target/debug/deps/libfastrand-36b5f93a51c81f9b.rlib" "/opt/rustwide/target/debug/deps/librustix-a7b2b8ec2ac67b7d.rlib" "/opt/rustwide/target/debug/deps/libio_lifetimes-b81c2f4baa56ead1.rlib" "/opt/rustwide/target/debug/deps/libbitflags-82cc2d155c6eb112.rlib" "/opt/rustwide/target/debug/deps/liblinux_raw_sys-8cc4f4b00c14099c.rlib" "/opt/rustwide/target/debug/deps/libgix_fs-8ba218e3f4c1b087.rlib" "/opt/rustwide/target/debug/deps/libparking_lot-f3dbba07d17046f7.rlib" "/opt/rustwide/target/debug/deps/libparking_lot_core-edf8f34b1c0c3ca5.rlib" "/opt/rustwide/target/debug/deps/libcfg_if-e5e118dd7d121aaa.rlib" "/opt/rustwide/target/debug/deps/liblock_api-68f9f4627da435ce.rlib" "/opt/rustwide/target/debug/deps/libscopeguard-f471875f675163b5.rlib" "/opt/rustwide/target/debug/deps/libgix_path-7d49f5086eaa22b2.rlib" "/opt/rustwide/target/debug/deps/libhome-5acb896787b2dd5e.rlib" "/opt/rustwide/target/debug/deps/libmemmap2-76dbc97e77cc2a60.rlib" "/opt/rustwide/target/debug/deps/libgix_object-0da30d96cff17948.rlib" "/opt/rustwide/target/debug/deps/libgix_validate-c02fa9cd039feca5.rlib" "/opt/rustwide/target/debug/deps/libgix_actor-a51775738edb0fbb.rlib" "/opt/rustwide/target/debug/deps/libbtoi-03dadf3457b8f0d3.rlib" "/opt/rustwide/target/debug/deps/libnum_traits-3b93294800e9dc5d.rlib" "/opt/rustwide/target/debug/deps/libgix_date-22f42ca0ea9c79b2.rlib" "/opt/rustwide/target/debug/deps/libtime-06c1619f62888936.rlib" "/opt/rustwide/target/debug/deps/libnum_threads-509066beeb1109ec.rlib" "/opt/rustwide/target/debug/deps/libitoa-12e0c769e046c1b6.rlib" "/opt/rustwide/target/debug/deps/libtime_core-4a74880e8761e797.rlib" "/opt/rustwide/target/debug/deps/libnom-d213d90ad3fe6797.rlib" "/opt/rustwide/target/debug/deps/libsmallvec-87fd14276a7cdd45.rlib" "/opt/rustwide/target/debug/deps/libgix_features-bd3064d0b9c7adb4.rlib" "/opt/rustwide/target/debug/deps/libgix_hash-69e2de3753e9d344.rlib" "/opt/rustwide/target/debug/deps/libthiserror-e4ca7c641acd4c0d.rlib" "/opt/rustwide/target/debug/deps/libhex-ad79348a67e835f3.rlib" "/opt/rustwide/target/debug/deps/libsha1_smol-d9629f989c4aa857.rlib" "/opt/rustwide/target/debug/deps/liblibc-1c44c26a4c16f4d2.rlib" "/opt/rustwide/target/debug/deps/libwalkdir-f48fd0e5425183a1.rlib" "/opt/rustwide/target/debug/deps/libsame_file-fab28c3c81b2d2fa.rlib" "/opt/rustwide/target/debug/deps/libbstr-2e16e664327b6a65.rlib" "/opt/rustwide/target/debug/deps/libonce_cell-7d2ec3fb6b6c5a4d.rlib" "/opt/rustwide/target/debug/deps/libregex_automata-8545b5a4710e3773.rlib" "/opt/rustwide/target/debug/deps/libmemchr-b18e4aa3c7a38625.rlib" "/opt/rustwide/rustup-home/toolchains/1.69.0-x86_64-unknown-linux-gnu/lib/rustlib/x86_64-unknown-linux-gnu/lib/libstd-89bc084783fdc439.rlib" "/opt/rustwide/rustup-home/toolchains/1.69.0-x86_64-unknown-linux-gnu/lib/rustlib/x86_64-unknown-linux-gnu/lib/libpanic_unwind-8bee4b287d4367c1.rlib" "/opt/rustwide/rustup-home/toolchains/1.69.0-x86_64-unknown-linux-gnu/lib/rustlib/x86_64-unknown-linux-gnu/lib/libobject-d61707aed80694c0.rlib" "/opt/rustwide/rustup-home/toolchains/1.69.0-x86_64-unknown-linux-gnu/lib/rustlib/x86_64-unknown-linux-gnu/lib/libmemchr-d85366256f22345b.rlib" "/opt/rustwide/rustup-home/toolchains/1.69.0-x86_64-unknown-linux-gnu/lib/rustlib/x86_64-unknown-linux-gnu/lib/libaddr2line-96069b86b8a8cae9.rlib" "/opt/rustwide/rustup-home/toolchains/1.69.0-x86_64-unknown-linux-gnu/lib/rustlib/x86_64-unknown-linux-gnu/lib/libgimli-d19d53abf68dfa6c.rlib" "/opt/rustwide/rustup-home/toolchains/1.69.0-x86_64-unknown-linux-gnu/lib/rustlib/x86_64-unknown-linux-gnu/lib/librustc_demangle-787cbccd19d64ac6.rlib" "/opt/rustwide/rustup-home/toolchains/1.69.0-x86_64-unknown-linux-gnu/lib/rustlib/x86_64-unknown-linux-gnu/lib/libstd_detect-b3837a36b830e0d0.rlib" "/opt/rustwide/rustup-home/toolchains/1.69.0-x86_64-unknown-linux-gnu/lib/rustlib/x86_64-unknown-linux-gnu/lib/libhashbrown-e3deb0e7e3f04966.rlib" "/opt/rustwide/rustup-home/toolchains/1.69.0-x86_64-unknown-linux-gnu/lib/rustlib/x86_64-unknown-linux-gnu/lib/libminiz_oxide-dabbb79c9815def4.rlib" "/opt/rustwide/rustup-home/toolchains/1.69.0-x86_64-unknown-linux-gnu/lib/rustlib/x86_64-unknown-linux-gnu/lib/libadler-305b01f34c9409f2.rlib" "/opt/rustwide/rustup-home/toolchains/1.69.0-x86_64-unknown-linux-gnu/lib/rustlib/x86_64-unknown-linux-gnu/lib/librustc_std_workspace_alloc-f833521df6074e73.rlib" "/opt/rustwide/rustup-home/toolchains/1.69.0-x86_64-unknown-linux-gnu/lib/rustlib/x86_64-unknown-linux-gnu/lib/libunwind-9ac333113350d171.rlib" "/opt/rustwide/rustup-home/toolchains/1.69.0-x86_64-unknown-linux-gnu/lib/rustlib/x86_64-unknown-linux-gnu/lib/libcfg_if-1c126114322d0eee.rlib" "/opt/rustwide/rustup-home/toolchains/1.69.0-x86_64-unknown-linux-gnu/lib/rustlib/x86_64-unknown-linux-gnu/lib/liblibc-bad9164fdeeecf92.rlib" "/opt/rustwide/rustup-home/toolchains/1.69.0-x86_64-unknown-linux-gnu/lib/rustlib/x86_64-unknown-linux-gnu/lib/liballoc-f9374b1e480fa681.rlib" "/opt/rustwide/rustup-home/toolchains/1.69.0-x86_64-unknown-linux-gnu/lib/rustlib/x86_64-unknown-linux-gnu/lib/librustc_std_workspace_core-207f06e41d9603af.rlib" "/opt/rustwide/rustup-home/toolchains/1.69.0-x86_64-unknown-linux-gnu/lib/rustlib/x86_64-unknown-linux-gnu/lib/libcore-7e2768e66e984e85.rlib" "/opt/rustwide/rustup-home/toolchains/1.69.0-x86_64-unknown-linux-gnu/lib/rustlib/x86_64-unknown-linux-gnu/lib/libcompiler_builtins-957b4aff41f8cd46.rlib" "-Wl,-Bdynamic" "-lgcc_s" "-lutil" "-lrt" "-lpthread" "-lm" "-ldl" "-lc" "-Wl,--eh-frame-hdr" "-Wl,-z,noexecstack" "-L" "/opt/rustwide/rustup-home/toolchains/1.69.0-x86_64-unknown-linux-gnu/lib/rustlib/x86_64-unknown-linux-gnu/lib" "-o" "/tmp/rustdoctestmusK4h/rust_out" "-Wl,--gc-sections" "-pie" "-Wl,-z,relro,-z,now" "-nodefaultlibs"
[INFO] [stdout]   = note: collect2: fatal error: ld terminated with signal 9 [Killed]
[INFO] [stdout]           compilation terminated.
[INFO] [stdout]           
[INFO] [stdout] 
[INFO] [stdout] error: aborting due to previous error
[INFO] [stdout] 
[INFO] [stdout] Couldn't compile the test.
[INFO] [stdout] ---- src/file/access/raw.rs - file::access::raw::File<'event>::set_existing_raw_multi_value (line 487) stdout ----
[INFO] [stdout] error: linking with `cc` failed: exit status: 1
[INFO] [stdout]   |
[INFO] [stdout]   = note: LC_ALL="C" PATH="/opt/rustwide/rustup-home/toolchains/1.69.0-x86_64-unknown-linux-gnu/lib/rustlib/x86_64-unknown-linux-gnu/bin:/opt/rustwide/cargo-home/bin:/usr/local/sbin:/usr/local/bin:/usr/sbin:/usr/bin:/sbin:/bin" VSLANG="1033" "cc" "-m64" "/tmp/rustc5936OS/symbols.o" "/tmp/rustdoctest9q4DHV/rust_out.rust_out.5bfee551-cgu.0.rcgu.o" "/tmp/rustdoctest9q4DHV/rust_out.j00p4ncf7xg64kg.rcgu.o" "-Wl,--as-needed" "-L" "/opt/rustwide/target/debug/deps" "-L" "/opt/rustwide/target/debug/deps" "-L" "/opt/rustwide/rustup-home/toolchains/1.69.0-x86_64-unknown-linux-gnu/lib/rustlib/x86_64-unknown-linux-gnu/lib" "-Wl,-Bstatic" "/opt/rustwide/target/debug/deps/libgix_config-655c54762decd542.rlib" "/opt/rustwide/target/debug/deps/libunicode_bom-0be28c5b12489422.rlib" "/opt/rustwide/target/debug/deps/libgix_glob-a3367064ae541e6d.rlib" "/opt/rustwide/target/debug/deps/libgix_sec-bfb90b975e0aadc5.rlib" "/opt/rustwide/target/debug/deps/liblog-b7002f1ab15c8d8b.rlib" "/opt/rustwide/target/debug/deps/libgix_config_value-172951f2722926d4.rlib" "/opt/rustwide/target/debug/deps/libbitflags-91cd4accf44ddcad.rlib" "/opt/rustwide/target/debug/deps/libgix_ref-74ed1cc78882dd45.rlib" "/opt/rustwide/target/debug/deps/libgix_lock-dba75234c79997ac.rlib" "/opt/rustwide/target/debug/deps/libgix_utils-54fb8a7c90f6479d.rlib" "/opt/rustwide/target/debug/deps/libgix_tempfile-15b524897367958d.rlib" "/opt/rustwide/target/debug/deps/libtempfile-aae6854e04c6e2dc.rlib" "/opt/rustwide/target/debug/deps/libfastrand-36b5f93a51c81f9b.rlib" "/opt/rustwide/target/debug/deps/librustix-a7b2b8ec2ac67b7d.rlib" "/opt/rustwide/target/debug/deps/libio_lifetimes-b81c2f4baa56ead1.rlib" "/opt/rustwide/target/debug/deps/libbitflags-82cc2d155c6eb112.rlib" "/opt/rustwide/target/debug/deps/liblinux_raw_sys-8cc4f4b00c14099c.rlib" "/opt/rustwide/target/debug/deps/libgix_fs-8ba218e3f4c1b087.rlib" "/opt/rustwide/target/debug/deps/libparking_lot-f3dbba07d17046f7.rlib" "/opt/rustwide/target/debug/deps/libparking_lot_core-edf8f34b1c0c3ca5.rlib" "/opt/rustwide/target/debug/deps/libcfg_if-e5e118dd7d121aaa.rlib" "/opt/rustwide/target/debug/deps/liblock_api-68f9f4627da435ce.rlib" "/opt/rustwide/target/debug/deps/libscopeguard-f471875f675163b5.rlib" "/opt/rustwide/target/debug/deps/libgix_path-7d49f5086eaa22b2.rlib" "/opt/rustwide/target/debug/deps/libhome-5acb896787b2dd5e.rlib" "/opt/rustwide/target/debug/deps/libmemmap2-76dbc97e77cc2a60.rlib" "/opt/rustwide/target/debug/deps/libgix_object-0da30d96cff17948.rlib" "/opt/rustwide/target/debug/deps/libgix_validate-c02fa9cd039feca5.rlib" "/opt/rustwide/target/debug/deps/libgix_actor-a51775738edb0fbb.rlib" "/opt/rustwide/target/debug/deps/libbtoi-03dadf3457b8f0d3.rlib" "/opt/rustwide/target/debug/deps/libnum_traits-3b93294800e9dc5d.rlib" "/opt/rustwide/target/debug/deps/libgix_date-22f42ca0ea9c79b2.rlib" "/opt/rustwide/target/debug/deps/libtime-06c1619f62888936.rlib" "/opt/rustwide/target/debug/deps/libnum_threads-509066beeb1109ec.rlib" "/opt/rustwide/target/debug/deps/libitoa-12e0c769e046c1b6.rlib" "/opt/rustwide/target/debug/deps/libtime_core-4a74880e8761e797.rlib" "/opt/rustwide/target/debug/deps/libnom-d213d90ad3fe6797.rlib" "/opt/rustwide/target/debug/deps/libsmallvec-87fd14276a7cdd45.rlib" "/opt/rustwide/target/debug/deps/libgix_features-bd3064d0b9c7adb4.rlib" "/opt/rustwide/target/debug/deps/libgix_hash-69e2de3753e9d344.rlib" "/opt/rustwide/target/debug/deps/libthiserror-e4ca7c641acd4c0d.rlib" "/opt/rustwide/target/debug/deps/libhex-ad79348a67e835f3.rlib" "/opt/rustwide/target/debug/deps/libsha1_smol-d9629f989c4aa857.rlib" "/opt/rustwide/target/debug/deps/liblibc-1c44c26a4c16f4d2.rlib" "/opt/rustwide/target/debug/deps/libwalkdir-f48fd0e5425183a1.rlib" "/opt/rustwide/target/debug/deps/libsame_file-fab28c3c81b2d2fa.rlib" "/opt/rustwide/target/debug/deps/libbstr-2e16e664327b6a65.rlib" "/opt/rustwide/target/debug/deps/libonce_cell-7d2ec3fb6b6c5a4d.rlib" "/opt/rustwide/target/debug/deps/libregex_automata-8545b5a4710e3773.rlib" "/opt/rustwide/target/debug/deps/libmemchr-b18e4aa3c7a38625.rlib" "/opt/rustwide/rustup-home/toolchains/1.69.0-x86_64-unknown-linux-gnu/lib/rustlib/x86_64-unknown-linux-gnu/lib/libstd-89bc084783fdc439.rlib" "/opt/rustwide/rustup-home/toolchains/1.69.0-x86_64-unknown-linux-gnu/lib/rustlib/x86_64-unknown-linux-gnu/lib/libpanic_unwind-8bee4b287d4367c1.rlib" "/opt/rustwide/rustup-home/toolchains/1.69.0-x86_64-unknown-linux-gnu/lib/rustlib/x86_64-unknown-linux-gnu/lib/libobject-d61707aed80694c0.rlib" "/opt/rustwide/rustup-home/toolchains/1.69.0-x86_64-unknown-linux-gnu/lib/rustlib/x86_64-unknown-linux-gnu/lib/libmemchr-d85366256f22345b.rlib" "/opt/rustwide/rustup-home/toolchains/1.69.0-x86_64-unknown-linux-gnu/lib/rustlib/x86_64-unknown-linux-gnu/lib/libaddr2line-96069b86b8a8cae9.rlib" "/opt/rustwide/rustup-home/toolchains/1.69.0-x86_64-unknown-linux-gnu/lib/rustlib/x86_64-unknown-linux-gnu/lib/libgimli-d19d53abf68dfa6c.rlib" "/opt/rustwide/rustup-home/toolchains/1.69.0-x86_64-unknown-linux-gnu/lib/rustlib/x86_64-unknown-linux-gnu/lib/librustc_demangle-787cbccd19d64ac6.rlib" "/opt/rustwide/rustup-home/toolchains/1.69.0-x86_64-unknown-linux-gnu/lib/rustlib/x86_64-unknown-linux-gnu/lib/libstd_detect-b3837a36b830e0d0.rlib" "/opt/rustwide/rustup-home/toolchains/1.69.0-x86_64-unknown-linux-gnu/lib/rustlib/x86_64-unknown-linux-gnu/lib/libhashbrown-e3deb0e7e3f04966.rlib" "/opt/rustwide/rustup-home/toolchains/1.69.0-x86_64-unknown-linux-gnu/lib/rustlib/x86_64-unknown-linux-gnu/lib/libminiz_oxide-dabbb79c9815def4.rlib" "/opt/rustwide/rustup-home/toolchains/1.69.0-x86_64-unknown-linux-gnu/lib/rustlib/x86_64-unknown-linux-gnu/lib/libadler-305b01f34c9409f2.rlib" "/opt/rustwide/rustup-home/toolchains/1.69.0-x86_64-unknown-linux-gnu/lib/rustlib/x86_64-unknown-linux-gnu/lib/librustc_std_workspace_alloc-f833521df6074e73.rlib" "/opt/rustwide/rustup-home/toolchains/1.69.0-x86_64-unknown-linux-gnu/lib/rustlib/x86_64-unknown-linux-gnu/lib/libunwind-9ac333113350d171.rlib" "/opt/rustwide/rustup-home/toolchains/1.69.0-x86_64-unknown-linux-gnu/lib/rustlib/x86_64-unknown-linux-gnu/lib/libcfg_if-1c126114322d0eee.rlib" "/opt/rustwide/rustup-home/toolchains/1.69.0-x86_64-unknown-linux-gnu/lib/rustlib/x86_64-unknown-linux-gnu/lib/liblibc-bad9164fdeeecf92.rlib" "/opt/rustwide/rustup-home/toolchains/1.69.0-x86_64-unknown-linux-gnu/lib/rustlib/x86_64-unknown-linux-gnu/lib/liballoc-f9374b1e480fa681.rlib" "/opt/rustwide/rustup-home/toolchains/1.69.0-x86_64-unknown-linux-gnu/lib/rustlib/x86_64-unknown-linux-gnu/lib/librustc_std_workspace_core-207f06e41d9603af.rlib" "/opt/rustwide/rustup-home/toolchains/1.69.0-x86_64-unknown-linux-gnu/lib/rustlib/x86_64-unknown-linux-gnu/lib/libcore-7e2768e66e984e85.rlib" "/opt/rustwide/rustup-home/toolchains/1.69.0-x86_64-unknown-linux-gnu/lib/rustlib/x86_64-unknown-linux-gnu/lib/libcompiler_builtins-957b4aff41f8cd46.rlib" "-Wl,-Bdynamic" "-lgcc_s" "-lutil" "-lrt" "-lpthread" "-lm" "-ldl" "-lc" "-Wl,--eh-frame-hdr" "-Wl,-z,noexecstack" "-L" "/opt/rustwide/rustup-home/toolchains/1.69.0-x86_64-unknown-linux-gnu/lib/rustlib/x86_64-unknown-linux-gnu/lib" "-o" "/tmp/rustdoctest9q4DHV/rust_out" "-Wl,--gc-sections" "-pie" "-Wl,-z,relro,-z,now" "-nodefaultlibs"
[INFO] [stdout]   = note: collect2: fatal error: ld terminated with signal 9 [Killed]
[INFO] [stdout]           compilation terminated.
[INFO] [stdout]           
[INFO] [stdout] 
[INFO] [stdout] error: aborting due to previous error
[INFO] [stdout] 
[INFO] [stdout] Couldn't compile the test.
[INFO] [stdout] ---- src/file/access/mutate.rs - file::access::mutate::File<'event>::remove_section (line 178) stdout ----
[INFO] [stdout] error: linking with `cc` failed: exit status: 1
[INFO] [stdout]   |
[INFO] [stdout]   = note: LC_ALL="C" PATH="/opt/rustwide/rustup-home/toolchains/1.69.0-x86_64-unknown-linux-gnu/lib/rustlib/x86_64-unknown-linux-gnu/bin:/opt/rustwide/cargo-home/bin:/usr/local/sbin:/usr/local/bin:/usr/sbin:/usr/bin:/sbin:/bin" VSLANG="1033" "cc" "-m64" "/tmp/rustckPDFOs/symbols.o" "/tmp/rustdoctestv2sxdy/rust_out.rust_out.5bfee551-cgu.0.rcgu.o" "/tmp/rustdoctestv2sxdy/rust_out.j00p4ncf7xg64kg.rcgu.o" "-Wl,--as-needed" "-L" "/opt/rustwide/target/debug/deps" "-L" "/opt/rustwide/target/debug/deps" "-L" "/opt/rustwide/rustup-home/toolchains/1.69.0-x86_64-unknown-linux-gnu/lib/rustlib/x86_64-unknown-linux-gnu/lib" "-Wl,-Bstatic" "/opt/rustwide/target/debug/deps/libgix_config-655c54762decd542.rlib" "/opt/rustwide/target/debug/deps/libunicode_bom-0be28c5b12489422.rlib" "/opt/rustwide/target/debug/deps/libgix_glob-a3367064ae541e6d.rlib" "/opt/rustwide/target/debug/deps/libgix_sec-bfb90b975e0aadc5.rlib" "/opt/rustwide/target/debug/deps/liblog-b7002f1ab15c8d8b.rlib" "/opt/rustwide/target/debug/deps/libgix_config_value-172951f2722926d4.rlib" "/opt/rustwide/target/debug/deps/libbitflags-91cd4accf44ddcad.rlib" "/opt/rustwide/target/debug/deps/libgix_ref-74ed1cc78882dd45.rlib" "/opt/rustwide/target/debug/deps/libgix_lock-dba75234c79997ac.rlib" "/opt/rustwide/target/debug/deps/libgix_utils-54fb8a7c90f6479d.rlib" "/opt/rustwide/target/debug/deps/libgix_tempfile-15b524897367958d.rlib" "/opt/rustwide/target/debug/deps/libtempfile-aae6854e04c6e2dc.rlib" "/opt/rustwide/target/debug/deps/libfastrand-36b5f93a51c81f9b.rlib" "/opt/rustwide/target/debug/deps/librustix-a7b2b8ec2ac67b7d.rlib" "/opt/rustwide/target/debug/deps/libio_lifetimes-b81c2f4baa56ead1.rlib" "/opt/rustwide/target/debug/deps/libbitflags-82cc2d155c6eb112.rlib" "/opt/rustwide/target/debug/deps/liblinux_raw_sys-8cc4f4b00c14099c.rlib" "/opt/rustwide/target/debug/deps/libgix_fs-8ba218e3f4c1b087.rlib" "/opt/rustwide/target/debug/deps/libparking_lot-f3dbba07d17046f7.rlib" "/opt/rustwide/target/debug/deps/libparking_lot_core-edf8f34b1c0c3ca5.rlib" "/opt/rustwide/target/debug/deps/libcfg_if-e5e118dd7d121aaa.rlib" "/opt/rustwide/target/debug/deps/liblock_api-68f9f4627da435ce.rlib" "/opt/rustwide/target/debug/deps/libscopeguard-f471875f675163b5.rlib" "/opt/rustwide/target/debug/deps/libgix_path-7d49f5086eaa22b2.rlib" "/opt/rustwide/target/debug/deps/libhome-5acb896787b2dd5e.rlib" "/opt/rustwide/target/debug/deps/libmemmap2-76dbc97e77cc2a60.rlib" "/opt/rustwide/target/debug/deps/libgix_object-0da30d96cff17948.rlib" "/opt/rustwide/target/debug/deps/libgix_validate-c02fa9cd039feca5.rlib" "/opt/rustwide/target/debug/deps/libgix_actor-a51775738edb0fbb.rlib" "/opt/rustwide/target/debug/deps/libbtoi-03dadf3457b8f0d3.rlib" "/opt/rustwide/target/debug/deps/libnum_traits-3b93294800e9dc5d.rlib" "/opt/rustwide/target/debug/deps/libgix_date-22f42ca0ea9c79b2.rlib" "/opt/rustwide/target/debug/deps/libtime-06c1619f62888936.rlib" "/opt/rustwide/target/debug/deps/libnum_threads-509066beeb1109ec.rlib" "/opt/rustwide/target/debug/deps/libitoa-12e0c769e046c1b6.rlib" "/opt/rustwide/target/debug/deps/libtime_core-4a74880e8761e797.rlib" "/opt/rustwide/target/debug/deps/libnom-d213d90ad3fe6797.rlib" "/opt/rustwide/target/debug/deps/libsmallvec-87fd14276a7cdd45.rlib" "/opt/rustwide/target/debug/deps/libgix_features-bd3064d0b9c7adb4.rlib" "/opt/rustwide/target/debug/deps/libgix_hash-69e2de3753e9d344.rlib" "/opt/rustwide/target/debug/deps/libthiserror-e4ca7c641acd4c0d.rlib" "/opt/rustwide/target/debug/deps/libhex-ad79348a67e835f3.rlib" "/opt/rustwide/target/debug/deps/libsha1_smol-d9629f989c4aa857.rlib" "/opt/rustwide/target/debug/deps/liblibc-1c44c26a4c16f4d2.rlib" "/opt/rustwide/target/debug/deps/libwalkdir-f48fd0e5425183a1.rlib" "/opt/rustwide/target/debug/deps/libsame_file-fab28c3c81b2d2fa.rlib" "/opt/rustwide/target/debug/deps/libbstr-2e16e664327b6a65.rlib" "/opt/rustwide/target/debug/deps/libonce_cell-7d2ec3fb6b6c5a4d.rlib" "/opt/rustwide/target/debug/deps/libregex_automata-8545b5a4710e3773.rlib" "/opt/rustwide/target/debug/deps/libmemchr-b18e4aa3c7a38625.rlib" "/opt/rustwide/rustup-home/toolchains/1.69.0-x86_64-unknown-linux-gnu/lib/rustlib/x86_64-unknown-linux-gnu/lib/libstd-89bc084783fdc439.rlib" "/opt/rustwide/rustup-home/toolchains/1.69.0-x86_64-unknown-linux-gnu/lib/rustlib/x86_64-unknown-linux-gnu/lib/libpanic_unwind-8bee4b287d4367c1.rlib" "/opt/rustwide/rustup-home/toolchains/1.69.0-x86_64-unknown-linux-gnu/lib/rustlib/x86_64-unknown-linux-gnu/lib/libobject-d61707aed80694c0.rlib" "/opt/rustwide/rustup-home/toolchains/1.69.0-x86_64-unknown-linux-gnu/lib/rustlib/x86_64-unknown-linux-gnu/lib/libmemchr-d85366256f22345b.rlib" "/opt/rustwide/rustup-home/toolchains/1.69.0-x86_64-unknown-linux-gnu/lib/rustlib/x86_64-unknown-linux-gnu/lib/libaddr2line-96069b86b8a8cae9.rlib" "/opt/rustwide/rustup-home/toolchains/1.69.0-x86_64-unknown-linux-gnu/lib/rustlib/x86_64-unknown-linux-gnu/lib/libgimli-d19d53abf68dfa6c.rlib" "/opt/rustwide/rustup-home/toolchains/1.69.0-x86_64-unknown-linux-gnu/lib/rustlib/x86_64-unknown-linux-gnu/lib/librustc_demangle-787cbccd19d64ac6.rlib" "/opt/rustwide/rustup-home/toolchains/1.69.0-x86_64-unknown-linux-gnu/lib/rustlib/x86_64-unknown-linux-gnu/lib/libstd_detect-b3837a36b830e0d0.rlib" "/opt/rustwide/rustup-home/toolchains/1.69.0-x86_64-unknown-linux-gnu/lib/rustlib/x86_64-unknown-linux-gnu/lib/libhashbrown-e3deb0e7e3f04966.rlib" "/opt/rustwide/rustup-home/toolchains/1.69.0-x86_64-unknown-linux-gnu/lib/rustlib/x86_64-unknown-linux-gnu/lib/libminiz_oxide-dabbb79c9815def4.rlib" "/opt/rustwide/rustup-home/toolchains/1.69.0-x86_64-unknown-linux-gnu/lib/rustlib/x86_64-unknown-linux-gnu/lib/libadler-305b01f34c9409f2.rlib" "/opt/rustwide/rustup-home/toolchains/1.69.0-x86_64-unknown-linux-gnu/lib/rustlib/x86_64-unknown-linux-gnu/lib/librustc_std_workspace_alloc-f833521df6074e73.rlib" "/opt/rustwide/rustup-home/toolchains/1.69.0-x86_64-unknown-linux-gnu/lib/rustlib/x86_64-unknown-linux-gnu/lib/libunwind-9ac333113350d171.rlib" "/opt/rustwide/rustup-home/toolchains/1.69.0-x86_64-unknown-linux-gnu/lib/rustlib/x86_64-unknown-linux-gnu/lib/libcfg_if-1c126114322d0eee.rlib" "/opt/rustwide/rustup-home/toolchains/1.69.0-x86_64-unknown-linux-gnu/lib/rustlib/x86_64-unknown-linux-gnu/lib/liblibc-bad9164fdeeecf92.rlib" "/opt/rustwide/rustup-home/toolchains/1.69.0-x86_64-unknown-linux-gnu/lib/rustlib/x86_64-unknown-linux-gnu/lib/liballoc-f9374b1e480fa681.rlib" "/opt/rustwide/rustup-home/toolchains/1.69.0-x86_64-unknown-linux-gnu/lib/rustlib/x86_64-unknown-linux-gnu/lib/librustc_std_workspace_core-207f06e41d9603af.rlib" "/opt/rustwide/rustup-home/toolchains/1.69.0-x86_64-unknown-linux-gnu/lib/rustlib/x86_64-unknown-linux-gnu/lib/libcore-7e2768e66e984e85.rlib" "/opt/rustwide/rustup-home/toolchains/1.69.0-x86_64-unknown-linux-gnu/lib/rustlib/x86_64-unknown-linux-gnu/lib/libcompiler_builtins-957b4aff41f8cd46.rlib" "-Wl,-Bdynamic" "-lgcc_s" "-lutil" "-lrt" "-lpthread" "-lm" "-ldl" "-lc" "-Wl,--eh-frame-hdr" "-Wl,-z,noexecstack" "-L" "/opt/rustwide/rustup-home/toolchains/1.69.0-x86_64-unknown-linux-gnu/lib/rustlib/x86_64-unknown-linux-gnu/lib" "-o" "/tmp/rustdoctestv2sxdy/rust_out" "-Wl,--gc-sections" "-pie" "-Wl,-z,relro,-z,now" "-nodefaultlibs"
[INFO] [stdout]   = note: collect2: fatal error: ld terminated with signal 9 [Killed]
[INFO] [stdout]           compilation terminated.
[INFO] [stdout]           
[INFO] [stdout] 
[INFO] [stdout] error: aborting due to previous error
[INFO] [stdout] 
[INFO] [stdout] Couldn't compile the test.
[INFO] [stdout] ---- src/file/access/mutate.rs - file::access::mutate::File<'event>::remove_section (line 193) stdout ----
[INFO] [stdout] error: linking with `cc` failed: exit status: 1
[INFO] [stdout]   |
[INFO] [stdout]   = note: LC_ALL="C" PATH="/opt/rustwide/rustup-home/toolchains/1.69.0-x86_64-unknown-linux-gnu/lib/rustlib/x86_64-unknown-linux-gnu/bin:/opt/rustwide/cargo-home/bin:/usr/local/sbin:/usr/local/bin:/usr/sbin:/usr/bin:/sbin:/bin" VSLANG="1033" "cc" "-m64" "/tmp/rustcA12T2f/symbols.o" "/tmp/rustdoctestaUVKYz/rust_out.rust_out.5bfee551-cgu.0.rcgu.o" "/tmp/rustdoctestaUVKYz/rust_out.j00p4ncf7xg64kg.rcgu.o" "-Wl,--as-needed" "-L" "/opt/rustwide/target/debug/deps" "-L" "/opt/rustwide/target/debug/deps" "-L" "/opt/rustwide/rustup-home/toolchains/1.69.0-x86_64-unknown-linux-gnu/lib/rustlib/x86_64-unknown-linux-gnu/lib" "-Wl,-Bstatic" "/opt/rustwide/target/debug/deps/libgix_config-655c54762decd542.rlib" "/opt/rustwide/target/debug/deps/libunicode_bom-0be28c5b12489422.rlib" "/opt/rustwide/target/debug/deps/libgix_glob-a3367064ae541e6d.rlib" "/opt/rustwide/target/debug/deps/libgix_sec-bfb90b975e0aadc5.rlib" "/opt/rustwide/target/debug/deps/liblog-b7002f1ab15c8d8b.rlib" "/opt/rustwide/target/debug/deps/libgix_config_value-172951f2722926d4.rlib" "/opt/rustwide/target/debug/deps/libbitflags-91cd4accf44ddcad.rlib" "/opt/rustwide/target/debug/deps/libgix_ref-74ed1cc78882dd45.rlib" "/opt/rustwide/target/debug/deps/libgix_lock-dba75234c79997ac.rlib" "/opt/rustwide/target/debug/deps/libgix_utils-54fb8a7c90f6479d.rlib" "/opt/rustwide/target/debug/deps/libgix_tempfile-15b524897367958d.rlib" "/opt/rustwide/target/debug/deps/libtempfile-aae6854e04c6e2dc.rlib" "/opt/rustwide/target/debug/deps/libfastrand-36b5f93a51c81f9b.rlib" "/opt/rustwide/target/debug/deps/librustix-a7b2b8ec2ac67b7d.rlib" "/opt/rustwide/target/debug/deps/libio_lifetimes-b81c2f4baa56ead1.rlib" "/opt/rustwide/target/debug/deps/libbitflags-82cc2d155c6eb112.rlib" "/opt/rustwide/target/debug/deps/liblinux_raw_sys-8cc4f4b00c14099c.rlib" "/opt/rustwide/target/debug/deps/libgix_fs-8ba218e3f4c1b087.rlib" "/opt/rustwide/target/debug/deps/libparking_lot-f3dbba07d17046f7.rlib" "/opt/rustwide/target/debug/deps/libparking_lot_core-edf8f34b1c0c3ca5.rlib" "/opt/rustwide/target/debug/deps/libcfg_if-e5e118dd7d121aaa.rlib" "/opt/rustwide/target/debug/deps/liblock_api-68f9f4627da435ce.rlib" "/opt/rustwide/target/debug/deps/libscopeguard-f471875f675163b5.rlib" "/opt/rustwide/target/debug/deps/libgix_path-7d49f5086eaa22b2.rlib" "/opt/rustwide/target/debug/deps/libhome-5acb896787b2dd5e.rlib" "/opt/rustwide/target/debug/deps/libmemmap2-76dbc97e77cc2a60.rlib" "/opt/rustwide/target/debug/deps/libgix_object-0da30d96cff17948.rlib" "/opt/rustwide/target/debug/deps/libgix_validate-c02fa9cd039feca5.rlib" "/opt/rustwide/target/debug/deps/libgix_actor-a51775738edb0fbb.rlib" "/opt/rustwide/target/debug/deps/libbtoi-03dadf3457b8f0d3.rlib" "/opt/rustwide/target/debug/deps/libnum_traits-3b93294800e9dc5d.rlib" "/opt/rustwide/target/debug/deps/libgix_date-22f42ca0ea9c79b2.rlib" "/opt/rustwide/target/debug/deps/libtime-06c1619f62888936.rlib" "/opt/rustwide/target/debug/deps/libnum_threads-509066beeb1109ec.rlib" "/opt/rustwide/target/debug/deps/libitoa-12e0c769e046c1b6.rlib" "/opt/rustwide/target/debug/deps/libtime_core-4a74880e8761e797.rlib" "/opt/rustwide/target/debug/deps/libnom-d213d90ad3fe6797.rlib" "/opt/rustwide/target/debug/deps/libsmallvec-87fd14276a7cdd45.rlib" "/opt/rustwide/target/debug/deps/libgix_features-bd3064d0b9c7adb4.rlib" "/opt/rustwide/target/debug/deps/libgix_hash-69e2de3753e9d344.rlib" "/opt/rustwide/target/debug/deps/libthiserror-e4ca7c641acd4c0d.rlib" "/opt/rustwide/target/debug/deps/libhex-ad79348a67e835f3.rlib" "/opt/rustwide/target/debug/deps/libsha1_smol-d9629f989c4aa857.rlib" "/opt/rustwide/target/debug/deps/liblibc-1c44c26a4c16f4d2.rlib" "/opt/rustwide/target/debug/deps/libwalkdir-f48fd0e5425183a1.rlib" "/opt/rustwide/target/debug/deps/libsame_file-fab28c3c81b2d2fa.rlib" "/opt/rustwide/target/debug/deps/libbstr-2e16e664327b6a65.rlib" "/opt/rustwide/target/debug/deps/libonce_cell-7d2ec3fb6b6c5a4d.rlib" "/opt/rustwide/target/debug/deps/libregex_automata-8545b5a4710e3773.rlib" "/opt/rustwide/target/debug/deps/libmemchr-b18e4aa3c7a38625.rlib" "/opt/rustwide/rustup-home/toolchains/1.69.0-x86_64-unknown-linux-gnu/lib/rustlib/x86_64-unknown-linux-gnu/lib/libstd-89bc084783fdc439.rlib" "/opt/rustwide/rustup-home/toolchains/1.69.0-x86_64-unknown-linux-gnu/lib/rustlib/x86_64-unknown-linux-gnu/lib/libpanic_unwind-8bee4b287d4367c1.rlib" "/opt/rustwide/rustup-home/toolchains/1.69.0-x86_64-unknown-linux-gnu/lib/rustlib/x86_64-unknown-linux-gnu/lib/libobject-d61707aed80694c0.rlib" "/opt/rustwide/rustup-home/toolchains/1.69.0-x86_64-unknown-linux-gnu/lib/rustlib/x86_64-unknown-linux-gnu/lib/libmemchr-d85366256f22345b.rlib" "/opt/rustwide/rustup-home/toolchains/1.69.0-x86_64-unknown-linux-gnu/lib/rustlib/x86_64-unknown-linux-gnu/lib/libaddr2line-96069b86b8a8cae9.rlib" "/opt/rustwide/rustup-home/toolchains/1.69.0-x86_64-unknown-linux-gnu/lib/rustlib/x86_64-unknown-linux-gnu/lib/libgimli-d19d53abf68dfa6c.rlib" "/opt/rustwide/rustup-home/toolchains/1.69.0-x86_64-unknown-linux-gnu/lib/rustlib/x86_64-unknown-linux-gnu/lib/librustc_demangle-787cbccd19d64ac6.rlib" "/opt/rustwide/rustup-home/toolchains/1.69.0-x86_64-unknown-linux-gnu/lib/rustlib/x86_64-unknown-linux-gnu/lib/libstd_detect-b3837a36b830e0d0.rlib" "/opt/rustwide/rustup-home/toolchains/1.69.0-x86_64-unknown-linux-gnu/lib/rustlib/x86_64-unknown-linux-gnu/lib/libhashbrown-e3deb0e7e3f04966.rlib" "/opt/rustwide/rustup-home/toolchains/1.69.0-x86_64-unknown-linux-gnu/lib/rustlib/x86_64-unknown-linux-gnu/lib/libminiz_oxide-dabbb79c9815def4.rlib" "/opt/rustwide/rustup-home/toolchains/1.69.0-x86_64-unknown-linux-gnu/lib/rustlib/x86_64-unknown-linux-gnu/lib/libadler-305b01f34c9409f2.rlib" "/opt/rustwide/rustup-home/toolchains/1.69.0-x86_64-unknown-linux-gnu/lib/rustlib/x86_64-unknown-linux-gnu/lib/librustc_std_workspace_alloc-f833521df6074e73.rlib" "/opt/rustwide/rustup-home/toolchains/1.69.0-x86_64-unknown-linux-gnu/lib/rustlib/x86_64-unknown-linux-gnu/lib/libunwind-9ac333113350d171.rlib" "/opt/rustwide/rustup-home/toolchains/1.69.0-x86_64-unknown-linux-gnu/lib/rustlib/x86_64-unknown-linux-gnu/lib/libcfg_if-1c126114322d0eee.rlib" "/opt/rustwide/rustup-home/toolchains/1.69.0-x86_64-unknown-linux-gnu/lib/rustlib/x86_64-unknown-linux-gnu/lib/liblibc-bad9164fdeeecf92.rlib" "/opt/rustwide/rustup-home/toolchains/1.69.0-x86_64-unknown-linux-gnu/lib/rustlib/x86_64-unknown-linux-gnu/lib/liballoc-f9374b1e480fa681.rlib" "/opt/rustwide/rustup-home/toolchains/1.69.0-x86_64-unknown-linux-gnu/lib/rustlib/x86_64-unknown-linux-gnu/lib/librustc_std_workspace_core-207f06e41d9603af.rlib" "/opt/rustwide/rustup-home/toolchains/1.69.0-x86_64-unknown-linux-gnu/lib/rustlib/x86_64-unknown-linux-gnu/lib/libcore-7e2768e66e984e85.rlib" "/opt/rustwide/rustup-home/toolchains/1.69.0-x86_64-unknown-linux-gnu/lib/rustlib/x86_64-unknown-linux-gnu/lib/libcompiler_builtins-957b4aff41f8cd46.rlib" "-Wl,-Bdynamic" "-lgcc_s" "-lutil" "-lrt" "-lpthread" "-lm" "-ldl" "-lc" "-Wl,--eh-frame-hdr" "-Wl,-z,noexecstack" "-L" "/opt/rustwide/rustup-home/toolchains/1.69.0-x86_64-unknown-linux-gnu/lib/rustlib/x86_64-unknown-linux-gnu/lib" "-o" "/tmp/rustdoctestaUVKYz/rust_out" "-Wl,--gc-sections" "-pie" "-Wl,-z,relro,-z,now" "-nodefaultlibs"
[INFO] [stdout]   = note: collect2: fatal error: ld terminated with signal 9 [Killed]
[INFO] [stdout]           compilation terminated.
[INFO] [stdout]           
[INFO] [stdout] 
[INFO] [stdout] error: aborting due to previous error
[INFO] [stdout] 
[INFO] [stdout] Couldn't compile the test.
[INFO] [stdout] ---- src/file/access/read_only.rs - file::access::read_only::File<'event>::sections_by_name (line 200) stdout ----
[INFO] [stdout] error: linking with `cc` failed: exit status: 1
[INFO] [stdout]   |
[INFO] [stdout]   = note: LC_ALL="C" PATH="/opt/rustwide/rustup-home/toolchains/1.69.0-x86_64-unknown-linux-gnu/lib/rustlib/x86_64-unknown-linux-gnu/bin:/opt/rustwide/cargo-home/bin:/usr/local/sbin:/usr/local/bin:/usr/sbin:/usr/bin:/sbin:/bin" VSLANG="1033" "cc" "-m64" "/tmp/rustceSPeLm/symbols.o" "/tmp/rustdoctestIMZ7Us/rust_out.rust_out.5bfee551-cgu.0.rcgu.o" "/tmp/rustdoctestIMZ7Us/rust_out.j00p4ncf7xg64kg.rcgu.o" "-Wl,--as-needed" "-L" "/opt/rustwide/target/debug/deps" "-L" "/opt/rustwide/target/debug/deps" "-L" "/opt/rustwide/rustup-home/toolchains/1.69.0-x86_64-unknown-linux-gnu/lib/rustlib/x86_64-unknown-linux-gnu/lib" "-Wl,-Bstatic" "/opt/rustwide/target/debug/deps/libgix_config-655c54762decd542.rlib" "/opt/rustwide/target/debug/deps/libunicode_bom-0be28c5b12489422.rlib" "/opt/rustwide/target/debug/deps/libgix_glob-a3367064ae541e6d.rlib" "/opt/rustwide/target/debug/deps/libgix_sec-bfb90b975e0aadc5.rlib" "/opt/rustwide/target/debug/deps/liblog-b7002f1ab15c8d8b.rlib" "/opt/rustwide/target/debug/deps/libgix_config_value-172951f2722926d4.rlib" "/opt/rustwide/target/debug/deps/libbitflags-91cd4accf44ddcad.rlib" "/opt/rustwide/target/debug/deps/libgix_ref-74ed1cc78882dd45.rlib" "/opt/rustwide/target/debug/deps/libgix_lock-dba75234c79997ac.rlib" "/opt/rustwide/target/debug/deps/libgix_utils-54fb8a7c90f6479d.rlib" "/opt/rustwide/target/debug/deps/libgix_tempfile-15b524897367958d.rlib" "/opt/rustwide/target/debug/deps/libtempfile-aae6854e04c6e2dc.rlib" "/opt/rustwide/target/debug/deps/libfastrand-36b5f93a51c81f9b.rlib" "/opt/rustwide/target/debug/deps/librustix-a7b2b8ec2ac67b7d.rlib" "/opt/rustwide/target/debug/deps/libio_lifetimes-b81c2f4baa56ead1.rlib" "/opt/rustwide/target/debug/deps/libbitflags-82cc2d155c6eb112.rlib" "/opt/rustwide/target/debug/deps/liblinux_raw_sys-8cc4f4b00c14099c.rlib" "/opt/rustwide/target/debug/deps/libgix_fs-8ba218e3f4c1b087.rlib" "/opt/rustwide/target/debug/deps/libparking_lot-f3dbba07d17046f7.rlib" "/opt/rustwide/target/debug/deps/libparking_lot_core-edf8f34b1c0c3ca5.rlib" "/opt/rustwide/target/debug/deps/libcfg_if-e5e118dd7d121aaa.rlib" "/opt/rustwide/target/debug/deps/liblock_api-68f9f4627da435ce.rlib" "/opt/rustwide/target/debug/deps/libscopeguard-f471875f675163b5.rlib" "/opt/rustwide/target/debug/deps/libgix_path-7d49f5086eaa22b2.rlib" "/opt/rustwide/target/debug/deps/libhome-5acb896787b2dd5e.rlib" "/opt/rustwide/target/debug/deps/libmemmap2-76dbc97e77cc2a60.rlib" "/opt/rustwide/target/debug/deps/libgix_object-0da30d96cff17948.rlib" "/opt/rustwide/target/debug/deps/libgix_validate-c02fa9cd039feca5.rlib" "/opt/rustwide/target/debug/deps/libgix_actor-a51775738edb0fbb.rlib" "/opt/rustwide/target/debug/deps/libbtoi-03dadf3457b8f0d3.rlib" "/opt/rustwide/target/debug/deps/libnum_traits-3b93294800e9dc5d.rlib" "/opt/rustwide/target/debug/deps/libgix_date-22f42ca0ea9c79b2.rlib" "/opt/rustwide/target/debug/deps/libtime-06c1619f62888936.rlib" "/opt/rustwide/target/debug/deps/libnum_threads-509066beeb1109ec.rlib" "/opt/rustwide/target/debug/deps/libitoa-12e0c769e046c1b6.rlib" "/opt/rustwide/target/debug/deps/libtime_core-4a74880e8761e797.rlib" "/opt/rustwide/target/debug/deps/libnom-d213d90ad3fe6797.rlib" "/opt/rustwide/target/debug/deps/libsmallvec-87fd14276a7cdd45.rlib" "/opt/rustwide/target/debug/deps/libgix_features-bd3064d0b9c7adb4.rlib" "/opt/rustwide/target/debug/deps/libgix_hash-69e2de3753e9d344.rlib" "/opt/rustwide/target/debug/deps/libthiserror-e4ca7c641acd4c0d.rlib" "/opt/rustwide/target/debug/deps/libhex-ad79348a67e835f3.rlib" "/opt/rustwide/target/debug/deps/libsha1_smol-d9629f989c4aa857.rlib" "/opt/rustwide/target/debug/deps/liblibc-1c44c26a4c16f4d2.rlib" "/opt/rustwide/target/debug/deps/libwalkdir-f48fd0e5425183a1.rlib" "/opt/rustwide/target/debug/deps/libsame_file-fab28c3c81b2d2fa.rlib" "/opt/rustwide/target/debug/deps/libbstr-2e16e664327b6a65.rlib" "/opt/rustwide/target/debug/deps/libonce_cell-7d2ec3fb6b6c5a4d.rlib" "/opt/rustwide/target/debug/deps/libregex_automata-8545b5a4710e3773.rlib" "/opt/rustwide/target/debug/deps/libmemchr-b18e4aa3c7a38625.rlib" "/opt/rustwide/rustup-home/toolchains/1.69.0-x86_64-unknown-linux-gnu/lib/rustlib/x86_64-unknown-linux-gnu/lib/libstd-89bc084783fdc439.rlib" "/opt/rustwide/rustup-home/toolchains/1.69.0-x86_64-unknown-linux-gnu/lib/rustlib/x86_64-unknown-linux-gnu/lib/libpanic_unwind-8bee4b287d4367c1.rlib" "/opt/rustwide/rustup-home/toolchains/1.69.0-x86_64-unknown-linux-gnu/lib/rustlib/x86_64-unknown-linux-gnu/lib/libobject-d61707aed80694c0.rlib" "/opt/rustwide/rustup-home/toolchains/1.69.0-x86_64-unknown-linux-gnu/lib/rustlib/x86_64-unknown-linux-gnu/lib/libmemchr-d85366256f22345b.rlib" "/opt/rustwide/rustup-home/toolchains/1.69.0-x86_64-unknown-linux-gnu/lib/rustlib/x86_64-unknown-linux-gnu/lib/libaddr2line-96069b86b8a8cae9.rlib" "/opt/rustwide/rustup-home/toolchains/1.69.0-x86_64-unknown-linux-gnu/lib/rustlib/x86_64-unknown-linux-gnu/lib/libgimli-d19d53abf68dfa6c.rlib" "/opt/rustwide/rustup-home/toolchains/1.69.0-x86_64-unknown-linux-gnu/lib/rustlib/x86_64-unknown-linux-gnu/lib/librustc_demangle-787cbccd19d64ac6.rlib" "/opt/rustwide/rustup-home/toolchains/1.69.0-x86_64-unknown-linux-gnu/lib/rustlib/x86_64-unknown-linux-gnu/lib/libstd_detect-b3837a36b830e0d0.rlib" "/opt/rustwide/rustup-home/toolchains/1.69.0-x86_64-unknown-linux-gnu/lib/rustlib/x86_64-unknown-linux-gnu/lib/libhashbrown-e3deb0e7e3f04966.rlib" "/opt/rustwide/rustup-home/toolchains/1.69.0-x86_64-unknown-linux-gnu/lib/rustlib/x86_64-unknown-linux-gnu/lib/libminiz_oxide-dabbb79c9815def4.rlib" "/opt/rustwide/rustup-home/toolchains/1.69.0-x86_64-unknown-linux-gnu/lib/rustlib/x86_64-unknown-linux-gnu/lib/libadler-305b01f34c9409f2.rlib" "/opt/rustwide/rustup-home/toolchains/1.69.0-x86_64-unknown-linux-gnu/lib/rustlib/x86_64-unknown-linux-gnu/lib/librustc_std_workspace_alloc-f833521df6074e73.rlib" "/opt/rustwide/rustup-home/toolchains/1.69.0-x86_64-unknown-linux-gnu/lib/rustlib/x86_64-unknown-linux-gnu/lib/libunwind-9ac333113350d171.rlib" "/opt/rustwide/rustup-home/toolchains/1.69.0-x86_64-unknown-linux-gnu/lib/rustlib/x86_64-unknown-linux-gnu/lib/libcfg_if-1c126114322d0eee.rlib" "/opt/rustwide/rustup-home/toolchains/1.69.0-x86_64-unknown-linux-gnu/lib/rustlib/x86_64-unknown-linux-gnu/lib/liblibc-bad9164fdeeecf92.rlib" "/opt/rustwide/rustup-home/toolchains/1.69.0-x86_64-unknown-linux-gnu/lib/rustlib/x86_64-unknown-linux-gnu/lib/liballoc-f9374b1e480fa681.rlib" "/opt/rustwide/rustup-home/toolchains/1.69.0-x86_64-unknown-linux-gnu/lib/rustlib/x86_64-unknown-linux-gnu/lib/librustc_std_workspace_core-207f06e41d9603af.rlib" "/opt/rustwide/rustup-home/toolchains/1.69.0-x86_64-unknown-linux-gnu/lib/rustlib/x86_64-unknown-linux-gnu/lib/libcore-7e2768e66e984e85.rlib" "/opt/rustwide/rustup-home/toolchains/1.69.0-x86_64-unknown-linux-gnu/lib/rustlib/x86_64-unknown-linux-gnu/lib/libcompiler_builtins-957b4aff41f8cd46.rlib" "-Wl,-Bdynamic" "-lgcc_s" "-lutil" "-lrt" "-lpthread" "-lm" "-ldl" "-lc" "-Wl,--eh-frame-hdr" "-Wl,-z,noexecstack" "-L" "/opt/rustwide/rustup-home/toolchains/1.69.0-x86_64-unknown-linux-gnu/lib/rustlib/x86_64-unknown-linux-gnu/lib" "-o" "/tmp/rustdoctestIMZ7Us/rust_out" "-Wl,--gc-sections" "-pie" "-Wl,-z,relro,-z,now" "-nodefaultlibs"
[INFO] [stdout]   = note: collect2: fatal error: ld terminated with signal 9 [Killed]
[INFO] [stdout]           compilation terminated.
[INFO] [stdout]           
[INFO] [stdout] 
[INFO] [stdout] error: aborting due to previous error
[INFO] [stdout] 
[INFO] [stdout] Couldn't compile the test.
[INFO] [stdout] ---- src/types.rs - types::File (line 88) stdout ----
[INFO] [stdout] Couldn't compile the test.
[INFO] [stdout] ---- src/parse/events.rs - parse::events_type::Events (line 87) stdout ----
[INFO] [stdout] Couldn't compile the test.
[INFO] [stdout] ---- src/value/normalize.rs - value::normalize::normalize (line 41) stdout ----
[INFO] [stdout] Couldn't compile the test.
[INFO] [stdout] ---- src/file/access/raw.rs - file::access::raw::File<'event>::raw_values_mut (line 229) stdout ----
[INFO] [stdout] error: linking with `cc` failed: exit status: 1
[INFO] [stdout]   |
[INFO] [stdout]   = note: LC_ALL="C" PATH="/opt/rustwide/rustup-home/toolchains/1.69.0-x86_64-unknown-linux-gnu/lib/rustlib/x86_64-unknown-linux-gnu/bin:/opt/rustwide/cargo-home/bin:/usr/local/sbin:/usr/local/bin:/usr/sbin:/usr/bin:/sbin:/bin" VSLANG="1033" "cc" "-m64" "/tmp/rustcrH9AWp/symbols.o" "/tmp/rustdoctestdp1JBZ/rust_out.rust_out.5bfee551-cgu.0.rcgu.o" "/tmp/rustdoctestdp1JBZ/rust_out.j00p4ncf7xg64kg.rcgu.o" "-Wl,--as-needed" "-L" "/opt/rustwide/target/debug/deps" "-L" "/opt/rustwide/target/debug/deps" "-L" "/opt/rustwide/rustup-home/toolchains/1.69.0-x86_64-unknown-linux-gnu/lib/rustlib/x86_64-unknown-linux-gnu/lib" "-Wl,-Bstatic" "/opt/rustwide/target/debug/deps/libgix_config-655c54762decd542.rlib" "/opt/rustwide/target/debug/deps/libunicode_bom-0be28c5b12489422.rlib" "/opt/rustwide/target/debug/deps/libgix_glob-a3367064ae541e6d.rlib" "/opt/rustwide/target/debug/deps/libgix_sec-bfb90b975e0aadc5.rlib" "/opt/rustwide/target/debug/deps/liblog-b7002f1ab15c8d8b.rlib" "/opt/rustwide/target/debug/deps/libgix_config_value-172951f2722926d4.rlib" "/opt/rustwide/target/debug/deps/libbitflags-91cd4accf44ddcad.rlib" "/opt/rustwide/target/debug/deps/libgix_ref-74ed1cc78882dd45.rlib" "/opt/rustwide/target/debug/deps/libgix_lock-dba75234c79997ac.rlib" "/opt/rustwide/target/debug/deps/libgix_utils-54fb8a7c90f6479d.rlib" "/opt/rustwide/target/debug/deps/libgix_tempfile-15b524897367958d.rlib" "/opt/rustwide/target/debug/deps/libtempfile-aae6854e04c6e2dc.rlib" "/opt/rustwide/target/debug/deps/libfastrand-36b5f93a51c81f9b.rlib" "/opt/rustwide/target/debug/deps/librustix-a7b2b8ec2ac67b7d.rlib" "/opt/rustwide/target/debug/deps/libio_lifetimes-b81c2f4baa56ead1.rlib" "/opt/rustwide/target/debug/deps/libbitflags-82cc2d155c6eb112.rlib" "/opt/rustwide/target/debug/deps/liblinux_raw_sys-8cc4f4b00c14099c.rlib" "/opt/rustwide/target/debug/deps/libgix_fs-8ba218e3f4c1b087.rlib" "/opt/rustwide/target/debug/deps/libparking_lot-f3dbba07d17046f7.rlib" "/opt/rustwide/target/debug/deps/libparking_lot_core-edf8f34b1c0c3ca5.rlib" "/opt/rustwide/target/debug/deps/libcfg_if-e5e118dd7d121aaa.rlib" "/opt/rustwide/target/debug/deps/liblock_api-68f9f4627da435ce.rlib" "/opt/rustwide/target/debug/deps/libscopeguard-f471875f675163b5.rlib" "/opt/rustwide/target/debug/deps/libgix_path-7d49f5086eaa22b2.rlib" "/opt/rustwide/target/debug/deps/libhome-5acb896787b2dd5e.rlib" "/opt/rustwide/target/debug/deps/libmemmap2-76dbc97e77cc2a60.rlib" "/opt/rustwide/target/debug/deps/libgix_object-0da30d96cff17948.rlib" "/opt/rustwide/target/debug/deps/libgix_validate-c02fa9cd039feca5.rlib" "/opt/rustwide/target/debug/deps/libgix_actor-a51775738edb0fbb.rlib" "/opt/rustwide/target/debug/deps/libbtoi-03dadf3457b8f0d3.rlib" "/opt/rustwide/target/debug/deps/libnum_traits-3b93294800e9dc5d.rlib" "/opt/rustwide/target/debug/deps/libgix_date-22f42ca0ea9c79b2.rlib" "/opt/rustwide/target/debug/deps/libtime-06c1619f62888936.rlib" "/opt/rustwide/target/debug/deps/libnum_threads-509066beeb1109ec.rlib" "/opt/rustwide/target/debug/deps/libitoa-12e0c769e046c1b6.rlib" "/opt/rustwide/target/debug/deps/libtime_core-4a74880e8761e797.rlib" "/opt/rustwide/target/debug/deps/libnom-d213d90ad3fe6797.rlib" "/opt/rustwide/target/debug/deps/libsmallvec-87fd14276a7cdd45.rlib" "/opt/rustwide/target/debug/deps/libgix_features-bd3064d0b9c7adb4.rlib" "/opt/rustwide/target/debug/deps/libgix_hash-69e2de3753e9d344.rlib" "/opt/rustwide/target/debug/deps/libthiserror-e4ca7c641acd4c0d.rlib" "/opt/rustwide/target/debug/deps/libhex-ad79348a67e835f3.rlib" "/opt/rustwide/target/debug/deps/libsha1_smol-d9629f989c4aa857.rlib" "/opt/rustwide/target/debug/deps/liblibc-1c44c26a4c16f4d2.rlib" "/opt/rustwide/target/debug/deps/libwalkdir-f48fd0e5425183a1.rlib" "/opt/rustwide/target/debug/deps/libsame_file-fab28c3c81b2d2fa.rlib" "/opt/rustwide/target/debug/deps/libbstr-2e16e664327b6a65.rlib" "/opt/rustwide/target/debug/deps/libonce_cell-7d2ec3fb6b6c5a4d.rlib" "/opt/rustwide/target/debug/deps/libregex_automata-8545b5a4710e3773.rlib" "/opt/rustwide/target/debug/deps/libmemchr-b18e4aa3c7a38625.rlib" "/opt/rustwide/rustup-home/toolchains/1.69.0-x86_64-unknown-linux-gnu/lib/rustlib/x86_64-unknown-linux-gnu/lib/libstd-89bc084783fdc439.rlib" "/opt/rustwide/rustup-home/toolchains/1.69.0-x86_64-unknown-linux-gnu/lib/rustlib/x86_64-unknown-linux-gnu/lib/libpanic_unwind-8bee4b287d4367c1.rlib" "/opt/rustwide/rustup-home/toolchains/1.69.0-x86_64-unknown-linux-gnu/lib/rustlib/x86_64-unknown-linux-gnu/lib/libobject-d61707aed80694c0.rlib" "/opt/rustwide/rustup-home/toolchains/1.69.0-x86_64-unknown-linux-gnu/lib/rustlib/x86_64-unknown-linux-gnu/lib/libmemchr-d85366256f22345b.rlib" "/opt/rustwide/rustup-home/toolchains/1.69.0-x86_64-unknown-linux-gnu/lib/rustlib/x86_64-unknown-linux-gnu/lib/libaddr2line-96069b86b8a8cae9.rlib" "/opt/rustwide/rustup-home/toolchains/1.69.0-x86_64-unknown-linux-gnu/lib/rustlib/x86_64-unknown-linux-gnu/lib/libgimli-d19d53abf68dfa6c.rlib" "/opt/rustwide/rustup-home/toolchains/1.69.0-x86_64-unknown-linux-gnu/lib/rustlib/x86_64-unknown-linux-gnu/lib/librustc_demangle-787cbccd19d64ac6.rlib" "/opt/rustwide/rustup-home/toolchains/1.69.0-x86_64-unknown-linux-gnu/lib/rustlib/x86_64-unknown-linux-gnu/lib/libstd_detect-b3837a36b830e0d0.rlib" "/opt/rustwide/rustup-home/toolchains/1.69.0-x86_64-unknown-linux-gnu/lib/rustlib/x86_64-unknown-linux-gnu/lib/libhashbrown-e3deb0e7e3f04966.rlib" "/opt/rustwide/rustup-home/toolchains/1.69.0-x86_64-unknown-linux-gnu/lib/rustlib/x86_64-unknown-linux-gnu/lib/libminiz_oxide-dabbb79c9815def4.rlib" "/opt/rustwide/rustup-home/toolchains/1.69.0-x86_64-unknown-linux-gnu/lib/rustlib/x86_64-unknown-linux-gnu/lib/libadler-305b01f34c9409f2.rlib" "/opt/rustwide/rustup-home/toolchains/1.69.0-x86_64-unknown-linux-gnu/lib/rustlib/x86_64-unknown-linux-gnu/lib/librustc_std_workspace_alloc-f833521df6074e73.rlib" "/opt/rustwide/rustup-home/toolchains/1.69.0-x86_64-unknown-linux-gnu/lib/rustlib/x86_64-unknown-linux-gnu/lib/libunwind-9ac333113350d171.rlib" "/opt/rustwide/rustup-home/toolchains/1.69.0-x86_64-unknown-linux-gnu/lib/rustlib/x86_64-unknown-linux-gnu/lib/libcfg_if-1c126114322d0eee.rlib" "/opt/rustwide/rustup-home/toolchains/1.69.0-x86_64-unknown-linux-gnu/lib/rustlib/x86_64-unknown-linux-gnu/lib/liblibc-bad9164fdeeecf92.rlib" "/opt/rustwide/rustup-home/toolchains/1.69.0-x86_64-unknown-linux-gnu/lib/rustlib/x86_64-unknown-linux-gnu/lib/liballoc-f9374b1e480fa681.rlib" "/opt/rustwide/rustup-home/toolchains/1.69.0-x86_64-unknown-linux-gnu/lib/rustlib/x86_64-unknown-linux-gnu/lib/librustc_std_workspace_core-207f06e41d9603af.rlib" "/opt/rustwide/rustup-home/toolchains/1.69.0-x86_64-unknown-linux-gnu/lib/rustlib/x86_64-unknown-linux-gnu/lib/libcore-7e2768e66e984e85.rlib" "/opt/rustwide/rustup-home/toolchains/1.69.0-x86_64-unknown-linux-gnu/lib/rustlib/x86_64-unknown-linux-gnu/lib/libcompiler_builtins-957b4aff41f8cd46.rlib" "-Wl,-Bdynamic" "-lgcc_s" "-lutil" "-lrt" "-lpthread" "-lm" "-ldl" "-lc" "-Wl,--eh-frame-hdr" "-Wl,-z,noexecstack" "-L" "/opt/rustwide/rustup-home/toolchains/1.69.0-x86_64-unknown-linux-gnu/lib/rustlib/x86_64-unknown-linux-gnu/lib" "-o" "/tmp/rustdoctestdp1JBZ/rust_out" "-Wl,--gc-sections" "-pie" "-Wl,-z,relro,-z,now" "-nodefaultlibs"
[INFO] [stdout]   = note: collect2: fatal error: ld terminated with signal 9 [Killed]
[INFO] [stdout]           compilation terminated.
[INFO] [stdout]           
[INFO] [stdout] 
[INFO] [stdout] error: aborting due to previous error
[INFO] [stdout] 
[INFO] [stdout] Couldn't compile the test.
[INFO] [stdout] ---- src/parse/events.rs - parse::events_type::Events (line 124) stdout ----
[INFO] [stdout] error: linking with `cc` failed: exit status: 1
[INFO] [stdout]   |
[INFO] [stdout]   = note: LC_ALL="C" PATH="/opt/rustwide/rustup-home/toolchains/1.69.0-x86_64-unknown-linux-gnu/lib/rustlib/x86_64-unknown-linux-gnu/bin:/opt/rustwide/cargo-home/bin:/usr/local/sbin:/usr/local/bin:/usr/sbin:/usr/bin:/sbin:/bin" VSLANG="1033" "cc" "-m64" "/tmp/rustclECLf0/symbols.o" "/tmp/rustdoctestmjm9La/rust_out.rust_out.5bfee551-cgu.0.rcgu.o" "/tmp/rustdoctestmjm9La/rust_out.j00p4ncf7xg64kg.rcgu.o" "-Wl,--as-needed" "-L" "/opt/rustwide/target/debug/deps" "-L" "/opt/rustwide/target/debug/deps" "-L" "/opt/rustwide/rustup-home/toolchains/1.69.0-x86_64-unknown-linux-gnu/lib/rustlib/x86_64-unknown-linux-gnu/lib" "-Wl,-Bstatic" "/opt/rustwide/target/debug/deps/libgix_config-655c54762decd542.rlib" "/opt/rustwide/target/debug/deps/libunicode_bom-0be28c5b12489422.rlib" "/opt/rustwide/target/debug/deps/libgix_glob-a3367064ae541e6d.rlib" "/opt/rustwide/target/debug/deps/libgix_sec-bfb90b975e0aadc5.rlib" "/opt/rustwide/target/debug/deps/liblog-b7002f1ab15c8d8b.rlib" "/opt/rustwide/target/debug/deps/libgix_config_value-172951f2722926d4.rlib" "/opt/rustwide/target/debug/deps/libbitflags-91cd4accf44ddcad.rlib" "/opt/rustwide/target/debug/deps/libgix_ref-74ed1cc78882dd45.rlib" "/opt/rustwide/target/debug/deps/libgix_lock-dba75234c79997ac.rlib" "/opt/rustwide/target/debug/deps/libgix_utils-54fb8a7c90f6479d.rlib" "/opt/rustwide/target/debug/deps/libgix_tempfile-15b524897367958d.rlib" "/opt/rustwide/target/debug/deps/libtempfile-aae6854e04c6e2dc.rlib" "/opt/rustwide/target/debug/deps/libfastrand-36b5f93a51c81f9b.rlib" "/opt/rustwide/target/debug/deps/librustix-a7b2b8ec2ac67b7d.rlib" "/opt/rustwide/target/debug/deps/libio_lifetimes-b81c2f4baa56ead1.rlib" "/opt/rustwide/target/debug/deps/libbitflags-82cc2d155c6eb112.rlib" "/opt/rustwide/target/debug/deps/liblinux_raw_sys-8cc4f4b00c14099c.rlib" "/opt/rustwide/target/debug/deps/libgix_fs-8ba218e3f4c1b087.rlib" "/opt/rustwide/target/debug/deps/libparking_lot-f3dbba07d17046f7.rlib" "/opt/rustwide/target/debug/deps/libparking_lot_core-edf8f34b1c0c3ca5.rlib" "/opt/rustwide/target/debug/deps/libcfg_if-e5e118dd7d121aaa.rlib" "/opt/rustwide/target/debug/deps/liblock_api-68f9f4627da435ce.rlib" "/opt/rustwide/target/debug/deps/libscopeguard-f471875f675163b5.rlib" "/opt/rustwide/target/debug/deps/libgix_path-7d49f5086eaa22b2.rlib" "/opt/rustwide/target/debug/deps/libhome-5acb896787b2dd5e.rlib" "/opt/rustwide/target/debug/deps/libmemmap2-76dbc97e77cc2a60.rlib" "/opt/rustwide/target/debug/deps/libgix_object-0da30d96cff17948.rlib" "/opt/rustwide/target/debug/deps/libgix_validate-c02fa9cd039feca5.rlib" "/opt/rustwide/target/debug/deps/libgix_actor-a51775738edb0fbb.rlib" "/opt/rustwide/target/debug/deps/libbtoi-03dadf3457b8f0d3.rlib" "/opt/rustwide/target/debug/deps/libnum_traits-3b93294800e9dc5d.rlib" "/opt/rustwide/target/debug/deps/libgix_date-22f42ca0ea9c79b2.rlib" "/opt/rustwide/target/debug/deps/libtime-06c1619f62888936.rlib" "/opt/rustwide/target/debug/deps/libnum_threads-509066beeb1109ec.rlib" "/opt/rustwide/target/debug/deps/libitoa-12e0c769e046c1b6.rlib" "/opt/rustwide/target/debug/deps/libtime_core-4a74880e8761e797.rlib" "/opt/rustwide/target/debug/deps/libnom-d213d90ad3fe6797.rlib" "/opt/rustwide/target/debug/deps/libsmallvec-87fd14276a7cdd45.rlib" "/opt/rustwide/target/debug/deps/libgix_features-bd3064d0b9c7adb4.rlib" "/opt/rustwide/target/debug/deps/libgix_hash-69e2de3753e9d344.rlib" "/opt/rustwide/target/debug/deps/libthiserror-e4ca7c641acd4c0d.rlib" "/opt/rustwide/target/debug/deps/libhex-ad79348a67e835f3.rlib" "/opt/rustwide/target/debug/deps/libsha1_smol-d9629f989c4aa857.rlib" "/opt/rustwide/target/debug/deps/liblibc-1c44c26a4c16f4d2.rlib" "/opt/rustwide/target/debug/deps/libwalkdir-f48fd0e5425183a1.rlib" "/opt/rustwide/target/debug/deps/libsame_file-fab28c3c81b2d2fa.rlib" "/opt/rustwide/target/debug/deps/libbstr-2e16e664327b6a65.rlib" "/opt/rustwide/target/debug/deps/libonce_cell-7d2ec3fb6b6c5a4d.rlib" "/opt/rustwide/target/debug/deps/libregex_automata-8545b5a4710e3773.rlib" "/opt/rustwide/target/debug/deps/libmemchr-b18e4aa3c7a38625.rlib" "/opt/rustwide/rustup-home/toolchains/1.69.0-x86_64-unknown-linux-gnu/lib/rustlib/x86_64-unknown-linux-gnu/lib/libstd-89bc084783fdc439.rlib" "/opt/rustwide/rustup-home/toolchains/1.69.0-x86_64-unknown-linux-gnu/lib/rustlib/x86_64-unknown-linux-gnu/lib/libpanic_unwind-8bee4b287d4367c1.rlib" "/opt/rustwide/rustup-home/toolchains/1.69.0-x86_64-unknown-linux-gnu/lib/rustlib/x86_64-unknown-linux-gnu/lib/libobject-d61707aed80694c0.rlib" "/opt/rustwide/rustup-home/toolchains/1.69.0-x86_64-unknown-linux-gnu/lib/rustlib/x86_64-unknown-linux-gnu/lib/libmemchr-d85366256f22345b.rlib" "/opt/rustwide/rustup-home/toolchains/1.69.0-x86_64-unknown-linux-gnu/lib/rustlib/x86_64-unknown-linux-gnu/lib/libaddr2line-96069b86b8a8cae9.rlib" "/opt/rustwide/rustup-home/toolchains/1.69.0-x86_64-unknown-linux-gnu/lib/rustlib/x86_64-unknown-linux-gnu/lib/libgimli-d19d53abf68dfa6c.rlib" "/opt/rustwide/rustup-home/toolchains/1.69.0-x86_64-unknown-linux-gnu/lib/rustlib/x86_64-unknown-linux-gnu/lib/librustc_demangle-787cbccd19d64ac6.rlib" "/opt/rustwide/rustup-home/toolchains/1.69.0-x86_64-unknown-linux-gnu/lib/rustlib/x86_64-unknown-linux-gnu/lib/libstd_detect-b3837a36b830e0d0.rlib" "/opt/rustwide/rustup-home/toolchains/1.69.0-x86_64-unknown-linux-gnu/lib/rustlib/x86_64-unknown-linux-gnu/lib/libhashbrown-e3deb0e7e3f04966.rlib" "/opt/rustwide/rustup-home/toolchains/1.69.0-x86_64-unknown-linux-gnu/lib/rustlib/x86_64-unknown-linux-gnu/lib/libminiz_oxide-dabbb79c9815def4.rlib" "/opt/rustwide/rustup-home/toolchains/1.69.0-x86_64-unknown-linux-gnu/lib/rustlib/x86_64-unknown-linux-gnu/lib/libadler-305b01f34c9409f2.rlib" "/opt/rustwide/rustup-home/toolchains/1.69.0-x86_64-unknown-linux-gnu/lib/rustlib/x86_64-unknown-linux-gnu/lib/librustc_std_workspace_alloc-f833521df6074e73.rlib" "/opt/rustwide/rustup-home/toolchains/1.69.0-x86_64-unknown-linux-gnu/lib/rustlib/x86_64-unknown-linux-gnu/lib/libunwind-9ac333113350d171.rlib" "/opt/rustwide/rustup-home/toolchains/1.69.0-x86_64-unknown-linux-gnu/lib/rustlib/x86_64-unknown-linux-gnu/lib/libcfg_if-1c126114322d0eee.rlib" "/opt/rustwide/rustup-home/toolchains/1.69.0-x86_64-unknown-linux-gnu/lib/rustlib/x86_64-unknown-linux-gnu/lib/liblibc-bad9164fdeeecf92.rlib" "/opt/rustwide/rustup-home/toolchains/1.69.0-x86_64-unknown-linux-gnu/lib/rustlib/x86_64-unknown-linux-gnu/lib/liballoc-f9374b1e480fa681.rlib" "/opt/rustwide/rustup-home/toolchains/1.69.0-x86_64-unknown-linux-gnu/lib/rustlib/x86_64-unknown-linux-gnu/lib/librustc_std_workspace_core-207f06e41d9603af.rlib" "/opt/rustwide/rustup-home/toolchains/1.69.0-x86_64-unknown-linux-gnu/lib/rustlib/x86_64-unknown-linux-gnu/lib/libcore-7e2768e66e984e85.rlib" "/opt/rustwide/rustup-home/toolchains/1.69.0-x86_64-unknown-linux-gnu/lib/rustlib/x86_64-unknown-linux-gnu/lib/libcompiler_builtins-957b4aff41f8cd46.rlib" "-Wl,-Bdynamic" "-lgcc_s" "-lutil" "-lrt" "-lpthread" "-lm" "-ldl" "-lc" "-Wl,--eh-frame-hdr" "-Wl,-z,noexecstack" "-L" "/opt/rustwide/rustup-home/toolchains/1.69.0-x86_64-unknown-linux-gnu/lib/rustlib/x86_64-unknown-linux-gnu/lib" "-o" "/tmp/rustdoctestmjm9La/rust_out" "-Wl,--gc-sections" "-pie" "-Wl,-z,relro,-z,now" "-nodefaultlibs"
[INFO] [stdout]   = note: collect2: fatal error: ld terminated with signal 9 [Killed]
[INFO] [stdout]           compilation terminated.
[INFO] [stdout]           
[INFO] [stdout] 
[INFO] [stdout] error: aborting due to previous error
[INFO] [stdout] 
[INFO] [stdout] Couldn't compile the test.
[INFO] [stdout] ---- src/file/access/mutate.rs - file::access::mutate::File<'event>::new_section (line 143) stdout ----
[INFO] [stdout] error: linking with `cc` failed: exit status: 1
[INFO] [stdout]   |
[INFO] [stdout]   = note: LC_ALL="C" PATH="/opt/rustwide/rustup-home/toolchains/1.69.0-x86_64-unknown-linux-gnu/lib/rustlib/x86_64-unknown-linux-gnu/bin:/opt/rustwide/cargo-home/bin:/usr/local/sbin:/usr/local/bin:/usr/sbin:/usr/bin:/sbin:/bin" VSLANG="1033" "cc" "-m64" "/tmp/rustcmS84sh/symbols.o" "/tmp/rustdoctest41aA9T/rust_out.rust_out.5bfee551-cgu.0.rcgu.o" "/tmp/rustdoctest41aA9T/rust_out.j00p4ncf7xg64kg.rcgu.o" "-Wl,--as-needed" "-L" "/opt/rustwide/target/debug/deps" "-L" "/opt/rustwide/target/debug/deps" "-L" "/opt/rustwide/rustup-home/toolchains/1.69.0-x86_64-unknown-linux-gnu/lib/rustlib/x86_64-unknown-linux-gnu/lib" "-Wl,-Bstatic" "/opt/rustwide/target/debug/deps/libgix_config-655c54762decd542.rlib" "/opt/rustwide/target/debug/deps/libunicode_bom-0be28c5b12489422.rlib" "/opt/rustwide/target/debug/deps/libgix_glob-a3367064ae541e6d.rlib" "/opt/rustwide/target/debug/deps/libgix_sec-bfb90b975e0aadc5.rlib" "/opt/rustwide/target/debug/deps/liblog-b7002f1ab15c8d8b.rlib" "/opt/rustwide/target/debug/deps/libgix_config_value-172951f2722926d4.rlib" "/opt/rustwide/target/debug/deps/libbitflags-91cd4accf44ddcad.rlib" "/opt/rustwide/target/debug/deps/libgix_ref-74ed1cc78882dd45.rlib" "/opt/rustwide/target/debug/deps/libgix_lock-dba75234c79997ac.rlib" "/opt/rustwide/target/debug/deps/libgix_utils-54fb8a7c90f6479d.rlib" "/opt/rustwide/target/debug/deps/libgix_tempfile-15b524897367958d.rlib" "/opt/rustwide/target/debug/deps/libtempfile-aae6854e04c6e2dc.rlib" "/opt/rustwide/target/debug/deps/libfastrand-36b5f93a51c81f9b.rlib" "/opt/rustwide/target/debug/deps/librustix-a7b2b8ec2ac67b7d.rlib" "/opt/rustwide/target/debug/deps/libio_lifetimes-b81c2f4baa56ead1.rlib" "/opt/rustwide/target/debug/deps/libbitflags-82cc2d155c6eb112.rlib" "/opt/rustwide/target/debug/deps/liblinux_raw_sys-8cc4f4b00c14099c.rlib" "/opt/rustwide/target/debug/deps/libgix_fs-8ba218e3f4c1b087.rlib" "/opt/rustwide/target/debug/deps/libparking_lot-f3dbba07d17046f7.rlib" "/opt/rustwide/target/debug/deps/libparking_lot_core-edf8f34b1c0c3ca5.rlib" "/opt/rustwide/target/debug/deps/libcfg_if-e5e118dd7d121aaa.rlib" "/opt/rustwide/target/debug/deps/liblock_api-68f9f4627da435ce.rlib" "/opt/rustwide/target/debug/deps/libscopeguard-f471875f675163b5.rlib" "/opt/rustwide/target/debug/deps/libgix_path-7d49f5086eaa22b2.rlib" "/opt/rustwide/target/debug/deps/libhome-5acb896787b2dd5e.rlib" "/opt/rustwide/target/debug/deps/libmemmap2-76dbc97e77cc2a60.rlib" "/opt/rustwide/target/debug/deps/libgix_object-0da30d96cff17948.rlib" "/opt/rustwide/target/debug/deps/libgix_validate-c02fa9cd039feca5.rlib" "/opt/rustwide/target/debug/deps/libgix_actor-a51775738edb0fbb.rlib" "/opt/rustwide/target/debug/deps/libbtoi-03dadf3457b8f0d3.rlib" "/opt/rustwide/target/debug/deps/libnum_traits-3b93294800e9dc5d.rlib" "/opt/rustwide/target/debug/deps/libgix_date-22f42ca0ea9c79b2.rlib" "/opt/rustwide/target/debug/deps/libtime-06c1619f62888936.rlib" "/opt/rustwide/target/debug/deps/libnum_threads-509066beeb1109ec.rlib" "/opt/rustwide/target/debug/deps/libitoa-12e0c769e046c1b6.rlib" "/opt/rustwide/target/debug/deps/libtime_core-4a74880e8761e797.rlib" "/opt/rustwide/target/debug/deps/libnom-d213d90ad3fe6797.rlib" "/opt/rustwide/target/debug/deps/libsmallvec-87fd14276a7cdd45.rlib" "/opt/rustwide/target/debug/deps/libgix_features-bd3064d0b9c7adb4.rlib" "/opt/rustwide/target/debug/deps/libgix_hash-69e2de3753e9d344.rlib" "/opt/rustwide/target/debug/deps/libthiserror-e4ca7c641acd4c0d.rlib" "/opt/rustwide/target/debug/deps/libhex-ad79348a67e835f3.rlib" "/opt/rustwide/target/debug/deps/libsha1_smol-d9629f989c4aa857.rlib" "/opt/rustwide/target/debug/deps/liblibc-1c44c26a4c16f4d2.rlib" "/opt/rustwide/target/debug/deps/libwalkdir-f48fd0e5425183a1.rlib" "/opt/rustwide/target/debug/deps/libsame_file-fab28c3c81b2d2fa.rlib" "/opt/rustwide/target/debug/deps/libbstr-2e16e664327b6a65.rlib" "/opt/rustwide/target/debug/deps/libonce_cell-7d2ec3fb6b6c5a4d.rlib" "/opt/rustwide/target/debug/deps/libregex_automata-8545b5a4710e3773.rlib" "/opt/rustwide/target/debug/deps/libmemchr-b18e4aa3c7a38625.rlib" "/opt/rustwide/rustup-home/toolchains/1.69.0-x86_64-unknown-linux-gnu/lib/rustlib/x86_64-unknown-linux-gnu/lib/libstd-89bc084783fdc439.rlib" "/opt/rustwide/rustup-home/toolchains/1.69.0-x86_64-unknown-linux-gnu/lib/rustlib/x86_64-unknown-linux-gnu/lib/libpanic_unwind-8bee4b287d4367c1.rlib" "/opt/rustwide/rustup-home/toolchains/1.69.0-x86_64-unknown-linux-gnu/lib/rustlib/x86_64-unknown-linux-gnu/lib/libobject-d61707aed80694c0.rlib" "/opt/rustwide/rustup-home/toolchains/1.69.0-x86_64-unknown-linux-gnu/lib/rustlib/x86_64-unknown-linux-gnu/lib/libmemchr-d85366256f22345b.rlib" "/opt/rustwide/rustup-home/toolchains/1.69.0-x86_64-unknown-linux-gnu/lib/rustlib/x86_64-unknown-linux-gnu/lib/libaddr2line-96069b86b8a8cae9.rlib" "/opt/rustwide/rustup-home/toolchains/1.69.0-x86_64-unknown-linux-gnu/lib/rustlib/x86_64-unknown-linux-gnu/lib/libgimli-d19d53abf68dfa6c.rlib" "/opt/rustwide/rustup-home/toolchains/1.69.0-x86_64-unknown-linux-gnu/lib/rustlib/x86_64-unknown-linux-gnu/lib/librustc_demangle-787cbccd19d64ac6.rlib" "/opt/rustwide/rustup-home/toolchains/1.69.0-x86_64-unknown-linux-gnu/lib/rustlib/x86_64-unknown-linux-gnu/lib/libstd_detect-b3837a36b830e0d0.rlib" "/opt/rustwide/rustup-home/toolchains/1.69.0-x86_64-unknown-linux-gnu/lib/rustlib/x86_64-unknown-linux-gnu/lib/libhashbrown-e3deb0e7e3f04966.rlib" "/opt/rustwide/rustup-home/toolchains/1.69.0-x86_64-unknown-linux-gnu/lib/rustlib/x86_64-unknown-linux-gnu/lib/libminiz_oxide-dabbb79c9815def4.rlib" "/opt/rustwide/rustup-home/toolchains/1.69.0-x86_64-unknown-linux-gnu/lib/rustlib/x86_64-unknown-linux-gnu/lib/libadler-305b01f34c9409f2.rlib" "/opt/rustwide/rustup-home/toolchains/1.69.0-x86_64-unknown-linux-gnu/lib/rustlib/x86_64-unknown-linux-gnu/lib/librustc_std_workspace_alloc-f833521df6074e73.rlib" "/opt/rustwide/rustup-home/toolchains/1.69.0-x86_64-unknown-linux-gnu/lib/rustlib/x86_64-unknown-linux-gnu/lib/libunwind-9ac333113350d171.rlib" "/opt/rustwide/rustup-home/toolchains/1.69.0-x86_64-unknown-linux-gnu/lib/rustlib/x86_64-unknown-linux-gnu/lib/libcfg_if-1c126114322d0eee.rlib" "/opt/rustwide/rustup-home/toolchains/1.69.0-x86_64-unknown-linux-gnu/lib/rustlib/x86_64-unknown-linux-gnu/lib/liblibc-bad9164fdeeecf92.rlib" "/opt/rustwide/rustup-home/toolchains/1.69.0-x86_64-unknown-linux-gnu/lib/rustlib/x86_64-unknown-linux-gnu/lib/liballoc-f9374b1e480fa681.rlib" "/opt/rustwide/rustup-home/toolchains/1.69.0-x86_64-unknown-linux-gnu/lib/rustlib/x86_64-unknown-linux-gnu/lib/librustc_std_workspace_core-207f06e41d9603af.rlib" "/opt/rustwide/rustup-home/toolchains/1.69.0-x86_64-unknown-linux-gnu/lib/rustlib/x86_64-unknown-linux-gnu/lib/libcore-7e2768e66e984e85.rlib" "/opt/rustwide/rustup-home/toolchains/1.69.0-x86_64-unknown-linux-gnu/lib/rustlib/x86_64-unknown-linux-gnu/lib/libcompiler_builtins-957b4aff41f8cd46.rlib" "-Wl,-Bdynamic" "-lgcc_s" "-lutil" "-lrt" "-lpthread" "-lm" "-ldl" "-lc" "-Wl,--eh-frame-hdr" "-Wl,-z,noexecstack" "-L" "/opt/rustwide/rustup-home/toolchains/1.69.0-x86_64-unknown-linux-gnu/lib/rustlib/x86_64-unknown-linux-gnu/lib" "-o" "/tmp/rustdoctest41aA9T/rust_out" "-Wl,--gc-sections" "-pie" "-Wl,-z,relro,-z,now" "-nodefaultlibs"
[INFO] [stdout]   = note: collect2: fatal error: ld terminated with signal 9 [Killed]
[INFO] [stdout]           compilation terminated.
[INFO] [stdout]           
[INFO] [stdout] 
[INFO] [stdout] error: aborting due to previous error
[INFO] [stdout] 
[INFO] [stdout] Couldn't compile the test.
[INFO] [stdout] ---- src/file/access/mutate.rs - file::access::mutate::File<'event>::new_section (line 130) stdout ----
[INFO] [stdout] error: linking with `cc` failed: exit status: 1
[INFO] [stdout]   |
[INFO] [stdout]   = note: LC_ALL="C" PATH="/opt/rustwide/rustup-home/toolchains/1.69.0-x86_64-unknown-linux-gnu/lib/rustlib/x86_64-unknown-linux-gnu/bin:/opt/rustwide/cargo-home/bin:/usr/local/sbin:/usr/local/bin:/usr/sbin:/usr/bin:/sbin:/bin" VSLANG="1033" "cc" "-m64" "/tmp/rustc2BCyvX/symbols.o" "/tmp/rustdoctestwYF90m/rust_out.rust_out.5bfee551-cgu.0.rcgu.o" "/tmp/rustdoctestwYF90m/rust_out.j00p4ncf7xg64kg.rcgu.o" "-Wl,--as-needed" "-L" "/opt/rustwide/target/debug/deps" "-L" "/opt/rustwide/target/debug/deps" "-L" "/opt/rustwide/rustup-home/toolchains/1.69.0-x86_64-unknown-linux-gnu/lib/rustlib/x86_64-unknown-linux-gnu/lib" "-Wl,-Bstatic" "/opt/rustwide/target/debug/deps/libgix_config-655c54762decd542.rlib" "/opt/rustwide/target/debug/deps/libunicode_bom-0be28c5b12489422.rlib" "/opt/rustwide/target/debug/deps/libgix_glob-a3367064ae541e6d.rlib" "/opt/rustwide/target/debug/deps/libgix_sec-bfb90b975e0aadc5.rlib" "/opt/rustwide/target/debug/deps/liblog-b7002f1ab15c8d8b.rlib" "/opt/rustwide/target/debug/deps/libgix_config_value-172951f2722926d4.rlib" "/opt/rustwide/target/debug/deps/libbitflags-91cd4accf44ddcad.rlib" "/opt/rustwide/target/debug/deps/libgix_ref-74ed1cc78882dd45.rlib" "/opt/rustwide/target/debug/deps/libgix_lock-dba75234c79997ac.rlib" "/opt/rustwide/target/debug/deps/libgix_utils-54fb8a7c90f6479d.rlib" "/opt/rustwide/target/debug/deps/libgix_tempfile-15b524897367958d.rlib" "/opt/rustwide/target/debug/deps/libtempfile-aae6854e04c6e2dc.rlib" "/opt/rustwide/target/debug/deps/libfastrand-36b5f93a51c81f9b.rlib" "/opt/rustwide/target/debug/deps/librustix-a7b2b8ec2ac67b7d.rlib" "/opt/rustwide/target/debug/deps/libio_lifetimes-b81c2f4baa56ead1.rlib" "/opt/rustwide/target/debug/deps/libbitflags-82cc2d155c6eb112.rlib" "/opt/rustwide/target/debug/deps/liblinux_raw_sys-8cc4f4b00c14099c.rlib" "/opt/rustwide/target/debug/deps/libgix_fs-8ba218e3f4c1b087.rlib" "/opt/rustwide/target/debug/deps/libparking_lot-f3dbba07d17046f7.rlib" "/opt/rustwide/target/debug/deps/libparking_lot_core-edf8f34b1c0c3ca5.rlib" "/opt/rustwide/target/debug/deps/libcfg_if-e5e118dd7d121aaa.rlib" "/opt/rustwide/target/debug/deps/liblock_api-68f9f4627da435ce.rlib" "/opt/rustwide/target/debug/deps/libscopeguard-f471875f675163b5.rlib" "/opt/rustwide/target/debug/deps/libgix_path-7d49f5086eaa22b2.rlib" "/opt/rustwide/target/debug/deps/libhome-5acb896787b2dd5e.rlib" "/opt/rustwide/target/debug/deps/libmemmap2-76dbc97e77cc2a60.rlib" "/opt/rustwide/target/debug/deps/libgix_object-0da30d96cff17948.rlib" "/opt/rustwide/target/debug/deps/libgix_validate-c02fa9cd039feca5.rlib" "/opt/rustwide/target/debug/deps/libgix_actor-a51775738edb0fbb.rlib" "/opt/rustwide/target/debug/deps/libbtoi-03dadf3457b8f0d3.rlib" "/opt/rustwide/target/debug/deps/libnum_traits-3b93294800e9dc5d.rlib" "/opt/rustwide/target/debug/deps/libgix_date-22f42ca0ea9c79b2.rlib" "/opt/rustwide/target/debug/deps/libtime-06c1619f62888936.rlib" "/opt/rustwide/target/debug/deps/libnum_threads-509066beeb1109ec.rlib" "/opt/rustwide/target/debug/deps/libitoa-12e0c769e046c1b6.rlib" "/opt/rustwide/target/debug/deps/libtime_core-4a74880e8761e797.rlib" "/opt/rustwide/target/debug/deps/libnom-d213d90ad3fe6797.rlib" "/opt/rustwide/target/debug/deps/libsmallvec-87fd14276a7cdd45.rlib" "/opt/rustwide/target/debug/deps/libgix_features-bd3064d0b9c7adb4.rlib" "/opt/rustwide/target/debug/deps/libgix_hash-69e2de3753e9d344.rlib" "/opt/rustwide/target/debug/deps/libthiserror-e4ca7c641acd4c0d.rlib" "/opt/rustwide/target/debug/deps/libhex-ad79348a67e835f3.rlib" "/opt/rustwide/target/debug/deps/libsha1_smol-d9629f989c4aa857.rlib" "/opt/rustwide/target/debug/deps/liblibc-1c44c26a4c16f4d2.rlib" "/opt/rustwide/target/debug/deps/libwalkdir-f48fd0e5425183a1.rlib" "/opt/rustwide/target/debug/deps/libsame_file-fab28c3c81b2d2fa.rlib" "/opt/rustwide/target/debug/deps/libbstr-2e16e664327b6a65.rlib" "/opt/rustwide/target/debug/deps/libonce_cell-7d2ec3fb6b6c5a4d.rlib" "/opt/rustwide/target/debug/deps/libregex_automata-8545b5a4710e3773.rlib" "/opt/rustwide/target/debug/deps/libmemchr-b18e4aa3c7a38625.rlib" "/opt/rustwide/rustup-home/toolchains/1.69.0-x86_64-unknown-linux-gnu/lib/rustlib/x86_64-unknown-linux-gnu/lib/libstd-89bc084783fdc439.rlib" "/opt/rustwide/rustup-home/toolchains/1.69.0-x86_64-unknown-linux-gnu/lib/rustlib/x86_64-unknown-linux-gnu/lib/libpanic_unwind-8bee4b287d4367c1.rlib" "/opt/rustwide/rustup-home/toolchains/1.69.0-x86_64-unknown-linux-gnu/lib/rustlib/x86_64-unknown-linux-gnu/lib/libobject-d61707aed80694c0.rlib" "/opt/rustwide/rustup-home/toolchains/1.69.0-x86_64-unknown-linux-gnu/lib/rustlib/x86_64-unknown-linux-gnu/lib/libmemchr-d85366256f22345b.rlib" "/opt/rustwide/rustup-home/toolchains/1.69.0-x86_64-unknown-linux-gnu/lib/rustlib/x86_64-unknown-linux-gnu/lib/libaddr2line-96069b86b8a8cae9.rlib" "/opt/rustwide/rustup-home/toolchains/1.69.0-x86_64-unknown-linux-gnu/lib/rustlib/x86_64-unknown-linux-gnu/lib/libgimli-d19d53abf68dfa6c.rlib" "/opt/rustwide/rustup-home/toolchains/1.69.0-x86_64-unknown-linux-gnu/lib/rustlib/x86_64-unknown-linux-gnu/lib/librustc_demangle-787cbccd19d64ac6.rlib" "/opt/rustwide/rustup-home/toolchains/1.69.0-x86_64-unknown-linux-gnu/lib/rustlib/x86_64-unknown-linux-gnu/lib/libstd_detect-b3837a36b830e0d0.rlib" "/opt/rustwide/rustup-home/toolchains/1.69.0-x86_64-unknown-linux-gnu/lib/rustlib/x86_64-unknown-linux-gnu/lib/libhashbrown-e3deb0e7e3f04966.rlib" "/opt/rustwide/rustup-home/toolchains/1.69.0-x86_64-unknown-linux-gnu/lib/rustlib/x86_64-unknown-linux-gnu/lib/libminiz_oxide-dabbb79c9815def4.rlib" "/opt/rustwide/rustup-home/toolchains/1.69.0-x86_64-unknown-linux-gnu/lib/rustlib/x86_64-unknown-linux-gnu/lib/libadler-305b01f34c9409f2.rlib" "/opt/rustwide/rustup-home/toolchains/1.69.0-x86_64-unknown-linux-gnu/lib/rustlib/x86_64-unknown-linux-gnu/lib/librustc_std_workspace_alloc-f833521df6074e73.rlib" "/opt/rustwide/rustup-home/toolchains/1.69.0-x86_64-unknown-linux-gnu/lib/rustlib/x86_64-unknown-linux-gnu/lib/libunwind-9ac333113350d171.rlib" "/opt/rustwide/rustup-home/toolchains/1.69.0-x86_64-unknown-linux-gnu/lib/rustlib/x86_64-unknown-linux-gnu/lib/libcfg_if-1c126114322d0eee.rlib" "/opt/rustwide/rustup-home/toolchains/1.69.0-x86_64-unknown-linux-gnu/lib/rustlib/x86_64-unknown-linux-gnu/lib/liblibc-bad9164fdeeecf92.rlib" "/opt/rustwide/rustup-home/toolchains/1.69.0-x86_64-unknown-linux-gnu/lib/rustlib/x86_64-unknown-linux-gnu/lib/liballoc-f9374b1e480fa681.rlib" "/opt/rustwide/rustup-home/toolchains/1.69.0-x86_64-unknown-linux-gnu/lib/rustlib/x86_64-unknown-linux-gnu/lib/librustc_std_workspace_core-207f06e41d9603af.rlib" "/opt/rustwide/rustup-home/toolchains/1.69.0-x86_64-unknown-linux-gnu/lib/rustlib/x86_64-unknown-linux-gnu/lib/libcore-7e2768e66e984e85.rlib" "/opt/rustwide/rustup-home/toolchains/1.69.0-x86_64-unknown-linux-gnu/lib/rustlib/x86_64-unknown-linux-gnu/lib/libcompiler_builtins-957b4aff41f8cd46.rlib" "-Wl,-Bdynamic" "-lgcc_s" "-lutil" "-lrt" "-lpthread" "-lm" "-ldl" "-lc" "-Wl,--eh-frame-hdr" "-Wl,-z,noexecstack" "-L" "/opt/rustwide/rustup-home/toolchains/1.69.0-x86_64-unknown-linux-gnu/lib/rustlib/x86_64-unknown-linux-gnu/lib" "-o" "/tmp/rustdoctestwYF90m/rust_out" "-Wl,--gc-sections" "-pie" "-Wl,-z,relro,-z,now" "-nodefaultlibs"
[INFO] [stdout]   = note: collect2: fatal error: ld terminated with signal 9 [Killed]
[INFO] [stdout]           compilation terminated.
[INFO] [stdout]           
[INFO] [stdout] 
[INFO] [stdout] error: aborting due to previous error
[INFO] [stdout] 
[INFO] [stdout] Couldn't compile the test.
[INFO] [stdout] 
[INFO] [stdout] failures:
[INFO] [stdout]     src/file/access/mutate.rs - file::access::mutate::File<'event>::new_section (line 130)
[INFO] [stdout]     src/file/access/mutate.rs - file::access::mutate::File<'event>::new_section (line 143)
[INFO] [stdout]     src/file/access/mutate.rs - file::access::mutate::File<'event>::remove_section (line 178)
[INFO] [stdout]     src/file/access/mutate.rs - file::access::mutate::File<'event>::remove_section (line 193)
[INFO] [stdout]     src/file/access/raw.rs - file::access::raw::File<'event>::raw_values_mut (line 229)
[INFO] [stdout]     src/file/access/raw.rs - file::access::raw::File<'event>::set_existing_raw_multi_value (line 487)
[INFO] [stdout]     src/file/access/read_only.rs - file::access::read_only::File<'event>::sections_by_name (line 200)
[INFO] [stdout]     src/file/access/read_only.rs - file::access::read_only::File<'event>::value (line 35)
[INFO] [stdout]     src/parse/events.rs - parse::events_type::Events (line 124)
[INFO] [stdout]     src/parse/events.rs - parse::events_type::Events (line 87)
[INFO] [stdout]     src/types.rs - types::File (line 88)
[INFO] [stdout]     src/value/normalize.rs - value::normalize::normalize (line 41)
[INFO] [stdout] 
[INFO] [stdout] test result: FAILED. 10 passed; 12 failed; 0 ignored; 0 measured; 0 filtered out; finished in 6.97s
[INFO] [stdout] 
[INFO] [stderr] error: doctest failed, to rerun pass `--doc`
[INFO] running `Command { std: "docker" "inspect" "794f9d95c6ab1a2f8ac9b111518652d7bbcadc895ba43593f4a1b00d01761912", kill_on_drop: false }`
[INFO] running `Command { std: "docker" "rm" "-f" "794f9d95c6ab1a2f8ac9b111518652d7bbcadc895ba43593f4a1b00d01761912", kill_on_drop: false }`
[INFO] [stdout] 794f9d95c6ab1a2f8ac9b111518652d7bbcadc895ba43593f4a1b00d01761912
