[INFO] fetching crate github-api 0.4.3...
[INFO] testing github-api-0.4.3 against 1.69.0 for beta-1.70-1
[INFO] extracting crate github-api 0.4.3 into /workspace/builds/worker-7-tc1/source
[INFO] validating manifest of crates.io crate github-api 0.4.3 on toolchain 1.69.0
[INFO] running `Command { std: CARGO_HOME="/workspace/cargo-home" RUSTUP_HOME="/workspace/rustup-home" "/workspace/cargo-home/bin/cargo" "+1.69.0" "metadata" "--manifest-path" "Cargo.toml" "--no-deps", kill_on_drop: false }`
[INFO] started tweaking crates.io crate github-api 0.4.3
[INFO] finished tweaking crates.io crate github-api 0.4.3
[INFO] tweaked toml for crates.io crate github-api 0.4.3 written to /workspace/builds/worker-7-tc1/source/Cargo.toml
[INFO] running `Command { std: CARGO_HOME="/workspace/cargo-home" RUSTUP_HOME="/workspace/rustup-home" __CARGO_TEST_CHANNEL_OVERRIDE_DO_NOT_USE_THIS="nightly" "/workspace/cargo-home/bin/cargo" "+1.69.0" "generate-lockfile" "--manifest-path" "Cargo.toml" "-Zno-index-update", kill_on_drop: false }`
[INFO] running `Command { std: CARGO_HOME="/workspace/cargo-home" RUSTUP_HOME="/workspace/rustup-home" "/workspace/cargo-home/bin/cargo" "+1.69.0" "fetch" "--manifest-path" "Cargo.toml", kill_on_drop: false }`
[INFO] [stderr]  Downloading crates ...
[INFO] [stderr]   Downloaded burgundy v0.3.3
[INFO] running `Command { std: "docker" "create" "-v" "/var/lib/crater-agent-workspace/builds/worker-7-tc1/target:/opt/rustwide/target:rw,Z" "-v" "/var/lib/crater-agent-workspace/builds/worker-7-tc1/source:/opt/rustwide/workdir:ro,Z" "-v" "/var/lib/crater-agent-workspace/cargo-home:/opt/rustwide/cargo-home:ro,Z" "-v" "/var/lib/crater-agent-workspace/rustup-home:/opt/rustwide/rustup-home:ro,Z" "-e" "SOURCE_DIR=/opt/rustwide/workdir" "-e" "CARGO_TARGET_DIR=/opt/rustwide/target" "-e" "CARGO_HOME=/opt/rustwide/cargo-home" "-e" "RUSTUP_HOME=/opt/rustwide/rustup-home" "-w" "/opt/rustwide/workdir" "-m" "1610612736" "--user" "0:0" "--network" "none" "ghcr.io/rust-lang/crates-build-env/linux@sha256:5ff2268d62e97bff2cde7d5815dd6ed5b47097566f13b8d0ca110b04b60e07ed" "/opt/rustwide/cargo-home/bin/cargo" "+1.69.0" "metadata" "--no-deps" "--format-version=1", kill_on_drop: false }`
[INFO] [stdout] fccadbe206f5160eeb28e43fb4ada336b42f0eecbbeaf2219b83fc83862f52b8
[INFO] running `Command { std: "docker" "start" "-a" "fccadbe206f5160eeb28e43fb4ada336b42f0eecbbeaf2219b83fc83862f52b8", kill_on_drop: false }`
[INFO] running `Command { std: "docker" "inspect" "fccadbe206f5160eeb28e43fb4ada336b42f0eecbbeaf2219b83fc83862f52b8", kill_on_drop: false }`
[INFO] running `Command { std: "docker" "rm" "-f" "fccadbe206f5160eeb28e43fb4ada336b42f0eecbbeaf2219b83fc83862f52b8", kill_on_drop: false }`
[INFO] [stdout] fccadbe206f5160eeb28e43fb4ada336b42f0eecbbeaf2219b83fc83862f52b8
[INFO] running `Command { std: "docker" "create" "-v" "/var/lib/crater-agent-workspace/builds/worker-7-tc1/target:/opt/rustwide/target:rw,Z" "-v" "/var/lib/crater-agent-workspace/builds/worker-7-tc1/source:/opt/rustwide/workdir:ro,Z" "-v" "/var/lib/crater-agent-workspace/cargo-home:/opt/rustwide/cargo-home:ro,Z" "-v" "/var/lib/crater-agent-workspace/rustup-home:/opt/rustwide/rustup-home:ro,Z" "-e" "SOURCE_DIR=/opt/rustwide/workdir" "-e" "CARGO_TARGET_DIR=/opt/rustwide/target" "-e" "CARGO_INCREMENTAL=0" "-e" "RUST_BACKTRACE=full" "-e" "RUSTFLAGS=--cap-lints=warn" "-e" "RUSTDOCFLAGS=--cap-lints=warn" "-e" "CARGO_HOME=/opt/rustwide/cargo-home" "-e" "RUSTUP_HOME=/opt/rustwide/rustup-home" "-w" "/opt/rustwide/workdir" "-m" "1610612736" "--user" "0:0" "--network" "none" "ghcr.io/rust-lang/crates-build-env/linux@sha256:5ff2268d62e97bff2cde7d5815dd6ed5b47097566f13b8d0ca110b04b60e07ed" "/opt/rustwide/cargo-home/bin/cargo" "+1.69.0" "build" "--frozen" "--message-format=json", kill_on_drop: false }`
[INFO] [stdout] 008d9e6a64bbb4acbe0c1d42ba2dabff08f136273d33b3a1be401939518823a2
[INFO] running `Command { std: "docker" "start" "-a" "008d9e6a64bbb4acbe0c1d42ba2dabff08f136273d33b3a1be401939518823a2", kill_on_drop: false }`
[INFO] [stderr]    Compiling libc v0.2.142
[INFO] [stderr]    Compiling futures v0.1.31
[INFO] [stderr]    Compiling maybe-uninit v2.0.0
[INFO] [stderr]    Compiling semver-parser v0.7.0
[INFO] [stderr]    Compiling either v1.8.1
[INFO] [stderr]    Compiling crossbeam-utils v0.7.2
[INFO] [stderr]    Compiling memoffset v0.5.6
[INFO] [stderr]    Compiling crossbeam-epoch v0.8.2
[INFO] [stderr]    Compiling lock_api v0.3.4
[INFO] [stderr]    Compiling memchr v2.5.0
[INFO] [stderr]    Compiling syn v1.0.109
[INFO] [stderr]    Compiling backtrace v0.3.67
[INFO] [stderr]    Compiling matches v0.1.10
[INFO] [stderr]    Compiling unicode-xid v0.2.4
[INFO] [stderr]    Compiling gimli v0.27.2
[INFO] [stderr]    Compiling failure_derive v0.1.8
[INFO] [stderr]    Compiling idna v0.1.5
[INFO] [stderr]    Compiling miniz_oxide v0.6.2
[INFO] [stderr]    Compiling percent-encoding v1.0.1
[INFO] [stderr]    Compiling semver v0.9.0
[INFO] [stderr]    Compiling rustc-demangle v0.1.23
[INFO] [stderr]    Compiling dtoa v0.4.8
[INFO] [stderr]    Compiling rustc_version v0.2.3
[INFO] [stderr]    Compiling serde_json v1.0.96
[INFO] [stderr]    Compiling safemem v0.3.3
[INFO] [stderr]    Compiling serde_derive v1.0.160
[INFO] [stderr]    Compiling base64 v0.9.3
[INFO] [stderr]    Compiling smallvec v0.6.14
[INFO] [stderr]    Compiling parking_lot_core v0.6.3
[INFO] [stderr]    Compiling parking_lot v0.9.0
[INFO] [stderr]    Compiling hyper v0.12.36
[INFO] [stderr]    Compiling object v0.30.3
[INFO] [stderr]    Compiling url v1.7.2
[INFO] [stderr]    Compiling tokio-sync v0.1.8
[INFO] [stderr]    Compiling want v0.2.0
[INFO] [stderr]    Compiling tokio-executor v0.1.10
[INFO] [stderr]    Compiling crossbeam-queue v0.2.3
[INFO] [stderr]    Compiling tokio-current-thread v0.1.7
[INFO] [stderr]    Compiling tokio-timer v0.2.13
[INFO] [stderr]    Compiling crossbeam-deque v0.7.4
[INFO] [stderr]    Compiling serde_urlencoded v0.5.5
[INFO] [stderr]    Compiling iovec v0.1.4
[INFO] [stderr]    Compiling num_cpus v1.15.0
[INFO] [stderr]    Compiling net2 v0.2.38
[INFO] [stderr]    Compiling openssl-sys v0.9.87
[INFO] [stderr]    Compiling tokio-threadpool v0.1.18
[INFO] [stderr]    Compiling bytes v0.4.12
[INFO] [stderr]    Compiling futures-cpupool v0.1.8
[INFO] [stderr]    Compiling time v0.1.45
[INFO] [stderr]    Compiling mio v0.6.23
[INFO] [stderr]    Compiling tokio-io v0.1.13
[INFO] [stderr]    Compiling http v0.1.21
[INFO] [stderr]    Compiling string v0.2.1
[INFO] [stderr]    Compiling tokio-buf v0.1.1
[INFO] [stderr]    Compiling addr2line v0.19.0
[INFO] [stderr]    Compiling synstructure v0.12.6
[INFO] [stderr]    Compiling tokio-reactor v0.1.12
[INFO] [stderr]    Compiling tokio-codec v0.1.2
[INFO] [stderr]    Compiling mio-uds v0.6.8
[INFO] [stderr]    Compiling tokio-fs v0.1.7
[INFO] [stderr]    Compiling tokio-tcp v0.1.4
[INFO] [stderr]    Compiling tokio-uds v0.2.7
[INFO] [stderr]    Compiling tokio-udp v0.1.6
[INFO] [stderr]    Compiling openssl v0.10.52
[INFO] [stderr]    Compiling tokio v0.1.22
[INFO] [stderr]    Compiling failure v0.1.8
[INFO] [stderr]    Compiling h2 v0.1.26
[INFO] [stderr]    Compiling http-body v0.1.0
[INFO] [stderr]    Compiling native-tls v0.2.11
[INFO] [stderr]    Compiling hyper-tls v0.3.2
[INFO] [stderr]    Compiling burgundy v0.3.3
[INFO] [stderr]    Compiling github-api v0.4.3 (/opt/rustwide/workdir)
[INFO] [stdout] error: expected identifier, found keyword `extern`
[INFO] [stdout]   --> src/lib.rs:10:5
[INFO] [stdout]    |
[INFO] [stdout] 10 | use extern::burgundy;
[INFO] [stdout]    |     ^^^^^^ expected identifier, found keyword
[INFO] [stdout]    |
[INFO] [stdout] help: escape `extern` to use it as an identifier
[INFO] [stdout]    |
[INFO] [stdout] 10 | use r#extern::burgundy;
[INFO] [stdout]    |     ++
[INFO] [stdout] 
[INFO] [stdout] 
[INFO] [stdout] error: expected identifier, found keyword `extern`
[INFO] [stdout]   --> src/lib.rs:11:9
[INFO] [stdout]    |
[INFO] [stdout] 11 | pub use extern::burgundy::Error;
[INFO] [stdout]    |         ^^^^^^ expected identifier, found keyword
[INFO] [stdout]    |
[INFO] [stdout] help: escape `extern` to use it as an identifier
[INFO] [stdout]    |
[INFO] [stdout] 11 | pub use r#extern::burgundy::Error;
[INFO] [stdout]    |         ++
[INFO] [stdout] 
[INFO] [stdout] 
[INFO] [stdout] error: expected identifier, found keyword `extern`
[INFO] [stdout]   --> src/lib.rs:12:9
[INFO] [stdout]    |
[INFO] [stdout] 12 | pub use extern::burgundy::Result;
[INFO] [stdout]    |         ^^^^^^ expected identifier, found keyword
[INFO] [stdout]    |
[INFO] [stdout] help: escape `extern` to use it as an identifier
[INFO] [stdout]    |
[INFO] [stdout] 12 | pub use r#extern::burgundy::Result;
[INFO] [stdout]    |         ++
[INFO] [stdout] 
[INFO] [stdout] 
[INFO] [stdout] error[E0557]: feature has been removed
[INFO] [stdout]  --> src/lib.rs:1:12
[INFO] [stdout]   |
[INFO] [stdout] 1 | #![feature(crate_visibility_modifier)]
[INFO] [stdout]   |            ^^^^^^^^^^^^^^^^^^^^^^^^^ feature has been removed
[INFO] [stdout]   |
[INFO] [stdout]   = note: removed in favor of `pub(crate)`
[INFO] [stdout] 
[INFO] [stdout] 
[INFO] [stdout] error[E0557]: feature has been removed
[INFO] [stdout]  --> src/lib.rs:2:12
[INFO] [stdout]   |
[INFO] [stdout] 2 | #![feature(extern_in_paths)]
[INFO] [stdout]   |            ^^^^^^^^^^^^^^^ feature has been removed
[INFO] [stdout]   |
[INFO] [stdout]   = note: subsumed by `::foo::bar` paths
[INFO] [stdout] 
[INFO] [stdout] 
[INFO] [stdout] error: expected identifier, found keyword `extern`
[INFO] [stdout]  --> src/get.rs:1:5
[INFO] [stdout]   |
[INFO] [stdout] 1 | use extern::burgundy;
[INFO] [stdout]   |     ^^^^^^ expected identifier, found keyword
[INFO] [stdout]   |
[INFO] [stdout] help: escape `extern` to use it as an identifier
[INFO] [stdout]   |
[INFO] [stdout] 1 | use r#extern::burgundy;
[INFO] [stdout]   |     ++
[INFO] [stdout] 
[INFO] [stdout] 
[INFO] [stdout] error: expected identifier, found keyword `crate`
[INFO] [stdout]  --> src/get.rs:7:5
[INFO] [stdout]   |
[INFO] [stdout] 6 | pub struct GithubGet {
[INFO] [stdout]   |            --------- while parsing this struct
[INFO] [stdout] 7 |     crate path: burgundy::Path,
[INFO] [stdout]   |     ^^^^^ expected identifier, found keyword
[INFO] [stdout] 
[INFO] [stdout] 
[INFO] [stdout] error: expected identifier, found keyword `extern`
[INFO] [stdout]  --> src/get/orgs.rs:1:5
[INFO] [stdout]   |
[INFO] [stdout] 1 | use extern::burgundy;
[INFO] [stdout]   |     ^^^^^^ expected identifier, found keyword
[INFO] [stdout]   |
[INFO] [stdout] help: escape `extern` to use it as an identifier
[INFO] [stdout]   |
[INFO] [stdout] 1 | use r#extern::burgundy;
[INFO] [stdout]   |     ++
[INFO] [stdout] 
[INFO] [stdout] 
[INFO] [stdout] error: expected identifier, found keyword `crate`
[INFO] [stdout]  --> src/get/orgs.rs:6:5
[INFO] [stdout]   |
[INFO] [stdout] 5 | pub struct GithubGetOrgs {
[INFO] [stdout]   |            ------------- while parsing this struct
[INFO] [stdout] 6 |     crate path: burgundy::Path,
[INFO] [stdout]   |     ^^^^^ expected identifier, found keyword
[INFO] [stdout] 
[INFO] [stdout] 
[INFO] [stdout] error: expected identifier, found keyword `extern`
[INFO] [stdout]  --> src/get/orgs/owner.rs:1:5
[INFO] [stdout]   |
[INFO] [stdout] 1 | use extern::burgundy;
[INFO] [stdout]   |     ^^^^^^ expected identifier, found keyword
[INFO] [stdout]   |
[INFO] [stdout] help: escape `extern` to use it as an identifier
[INFO] [stdout]   |
[INFO] [stdout] 1 | use r#extern::burgundy;
[INFO] [stdout]   |     ++
[INFO] [stdout] 
[INFO] [stdout] 
[INFO] [stdout] error: expected identifier, found keyword `crate`
[INFO] [stdout]  --> src/get/orgs/owner.rs:6:5
[INFO] [stdout]   |
[INFO] [stdout] 5 | pub struct GithubGetOrgsOwner {
[INFO] [stdout]   |            ------------------ while parsing this struct
[INFO] [stdout] 6 |     crate path: burgundy::Path,
[INFO] [stdout]   |     ^^^^^ expected identifier, found keyword
[INFO] [stdout] 
[INFO] [stdout] 
[INFO] [stdout] error: expected identifier, found keyword `extern`
[INFO] [stdout]  --> src/get/orgs/owner/repos.rs:1:5
[INFO] [stdout]   |
[INFO] [stdout] 1 | use extern::burgundy;
[INFO] [stdout]   |     ^^^^^^ expected identifier, found keyword
[INFO] [stdout]   |
[INFO] [stdout] help: escape `extern` to use it as an identifier
[INFO] [stdout]   |
[INFO] [stdout] 1 | use r#extern::burgundy;
[INFO] [stdout]   |     ++
[INFO] [stdout] 
[INFO] [stdout] 
[INFO] [stdout] error: expected identifier, found keyword `crate`
[INFO] [stdout]  --> src/get/orgs/owner/repos.rs:8:5
[INFO] [stdout]   |
[INFO] [stdout] 7 | pub struct GithubGetOrgsOwnerRepos {
[INFO] [stdout]   |            ----------------------- while parsing this struct
[INFO] [stdout] 8 |     crate path: burgundy::Path,
[INFO] [stdout]   |     ^^^^^ expected identifier, found keyword
[INFO] [stdout] 
[INFO] [stdout] 
[INFO] [stdout] error: expected identifier, found keyword `extern`
[INFO] [stdout]  --> src/get/repos.rs:1:5
[INFO] [stdout]   |
[INFO] [stdout] 1 | use extern::burgundy;
[INFO] [stdout]   |     ^^^^^^ expected identifier, found keyword
[INFO] [stdout]   |
[INFO] [stdout] help: escape `extern` to use it as an identifier
[INFO] [stdout]   |
[INFO] [stdout] 1 | use r#extern::burgundy;
[INFO] [stdout]   |     ++
[INFO] [stdout] 
[INFO] [stdout] 
[INFO] [stdout] error: expected identifier, found keyword `crate`
[INFO] [stdout]  --> src/get/repos.rs:6:5
[INFO] [stdout]   |
[INFO] [stdout] 5 | pub struct GithubGetRepos {
[INFO] [stdout]   |            -------------- while parsing this struct
[INFO] [stdout] 6 |     crate path: burgundy::Path,
[INFO] [stdout]   |     ^^^^^ expected identifier, found keyword
[INFO] [stdout] 
[INFO] [stdout] 
[INFO] [stdout] error: expected identifier, found keyword `extern`
[INFO] [stdout]  --> src/get/repos/owner.rs:1:5
[INFO] [stdout]   |
[INFO] [stdout] 1 | use extern::burgundy;
[INFO] [stdout]   |     ^^^^^^ expected identifier, found keyword
[INFO] [stdout]   |
[INFO] [stdout] help: escape `extern` to use it as an identifier
[INFO] [stdout]   |
[INFO] [stdout] 1 | use r#extern::burgundy;
[INFO] [stdout]   |     ++
[INFO] [stdout] 
[INFO] [stdout] 
[INFO] [stdout] error: expected identifier, found keyword `crate`
[INFO] [stdout]  --> src/get/repos/owner.rs:6:5
[INFO] [stdout]   |
[INFO] [stdout] 5 | pub struct GithubGetReposOwner {
[INFO] [stdout]   |            ------------------- while parsing this struct
[INFO] [stdout] 6 |     crate path: burgundy::Path,
[INFO] [stdout]   |     ^^^^^ expected identifier, found keyword
[INFO] [stdout] 
[INFO] [stdout] 
[INFO] [stdout] error: expected identifier, found keyword `extern`
[INFO] [stdout]  --> src/get/repos/owner/repo.rs:1:5
[INFO] [stdout]   |
[INFO] [stdout] 1 | use extern::burgundy;
[INFO] [stdout]   |     ^^^^^^ expected identifier, found keyword
[INFO] [stdout]   |
[INFO] [stdout] help: escape `extern` to use it as an identifier
[INFO] [stdout]   |
[INFO] [stdout] 1 | use r#extern::burgundy;
[INFO] [stdout]   |     ++
[INFO] [stdout] 
[INFO] [stdout] 
[INFO] [stdout] error: expected identifier, found keyword `crate`
[INFO] [stdout]  --> src/get/repos/owner/repo.rs:8:5
[INFO] [stdout]   |
[INFO] [stdout] 7 | pub struct GithubGetReposOwnerRepo {
[INFO] [stdout]   |            ----------------------- while parsing this struct
[INFO] [stdout] 8 |     crate path: burgundy::Path,
[INFO] [stdout]   |     ^^^^^ expected identifier, found keyword
[INFO] [stdout] 
[INFO] [stdout] 
[INFO] [stdout] error: expected identifier, found keyword `extern`
[INFO] [stdout]  --> src/get/repos/owner/repo/compare.rs:1:5
[INFO] [stdout]   |
[INFO] [stdout] 1 | use extern::burgundy;
[INFO] [stdout]   |     ^^^^^^ expected identifier, found keyword
[INFO] [stdout]   |
[INFO] [stdout] help: escape `extern` to use it as an identifier
[INFO] [stdout]   |
[INFO] [stdout] 1 | use r#extern::burgundy;
[INFO] [stdout]   |     ++
[INFO] [stdout] 
[INFO] [stdout] 
[INFO] [stdout] error: expected identifier, found keyword `crate`
[INFO] [stdout]  --> src/get/repos/owner/repo/compare.rs:6:5
[INFO] [stdout]   |
[INFO] [stdout] 5 | pub struct GithubGetReposOwnerRepoCompare {
[INFO] [stdout]   |            ------------------------------ while parsing this struct
[INFO] [stdout] 6 |     crate path: burgundy::Path,
[INFO] [stdout]   |     ^^^^^ expected identifier, found keyword
[INFO] [stdout] 
[INFO] [stdout] 
[INFO] [stdout] error: expected identifier, found keyword `extern`
[INFO] [stdout]  --> src/get/repos/owner/repo/compare/revision.rs:1:5
[INFO] [stdout]   |
[INFO] [stdout] 1 | use extern::burgundy;
[INFO] [stdout]   |     ^^^^^^ expected identifier, found keyword
[INFO] [stdout]   |
[INFO] [stdout] help: escape `extern` to use it as an identifier
[INFO] [stdout]   |
[INFO] [stdout] 1 | use r#extern::burgundy;
[INFO] [stdout]   |     ++
[INFO] [stdout] 
[INFO] [stdout] 
[INFO] [stdout] error: expected identifier, found keyword `crate`
[INFO] [stdout]  --> src/get/repos/owner/repo/compare/revision.rs:5:5
[INFO] [stdout]   |
[INFO] [stdout] 4 | pub struct GithubGetReposOwnerRepoCompareRevision {
[INFO] [stdout]   |            -------------------------------------- while parsing this struct
[INFO] [stdout] 5 |     crate path: burgundy::Path,
[INFO] [stdout]   |     ^^^^^ expected identifier, found keyword
[INFO] [stdout] 
[INFO] [stdout] 
[INFO] [stdout] error: expected identifier, found keyword `extern`
[INFO] [stdout]  --> src/get/repos/owner/repo/contents.rs:1:5
[INFO] [stdout]   |
[INFO] [stdout] 1 | use extern::burgundy;
[INFO] [stdout]   |     ^^^^^^ expected identifier, found keyword
[INFO] [stdout]   |
[INFO] [stdout] help: escape `extern` to use it as an identifier
[INFO] [stdout]   |
[INFO] [stdout] 1 | use r#extern::burgundy;
[INFO] [stdout]   |     ++
[INFO] [stdout] 
[INFO] [stdout] 
[INFO] [stdout] error: expected identifier, found keyword `crate`
[INFO] [stdout]  --> src/get/repos/owner/repo/contents.rs:6:5
[INFO] [stdout]   |
[INFO] [stdout] 5 | pub struct GithubGetReposOwnerRepoContents {
[INFO] [stdout]   |            ------------------------------- while parsing this struct
[INFO] [stdout] 6 |     crate path: burgundy::Path,
[INFO] [stdout]   |     ^^^^^ expected identifier, found keyword
[INFO] [stdout] 
[INFO] [stdout] 
[INFO] [stdout] error: expected identifier, found keyword `extern`
[INFO] [stdout]  --> src/get/repos/owner/repo/contents/path.rs:1:5
[INFO] [stdout]   |
[INFO] [stdout] 1 | use extern::base64;
[INFO] [stdout]   |     ^^^^^^ expected identifier, found keyword
[INFO] [stdout]   |
[INFO] [stdout] help: escape `extern` to use it as an identifier
[INFO] [stdout]   |
[INFO] [stdout] 1 | use r#extern::base64;
[INFO] [stdout]   |     ++
[INFO] [stdout] 
[INFO] [stdout] 
[INFO] [stdout] error: expected identifier, found keyword `extern`
[INFO] [stdout]  --> src/get/repos/owner/repo/contents/path.rs:2:5
[INFO] [stdout]   |
[INFO] [stdout] 2 | use extern::burgundy;
[INFO] [stdout]   |     ^^^^^^ expected identifier, found keyword
[INFO] [stdout]   |
[INFO] [stdout] help: escape `extern` to use it as an identifier
[INFO] [stdout]   |
[INFO] [stdout] 2 | use r#extern::burgundy;
[INFO] [stdout]   |     ++
[INFO] [stdout] 
[INFO] [stdout] 
[INFO] [stdout] error: expected identifier, found keyword `crate`
[INFO] [stdout]   --> src/get/repos/owner/repo/contents/path.rs:16:5
[INFO] [stdout]    |
[INFO] [stdout] 15 | pub struct GithubGetReposOwnerRepoContentsPath {
[INFO] [stdout]    |            ----------------------------------- while parsing this struct
[INFO] [stdout] 16 |     crate path: burgundy::Path,
[INFO] [stdout]    |     ^^^^^ expected identifier, found keyword
[INFO] [stdout] 
[INFO] [stdout] 
[INFO] [stdout] error: expected identifier, found keyword `extern`
[INFO] [stdout]  --> src/get/repos/owner/repo/commits.rs:1:5
[INFO] [stdout]   |
[INFO] [stdout] 1 | use extern::burgundy;
[INFO] [stdout]   |     ^^^^^^ expected identifier, found keyword
[INFO] [stdout]   |
[INFO] [stdout] help: escape `extern` to use it as an identifier
[INFO] [stdout]   |
[INFO] [stdout] 1 | use r#extern::burgundy;
[INFO] [stdout]   |     ++
[INFO] [stdout] 
[INFO] [stdout] 
[INFO] [stdout] error: expected identifier, found keyword `crate`
[INFO] [stdout]  --> src/get/repos/owner/repo/commits.rs:7:5
[INFO] [stdout]   |
[INFO] [stdout] 6 | pub struct GithubGetReposOwnerRepoCommits {
[INFO] [stdout]   |            ------------------------------ while parsing this struct
[INFO] [stdout] 7 |     crate path: burgundy::Path,
[INFO] [stdout]   |     ^^^^^ expected identifier, found keyword
[INFO] [stdout] 
[INFO] [stdout] 
[INFO] [stdout] error: expected identifier, found keyword `extern`
[INFO] [stdout]  --> src/get/repos/owner/repo/commits/path.rs:1:5
[INFO] [stdout]   |
[INFO] [stdout] 1 | use extern::burgundy;
[INFO] [stdout]   |     ^^^^^^ expected identifier, found keyword
[INFO] [stdout]   |
[INFO] [stdout] help: escape `extern` to use it as an identifier
[INFO] [stdout]   |
[INFO] [stdout] 1 | use r#extern::burgundy;
[INFO] [stdout]   |     ++
[INFO] [stdout] 
[INFO] [stdout] 
[INFO] [stdout] error: expected identifier, found keyword `crate`
[INFO] [stdout]  --> src/get/repos/owner/repo/commits/path.rs:5:5
[INFO] [stdout]   |
[INFO] [stdout] 4 | pub struct GithubGetReposOwnerRepoCommitsPath {
[INFO] [stdout]   |            ---------------------------------- while parsing this struct
[INFO] [stdout] 5 |     crate path: burgundy::Path,
[INFO] [stdout]   |     ^^^^^ expected identifier, found keyword
[INFO] [stdout] 
[INFO] [stdout] 
[INFO] [stdout] error: expected identifier, found keyword `extern`
[INFO] [stdout]  --> src/get/repos/owner/repo/commits/sha.rs:1:5
[INFO] [stdout]   |
[INFO] [stdout] 1 | use extern::burgundy;
[INFO] [stdout]   |     ^^^^^^ expected identifier, found keyword
[INFO] [stdout]   |
[INFO] [stdout] help: escape `extern` to use it as an identifier
[INFO] [stdout]   |
[INFO] [stdout] 1 | use r#extern::burgundy;
[INFO] [stdout]   |     ++
[INFO] [stdout] 
[INFO] [stdout] 
[INFO] [stdout] error: expected identifier, found keyword `crate`
[INFO] [stdout]  --> src/get/repos/owner/repo/commits/sha.rs:5:5
[INFO] [stdout]   |
[INFO] [stdout] 4 | pub struct GithubGetReposOwnerRepoCommitsSha {
[INFO] [stdout]   |            --------------------------------- while parsing this struct
[INFO] [stdout] 5 |     crate path: burgundy::Path,
[INFO] [stdout]   |     ^^^^^ expected identifier, found keyword
[INFO] [stdout] 
[INFO] [stdout] 
[INFO] [stdout] error[E0433]: failed to resolve: maybe a missing crate `r#extern`?
[INFO] [stdout]   --> src/lib.rs:11:9
[INFO] [stdout]    |
[INFO] [stdout] 11 | pub use extern::burgundy::Error;
[INFO] [stdout]    |         ^^^^^^ maybe a missing crate `r#extern`?
[INFO] [stdout]    |
[INFO] [stdout]    = help: consider adding `extern crate r#extern` to use the `r#extern` crate
[INFO] [stdout] 
[INFO] [stdout] 
[INFO] [stdout] error[E0433]: failed to resolve: maybe a missing crate `r#extern`?
[INFO] [stdout]   --> src/lib.rs:12:9
[INFO] [stdout]    |
[INFO] [stdout] 12 | pub use extern::burgundy::Result;
[INFO] [stdout]    |         ^^^^^^ maybe a missing crate `r#extern`?
[INFO] [stdout]    |
[INFO] [stdout]    = help: consider adding `extern crate r#extern` to use the `r#extern` crate
[INFO] [stdout] 
[INFO] [stdout] 
[INFO] [stdout] error[E0432]: unresolved import `r#extern`
[INFO] [stdout]   --> src/lib.rs:10:5
[INFO] [stdout]    |
[INFO] [stdout] 10 | use extern::burgundy;
[INFO] [stdout]    |     ^^^^^^ maybe a missing crate `r#extern`?
[INFO] [stdout]    |
[INFO] [stdout]    = help: consider adding `extern crate r#extern` to use the `r#extern` crate
[INFO] [stdout] 
[INFO] [stdout] 
[INFO] [stdout] error[E0432]: unresolved import `r#extern`
[INFO] [stdout]  --> src/get.rs:1:5
[INFO] [stdout]   |
[INFO] [stdout] 1 | use extern::burgundy;
[INFO] [stdout]   |     ^^^^^^ maybe a missing crate `r#extern`?
[INFO] [stdout]   |
[INFO] [stdout]   = help: consider adding `extern crate r#extern` to use the `r#extern` crate
[INFO] [stdout] 
[INFO] [stdout] 
[INFO] [stdout] error[E0432]: unresolved import `r#extern`
[INFO] [stdout]  --> src/get/orgs.rs:1:5
[INFO] [stdout]   |
[INFO] [stdout] 1 | use extern::burgundy;
[INFO] [stdout]   |     ^^^^^^ maybe a missing crate `r#extern`?
[INFO] [stdout]   |
[INFO] [stdout]   = help: consider adding `extern crate r#extern` to use the `r#extern` crate
[INFO] [stdout] 
[INFO] [stdout] 
[INFO] [stdout] error[E0432]: unresolved import `r#extern`
[INFO] [stdout]  --> src/get/orgs/owner.rs:1:5
[INFO] [stdout]   |
[INFO] [stdout] 1 | use extern::burgundy;
[INFO] [stdout]   |     ^^^^^^ maybe a missing crate `r#extern`?
[INFO] [stdout]   |
[INFO] [stdout]   = help: consider adding `extern crate r#extern` to use the `r#extern` crate
[INFO] [stdout] 
[INFO] [stdout] 
[INFO] [stdout] error[E0432]: unresolved import `r#extern`
[INFO] [stdout]  --> src/get/orgs/owner/repos.rs:1:5
[INFO] [stdout]   |
[INFO] [stdout] 1 | use extern::burgundy;
[INFO] [stdout]   |     ^^^^^^ maybe a missing crate `r#extern`?
[INFO] [stdout]   |
[INFO] [stdout]   = help: consider adding `extern crate r#extern` to use the `r#extern` crate
[INFO] [stdout] 
[INFO] [stdout] 
[INFO] [stdout] error[E0432]: unresolved import `r#extern`
[INFO] [stdout]  --> src/get/repos.rs:1:5
[INFO] [stdout]   |
[INFO] [stdout] 1 | use extern::burgundy;
[INFO] [stdout]   |     ^^^^^^ maybe a missing crate `r#extern`?
[INFO] [stdout]   |
[INFO] [stdout]   = help: consider adding `extern crate r#extern` to use the `r#extern` crate
[INFO] [stdout] 
[INFO] [stdout] 
[INFO] [stdout] error[E0432]: unresolved import `r#extern`
[INFO] [stdout]  --> src/get/repos/owner.rs:1:5
[INFO] [stdout]   |
[INFO] [stdout] 1 | use extern::burgundy;
[INFO] [stdout]   |     ^^^^^^ maybe a missing crate `r#extern`?
[INFO] [stdout]   |
[INFO] [stdout]   = help: consider adding `extern crate r#extern` to use the `r#extern` crate
[INFO] [stdout] 
[INFO] [stdout] 
[INFO] [stdout] error[E0432]: unresolved import `r#extern`
[INFO] [stdout]  --> src/get/repos/owner/repo.rs:1:5
[INFO] [stdout]   |
[INFO] [stdout] 1 | use extern::burgundy;
[INFO] [stdout]   |     ^^^^^^ maybe a missing crate `r#extern`?
[INFO] [stdout]   |
[INFO] [stdout]   = help: consider adding `extern crate r#extern` to use the `r#extern` crate
[INFO] [stdout] 
[INFO] [stdout] 
[INFO] [stdout] error[E0432]: unresolved import `r#extern`
[INFO] [stdout]  --> src/get/repos/owner/repo/compare.rs:1:5
[INFO] [stdout]   |
[INFO] [stdout] 1 | use extern::burgundy;
[INFO] [stdout]   |     ^^^^^^ maybe a missing crate `r#extern`?
[INFO] [stdout]   |
[INFO] [stdout]   = help: consider adding `extern crate r#extern` to use the `r#extern` crate
[INFO] [stdout] 
[INFO] [stdout] 
[INFO] [stdout] error[E0432]: unresolved import `r#extern`
[INFO] [stdout]  --> src/get/repos/owner/repo/compare/revision.rs:1:5
[INFO] [stdout]   |
[INFO] [stdout] 1 | use extern::burgundy;
[INFO] [stdout]   |     ^^^^^^ maybe a missing crate `r#extern`?
[INFO] [stdout]   |
[INFO] [stdout]   = help: consider adding `extern crate r#extern` to use the `r#extern` crate
[INFO] [stdout] 
[INFO] [stdout] 
[INFO] [stdout] error[E0432]: unresolved import `r#extern`
[INFO] [stdout]  --> src/get/repos/owner/repo/contents.rs:1:5
[INFO] [stdout]   |
[INFO] [stdout] 1 | use extern::burgundy;
[INFO] [stdout]   |     ^^^^^^ maybe a missing crate `r#extern`?
[INFO] [stdout]   |
[INFO] [stdout]   = help: consider adding `extern crate r#extern` to use the `r#extern` crate
[INFO] [stdout] 
[INFO] [stdout] 
[INFO] [stdout] error[E0432]: unresolved import `r#extern`
[INFO] [stdout]  --> src/get/repos/owner/repo/contents/path.rs:1:5
[INFO] [stdout]   |
[INFO] [stdout] 1 | use extern::base64;
[INFO] [stdout]   |     ^^^^^^ maybe a missing crate `r#extern`?
[INFO] [stdout]   |
[INFO] [stdout]   = help: consider adding `extern crate r#extern` to use the `r#extern` crate
[INFO] [stdout] 
[INFO] [stdout] 
[INFO] [stdout] error[E0432]: unresolved import `r#extern`
[INFO] [stdout]  --> src/get/repos/owner/repo/contents/path.rs:2:5
[INFO] [stdout]   |
[INFO] [stdout] 2 | use extern::burgundy;
[INFO] [stdout]   |     ^^^^^^ maybe a missing crate `r#extern`?
[INFO] [stdout]   |
[INFO] [stdout]   = help: consider adding `extern crate r#extern` to use the `r#extern` crate
[INFO] [stdout] 
[INFO] [stdout] 
[INFO] [stdout] error[E0432]: unresolved import `r#extern`
[INFO] [stdout]  --> src/get/repos/owner/repo/commits.rs:1:5
[INFO] [stdout]   |
[INFO] [stdout] 1 | use extern::burgundy;
[INFO] [stdout]   |     ^^^^^^ maybe a missing crate `r#extern`?
[INFO] [stdout]   |
[INFO] [stdout]   = help: consider adding `extern crate r#extern` to use the `r#extern` crate
[INFO] [stdout] 
[INFO] [stdout] 
[INFO] [stdout] error[E0432]: unresolved import `r#extern`
[INFO] [stdout]  --> src/get/repos/owner/repo/commits/path.rs:1:5
[INFO] [stdout]   |
[INFO] [stdout] 1 | use extern::burgundy;
[INFO] [stdout]   |     ^^^^^^ maybe a missing crate `r#extern`?
[INFO] [stdout]   |
[INFO] [stdout]   = help: consider adding `extern crate r#extern` to use the `r#extern` crate
[INFO] [stdout] 
[INFO] [stdout] 
[INFO] [stdout] error[E0432]: unresolved import `r#extern`
[INFO] [stdout]  --> src/get/repos/owner/repo/commits/sha.rs:1:5
[INFO] [stdout]   |
[INFO] [stdout] 1 | use extern::burgundy;
[INFO] [stdout]   |     ^^^^^^ maybe a missing crate `r#extern`?
[INFO] [stdout]   |
[INFO] [stdout]   = help: consider adding `extern crate r#extern` to use the `r#extern` crate
[INFO] [stdout] 
[INFO] [stdout] 
[INFO] [stdout] error[E0609]: no field `path` on type `GithubGetOrgsOwnerRepos`
[INFO] [stdout]   --> src/get/orgs/owner/repos.rs:13:14
[INFO] [stdout]    |
[INFO] [stdout] 13 |         self.path
[INFO] [stdout]    |              ^^^^ unknown field
[INFO] [stdout] 
[INFO] [stdout] 
[INFO] [stdout] error[E0609]: no field `path` on type `GithubGetOrgsOwner`
[INFO] [stdout]   --> src/get/orgs/owner.rs:12:24
[INFO] [stdout]    |
[INFO] [stdout] 12 |             path: self.path.push(&"repos"),
[INFO] [stdout]    |                        ^^^^ unknown field
[INFO] [stdout] 
[INFO] [stdout] 
[INFO] [stdout] error[E0609]: no field `path` on type `GithubGetOrgs`
[INFO] [stdout]   --> src/get/orgs.rs:15:24
[INFO] [stdout]    |
[INFO] [stdout] 15 |             path: self.path.push(&owner),
[INFO] [stdout]    |                        ^^^^ unknown field
[INFO] [stdout] 
[INFO] [stdout] 
[INFO] [stdout] error[E0609]: no field `path` on type `GithubGetReposOwnerRepoCompareRevision`
[INFO] [stdout]   --> src/get/repos/owner/repo/compare/revision.rs:10:14
[INFO] [stdout]    |
[INFO] [stdout] 10 |         self.path.execute_as_json::<(), types::Diff>(None)
[INFO] [stdout]    |              ^^^^ unknown field
[INFO] [stdout] 
[INFO] [stdout] 
[INFO] [stdout] error[E0609]: no field `path` on type `GithubGetReposOwnerRepoCompare`
[INFO] [stdout]   --> src/get/repos/owner/repo/compare.rs:23:24
[INFO] [stdout]    |
[INFO] [stdout] 23 |             path: self.path.push(&base).push_partial(&"...").push_partial(&upper),
[INFO] [stdout]    |                        ^^^^ unknown field
[INFO] [stdout] 
[INFO] [stdout] 
[INFO] [stdout] error[E0609]: no field `path` on type `GithubGetReposOwnerRepoContentsPath`
[INFO] [stdout]   --> src/get/repos/owner/repo/contents/path.rs:21:14
[INFO] [stdout]    |
[INFO] [stdout] 21 |         self.path.execute_as_json::<(), types::Contents>(None)
[INFO] [stdout]    |              ^^^^ unknown field
[INFO] [stdout] 
[INFO] [stdout] 
[INFO] [stdout] error[E0615]: attempted to take value of method `path` on type `GithubGetReposOwnerRepoContents`
[INFO] [stdout]   --> src/get/repos/owner/repo/contents.rs:15:24
[INFO] [stdout]    |
[INFO] [stdout] 15 |             path: self.path.push(&path),
[INFO] [stdout]    |                        ^^^^ method, not a field
[INFO] [stdout]    |
[INFO] [stdout] help: use parentheses to call the method
[INFO] [stdout]    |
[INFO] [stdout] 15 |             path: self.path(_).push(&path),
[INFO] [stdout]    |                            +++
[INFO] [stdout] 
[INFO] [stdout] 
[INFO] [stdout] error[E0609]: no field `path` on type `GithubGetReposOwnerRepoCommitsPath`
[INFO] [stdout]   --> src/get/repos/owner/repo/commits/path.rs:10:14
[INFO] [stdout]    |
[INFO] [stdout] 10 |         self.path.execute_as_json::<(), Vec<types::Commit>>(None)
[INFO] [stdout]    |              ^^^^ unknown field
[INFO] [stdout] 
[INFO] [stdout] 
[INFO] [stdout] error[E0609]: no field `path` on type `GithubGetReposOwnerRepoCommitsSha`
[INFO] [stdout]   --> src/get/repos/owner/repo/commits/sha.rs:10:14
[INFO] [stdout]    |
[INFO] [stdout] 10 |         self.path.execute_as_json::<(), types::CommitWithFiles>(None)
[INFO] [stdout]    |              ^^^^ unknown field
[INFO] [stdout] 
[INFO] [stdout] 
[INFO] [stdout] error[E0615]: attempted to take value of method `path` on type `GithubGetReposOwnerRepoCommits`
[INFO] [stdout]   --> src/get/repos/owner/repo/commits.rs:12:14
[INFO] [stdout]    |
[INFO] [stdout] 12 |         self.path.execute_as_json::<(), Vec<types::Commit>>(None)
[INFO] [stdout]    |              ^^^^ method, not a field
[INFO] [stdout]    |
[INFO] [stdout] help: use parentheses to call the method
[INFO] [stdout]    |
[INFO] [stdout] 12 |         self.path(_).execute_as_json::<(), Vec<types::Commit>>(None)
[INFO] [stdout]    |                  +++
[INFO] [stdout] 
[INFO] [stdout] 
[INFO] [stdout] error[E0615]: attempted to take value of method `path` on type `GithubGetReposOwnerRepoCommits`
[INFO] [stdout]   --> src/get/repos/owner/repo/commits.rs:17:24
[INFO] [stdout]    |
[INFO] [stdout] 17 |             path: self.path.push(&commit_sha),
[INFO] [stdout]    |                        ^^^^ method, not a field
[INFO] [stdout]    |
[INFO] [stdout] help: use parentheses to call the method
[INFO] [stdout]    |
[INFO] [stdout] 17 |             path: self.path(_).push(&commit_sha),
[INFO] [stdout]    |                            +++
[INFO] [stdout] 
[INFO] [stdout] 
[INFO] [stdout] error[E0615]: attempted to take value of method `path` on type `GithubGetReposOwnerRepoCommits`
[INFO] [stdout]   --> src/get/repos/owner/repo/commits.rs:23:24
[INFO] [stdout]    |
[INFO] [stdout] 23 |             path: self.path.query(&"path", &file),
[INFO] [stdout]    |                        ^^^^ method, not a field
[INFO] [stdout]    |
[INFO] [stdout] help: use parentheses to call the method
[INFO] [stdout]    |
[INFO] [stdout] 23 |             path: self.path(_).query(&"path", &file),
[INFO] [stdout]    |                            +++
[INFO] [stdout] 
[INFO] [stdout] 
[INFO] [stdout] error[E0609]: no field `path` on type `GithubGetReposOwnerRepo`
[INFO] [stdout]   --> src/get/repos/owner/repo.rs:14:24
[INFO] [stdout]    |
[INFO] [stdout] 14 |             path: self.path.push(&"contents"),
[INFO] [stdout]    |                        ^^^^ unknown field
[INFO] [stdout] 
[INFO] [stdout] 
[INFO] [stdout] error[E0609]: no field `path` on type `GithubGetReposOwnerRepo`
[INFO] [stdout]   --> src/get/repos/owner/repo.rs:20:24
[INFO] [stdout]    |
[INFO] [stdout] 20 |             path: self.path.push(&"compare"),
[INFO] [stdout]    |                        ^^^^ unknown field
[INFO] [stdout] 
[INFO] [stdout] 
[INFO] [stdout] error[E0609]: no field `path` on type `GithubGetReposOwnerRepo`
[INFO] [stdout]   --> src/get/repos/owner/repo.rs:26:24
[INFO] [stdout]    |
[INFO] [stdout] 26 |             path: self.path.push(&"commits"),
[INFO] [stdout]    |                        ^^^^ unknown field
[INFO] [stdout] 
[INFO] [stdout] 
[INFO] [stdout] error[E0609]: no field `path` on type `GithubGetReposOwner`
[INFO] [stdout]   --> src/get/repos/owner.rs:15:24
[INFO] [stdout]    |
[INFO] [stdout] 15 |             path: self.path.push(&repo),
[INFO] [stdout]    |                        ^^^^ unknown field
[INFO] [stdout] 
[INFO] [stdout] 
[INFO] [stdout] error[E0609]: no field `path` on type `GithubGetRepos`
[INFO] [stdout]   --> src/get/repos.rs:15:24
[INFO] [stdout]    |
[INFO] [stdout] 15 |             path: self.path.push(&owner),
[INFO] [stdout]    |                        ^^^^ unknown field
[INFO] [stdout] 
[INFO] [stdout] 
[INFO] [stdout] error[E0609]: no field `path` on type `GithubGet`
[INFO] [stdout]   --> src/get.rs:13:24
[INFO] [stdout]    |
[INFO] [stdout] 13 |             path: self.path.push(&"orgs"),
[INFO] [stdout]    |                        ^^^^ unknown field
[INFO] [stdout] 
[INFO] [stdout] 
[INFO] [stdout] error[E0609]: no field `path` on type `GithubGet`
[INFO] [stdout]   --> src/get.rs:19:24
[INFO] [stdout]    |
[INFO] [stdout] 19 |             path: self.path.push(&"repos"),
[INFO] [stdout]    |                        ^^^^ unknown field
[INFO] [stdout] 
[INFO] [stdout] 
[INFO] [stdout] error: aborting due to 71 previous errors
[INFO] [stdout] 
[INFO] [stdout] 
[INFO] [stdout] Some errors have detailed explanations: E0432, E0433, E0557, E0609, E0615.
[INFO] [stdout] 
[INFO] [stdout] For more information about an error, try `rustc --explain E0432`.
[INFO] [stdout] 
[INFO] [stderr] error: could not compile `github-api` due to 72 previous errors
[INFO] [stderr] warning: build failed, waiting for other jobs to finish...
[INFO] running `Command { std: "docker" "inspect" "008d9e6a64bbb4acbe0c1d42ba2dabff08f136273d33b3a1be401939518823a2", kill_on_drop: false }`
[INFO] running `Command { std: "docker" "rm" "-f" "008d9e6a64bbb4acbe0c1d42ba2dabff08f136273d33b3a1be401939518823a2", kill_on_drop: false }`
[INFO] [stdout] 008d9e6a64bbb4acbe0c1d42ba2dabff08f136273d33b3a1be401939518823a2
