[INFO] fetching crate git-branchless-revset 0.7.0...
[INFO] testing git-branchless-revset-0.7.0 against 1.69.0 for beta-1.70-1
[INFO] extracting crate git-branchless-revset 0.7.0 into /workspace/builds/worker-4-tc1/source
[INFO] validating manifest of crates.io crate git-branchless-revset 0.7.0 on toolchain 1.69.0
[INFO] running `Command { std: CARGO_HOME="/workspace/cargo-home" RUSTUP_HOME="/workspace/rustup-home" "/workspace/cargo-home/bin/cargo" "+1.69.0" "metadata" "--manifest-path" "Cargo.toml" "--no-deps", kill_on_drop: false }`
[INFO] started tweaking crates.io crate git-branchless-revset 0.7.0
[INFO] finished tweaking crates.io crate git-branchless-revset 0.7.0
[INFO] tweaked toml for crates.io crate git-branchless-revset 0.7.0 written to /workspace/builds/worker-4-tc1/source/Cargo.toml
[INFO] running `Command { std: CARGO_HOME="/workspace/cargo-home" RUSTUP_HOME="/workspace/rustup-home" __CARGO_TEST_CHANNEL_OVERRIDE_DO_NOT_USE_THIS="nightly" "/workspace/cargo-home/bin/cargo" "+1.69.0" "generate-lockfile" "--manifest-path" "Cargo.toml" "-Zno-index-update", kill_on_drop: false }`
[INFO] running `Command { std: CARGO_HOME="/workspace/cargo-home" RUSTUP_HOME="/workspace/rustup-home" "/workspace/cargo-home/bin/cargo" "+1.69.0" "fetch" "--manifest-path" "Cargo.toml", kill_on_drop: false }`
[INFO] [stderr]     Blocking waiting for file lock on package cache
[INFO] [stderr]  Downloading crates ...
[INFO] [stderr]   Downloaded vte v0.11.0
[INFO] [stderr]   Downloaded tracing-chrome v0.6.0
[INFO] [stderr]   Downloaded clap_mangen v0.2.10
[INFO] [stderr]   Downloaded esl01-vlqencoding v0.1.0
[INFO] [stderr]   Downloaded esl01-drawdag v0.1.0
[INFO] [stderr]   Downloaded serial v0.4.0
[INFO] [stderr]   Downloaded esl01-minibytes v0.2.0
[INFO] [stderr]   Downloaded predicates-tree v1.0.9
[INFO] [stderr]   Downloaded concolor v0.0.12
[INFO] [stderr]   Downloaded chronoutil v0.2.3
[INFO] [stderr]   Downloaded serial-windows v0.4.0
[INFO] [stderr]   Downloaded termtree v0.4.1
[INFO] [stderr]   Downloaded cursive_buffered_backend v0.6.1
[INFO] [stderr]   Downloaded predicates v3.0.3
[INFO] [stderr]   Downloaded git-branchless-opts v0.7.0
[INFO] [stderr]   Downloaded vt100 v0.15.2
[INFO] [stderr]   Downloaded portable-pty v0.7.0
[INFO] [stderr]   Downloaded git-record v0.3.0
[INFO] [stderr]   Downloaded tracing-subscriber v0.3.11
[INFO] [stderr]   Downloaded esl01-indexedlog v0.1.2
[INFO] [stderr]   Downloaded esl01-dag v0.2.1
[INFO] [stderr]   Downloaded color-spantrace v0.2.0
[INFO] [stderr]   Downloaded git-branchless-lib v0.7.0
[INFO] running `Command { std: "docker" "create" "-v" "/var/lib/crater-agent-workspace/builds/worker-4-tc1/target:/opt/rustwide/target:rw,Z" "-v" "/var/lib/crater-agent-workspace/builds/worker-4-tc1/source:/opt/rustwide/workdir:ro,Z" "-v" "/var/lib/crater-agent-workspace/cargo-home:/opt/rustwide/cargo-home:ro,Z" "-v" "/var/lib/crater-agent-workspace/rustup-home:/opt/rustwide/rustup-home:ro,Z" "-e" "SOURCE_DIR=/opt/rustwide/workdir" "-e" "CARGO_TARGET_DIR=/opt/rustwide/target" "-e" "CARGO_HOME=/opt/rustwide/cargo-home" "-e" "RUSTUP_HOME=/opt/rustwide/rustup-home" "-w" "/opt/rustwide/workdir" "-m" "1610612736" "--user" "0:0" "--network" "none" "ghcr.io/rust-lang/crates-build-env/linux@sha256:5ff2268d62e97bff2cde7d5815dd6ed5b47097566f13b8d0ca110b04b60e07ed" "/opt/rustwide/cargo-home/bin/cargo" "+1.69.0" "metadata" "--no-deps" "--format-version=1", kill_on_drop: false }`
[INFO] [stdout] 9b46a2eb6469e4f5c319f6dff1746503d7dbd5ab44eaa0442667d17fdfc56b7a
[INFO] running `Command { std: "docker" "start" "-a" "9b46a2eb6469e4f5c319f6dff1746503d7dbd5ab44eaa0442667d17fdfc56b7a", kill_on_drop: false }`
[INFO] running `Command { std: "docker" "inspect" "9b46a2eb6469e4f5c319f6dff1746503d7dbd5ab44eaa0442667d17fdfc56b7a", kill_on_drop: false }`
[INFO] running `Command { std: "docker" "rm" "-f" "9b46a2eb6469e4f5c319f6dff1746503d7dbd5ab44eaa0442667d17fdfc56b7a", kill_on_drop: false }`
[INFO] [stdout] 9b46a2eb6469e4f5c319f6dff1746503d7dbd5ab44eaa0442667d17fdfc56b7a
[INFO] running `Command { std: "docker" "create" "-v" "/var/lib/crater-agent-workspace/builds/worker-4-tc1/target:/opt/rustwide/target:rw,Z" "-v" "/var/lib/crater-agent-workspace/builds/worker-4-tc1/source:/opt/rustwide/workdir:ro,Z" "-v" "/var/lib/crater-agent-workspace/cargo-home:/opt/rustwide/cargo-home:ro,Z" "-v" "/var/lib/crater-agent-workspace/rustup-home:/opt/rustwide/rustup-home:ro,Z" "-e" "SOURCE_DIR=/opt/rustwide/workdir" "-e" "CARGO_TARGET_DIR=/opt/rustwide/target" "-e" "CARGO_INCREMENTAL=0" "-e" "RUST_BACKTRACE=full" "-e" "RUSTFLAGS=--cap-lints=warn" "-e" "RUSTDOCFLAGS=--cap-lints=warn" "-e" "CARGO_HOME=/opt/rustwide/cargo-home" "-e" "RUSTUP_HOME=/opt/rustwide/rustup-home" "-w" "/opt/rustwide/workdir" "-m" "1610612736" "--user" "0:0" "--network" "none" "ghcr.io/rust-lang/crates-build-env/linux@sha256:5ff2268d62e97bff2cde7d5815dd6ed5b47097566f13b8d0ca110b04b60e07ed" "/opt/rustwide/cargo-home/bin/cargo" "+1.69.0" "build" "--frozen" "--message-format=json", kill_on_drop: false }`
[INFO] [stdout] f69b291b4a11e599f6cb91729ad847338dc4cda4353edd31931583dfa1a276d2
[INFO] running `Command { std: "docker" "start" "-a" "f69b291b4a11e599f6cb91729ad847338dc4cda4353edd31931583dfa1a276d2", kill_on_drop: false }`
[INFO] [stderr]    Compiling libc v0.2.142
[INFO] [stderr]    Compiling proc-macro2 v1.0.56
[INFO] [stderr]    Compiling once_cell v1.17.1
[INFO] [stderr]    Compiling io-lifetimes v1.0.10
[INFO] [stderr]    Compiling rustix v0.37.18
[INFO] [stderr]    Compiling crossbeam-utils v0.8.15
[INFO] [stderr]    Compiling ahash v0.7.6
[INFO] [stderr]    Compiling num-traits v0.2.15
[INFO] [stderr]    Compiling syn v1.0.109
[INFO] [stderr]    Compiling linux-raw-sys v0.3.6
[INFO] [stderr]    Compiling num-integer v0.1.45
[INFO] [stderr]    Compiling regex-syntax v0.6.29
[INFO] [stderr]    Compiling either v1.8.1
[INFO] [stderr]    Compiling memoffset v0.8.0
[INFO] [stderr]    Compiling unicode-width v0.1.10
[INFO] [stderr]    Compiling stable_deref_trait v1.2.0
[INFO] [stderr]    Compiling num-iter v0.1.43
[INFO] [stderr]    Compiling crossbeam-epoch v0.9.14
[INFO] [stderr]    Compiling num-rational v0.4.1
[INFO] [stderr]    Compiling tracing-core v0.1.30
[INFO] [stderr]    Compiling utf8parse v0.2.1
[INFO] [stderr]    Compiling getrandom v0.1.16
[INFO] [stderr]    Compiling ppv-lite86 v0.2.17
[INFO] [stderr]    Compiling ahash v0.8.3
[INFO] [stderr]    Compiling maybe-uninit v2.0.0
[INFO] [stderr]    Compiling anstyle v1.0.0
[INFO] [stderr]    Compiling signal-hook v0.3.15
[INFO] [stderr]    Compiling crossbeam-channel v0.5.8
[INFO] [stderr]    Compiling thread_local v1.1.7
[INFO] [stderr]    Compiling itertools v0.10.5
[INFO] [stderr]    Compiling sharded-slab v0.1.4
[INFO] [stderr]    Compiling thiserror v1.0.40
[INFO] [stderr]    Compiling ansi_term v0.12.1
[INFO] [stderr]    Compiling num_threads v0.1.6
[INFO] [stderr]    Compiling tracing-log v0.1.3
[INFO] [stderr]    Compiling time-core v0.1.0
[INFO] [stderr]    Compiling crossbeam-deque v0.8.3
[INFO] [stderr]    Compiling owning_ref v0.4.1
[INFO] [stderr]    Compiling crunchy v0.2.2
[INFO] [stderr]    Compiling crossbeam-queue v0.3.8
[INFO] [stderr]    Compiling anyhow v1.0.71
[INFO] [stderr]    Compiling vcpkg v0.2.15
[INFO] [stderr]    Compiling unicode-normalization v0.1.22
[INFO] [stderr]    Compiling smallvec v0.6.14
[INFO] [stderr]    Compiling quote v1.0.26
[INFO] [stderr]    Compiling anstyle-parse v0.2.0
[INFO] [stderr]    Compiling anstyle-query v1.0.0
[INFO] [stderr]    Compiling siphasher v0.3.10
[INFO] [stderr]    Compiling eyre v0.6.8
[INFO] [stderr]    Compiling rayon-core v1.11.0
[INFO] [stderr]    Compiling syn v2.0.15
[INFO] [stderr]    Compiling num-complex v0.4.3
[INFO] [stderr]    Compiling iana-time-zone v0.1.56
[INFO] [stderr]    Compiling tiny-keccak v2.0.2
[INFO] [stderr]    Compiling colorchoice v1.0.0
[INFO] [stderr]    Compiling fastrand v1.9.0
[INFO] [stderr]    Compiling cfg-if v0.1.10
[INFO] [stderr]    Compiling static_assertions v1.1.0
[INFO] [stderr]    Compiling gimli v0.27.2
[INFO] [stderr]    Compiling percent-encoding v2.2.0
[INFO] [stderr]    Compiling portable-atomic v0.3.19
[INFO] [stderr]    Compiling predicates-core v1.0.6
[INFO] [stderr]    Compiling unicode-bidi v0.3.13
[INFO] [stderr]    Compiling form_urlencoded v1.1.0
[INFO] [stderr]    Compiling vte_generate_state_changes v0.1.1
[INFO] [stderr]    Compiling getrandom v0.2.9
[INFO] [stderr]    Compiling jobserver v0.1.26
[INFO] [stderr]    Compiling parking_lot_core v0.9.7
[INFO] [stderr]    Compiling cc v1.0.79
[INFO] [stderr]    Compiling rand_core v0.6.4
[INFO] [stderr]    Compiling regex-automata v0.1.10
[INFO] [stderr]    Compiling signal-hook-registry v1.4.1
[INFO] [stderr]    Compiling time v0.3.20
[INFO] [stderr]    Compiling hashbrown v0.12.3
[INFO] [stderr]    Compiling parking_lot v0.12.1
[INFO] [stderr]    Compiling rand_chacha v0.3.1
[INFO] [stderr]    Compiling num v0.4.0
[INFO] [stderr]    Compiling rand_core v0.5.1
[INFO] [stderr]    Compiling mio v0.8.6
[INFO] [stderr]    Compiling dirs-sys-next v0.1.2
[INFO] [stderr]    Compiling rand_chacha v0.2.2
[INFO] [stderr]    Compiling indexmap v1.9.3
[INFO] [stderr]    Compiling unicode-linebreak v0.1.4
[INFO] [stderr]    Compiling libz-sys v1.1.9
[INFO] [stderr]    Compiling matchers v0.1.0
[INFO] [stderr]    Compiling libsqlite3-sys v0.25.2
[INFO] [stderr]    Compiling signal-hook-mio v0.2.3
[INFO] [stderr]    Compiling backtrace v0.3.67
[INFO] [stderr]    Compiling libgit2-sys v0.14.2+1.5.1
[INFO] [stderr]    Compiling dirs-next v2.0.0
[INFO] [stderr]    Compiling rand v0.8.5
[INFO] [stderr]    Compiling serial-core v0.4.0
[INFO] [stderr]    Compiling termios v0.2.2
[INFO] [stderr]    Compiling memmap v0.7.0
[INFO] [stderr]    Compiling rand v0.4.6
[INFO] [stderr]    Compiling ioctl-rs v0.1.6
[INFO] [stderr]    Compiling time v0.1.45
[INFO] [stderr]    Compiling serial-unix v0.4.0
[INFO] [stderr]    Compiling term v0.7.0
[INFO] [stderr]    Compiling chrono v0.4.24
[INFO] [stderr]    Compiling crossterm v0.25.0
[INFO] [stderr]    Compiling rand v0.7.3
[INFO] [stderr]    Compiling is-terminal v0.4.7
[INFO] [stderr]    Compiling twox-hash v1.6.3
[INFO] [stderr]    Compiling anstream v0.3.1
[INFO] [stderr]    Compiling addr2line v0.19.0
[INFO] [stderr]    Compiling parking_lot_core v0.2.14
[INFO] [stderr]    Compiling tempfile v3.5.0
[INFO] [stderr]    Compiling idna v0.3.0
[INFO] [stderr]    Compiling fs2 v0.4.3
[INFO] [stderr]    Compiling num_cpus v1.15.0
[INFO] [stderr]    Compiling parking_lot_core v0.7.3
[INFO] [stderr]    Compiling phf_shared v0.10.0
[INFO] [stderr]    Compiling darling_core v0.14.4
[INFO] [stderr]    Compiling miniz_oxide v0.6.2
[INFO] [stderr]    Compiling owning_ref v0.3.3
[INFO] [stderr]    Compiling object v0.30.3
[INFO] [stderr]    Compiling lock_api v0.3.4
[INFO] [stderr]    Compiling new_debug_unreachable v1.0.4
[INFO] [stderr]    Compiling bit-vec v0.6.3
[INFO] [stderr]    Compiling precomputed-hash v0.1.1
[INFO] [stderr]    Compiling termtree v0.4.1
[INFO] [stderr]    Compiling owo-colors v3.5.0
[INFO] [stderr]    Compiling arrayvec v0.7.2
[INFO] [stderr]    Compiling indenter v0.3.3
[INFO] [stderr]    Compiling rustc-demangle v0.1.23
[INFO] [stderr]    Compiling clap_lex v0.4.1
[INFO] [stderr]    Compiling esl01-vlqencoding v0.1.0
[INFO] [stderr]    Compiling hex v0.4.3
[INFO] [stderr]    Compiling difflib v0.4.0
[INFO] [stderr]    Compiling fixedbitset v0.4.2
[INFO] [stderr]    Compiling vte v0.11.0
[INFO] [stderr]    Compiling clap_builder v4.2.5
[INFO] [stderr]    Compiling petgraph v0.6.3
[INFO] [stderr]    Compiling predicates-tree v1.0.9
[INFO] [stderr]    Compiling predicates v3.0.3
[INFO] [stderr]    Compiling bit-set v0.5.3
[INFO] [stderr]    Compiling string_cache v0.8.7
[INFO] [stderr]    Compiling parking_lot v0.10.2
[INFO] [stderr]    Compiling parking_lot v0.4.8
[INFO] [stderr]    Compiling url v2.3.1
[INFO] [stderr]    Compiling crossbeam v0.8.2
[INFO] [stderr]    Compiling ascii-canvas v3.0.0
[INFO] [stderr]    Compiling serial v0.4.0
[INFO] [stderr]    Compiling bstr v1.4.0
[INFO] [stderr]    Compiling hashlink v0.8.1
[INFO] [stderr]    Compiling console v0.15.5
[INFO] [stderr]    Compiling wait-timeout v0.2.0
[INFO] [stderr]    Compiling itertools v0.8.2
[INFO] [stderr]    Compiling lalrpop-util v0.19.12
[INFO] [stderr]    Compiling ena v0.14.2
[INFO] [stderr]    Compiling esl01-drawdag v0.1.0
[INFO] [stderr]    Compiling shell-words v1.1.0
[INFO] [stderr]    Compiling fallible-streaming-iterator v0.1.9
[INFO] [stderr]    Compiling number_prefix v0.4.0
[INFO] [stderr]    Compiling smawk v0.3.1
[INFO] [stderr]    Compiling concolor-query v0.1.0
[INFO] [stderr]    Compiling fallible-iterator v0.2.0
[INFO] [stderr]    Compiling unicode-xid v0.2.4
[INFO] [stderr]    Compiling diff v0.1.13
[INFO] [stderr]    Compiling concolor v0.0.12
[INFO] [stderr]    Compiling textwrap v0.16.0
[INFO] [stderr]    Compiling assert_cmd v2.0.11
[INFO] [stderr]    Compiling indicatif v0.17.3
[INFO] [stderr]    Compiling rayon v1.7.0
[INFO] [stderr]    Compiling vt100 v0.15.2
[INFO] [stderr]    Compiling lalrpop v0.19.12
[INFO] [stderr]    Compiling chashmap v2.2.2
[INFO] [stderr]    Compiling roff v0.2.1
[INFO] [stderr]    Compiling scanlex v0.1.4
[INFO] [stderr]    Compiling chronoutil v0.2.3
[INFO] [stderr]    Compiling glob v0.3.1
[INFO] [stderr]    Compiling chrono-english v0.1.7
[INFO] [stderr]    Compiling tracing-attributes v0.1.24
[INFO] [stderr]    Compiling darling_macro v0.14.4
[INFO] [stderr]    Compiling enum-map-derive v0.11.0
[INFO] [stderr]    Compiling serde_derive v1.0.160
[INFO] [stderr]    Compiling thiserror-impl v1.0.40
[INFO] [stderr]    Compiling clap_derive v4.2.0
[INFO] [stderr]    Compiling enum-map v2.5.0
[INFO] [stderr]    Compiling darling v0.14.4
[INFO] [stderr]    Compiling enumset_derive v0.6.1
[INFO] [stderr]    Compiling tracing v0.1.37
[INFO] [stderr]    Compiling tracing-subscriber v0.3.11
[INFO] [stderr]    Compiling filedescriptor v0.8.2
[INFO] [stderr]    Compiling portable-pty v0.7.0
[INFO] [stderr]    Compiling clap v4.2.5
[INFO] [stderr]    Compiling clap_mangen v0.2.10
[INFO] [stderr]    Compiling enumset v1.0.12
[INFO] [stderr]    Compiling cursive_core v0.3.7
[INFO] [stderr]    Compiling tracing-error v0.2.0
[INFO] [stderr]    Compiling tracing-chrome v0.6.0
[INFO] [stderr]    Compiling color-spantrace v0.2.0
[INFO] [stderr]    Compiling color-eyre v0.6.2
[INFO] [stderr]    Compiling serde v1.0.160
[INFO] [stderr]    Compiling cursive v0.20.0
[INFO] [stderr]    Compiling cursive_buffered_backend v0.6.1
[INFO] [stderr]    Compiling git-record v0.3.0
[INFO] [stderr]    Compiling git2 v0.16.1
[INFO] [stderr]    Compiling esl01-minibytes v0.2.0
[INFO] [stderr]    Compiling serde_json v1.0.96
[INFO] [stderr]    Compiling esl01-indexedlog v0.1.2
[INFO] [stderr]    Compiling rusqlite v0.28.0
[INFO] [stderr]    Compiling esl01-dag v0.2.1
[INFO] [stderr]    Compiling git-branchless-lib v0.7.0
[INFO] [stderr]    Compiling git-branchless-revset v0.7.0 (/opt/rustwide/workdir)
[INFO] [stderr]    Compiling git-branchless-opts v0.7.0
[INFO] [stderr]     Finished dev [unoptimized + debuginfo] target(s) in 1m 24s
[INFO] running `Command { std: "docker" "inspect" "f69b291b4a11e599f6cb91729ad847338dc4cda4353edd31931583dfa1a276d2", kill_on_drop: false }`
[INFO] running `Command { std: "docker" "rm" "-f" "f69b291b4a11e599f6cb91729ad847338dc4cda4353edd31931583dfa1a276d2", kill_on_drop: false }`
[INFO] [stdout] f69b291b4a11e599f6cb91729ad847338dc4cda4353edd31931583dfa1a276d2
[INFO] running `Command { std: "docker" "create" "-v" "/var/lib/crater-agent-workspace/builds/worker-4-tc1/target:/opt/rustwide/target:rw,Z" "-v" "/var/lib/crater-agent-workspace/builds/worker-4-tc1/source:/opt/rustwide/workdir:ro,Z" "-v" "/var/lib/crater-agent-workspace/cargo-home:/opt/rustwide/cargo-home:ro,Z" "-v" "/var/lib/crater-agent-workspace/rustup-home:/opt/rustwide/rustup-home:ro,Z" "-e" "SOURCE_DIR=/opt/rustwide/workdir" "-e" "CARGO_TARGET_DIR=/opt/rustwide/target" "-e" "CARGO_INCREMENTAL=0" "-e" "RUST_BACKTRACE=full" "-e" "RUSTFLAGS=--cap-lints=warn" "-e" "RUSTDOCFLAGS=--cap-lints=warn" "-e" "CARGO_HOME=/opt/rustwide/cargo-home" "-e" "RUSTUP_HOME=/opt/rustwide/rustup-home" "-w" "/opt/rustwide/workdir" "-m" "1610612736" "--user" "0:0" "--network" "none" "ghcr.io/rust-lang/crates-build-env/linux@sha256:5ff2268d62e97bff2cde7d5815dd6ed5b47097566f13b8d0ca110b04b60e07ed" "/opt/rustwide/cargo-home/bin/cargo" "+1.69.0" "test" "--frozen" "--no-run" "--message-format=json", kill_on_drop: false }`
[INFO] [stdout] 5d4bc73e1a14de2fbde9d848fc5b8c4fd1481858b82dd69b736da297ef57bc49
[INFO] running `Command { std: "docker" "start" "-a" "5d4bc73e1a14de2fbde9d848fc5b8c4fd1481858b82dd69b736da297ef57bc49", kill_on_drop: false }`
[INFO] [stderr]    Compiling similar v2.2.1
[INFO] [stderr]    Compiling insta v1.29.0
[INFO] [stderr]    Compiling git-branchless-revset v0.7.0 (/opt/rustwide/workdir)
[INFO] [stderr]     Finished test [unoptimized + debuginfo] target(s) in 15.93s
[INFO] running `Command { std: "docker" "inspect" "5d4bc73e1a14de2fbde9d848fc5b8c4fd1481858b82dd69b736da297ef57bc49", kill_on_drop: false }`
[INFO] running `Command { std: "docker" "rm" "-f" "5d4bc73e1a14de2fbde9d848fc5b8c4fd1481858b82dd69b736da297ef57bc49", kill_on_drop: false }`
[INFO] [stdout] 5d4bc73e1a14de2fbde9d848fc5b8c4fd1481858b82dd69b736da297ef57bc49
[INFO] running `Command { std: "docker" "create" "-v" "/var/lib/crater-agent-workspace/builds/worker-4-tc1/target:/opt/rustwide/target:rw,Z" "-v" "/var/lib/crater-agent-workspace/builds/worker-4-tc1/source:/opt/rustwide/workdir:ro,Z" "-v" "/var/lib/crater-agent-workspace/cargo-home:/opt/rustwide/cargo-home:ro,Z" "-v" "/var/lib/crater-agent-workspace/rustup-home:/opt/rustwide/rustup-home:ro,Z" "-e" "SOURCE_DIR=/opt/rustwide/workdir" "-e" "CARGO_TARGET_DIR=/opt/rustwide/target" "-e" "CARGO_INCREMENTAL=0" "-e" "RUST_BACKTRACE=full" "-e" "RUSTFLAGS=--cap-lints=warn" "-e" "RUSTDOCFLAGS=--cap-lints=warn" "-e" "CARGO_HOME=/opt/rustwide/cargo-home" "-e" "RUSTUP_HOME=/opt/rustwide/rustup-home" "-w" "/opt/rustwide/workdir" "-m" "1610612736" "--user" "0:0" "--network" "none" "ghcr.io/rust-lang/crates-build-env/linux@sha256:5ff2268d62e97bff2cde7d5815dd6ed5b47097566f13b8d0ca110b04b60e07ed" "/opt/rustwide/cargo-home/bin/cargo" "+1.69.0" "test" "--frozen", kill_on_drop: false }`
[INFO] [stdout] 7b614499323ac01b56a01f94f999b5a89b259abe603090c5ab0576bf66c2a521
[INFO] running `Command { std: "docker" "start" "-a" "7b614499323ac01b56a01f94f999b5a89b259abe603090c5ab0576bf66c2a521", kill_on_drop: false }`
[INFO] [stderr]     Finished test [unoptimized + debuginfo] target(s) in 0.58s
[INFO] [stderr]      Running unittests src/lib.rs (/opt/rustwide/target/debug/deps/git_branchless_revset-bd98c3d60dda6d0f)
[INFO] [stdout] 
[INFO] [stdout] running 12 tests
[INFO] [stdout] test pattern::tests::test_pattern ... ok
[INFO] [stdout] test parser::tests::test_revset_parser ... ok
[INFO] [stdout] test parser::tests::test_revset_parse_git_revision_syntax ... ok
[INFO] [stdout] test parser::tests::test_revset_parse_function_calls ... ok
[INFO] [stdout] test parser::tests::test_revset_parse_range_operator ... ok
[INFO] [stdout] test parser::tests::test_revset_parse_parentheses ... ok
[INFO] [stdout] test parser::tests::test_revset_parse_string ... ok
[INFO] [stdout] test parser::tests::test_revset_parse_set_operators ... ok
[INFO] [stdout] test eval::tests::test_eval_aliases ... FAILED
[INFO] [stdout] test eval::tests::test_eval_author_committer ... FAILED
[INFO] [stdout] test eval::tests::test_eval_current ... FAILED
[INFO] [stdout] test eval::tests::test_eval ... FAILED
[INFO] [stdout] 
[INFO] [stdout] failures:
[INFO] [stdout] 
[INFO] [stdout] ---- eval::tests::test_eval_aliases stdout ----
[INFO] [stdout] Error: 
[INFO] [stdout]    0: [91mNo path to Git executable was set. Try running as: `TEST_GIT=$(which git) cargo test ...` or set `env.TEST_GIT` in your `config.toml` (see https://doc.rust-lang.org/cargo/reference/config.html)[0m
[INFO] [stdout] 
[INFO] [stdout] Location:
[INFO] [stdout]    [35m/opt/rustwide/cargo-home/registry/src/github.com-1ecc6299db9ec823/git-branchless-lib-0.7.0/src/core/config.rs[0m:[35m334[0m
[INFO] [stdout] 
[INFO] [stdout]   ━━━━━━━━━━━━━━━━━━━━━━━━━━━━━━━━━━ BACKTRACE ━━━━━━━━━━━━━━━━━━━━━━━━━━━━━━━━━━━
[INFO] [stdout]   [96m                              ⋮ 5 frames hidden ⋮                               [0m
[INFO] [stdout]    6: [91mbranchless::core::config::env_vars::get_path_to_git::{{closure}}[0m[90m::hb9a901bd90f6e472[0m
[INFO] [stdout]       at [35m/opt/rustwide/cargo-home/registry/src/github.com-1ecc6299db9ec823/git-branchless-lib-0.7.0/src/core/config.rs[0m:[35m334[0m
[INFO] [stdout]        332 │     pub fn get_path_to_git() -> eyre::Result<PathBuf> {
[INFO] [stdout]        333 │         let path_to_git = std::env::var_os(TEST_GIT).ok_or_else(|| {
[INFO] [stdout]   [37;1m     334[0m [37;1m>[0m [37;1m            eyre::eyre!([0m
[INFO] [stdout]        335 │                 "No path to Git executable was set. \
[INFO] [stdout]        336 │ Try running as: `{0}=$(which git) cargo test ...` \
[INFO] [stdout]    7: [32mcore::option::Option<T>::ok_or_else[0m[90m::h1b413c448de33ad8[0m
[INFO] [stdout]       at [35m/rustc/84c898d65adf2f39a5a98507f1fe0ce10a2b8dbc/library/core/src/option.rs[0m:[35m1249[0m
[INFO] [stdout]    8: [91mbranchless::core::config::env_vars::get_path_to_git[0m[90m::hd04b8c6de26e0218[0m
[INFO] [stdout]       at [35m/opt/rustwide/cargo-home/registry/src/github.com-1ecc6299db9ec823/git-branchless-lib-0.7.0/src/core/config.rs[0m:[35m333[0m
[INFO] [stdout]        331 │     #[instrument]
[INFO] [stdout]        332 │     pub fn get_path_to_git() -> eyre::Result<PathBuf> {
[INFO] [stdout]   [37;1m     333[0m [37;1m>[0m [37;1m        let path_to_git = std::env::var_os(TEST_GIT).ok_or_else(|| {[0m
[INFO] [stdout]        334 │             eyre::eyre!(
[INFO] [stdout]        335 │                 "No path to Git executable was set. \
[INFO] [stdout]    9: [91mbranchless::testing::make_git[0m[90m::hc2b0cd5516c3ade5[0m
[INFO] [stdout]       at [35m/opt/rustwide/cargo-home/registry/src/github.com-1ecc6299db9ec823/git-branchless-lib-0.7.0/src/testing.rs[0m:[35m650[0m
[INFO] [stdout]        648 │ 
[INFO] [stdout]        649 │     let repo_dir = tempfile::tempdir()?;
[INFO] [stdout]   [37;1m     650[0m [37;1m>[0m [37;1m    let path_to_git = get_path_to_git()?;[0m
[INFO] [stdout]        651 │     let git_exec_path = get_git_exec_path()?;
[INFO] [stdout]        652 │     let git = Git::new(path_to_git, repo_dir.path().to_path_buf(), git_exec_path);
[INFO] [stdout]   10: [91mgit_branchless_revset::eval::tests::test_eval_aliases[0m[90m::h126abcbe831e4d15[0m
[INFO] [stdout]       at [35m/opt/rustwide/workdir/src/eval.rs[0m:[35m1193[0m
[INFO] [stdout]       1191 │     #[test]
[INFO] [stdout]       1192 │     fn test_eval_aliases() -> eyre::Result<()> {
[INFO] [stdout]   [37;1m    1193[0m [37;1m>[0m [37;1m        let git = make_git()?;[0m
[INFO] [stdout]       1194 │         git.init_repo()?;
[INFO] [stdout]       1195 │ 
[INFO] [stdout]   11: [91mgit_branchless_revset::eval::tests::test_eval_aliases::{{closure}}[0m[90m::h6265bb848c80c4b2[0m
[INFO] [stdout]       at [35m/opt/rustwide/workdir/src/eval.rs[0m:[35m1192[0m
[INFO] [stdout]       1190 │ 
[INFO] [stdout]       1191 │     #[test]
[INFO] [stdout]   [37;1m    1192[0m [37;1m>[0m [37;1m    fn test_eval_aliases() -> eyre::Result<()> {[0m
[INFO] [stdout]       1193 │         let git = make_git()?;
[INFO] [stdout]       1194 │         git.init_repo()?;
[INFO] [stdout]   12: [32mcore::ops::function::FnOnce::call_once[0m[90m::he0e50018126519be[0m
[INFO] [stdout]       at [35m/rustc/84c898d65adf2f39a5a98507f1fe0ce10a2b8dbc/library/core/src/ops/function.rs[0m:[35m250[0m
[INFO] [stdout]   13: [32mcore::ops::function::FnOnce::call_once[0m[90m::h7d969581be7d0075[0m
[INFO] [stdout]       at [35m/rustc/84c898d65adf2f39a5a98507f1fe0ce10a2b8dbc/library/core/src/ops/function.rs[0m:[35m250[0m
[INFO] [stdout]   14: [32mtest::__rust_begin_short_backtrace[0m[90m::hca25a52684e56655[0m
[INFO] [stdout]       at [35m/rustc/84c898d65adf2f39a5a98507f1fe0ce10a2b8dbc/library/test/src/lib.rs[0m:[35m656[0m
[INFO] [stdout]   15: [32mtest::run_test::{{closure}}[0m[90m::ha8ac744c4af1a4bb[0m
[INFO] [stdout]       at [35m/rustc/84c898d65adf2f39a5a98507f1fe0ce10a2b8dbc/library/test/src/lib.rs[0m:[35m647[0m
[INFO] [stdout]   16: [32mcore::ops::function::FnOnce::call_once{{vtable.shim}}[0m[90m::h7b411a9ed45bdecf[0m
[INFO] [stdout]       at [35m/rustc/84c898d65adf2f39a5a98507f1fe0ce10a2b8dbc/library/core/src/ops/function.rs[0m:[35m250[0m
[INFO] [stdout]   17: [32m<alloc::boxed::Box<F,A> as core::ops::function::FnOnce<Args>>::call_once[0m[90m::hd05328869a8ed200[0m
[INFO] [stdout]       at [35m/rustc/84c898d65adf2f39a5a98507f1fe0ce10a2b8dbc/library/alloc/src/boxed.rs[0m:[35m1987[0m
[INFO] [stdout]   18: [32m<core::panic::unwind_safe::AssertUnwindSafe<F> as core::ops::function::FnOnce<()>>::call_once[0m[90m::h0c601ce20bd5b2be[0m
[INFO] [stdout]       at [35m/rustc/84c898d65adf2f39a5a98507f1fe0ce10a2b8dbc/library/core/src/panic/unwind_safe.rs[0m:[35m271[0m
[INFO] [stdout]   19: [32mstd::panicking::try::do_call[0m[90m::ha4be5c164fe30854[0m
[INFO] [stdout]       at [35m/rustc/84c898d65adf2f39a5a98507f1fe0ce10a2b8dbc/library/std/src/panicking.rs[0m:[35m487[0m
[INFO] [stdout]   20: [32mstd::panicking::try[0m[90m::h604546f3609af05f[0m
[INFO] [stdout]       at [35m/rustc/84c898d65adf2f39a5a98507f1fe0ce10a2b8dbc/library/std/src/panicking.rs[0m:[35m451[0m
[INFO] [stdout]   21: [32mstd::panic::catch_unwind[0m[90m::h5bfa8afe44c9c2f9[0m
[INFO] [stdout]       at [35m/rustc/84c898d65adf2f39a5a98507f1fe0ce10a2b8dbc/library/std/src/panic.rs[0m:[35m140[0m
[INFO] [stdout]   22: [32mtest::run_test_in_process[0m[90m::hd50dee55dd63e6aa[0m
[INFO] [stdout]       at [35m/rustc/84c898d65adf2f39a5a98507f1fe0ce10a2b8dbc/library/test/src/lib.rs[0m:[35m679[0m
[INFO] [stdout]   [96m                              ⋮ 14 frames hidden ⋮                              [0m
[INFO] [stdout] 
[INFO] [stdout] Run with COLORBT_SHOW_HIDDEN=1 environment variable to disable frame filtering.
[INFO] [stdout] 
[INFO] [stdout] ---- eval::tests::test_eval_author_committer stdout ----
[INFO] [stdout] Error: 
[INFO] [stdout]    0: [91mNo path to Git executable was set. Try running as: `TEST_GIT=$(which git) cargo test ...` or set `env.TEST_GIT` in your `config.toml` (see https://doc.rust-lang.org/cargo/reference/config.html)[0m
[INFO] [stdout] 
[INFO] [stdout] Location:
[INFO] [stdout]    [35m/opt/rustwide/cargo-home/registry/src/github.com-1ecc6299db9ec823/git-branchless-lib-0.7.0/src/core/config.rs[0m:[35m334[0m
[INFO] [stdout] 
[INFO] [stdout]   ━━━━━━━━━━━━━━━━━━━━━━━━━━━━━━━━━━ BACKTRACE ━━━━━━━━━━━━━━━━━━━━━━━━━━━━━━━━━━━
[INFO] [stdout]   [96m                              ⋮ 5 frames hidden ⋮                               [0m
[INFO] [stdout]    6: [91mbranchless::core::config::env_vars::get_path_to_git::{{closure}}[0m[90m::hb9a901bd90f6e472[0m
[INFO] [stdout]       at [35m/opt/rustwide/cargo-home/registry/src/github.com-1ecc6299db9ec823/git-branchless-lib-0.7.0/src/core/config.rs[0m:[35m334[0m
[INFO] [stdout]        332 │     pub fn get_path_to_git() -> eyre::Result<PathBuf> {
[INFO] [stdout]        333 │         let path_to_git = std::env::var_os(TEST_GIT).ok_or_else(|| {
[INFO] [stdout]   [37;1m     334[0m [37;1m>[0m [37;1m            eyre::eyre!([0m
[INFO] [stdout]        335 │                 "No path to Git executable was set. \
[INFO] [stdout]        336 │ Try running as: `{0}=$(which git) cargo test ...` \
[INFO] [stdout]    7: [32mcore::option::Option<T>::ok_or_else[0m[90m::h1b413c448de33ad8[0m
[INFO] [stdout]       at [35m/rustc/84c898d65adf2f39a5a98507f1fe0ce10a2b8dbc/library/core/src/option.rs[0m:[35m1249[0m
[INFO] [stdout]    8: [91mbranchless::core::config::env_vars::get_path_to_git[0m[90m::hd04b8c6de26e0218[0m
[INFO] [stdout]       at [35m/opt/rustwide/cargo-home/registry/src/github.com-1ecc6299db9ec823/git-branchless-lib-0.7.0/src/core/config.rs[0m:[35m333[0m
[INFO] [stdout]        331 │     #[instrument]
[INFO] [stdout]        332 │     pub fn get_path_to_git() -> eyre::Result<PathBuf> {
[INFO] [stdout]   [37;1m     333[0m [37;1m>[0m [37;1m        let path_to_git = std::env::var_os(TEST_GIT).ok_or_else(|| {[0m
[INFO] [stdout]        334 │             eyre::eyre!(
[INFO] [stdout]        335 │                 "No path to Git executable was set. \
[INFO] [stdout]    9: [91mbranchless::testing::make_git[0m[90m::hc2b0cd5516c3ade5[0m
[INFO] [stdout]       at [35m/opt/rustwide/cargo-home/registry/src/github.com-1ecc6299db9ec823/git-branchless-lib-0.7.0/src/testing.rs[0m:[35m650[0m
[INFO] [stdout]        648 │ 
[INFO] [stdout]        649 │     let repo_dir = tempfile::tempdir()?;
[INFO] [stdout]   [37;1m     650[0m [37;1m>[0m [37;1m    let path_to_git = get_path_to_git()?;[0m
[INFO] [stdout]        651 │     let git_exec_path = get_git_exec_path()?;
[INFO] [stdout]        652 │     let git = Git::new(path_to_git, repo_dir.path().to_path_buf(), git_exec_path);
[INFO] [stdout]   10: [91mgit_branchless_revset::eval::tests::test_eval_author_committer[0m[90m::h8ed89a20d93d49c8[0m
[INFO] [stdout]       at [35m/opt/rustwide/workdir/src/eval.rs[0m:[35m884[0m
[INFO] [stdout]        882 │     #[test]
[INFO] [stdout]        883 │     fn test_eval_author_committer() -> eyre::Result<()> {
[INFO] [stdout]   [37;1m     884[0m [37;1m>[0m [37;1m        let git = make_git()?;[0m
[INFO] [stdout]        885 │         git.init_repo()?;
[INFO] [stdout]        886 │ 
[INFO] [stdout]   11: [91mgit_branchless_revset::eval::tests::test_eval_author_committer::{{closure}}[0m[90m::hc1cfa0b53c93d746[0m
[INFO] [stdout]       at [35m/opt/rustwide/workdir/src/eval.rs[0m:[35m883[0m
[INFO] [stdout]        881 │ 
[INFO] [stdout]        882 │     #[test]
[INFO] [stdout]   [37;1m     883[0m [37;1m>[0m [37;1m    fn test_eval_author_committer() -> eyre::Result<()> {[0m
[INFO] [stdout]        884 │         let git = make_git()?;
[INFO] [stdout]        885 │         git.init_repo()?;
[INFO] [stdout]   12: [32mcore::ops::function::FnOnce::call_once[0m[90m::h556e2f5b82db2200[0m
[INFO] [stdout]       at [35m/rustc/84c898d65adf2f39a5a98507f1fe0ce10a2b8dbc/library/core/src/ops/function.rs[0m:[35m250[0m
[INFO] [stdout]   13: [32mcore::ops::function::FnOnce::call_once[0m[90m::h7d969581be7d0075[0m
[INFO] [stdout]       at [35m/rustc/84c898d65adf2f39a5a98507f1fe0ce10a2b8dbc/library/core/src/ops/function.rs[0m:[35m250[0m
[INFO] [stdout]   14: [32mtest::__rust_begin_short_backtrace[0m[90m::hca25a52684e56655[0m
[INFO] [stdout]       at [35m/rustc/84c898d65adf2f39a5a98507f1fe0ce10a2b8dbc/library/test/src/lib.rs[0m:[35m656[0m
[INFO] [stdout]   15: [32mtest::run_test::{{closure}}[0m[90m::ha8ac744c4af1a4bb[0m
[INFO] [stdout]       at [35m/rustc/84c898d65adf2f39a5a98507f1fe0ce10a2b8dbc/library/test/src/lib.rs[0m:[35m647[0m
[INFO] [stdout]   16: [32mcore::ops::function::FnOnce::call_once{{vtable.shim}}[0m[90m::h7b411a9ed45bdecf[0m
[INFO] [stdout]       at [35m/rustc/84c898d65adf2f39a5a98507f1fe0ce10a2b8dbc/library/core/src/ops/function.rs[0m:[35m250[0m
[INFO] [stdout]   17: [32m<alloc::boxed::Box<F,A> as core::ops::function::FnOnce<Args>>::call_once[0m[90m::hd05328869a8ed200[0m
[INFO] [stdout]       at [35m/rustc/84c898d65adf2f39a5a98507f1fe0ce10a2b8dbc/library/alloc/src/boxed.rs[0m:[35m1987[0m
[INFO] [stdout]   18: [32m<core::panic::unwind_safe::AssertUnwindSafe<F> as core::ops::function::FnOnce<()>>::call_once[0m[90m::h0c601ce20bd5b2be[0m
[INFO] [stdout]       at [35m/rustc/84c898d65adf2f39a5a98507f1fe0ce10a2b8dbc/library/core/src/panic/unwind_safe.rs[0m:[35m271[0m
[INFO] [stdout]   19: [32mstd::panicking::try::do_call[0m[90m::ha4be5c164fe30854[0m
[INFO] [stdout]       at [35m/rustc/84c898d65adf2f39a5a98507f1fe0ce10a2b8dbc/library/std/src/panicking.rs[0m:[35m487[0m
[INFO] [stdout]   20: [32mstd::panicking::try[0m[90m::h604546f3609af05f[0m
[INFO] [stdout]       at [35m/rustc/84c898d65adf2f39a5a98507f1fe0ce10a2b8dbc/library/std/src/panicking.rs[0m:[35m451[0m
[INFO] [stdout]   21: [32mstd::panic::catch_unwind[0m[90m::h5bfa8afe44c9c2f9[0m
[INFO] [stdout]       at [35m/rustc/84c898d65adf2f39a5a98507f1fe0ce10a2b8dbc/library/std/src/panic.rs[0m:[35m140[0m
[INFO] [stdout]   22: [32mtest::run_test_in_process[0m[90m::hd50dee55dd63e6aa[0m
[INFO] [stdout]       at [35m/rustc/84c898d65adf2f39a5a98507f1fe0ce10a2b8dbc/library/test/src/lib.rs[0m:[35m679[0m
[INFO] [stdout]   [96m                              ⋮ 14 frames hidden ⋮                              [0m
[INFO] [stdout] 
[INFO] [stdout] Run with COLORBT_SHOW_HIDDEN=1 environment variable to disable frame filtering.
[INFO] [stdout] 
[INFO] [stdout] ---- eval::tests::test_eval_current stdout ----
[INFO] [stdout] Error: 
[INFO] [stdout]    0: [91mNo path to Git executable was set. Try running as: `TEST_GIT=$(which git) cargo test ...` or set `env.TEST_GIT` in your `config.toml` (see https://doc.rust-lang.org/cargo/reference/config.html)[0m
[INFO] [stdout] 
[INFO] [stdout] Location:
[INFO] [stdout]    [35m/opt/rustwide/cargo-home/registry/src/github.com-1ecc6299db9ec823/git-branchless-lib-0.7.0/src/core/config.rs[0m:[35m334[0m
[INFO] [stdout] 
[INFO] [stdout]   ━━━━━━━━━━━━━━━━━━━━━━━━━━━━━━━━━━ BACKTRACE ━━━━━━━━━━━━━━━━━━━━━━━━━━━━━━━━━━━
[INFO] [stdout]   [96m                              ⋮ 5 frames hidden ⋮                               [0m
[INFO] [stdout]    6: [91mbranchless::core::config::env_vars::get_path_to_git::{{closure}}[0m[90m::hb9a901bd90f6e472[0m
[INFO] [stdout]       at [35m/opt/rustwide/cargo-home/registry/src/github.com-1ecc6299db9ec823/git-branchless-lib-0.7.0/src/core/config.rs[0m:[35m334[0m
[INFO] [stdout]        332 │     pub fn get_path_to_git() -> eyre::Result<PathBuf> {
[INFO] [stdout]        333 │         let path_to_git = std::env::var_os(TEST_GIT).ok_or_else(|| {
[INFO] [stdout]   [37;1m     334[0m [37;1m>[0m [37;1m            eyre::eyre!([0m
[INFO] [stdout]        335 │                 "No path to Git executable was set. \
[INFO] [stdout]        336 │ Try running as: `{0}=$(which git) cargo test ...` \
[INFO] [stdout]    7: [32mcore::option::Option<T>::ok_or_else[0m[90m::h1b413c448de33ad8[0m
[INFO] [stdout]       at [35m/rustc/84c898d65adf2f39a5a98507f1fe0ce10a2b8dbc/library/core/src/option.rs[0m:[35m1249[0m
[INFO] [stdout]    8: [91mbranchless::core::config::env_vars::get_path_to_git[0m[90m::hd04b8c6de26e0218[0m
[INFO] [stdout]       at [35m/opt/rustwide/cargo-home/registry/src/github.com-1ecc6299db9ec823/git-branchless-lib-0.7.0/src/core/config.rs[0m:[35m333[0m
[INFO] [stdout]        331 │     #[instrument]
[INFO] [stdout]        332 │     pub fn get_path_to_git() -> eyre::Result<PathBuf> {
[INFO] [stdout]   [37;1m     333[0m [37;1m>[0m [37;1m        let path_to_git = std::env::var_os(TEST_GIT).ok_or_else(|| {[0m
[INFO] [stdout]        334 │             eyre::eyre!(
[INFO] [stdout]        335 │                 "No path to Git executable was set. \
[INFO] [stdout]    9: [91mbranchless::testing::make_git[0m[90m::hc2b0cd5516c3ade5[0m
[INFO] [stdout]       at [35m/opt/rustwide/cargo-home/registry/src/github.com-1ecc6299db9ec823/git-branchless-lib-0.7.0/src/testing.rs[0m:[35m650[0m
[INFO] [stdout]        648 │ 
[INFO] [stdout]        649 │     let repo_dir = tempfile::tempdir()?;
[INFO] [stdout]   [37;1m     650[0m [37;1m>[0m [37;1m    let path_to_git = get_path_to_git()?;[0m
[INFO] [stdout]        651 │     let git_exec_path = get_git_exec_path()?;
[INFO] [stdout]        652 │     let git = Git::new(path_to_git, repo_dir.path().to_path_buf(), git_exec_path);
[INFO] [stdout]   10: [91mgit_branchless_revset::eval::tests::test_eval_current[0m[90m::h86613ce431710aa1[0m
[INFO] [stdout]       at [35m/opt/rustwide/workdir/src/eval.rs[0m:[35m1109[0m
[INFO] [stdout]       1107 │     #[test]
[INFO] [stdout]       1108 │     fn test_eval_current() -> eyre::Result<()> {
[INFO] [stdout]   [37;1m    1109[0m [37;1m>[0m [37;1m        let git = make_git()?;[0m
[INFO] [stdout]       1110 │         git.init_repo()?;
[INFO] [stdout]       1111 │ 
[INFO] [stdout]   11: [91mgit_branchless_revset::eval::tests::test_eval_current::{{closure}}[0m[90m::hfdef7c44a9dce984[0m
[INFO] [stdout]       at [35m/opt/rustwide/workdir/src/eval.rs[0m:[35m1108[0m
[INFO] [stdout]       1106 │ 
[INFO] [stdout]       1107 │     #[test]
[INFO] [stdout]   [37;1m    1108[0m [37;1m>[0m [37;1m    fn test_eval_current() -> eyre::Result<()> {[0m
[INFO] [stdout]       1109 │         let git = make_git()?;
[INFO] [stdout]       1110 │         git.init_repo()?;
[INFO] [stdout]   12: [32mcore::ops::function::FnOnce::call_once[0m[90m::h7988f9134949888c[0m
[INFO] [stdout]       at [35m/rustc/84c898d65adf2f39a5a98507f1fe0ce10a2b8dbc/library/core/src/ops/function.rs[0m:[35m250[0m
[INFO] [stdout]   13: [32mcore::ops::function::FnOnce::call_once[0m[90m::h7d969581be7d0075[0m
[INFO] [stdout]       at [35m/rustc/84c898d65adf2f39a5a98507f1fe0ce10a2b8dbc/library/core/src/ops/function.rs[0m:[35m250[0m
[INFO] [stdout]   14: [32mtest::__rust_begin_short_backtrace[0m[90m::hca25a52684e56655[0m
[INFO] [stdout]       at [35m/rustc/84c898d65adf2f39a5a98507f1fe0ce10a2b8dbc/library/test/src/lib.rs[0m:[35m656[0m
[INFO] [stdout]   15: [32mtest::run_test::{{closure}}[0m[90m::ha8ac744c4af1a4bb[0m
[INFO] [stdout]       at [35m/rustc/84c898d65adf2f39a5a98507f1fe0ce10a2b8dbc/library/test/src/lib.rs[0m:[35m647[0m
[INFO] [stdout]   16: [32mcore::ops::function::FnOnce::call_once{{vtable.shim}}[0m[90m::h7b411a9ed45bdecf[0m
[INFO] [stdout]       at [35m/rustc/84c898d65adf2f39a5a98507f1fe0ce10a2b8dbc/library/core/src/ops/function.rs[0m:[35m250[0m
[INFO] [stdout]   17: [32m<alloc::boxed::Box<F,A> as core::ops::function::FnOnce<Args>>::call_once[0m[90m::hd05328869a8ed200[0m
[INFO] [stdout]       at [35m/rustc/84c898d65adf2f39a5a98507f1fe0ce10a2b8dbc/library/alloc/src/boxed.rs[0m:[35m1987[0m
[INFO] [stdout]   18: [32m<core::panic::unwind_safe::AssertUnwindSafe<F> as core::ops::function::FnOnce<()>>::call_once[0m[90m::h0c601ce20bd5b2be[0m
[INFO] [stdout]       at [35m/rustc/84c898d65adf2f39a5a98507f1fe0ce10a2b8dbc/library/core/src/panic/unwind_safe.rs[0m:[35m271[0m
[INFO] [stdout]   19: [32mstd::panicking::try::do_call[0m[90m::ha4be5c164fe30854[0m
[INFO] [stdout]       at [35m/rustc/84c898d65adf2f39a5a98507f1fe0ce10a2b8dbc/library/std/src/panicking.rs[0m:[35m487[0m
[INFO] [stdout]   20: [32mstd::panicking::try[0m[90m::h604546f3609af05f[0m
[INFO] [stdout]       at [35m/rustc/84c898d65adf2f39a5a98507f1fe0ce10a2b8dbc/library/std/src/panicking.rs[0m:[35m451[0m
[INFO] [stdout]   21: [32mstd::panic::catch_unwind[0m[90m::h5bfa8afe44c9c2f9[0m
[INFO] [stdout]       at [35m/rustc/84c898d65adf2f39a5a98507f1fe0ce10a2b8dbc/library/std/src/panic.rs[0m:[35m140[0m
[INFO] [stdout]   22: [32mtest::run_test_in_process[0m[90m::hd50dee55dd63e6aa[0m
[INFO] [stdout]       at [35m/rustc/84c898d65adf2f39a5a98507f1fe0ce10a2b8dbc/library/test/src/lib.rs[0m:[35m679[0m
[INFO] [stdout]   [96m                              ⋮ 14 frames hidden ⋮                              [0m
[INFO] [stdout] 
[INFO] [stdout] Run with COLORBT_SHOW_HIDDEN=1 environment variable to disable frame filtering.
[INFO] [stdout] 
[INFO] [stdout] ---- eval::tests::test_eval stdout ----
[INFO] [stdout] Error: 
[INFO] [stdout]    0: [91mNo path to Git executable was set. Try running as: `TEST_GIT=$(which git) cargo test ...` or set `env.TEST_GIT` in your `config.toml` (see https://doc.rust-lang.org/cargo/reference/config.html)[0m
[INFO] [stdout] 
[INFO] [stdout] Location:
[INFO] [stdout]    [35m/opt/rustwide/cargo-home/registry/src/github.com-1ecc6299db9ec823/git-branchless-lib-0.7.0/src/core/config.rs[0m:[35m334[0m
[INFO] [stdout] 
[INFO] [stdout]   ━━━━━━━━━━━━━━━━━━━━━━━━━━━━━━━━━━ BACKTRACE ━━━━━━━━━━━━━━━━━━━━━━━━━━━━━━━━━━━
[INFO] [stdout]   [96m                              ⋮ 5 frames hidden ⋮                               [0m
[INFO] [stdout]    6: [91mbranchless::core::config::env_vars::get_path_to_git::{{closure}}[0m[90m::hb9a901bd90f6e472[0m
[INFO] [stdout]       at [35m/opt/rustwide/cargo-home/registry/src/github.com-1ecc6299db9ec823/git-branchless-lib-0.7.0/src/core/config.rs[0m:[35m334[0m
[INFO] [stdout]        332 │     pub fn get_path_to_git() -> eyre::Result<PathBuf> {
[INFO] [stdout]        333 │         let path_to_git = std::env::var_os(TEST_GIT).ok_or_else(|| {
[INFO] [stdout]   [37;1m     334[0m [37;1m>[0m [37;1m            eyre::eyre!([0m
[INFO] [stdout]        335 │                 "No path to Git executable was set. \
[INFO] [stdout]        336 │ Try running as: `{0}=$(which git) cargo test ...` \
[INFO] [stdout]    7: [32mcore::option::Option<T>::ok_or_else[0m[90m::h1b413c448de33ad8[0m
[INFO] [stdout]       at [35m/rustc/84c898d65adf2f39a5a98507f1fe0ce10a2b8dbc/library/core/src/option.rs[0m:[35m1249[0m
[INFO] [stdout]    8: [91mbranchless::core::config::env_vars::get_path_to_git[0m[90m::hd04b8c6de26e0218[0m
[INFO] [stdout]       at [35m/opt/rustwide/cargo-home/registry/src/github.com-1ecc6299db9ec823/git-branchless-lib-0.7.0/src/core/config.rs[0m:[35m333[0m
[INFO] [stdout]        331 │     #[instrument]
[INFO] [stdout]        332 │     pub fn get_path_to_git() -> eyre::Result<PathBuf> {
[INFO] [stdout]   [37;1m     333[0m [37;1m>[0m [37;1m        let path_to_git = std::env::var_os(TEST_GIT).ok_or_else(|| {[0m
[INFO] [stdout]        334 │             eyre::eyre!(
[INFO] [stdout]        335 │                 "No path to Git executable was set. \
[INFO] [stdout]    9: [91mbranchless::testing::make_git[0m[90m::hc2b0cd5516c3ade5[0m
[INFO] [stdout]       at [35m/opt/rustwide/cargo-home/registry/src/github.com-1ecc6299db9ec823/git-branchless-lib-0.7.0/src/testing.rs[0m:[35m650[0m
[INFO] [stdout]        648 │ 
[INFO] [stdout]        649 │     let repo_dir = tempfile::tempdir()?;
[INFO] [stdout]   [37;1m     650[0m [37;1m>[0m [37;1m    let path_to_git = get_path_to_git()?;[0m
[INFO] [stdout]        651 │     let git_exec_path = get_git_exec_path()?;
[INFO] [stdout]        652 │     let git = Git::new(path_to_git, repo_dir.path().to_path_buf(), git_exec_path);
[INFO] [stdout]   10: [91mgit_branchless_revset::eval::tests::test_eval[0m[90m::h2512eef204a0c1c9[0m
[INFO] [stdout]       at [35m/opt/rustwide/workdir/src/eval.rs[0m:[35m381[0m
[INFO] [stdout]        379 │     #[test]
[INFO] [stdout]        380 │     fn test_eval() -> eyre::Result<()> {
[INFO] [stdout]   [37;1m     381[0m [37;1m>[0m [37;1m        let git = make_git()?;[0m
[INFO] [stdout]        382 │         git.init_repo()?;
[INFO] [stdout]        383 │ 
[INFO] [stdout]   11: [91mgit_branchless_revset::eval::tests::test_eval::{{closure}}[0m[90m::he58f1d657a7dc246[0m
[INFO] [stdout]       at [35m/opt/rustwide/workdir/src/eval.rs[0m:[35m380[0m
[INFO] [stdout]        378 │ 
[INFO] [stdout]        379 │     #[test]
[INFO] [stdout]   [37;1m     380[0m [37;1m>[0m [37;1m    fn test_eval() -> eyre::Result<()> {[0m
[INFO] [stdout]        381 │         let git = make_git()?;
[INFO] [stdout]        382 │         git.init_repo()?;
[INFO] [stdout]   12: [32mcore::ops::function::FnOnce::call_once[0m[90m::hf96d60073d3425c3[0m
[INFO] [stdout]       at [35m/rustc/84c898d65adf2f39a5a98507f1fe0ce10a2b8dbc/library/core/src/ops/function.rs[0m:[35m250[0m
[INFO] [stdout]   13: [32mcore::ops::function::FnOnce::call_once[0m[90m::h7d969581be7d0075[0m
[INFO] [stdout]       at [35m/rustc/84c898d65adf2f39a5a98507f1fe0ce10a2b8dbc/library/core/src/ops/function.rs[0m:[35m250[0m
[INFO] [stdout]   14: [32mtest::__rust_begin_short_backtrace[0m[90m::hca25a52684e56655[0m
[INFO] [stdout]       at [35m/rustc/84c898d65adf2f39a5a98507f1fe0ce10a2b8dbc/library/test/src/lib.rs[0m:[35m656[0m
[INFO] [stdout]   15: [32mtest::run_test::{{closure}}[0m[90m::ha8ac744c4af1a4bb[0m
[INFO] [stdout]       at [35m/rustc/84c898d65adf2f39a5a98507f1fe0ce10a2b8dbc/library/test/src/lib.rs[0m:[35m647[0m
[INFO] [stdout]   16: [32mcore::ops::function::FnOnce::call_once{{vtable.shim}}[0m[90m::h7b411a9ed45bdecf[0m
[INFO] [stdout]       at [35m/rustc/84c898d65adf2f39a5a98507f1fe0ce10a2b8dbc/library/core/src/ops/function.rs[0m:[35m250[0m
[INFO] [stdout]   17: [32m<alloc::boxed::Box<F,A> as core::ops::function::FnOnce<Args>>::call_once[0m[90m::hd05328869a8ed200[0m
[INFO] [stdout]       at [35m/rustc/84c898d65adf2f39a5a98507f1fe0ce10a2b8dbc/library/alloc/src/boxed.rs[0m:[35m1987[0m
[INFO] [stdout]   18: [32m<core::panic::unwind_safe::AssertUnwindSafe<F> as core::ops::function::FnOnce<()>>::call_once[0m[90m::h0c601ce20bd5b2be[0m
[INFO] [stdout]       at [35m/rustc/84c898d65adf2f39a5a98507f1fe0ce10a2b8dbc/library/core/src/panic/unwind_safe.rs[0m:[35m271[0m
[INFO] [stdout]   19: [32mstd::panicking::try::do_call[0m[90m::ha4be5c164fe30854[0m
[INFO] [stdout]       at [35m/rustc/84c898d65adf2f39a5a98507f1fe0ce10a2b8dbc/library/std/src/panicking.rs[0m:[35m487[0m
[INFO] [stdout]   20: [32mstd::panicking::try[0m[90m::h604546f3609af05f[0m
[INFO] [stdout]       at [35m/rustc/84c898d65adf2f39a5a98507f1fe0ce10a2b8dbc/library/std/src/panicking.rs[0m:[35m451[0m
[INFO] [stdout]   21: [32mstd::panic::catch_unwind[0m[90m::h5bfa8afe44c9c2f9[0m
[INFO] [stdout]       at [35m/rustc/84c898d65adf2f39a5a98507f1fe0ce10a2b8dbc/library/std/src/panic.rs[0m:[35m140[0m
[INFO] [stdout]   22: [32mtest::run_test_in_process[0m[90m::hd50dee55dd63e6aa[0m
[INFO] [stdout]       at [35m/rustc/84c898d65adf2f39a5a98507f1fe0ce10a2b8dbc/library/test/src/lib.rs[0m:[35m679[0m
[INFO] [stdout]   [96m                              ⋮ 14 frames hidden ⋮                              [0m
[INFO] [stdout] 
[INFO] [stdout] Run with COLORBT_SHOW_HIDDEN=1 environment variable to disable frame filtering.
[INFO] [stdout] 
[INFO] [stdout] 
[INFO] [stdout] failures:
[INFO] [stdout]     eval::tests::test_eval
[INFO] [stdout]     eval::tests::test_eval_aliases
[INFO] [stdout]     eval::tests::test_eval_author_committer
[INFO] [stdout]     eval::tests::test_eval_current
[INFO] [stdout] 
[INFO] [stdout] test result: FAILED. 8 passed; 4 failed; 0 ignored; 0 measured; 0 filtered out; finished in 1.12s
[INFO] [stdout] 
[INFO] [stderr] error: test failed, to rerun pass `--lib`
[INFO] running `Command { std: "docker" "inspect" "7b614499323ac01b56a01f94f999b5a89b259abe603090c5ab0576bf66c2a521", kill_on_drop: false }`
[INFO] running `Command { std: "docker" "rm" "-f" "7b614499323ac01b56a01f94f999b5a89b259abe603090c5ab0576bf66c2a521", kill_on_drop: false }`
[INFO] [stdout] 7b614499323ac01b56a01f94f999b5a89b259abe603090c5ab0576bf66c2a521
