[INFO] fetching crate gfx-backend-dx12 0.9.1...
[INFO] testing gfx-backend-dx12-0.9.1 against 1.69.0 for beta-1.70-1
[INFO] extracting crate gfx-backend-dx12 0.9.1 into /workspace/builds/worker-1-tc1/source
[INFO] validating manifest of crates.io crate gfx-backend-dx12 0.9.1 on toolchain 1.69.0
[INFO] running `Command { std: CARGO_HOME="/workspace/cargo-home" RUSTUP_HOME="/workspace/rustup-home" "/workspace/cargo-home/bin/cargo" "+1.69.0" "metadata" "--manifest-path" "Cargo.toml" "--no-deps", kill_on_drop: false }`
[INFO] started tweaking crates.io crate gfx-backend-dx12 0.9.1
[INFO] finished tweaking crates.io crate gfx-backend-dx12 0.9.1
[INFO] tweaked toml for crates.io crate gfx-backend-dx12 0.9.1 written to /workspace/builds/worker-1-tc1/source/Cargo.toml
[INFO] running `Command { std: CARGO_HOME="/workspace/cargo-home" RUSTUP_HOME="/workspace/rustup-home" __CARGO_TEST_CHANNEL_OVERRIDE_DO_NOT_USE_THIS="nightly" "/workspace/cargo-home/bin/cargo" "+1.69.0" "generate-lockfile" "--manifest-path" "Cargo.toml" "-Zno-index-update", kill_on_drop: false }`
[INFO] running `Command { std: CARGO_HOME="/workspace/cargo-home" RUSTUP_HOME="/workspace/rustup-home" "/workspace/cargo-home/bin/cargo" "+1.69.0" "fetch" "--manifest-path" "Cargo.toml", kill_on_drop: false }`
[INFO] running `Command { std: "docker" "create" "-v" "/var/lib/crater-agent-workspace/builds/worker-1-tc1/target:/opt/rustwide/target:rw,Z" "-v" "/var/lib/crater-agent-workspace/builds/worker-1-tc1/source:/opt/rustwide/workdir:ro,Z" "-v" "/var/lib/crater-agent-workspace/cargo-home:/opt/rustwide/cargo-home:ro,Z" "-v" "/var/lib/crater-agent-workspace/rustup-home:/opt/rustwide/rustup-home:ro,Z" "-e" "SOURCE_DIR=/opt/rustwide/workdir" "-e" "CARGO_TARGET_DIR=/opt/rustwide/target" "-e" "CARGO_HOME=/opt/rustwide/cargo-home" "-e" "RUSTUP_HOME=/opt/rustwide/rustup-home" "-w" "/opt/rustwide/workdir" "-m" "1610612736" "--user" "0:0" "--network" "none" "ghcr.io/rust-lang/crates-build-env/linux@sha256:5ff2268d62e97bff2cde7d5815dd6ed5b47097566f13b8d0ca110b04b60e07ed" "/opt/rustwide/cargo-home/bin/cargo" "+1.69.0" "metadata" "--no-deps" "--format-version=1", kill_on_drop: false }`
[INFO] [stdout] 4aed23f7a3c5ac4255f4d1c6fca9273d2b90e48bec4692155a6608bab64d01f9
[INFO] running `Command { std: "docker" "start" "-a" "4aed23f7a3c5ac4255f4d1c6fca9273d2b90e48bec4692155a6608bab64d01f9", kill_on_drop: false }`
[INFO] running `Command { std: "docker" "inspect" "4aed23f7a3c5ac4255f4d1c6fca9273d2b90e48bec4692155a6608bab64d01f9", kill_on_drop: false }`
[INFO] running `Command { std: "docker" "rm" "-f" "4aed23f7a3c5ac4255f4d1c6fca9273d2b90e48bec4692155a6608bab64d01f9", kill_on_drop: false }`
[INFO] [stdout] 4aed23f7a3c5ac4255f4d1c6fca9273d2b90e48bec4692155a6608bab64d01f9
[INFO] running `Command { std: "docker" "create" "-v" "/var/lib/crater-agent-workspace/builds/worker-1-tc1/target:/opt/rustwide/target:rw,Z" "-v" "/var/lib/crater-agent-workspace/builds/worker-1-tc1/source:/opt/rustwide/workdir:ro,Z" "-v" "/var/lib/crater-agent-workspace/cargo-home:/opt/rustwide/cargo-home:ro,Z" "-v" "/var/lib/crater-agent-workspace/rustup-home:/opt/rustwide/rustup-home:ro,Z" "-e" "SOURCE_DIR=/opt/rustwide/workdir" "-e" "CARGO_TARGET_DIR=/opt/rustwide/target" "-e" "CARGO_INCREMENTAL=0" "-e" "RUST_BACKTRACE=full" "-e" "RUSTFLAGS=--cap-lints=warn" "-e" "RUSTDOCFLAGS=--cap-lints=warn" "-e" "CARGO_HOME=/opt/rustwide/cargo-home" "-e" "RUSTUP_HOME=/opt/rustwide/rustup-home" "-w" "/opt/rustwide/workdir" "-m" "1610612736" "--user" "0:0" "--network" "none" "ghcr.io/rust-lang/crates-build-env/linux@sha256:5ff2268d62e97bff2cde7d5815dd6ed5b47097566f13b8d0ca110b04b60e07ed" "/opt/rustwide/cargo-home/bin/cargo" "+1.69.0" "build" "--frozen" "--message-format=json", kill_on_drop: false }`
[INFO] [stdout] 70b58a3b8d2affc0ce4dbf5179d21e848897c7d8773b02142155002a37e85986
[INFO] running `Command { std: "docker" "start" "-a" "70b58a3b8d2affc0ce4dbf5179d21e848897c7d8773b02142155002a37e85986", kill_on_drop: false }`
[INFO] [stderr]    Compiling proc-macro2 v1.0.56
[INFO] [stderr]    Compiling unicode-ident v1.0.8
[INFO] [stderr]    Compiling quote v1.0.26
[INFO] [stderr]    Compiling libc v0.2.142
[INFO] [stderr]    Compiling autocfg v1.1.0
[INFO] [stderr]    Compiling cfg-if v1.0.0
[INFO] [stderr]    Compiling serde_derive v1.0.160
[INFO] [stderr]    Compiling log v0.4.17
[INFO] [stderr]    Compiling serde v1.0.160
[INFO] [stderr]    Compiling bitflags v1.3.2
[INFO] [stderr]    Compiling drm-fourcc v2.2.0
[INFO] [stderr]    Compiling thiserror v1.0.40
[INFO] [stderr]    Compiling cty v0.2.2
[INFO] [stderr]    Compiling bit-vec v0.6.3
[INFO] [stderr]    Compiling byteorder v1.4.3
[INFO] [stderr]    Compiling winapi v0.3.9
[INFO] [stderr]    Compiling parking_lot_core v0.8.6
[INFO] [stderr]    Compiling instant v0.1.12
[INFO] [stderr]    Compiling raw-window-handle v0.4.3
[INFO] [stderr]    Compiling libloading v0.7.4
[INFO] [stderr]    Compiling scopeguard v1.1.0
[INFO] [stderr]    Compiling fxhash v0.2.1
[INFO] [stderr]    Compiling bit-set v0.5.3
[INFO] [stderr]    Compiling smallvec v1.10.0
[INFO] [stderr]    Compiling renderdoc-sys v0.7.1
[INFO] [stderr]    Compiling thunderdome v0.4.2
[INFO] [stderr]    Compiling arrayvec v0.5.2
[INFO] [stderr]    Compiling num-traits v0.2.15
[INFO] [stderr]    Compiling lock_api v0.4.9
[INFO] [stderr]    Compiling range-alloc v0.1.3
[INFO] [stderr]    Compiling gfx-renderdoc v0.1.0
[INFO] [stderr]    Compiling d3d12 v0.4.1
[INFO] [stdout] error[E0432]: unresolved imports `winapi::shared`, `winapi::um`
[INFO] [stdout]  --> /opt/rustwide/cargo-home/registry/src/github.com-1ecc6299db9ec823/d3d12-0.4.1/src/lib.rs:6:5
[INFO] [stdout]   |
[INFO] [stdout] 6 |     shared::dxgiformat,
[INFO] [stdout]   |     ^^^^^^ could not find `shared` in `winapi`
[INFO] [stdout] 7 |     um::{d3d12, d3dcommon},
[INFO] [stdout]   |     ^^ could not find `um` in `winapi`
[INFO] [stdout] 
[INFO] [stdout] 
[INFO] [stdout] error[E0433]: failed to resolve: could not find `um` in `winapi`
[INFO] [stdout]  --> /opt/rustwide/cargo-home/registry/src/github.com-1ecc6299db9ec823/d3d12-0.4.1/src/com.rs:8:30
[INFO] [stdout]   |
[INFO] [stdout] 8 | use winapi::{ctypes::c_void, um::unknwnbase::IUnknown, Interface};
[INFO] [stdout]   |                              ^^ could not find `um` in `winapi`
[INFO] [stdout] 
[INFO] [stdout] 
[INFO] [stdout] error[E0432]: unresolved imports `winapi::ctypes`, `winapi::Interface`
[INFO] [stdout]  --> /opt/rustwide/cargo-home/registry/src/github.com-1ecc6299db9ec823/d3d12-0.4.1/src/com.rs:8:14
[INFO] [stdout]   |
[INFO] [stdout] 8 | use winapi::{ctypes::c_void, um::unknwnbase::IUnknown, Interface};
[INFO] [stdout]   |              ^^^^^^                                    ^^^^^^^^^ no `Interface` in the root
[INFO] [stdout]   |              |
[INFO] [stdout]   |              could not find `ctypes` in `winapi`
[INFO] [stdout] 
[INFO] [stdout] 
[INFO] [stdout] error[E0432]: unresolved import `winapi::um`
[INFO] [stdout]  --> /opt/rustwide/cargo-home/registry/src/github.com-1ecc6299db9ec823/d3d12-0.4.1/src/command_allocator.rs:4:13
[INFO] [stdout]   |
[INFO] [stdout] 4 | use winapi::um::d3d12;
[INFO] [stdout]   |             ^^ could not find `um` in `winapi`
[INFO] [stdout] 
[INFO] [stdout] 
[INFO] [stdout] error[E0432]: unresolved import `winapi::um`
[INFO] [stdout]  --> /opt/rustwide/cargo-home/registry/src/github.com-1ecc6299db9ec823/d3d12-0.4.1/src/command_list.rs:9:13
[INFO] [stdout]   |
[INFO] [stdout] 9 | use winapi::um::d3d12;
[INFO] [stdout]   |             ^^ could not find `um` in `winapi`
[INFO] [stdout] 
[INFO] [stdout] 
[INFO] [stdout] error[E0432]: unresolved import `winapi::um`
[INFO] [stdout]  --> /opt/rustwide/cargo-home/registry/src/github.com-1ecc6299db9ec823/d3d12-0.4.1/src/debug.rs:2:13
[INFO] [stdout]   |
[INFO] [stdout] 2 | use winapi::um::d3d12sdklayers;
[INFO] [stdout]   |             ^^ could not find `um` in `winapi`
[INFO] [stdout] 
[INFO] [stdout] 
[INFO] [stdout] error[E0432]: unresolved import `winapi::Interface`
[INFO] [stdout]  --> /opt/rustwide/cargo-home/registry/src/github.com-1ecc6299db9ec823/d3d12-0.4.1/src/debug.rs:4:5
[INFO] [stdout]   |
[INFO] [stdout] 4 | use winapi::Interface as _;
[INFO] [stdout]   |     ^^^^^^^^^^^^^^^^^^^^^^ no `Interface` in the root
[INFO] [stdout] 
[INFO] [stdout] 
[INFO] [stdout] error[E0433]: failed to resolve: could not find `um` in `winapi`
[INFO] [stdout]    --> /opt/rustwide/cargo-home/registry/src/github.com-1ecc6299db9ec823/d3d12-0.4.1/src/descriptor.rs:277:21
[INFO] [stdout]     |
[INFO] [stdout] 277 |         use winapi::um::d3dcommon::ID3DBlob;
[INFO] [stdout]     |                     ^^ could not find `um` in `winapi`
[INFO] [stdout] 
[INFO] [stdout] 
[INFO] [stdout] error[E0432]: unresolved imports `winapi::shared`, `winapi::um`
[INFO] [stdout]  --> /opt/rustwide/cargo-home/registry/src/github.com-1ecc6299db9ec823/d3d12-0.4.1/src/descriptor.rs:3:14
[INFO] [stdout]   |
[INFO] [stdout] 3 | use winapi::{shared::dxgiformat, um::d3d12};
[INFO] [stdout]   |              ^^^^^^              ^^ could not find `um` in `winapi`
[INFO] [stdout]   |              |
[INFO] [stdout]   |              could not find `shared` in `winapi`
[INFO] [stdout] 
[INFO] [stdout] 
[INFO] [stdout] error[E0432]: unresolved imports `winapi::um`, `winapi::Interface`
[INFO] [stdout]   --> /opt/rustwide/cargo-home/registry/src/github.com-1ecc6299db9ec823/d3d12-0.4.1/src/device.rs:13:14
[INFO] [stdout]    |
[INFO] [stdout] 13 | use winapi::{um::d3d12, Interface};
[INFO] [stdout]    |              ^^         ^^^^^^^^^ no `Interface` in the root
[INFO] [stdout]    |              |
[INFO] [stdout]    |              could not find `um` in `winapi`
[INFO] [stdout] 
[INFO] [stdout] 
[INFO] [stdout] error[E0433]: failed to resolve: could not find `shared` in `winapi`
[INFO] [stdout]  --> /opt/rustwide/cargo-home/registry/src/github.com-1ecc6299db9ec823/d3d12-0.4.1/src/dxgi.rs:4:5
[INFO] [stdout]   |
[INFO] [stdout] 4 |     shared::{dxgi, dxgi1_2, dxgi1_3, dxgi1_4, dxgiformat, dxgitype, windef::HWND},
[INFO] [stdout]   |     ^^^^^^ could not find `shared` in `winapi`
[INFO] [stdout] 
[INFO] [stdout] 
[INFO] [stdout] error[E0432]: unresolved imports `winapi::shared`, `winapi::um`, `winapi::Interface`
[INFO] [stdout]  --> /opt/rustwide/cargo-home/registry/src/github.com-1ecc6299db9ec823/d3d12-0.4.1/src/dxgi.rs:4:5
[INFO] [stdout]   |
[INFO] [stdout] 4 |     shared::{dxgi, dxgi1_2, dxgi1_3, dxgi1_4, dxgiformat, dxgitype, windef::HWND},
[INFO] [stdout]   |     ^^^^^^ could not find `shared` in `winapi`
[INFO] [stdout] 5 |     um::{d3d12, dxgidebug},
[INFO] [stdout]   |     ^^ could not find `um` in `winapi`
[INFO] [stdout] 6 |     Interface,
[INFO] [stdout]   |     ^^^^^^^^^ no `Interface` in the root
[INFO] [stdout] 
[INFO] [stdout] 
[INFO] [stdout] error[E0432]: unresolved import `winapi::um`
[INFO] [stdout]  --> /opt/rustwide/cargo-home/registry/src/github.com-1ecc6299db9ec823/d3d12-0.4.1/src/heap.rs:2:13
[INFO] [stdout]   |
[INFO] [stdout] 2 | use winapi::um::d3d12;
[INFO] [stdout]   |             ^^ could not find `um` in `winapi`
[INFO] [stdout] 
[INFO] [stdout] 
[INFO] [stdout] error[E0432]: unresolved import `winapi::um`
[INFO] [stdout]  --> /opt/rustwide/cargo-home/registry/src/github.com-1ecc6299db9ec823/d3d12-0.4.1/src/pso.rs:5:13
[INFO] [stdout]   |
[INFO] [stdout] 5 | use winapi::um::{d3d12, d3dcompiler};
[INFO] [stdout]   |             ^^ could not find `um` in `winapi`
[INFO] [stdout] 
[INFO] [stdout] 
[INFO] [stdout] error[E0432]: unresolved import `winapi::um`
[INFO] [stdout]  --> /opt/rustwide/cargo-home/registry/src/github.com-1ecc6299db9ec823/d3d12-0.4.1/src/query.rs:2:13
[INFO] [stdout]   |
[INFO] [stdout] 2 | use winapi::um::d3d12;
[INFO] [stdout]   |             ^^ could not find `um` in `winapi`
[INFO] [stdout] 
[INFO] [stdout] 
[INFO] [stdout] error[E0432]: unresolved import `winapi::um`
[INFO] [stdout]  --> /opt/rustwide/cargo-home/registry/src/github.com-1ecc6299db9ec823/d3d12-0.4.1/src/queue.rs:2:13
[INFO] [stdout]   |
[INFO] [stdout] 2 | use winapi::um::d3d12;
[INFO] [stdout]   |             ^^ could not find `um` in `winapi`
[INFO] [stdout] 
[INFO] [stdout] 
[INFO] [stdout] error[E0432]: unresolved import `winapi::um`
[INFO] [stdout]  --> /opt/rustwide/cargo-home/registry/src/github.com-1ecc6299db9ec823/d3d12-0.4.1/src/resource.rs:5:13
[INFO] [stdout]   |
[INFO] [stdout] 5 | use winapi::um::d3d12;
[INFO] [stdout]   |             ^^ could not find `um` in `winapi`
[INFO] [stdout] 
[INFO] [stdout] 
[INFO] [stdout] error[E0433]: failed to resolve: could not find `shared` in `winapi`
[INFO] [stdout]   --> /opt/rustwide/cargo-home/registry/src/github.com-1ecc6299db9ec823/d3d12-0.4.1/src/lib.rs:38:17
[INFO] [stdout]    |
[INFO] [stdout] 38 | pub use winapi::shared::winerror::HRESULT;
[INFO] [stdout]    |                 ^^^^^^ could not find `shared` in `winapi`
[INFO] [stdout] 
[INFO] [stdout] 
[INFO] [stdout] error[E0432]: unresolved imports `winapi::um`, `crate::HRESULT`, `crate::HRESULT`, `crate::HRESULT`, `crate::HRESULT`
[INFO] [stdout]  --> /opt/rustwide/cargo-home/registry/src/github.com-1ecc6299db9ec823/d3d12-0.4.1/src/command_list.rs:6:76
[INFO] [stdout]   |
[INFO] [stdout] 6 |     RootSignature, Subresource, VertexCount, VertexOffset, WorkGroupCount, HRESULT,
[INFO] [stdout]   |                                                                            ^^^^^^^
[INFO] [stdout]   |
[INFO] [stdout]  ::: /opt/rustwide/cargo-home/registry/src/github.com-1ecc6299db9ec823/d3d12-0.4.1/src/sync.rs:1:27
[INFO] [stdout]   |
[INFO] [stdout] 1 | use crate::{com::WeakPtr, HRESULT};
[INFO] [stdout]   |                           ^^^^^^^
[INFO] [stdout] 2 | use std::ptr;
[INFO] [stdout] 3 | use winapi::um::{d3d12, synchapi, winnt};
[INFO] [stdout]   |             ^^ could not find `um` in `winapi`
[INFO] [stdout]   |
[INFO] [stdout]  ::: /opt/rustwide/cargo-home/registry/src/github.com-1ecc6299db9ec823/d3d12-0.4.1/src/dxgi.rs:1:74
[INFO] [stdout]   |
[INFO] [stdout] 1 | use crate::{com::WeakPtr, CommandQueue, D3DResult, Resource, SampleDesc, HRESULT};
[INFO] [stdout]   |                                                                          ^^^^^^^
[INFO] [stdout]   |
[INFO] [stdout]  ::: /opt/rustwide/cargo-home/registry/src/github.com-1ecc6299db9ec823/d3d12-0.4.1/src/queue.rs:1:53
[INFO] [stdout]   |
[INFO] [stdout] 1 | use crate::{com::WeakPtr, sync::Fence, CommandList, HRESULT};
[INFO] [stdout]   |                                                     ^^^^^^^
[INFO] [stdout] 
[INFO] [stdout] 
[INFO] [stdout] error[E0433]: failed to resolve: could not find `shared` in `winapi`
[INFO] [stdout]   --> /opt/rustwide/cargo-home/registry/src/github.com-1ecc6299db9ec823/d3d12-0.4.1/src/debug.rs:12:21
[INFO] [stdout]    |
[INFO] [stdout] 12 |             winapi::shared::guiddef::REFIID,
[INFO] [stdout]    |                     ^^^^^^ could not find `shared` in `winapi`
[INFO] [stdout] 
[INFO] [stdout] 
[INFO] [stdout] error[E0433]: failed to resolve: could not find `ctypes` in `winapi`
[INFO] [stdout]   --> /opt/rustwide/cargo-home/registry/src/github.com-1ecc6299db9ec823/d3d12-0.4.1/src/debug.rs:13:31
[INFO] [stdout]    |
[INFO] [stdout] 13 |             *mut *mut winapi::ctypes::c_void,
[INFO] [stdout]    |                               ^^^^^^ could not find `ctypes` in `winapi`
[INFO] [stdout] 
[INFO] [stdout] 
[INFO] [stdout] error[E0433]: failed to resolve: could not find `um` in `winapi`
[INFO] [stdout]   --> /opt/rustwide/cargo-home/registry/src/github.com-1ecc6299db9ec823/d3d12-0.4.1/src/device.rs:25:26
[INFO] [stdout]    |
[INFO] [stdout] 25 |             *mut winapi::um::unknwnbase::IUnknown,
[INFO] [stdout]    |                          ^^ could not find `um` in `winapi`
[INFO] [stdout] 
[INFO] [stdout] 
[INFO] [stdout] error[E0433]: failed to resolve: could not find `um` in `winapi`
[INFO] [stdout]   --> /opt/rustwide/cargo-home/registry/src/github.com-1ecc6299db9ec823/d3d12-0.4.1/src/device.rs:26:21
[INFO] [stdout]    |
[INFO] [stdout] 26 |             winapi::um::d3dcommon::D3D_FEATURE_LEVEL,
[INFO] [stdout]    |                     ^^ could not find `um` in `winapi`
[INFO] [stdout] 
[INFO] [stdout] 
[INFO] [stdout] error[E0433]: failed to resolve: could not find `shared` in `winapi`
[INFO] [stdout]   --> /opt/rustwide/cargo-home/registry/src/github.com-1ecc6299db9ec823/d3d12-0.4.1/src/device.rs:27:21
[INFO] [stdout]    |
[INFO] [stdout] 27 |             winapi::shared::guiddef::REFGUID,
[INFO] [stdout]    |                     ^^^^^^ could not find `shared` in `winapi`
[INFO] [stdout] 
[INFO] [stdout] 
[INFO] [stdout] error[E0433]: failed to resolve: could not find `ctypes` in `winapi`
[INFO] [stdout]   --> /opt/rustwide/cargo-home/registry/src/github.com-1ecc6299db9ec823/d3d12-0.4.1/src/device.rs:28:31
[INFO] [stdout]    |
[INFO] [stdout] 28 |             *mut *mut winapi::ctypes::c_void,
[INFO] [stdout]    |                               ^^^^^^ could not find `ctypes` in `winapi`
[INFO] [stdout] 
[INFO] [stdout] 
[INFO] [stdout] error[E0433]: failed to resolve: could not find `shared` in `winapi`
[INFO] [stdout]   --> /opt/rustwide/cargo-home/registry/src/github.com-1ecc6299db9ec823/d3d12-0.4.1/src/dxgi.rs:67:21
[INFO] [stdout]    |
[INFO] [stdout] 67 |             winapi::shared::minwindef::UINT,
[INFO] [stdout]    |                     ^^^^^^ could not find `shared` in `winapi`
[INFO] [stdout] 
[INFO] [stdout] 
[INFO] [stdout] error[E0433]: failed to resolve: could not find `shared` in `winapi`
[INFO] [stdout]   --> /opt/rustwide/cargo-home/registry/src/github.com-1ecc6299db9ec823/d3d12-0.4.1/src/dxgi.rs:68:21
[INFO] [stdout]    |
[INFO] [stdout] 68 |             winapi::shared::guiddef::REFIID,
[INFO] [stdout]    |                     ^^^^^^ could not find `shared` in `winapi`
[INFO] [stdout] 
[INFO] [stdout] 
[INFO] [stdout] error[E0433]: failed to resolve: could not find `ctypes` in `winapi`
[INFO] [stdout]   --> /opt/rustwide/cargo-home/registry/src/github.com-1ecc6299db9ec823/d3d12-0.4.1/src/dxgi.rs:69:31
[INFO] [stdout]    |
[INFO] [stdout] 69 |             *mut *mut winapi::ctypes::c_void,
[INFO] [stdout]    |                               ^^^^^^ could not find `ctypes` in `winapi`
[INFO] [stdout] 
[INFO] [stdout] 
[INFO] [stdout] error[E0433]: failed to resolve: could not find `shared` in `winapi`
[INFO] [stdout]   --> /opt/rustwide/cargo-home/registry/src/github.com-1ecc6299db9ec823/d3d12-0.4.1/src/dxgi.rs:87:21
[INFO] [stdout]    |
[INFO] [stdout] 87 |             winapi::shared::minwindef::UINT,
[INFO] [stdout]    |                     ^^^^^^ could not find `shared` in `winapi`
[INFO] [stdout] 
[INFO] [stdout] 
[INFO] [stdout] error[E0433]: failed to resolve: could not find `shared` in `winapi`
[INFO] [stdout]   --> /opt/rustwide/cargo-home/registry/src/github.com-1ecc6299db9ec823/d3d12-0.4.1/src/dxgi.rs:88:21
[INFO] [stdout]    |
[INFO] [stdout] 88 |             winapi::shared::guiddef::REFIID,
[INFO] [stdout]    |                     ^^^^^^ could not find `shared` in `winapi`
[INFO] [stdout] 
[INFO] [stdout] 
[INFO] [stdout] error[E0433]: failed to resolve: could not find `ctypes` in `winapi`
[INFO] [stdout]   --> /opt/rustwide/cargo-home/registry/src/github.com-1ecc6299db9ec823/d3d12-0.4.1/src/dxgi.rs:89:31
[INFO] [stdout]    |
[INFO] [stdout] 89 |             *mut *mut winapi::ctypes::c_void,
[INFO] [stdout]    |                               ^^^^^^ could not find `ctypes` in `winapi`
[INFO] [stdout] 
[INFO] [stdout] 
[INFO] [stdout] error: aborting due to 31 previous errors
[INFO] [stdout] 
[INFO] [stdout] 
[INFO] [stdout] Some errors have detailed explanations: E0432, E0433.
[INFO] [stdout] 
[INFO] [stdout] For more information about an error, try `rustc --explain E0432`.
[INFO] [stdout] 
[INFO] [stderr] error: could not compile `d3d12` due to 32 previous errors
[INFO] [stderr] warning: build failed, waiting for other jobs to finish...
[INFO] running `Command { std: "docker" "inspect" "70b58a3b8d2affc0ce4dbf5179d21e848897c7d8773b02142155002a37e85986", kill_on_drop: false }`
[INFO] running `Command { std: "docker" "rm" "-f" "70b58a3b8d2affc0ce4dbf5179d21e848897c7d8773b02142155002a37e85986", kill_on_drop: false }`
[INFO] [stdout] 70b58a3b8d2affc0ce4dbf5179d21e848897c7d8773b02142155002a37e85986
