[INFO] fetching crate get402 0.1.2...
[INFO] testing get402-0.1.2 against 1.69.0 for beta-1.70-1
[INFO] extracting crate get402 0.1.2 into /workspace/builds/worker-0-tc1/source
[INFO] validating manifest of crates.io crate get402 0.1.2 on toolchain 1.69.0
[INFO] running `Command { std: CARGO_HOME="/workspace/cargo-home" RUSTUP_HOME="/workspace/rustup-home" "/workspace/cargo-home/bin/cargo" "+1.69.0" "metadata" "--manifest-path" "Cargo.toml" "--no-deps", kill_on_drop: false }`
[INFO] started tweaking crates.io crate get402 0.1.2
[INFO] finished tweaking crates.io crate get402 0.1.2
[INFO] tweaked toml for crates.io crate get402 0.1.2 written to /workspace/builds/worker-0-tc1/source/Cargo.toml
[INFO] running `Command { std: CARGO_HOME="/workspace/cargo-home" RUSTUP_HOME="/workspace/rustup-home" __CARGO_TEST_CHANNEL_OVERRIDE_DO_NOT_USE_THIS="nightly" "/workspace/cargo-home/bin/cargo" "+1.69.0" "generate-lockfile" "--manifest-path" "Cargo.toml" "-Zno-index-update", kill_on_drop: false }`
[INFO] running `Command { std: CARGO_HOME="/workspace/cargo-home" RUSTUP_HOME="/workspace/rustup-home" "/workspace/cargo-home/bin/cargo" "+1.69.0" "fetch" "--manifest-path" "Cargo.toml", kill_on_drop: false }`
[INFO] [stderr]  Downloading crates ...
[INFO] [stderr]   Downloaded snowflake v1.3.0
[INFO] [stderr]   Downloaded ecdsa v0.13.4
[INFO] [stderr]   Downloaded rfc6979 v0.1.0
[INFO] [stderr]   Downloaded bitcoin v0.27.1
[INFO] [stderr]   Downloaded k256 v0.10.4
[INFO] [stderr]   Downloaded murmur3 v0.4.1
[INFO] [stderr]   Downloaded untrusted v0.6.2
[INFO] [stderr]   Downloaded dns-lookup v0.9.1
[INFO] [stderr]   Downloaded byte-tools v0.2.0
[INFO] [stderr]   Downloaded ripemd160 v0.7.0
[INFO] [stderr]   Downloaded block-buffer v0.3.3
[INFO] [stderr]   Downloaded generic-array v0.9.1
[INFO] [stderr]   Downloaded digest v0.7.6
[INFO] [stderr]   Downloaded rust-base58 v0.0.4
[INFO] [stderr]   Downloaded ring v0.14.6
[INFO] [stderr]   Downloaded sv v0.2.2
[INFO] [stderr]   Downloaded secp256k1 v0.12.0
[INFO] running `Command { std: "docker" "create" "-v" "/var/lib/crater-agent-workspace/builds/worker-0-tc1/target:/opt/rustwide/target:rw,Z" "-v" "/var/lib/crater-agent-workspace/builds/worker-0-tc1/source:/opt/rustwide/workdir:ro,Z" "-v" "/var/lib/crater-agent-workspace/cargo-home:/opt/rustwide/cargo-home:ro,Z" "-v" "/var/lib/crater-agent-workspace/rustup-home:/opt/rustwide/rustup-home:ro,Z" "-e" "SOURCE_DIR=/opt/rustwide/workdir" "-e" "CARGO_TARGET_DIR=/opt/rustwide/target" "-e" "CARGO_HOME=/opt/rustwide/cargo-home" "-e" "RUSTUP_HOME=/opt/rustwide/rustup-home" "-w" "/opt/rustwide/workdir" "-m" "1610612736" "--user" "0:0" "--network" "none" "ghcr.io/rust-lang/crates-build-env/linux@sha256:5ff2268d62e97bff2cde7d5815dd6ed5b47097566f13b8d0ca110b04b60e07ed" "/opt/rustwide/cargo-home/bin/cargo" "+1.69.0" "metadata" "--no-deps" "--format-version=1", kill_on_drop: false }`
[INFO] [stdout] 1ee6eb8474c3cc3feeca9709d220510ff095ca7de40a35321be26b349559f8db
[INFO] running `Command { std: "docker" "start" "-a" "1ee6eb8474c3cc3feeca9709d220510ff095ca7de40a35321be26b349559f8db", kill_on_drop: false }`
[INFO] running `Command { std: "docker" "inspect" "1ee6eb8474c3cc3feeca9709d220510ff095ca7de40a35321be26b349559f8db", kill_on_drop: false }`
[INFO] running `Command { std: "docker" "rm" "-f" "1ee6eb8474c3cc3feeca9709d220510ff095ca7de40a35321be26b349559f8db", kill_on_drop: false }`
[INFO] [stdout] 1ee6eb8474c3cc3feeca9709d220510ff095ca7de40a35321be26b349559f8db
[INFO] running `Command { std: "docker" "create" "-v" "/var/lib/crater-agent-workspace/builds/worker-0-tc1/target:/opt/rustwide/target:rw,Z" "-v" "/var/lib/crater-agent-workspace/builds/worker-0-tc1/source:/opt/rustwide/workdir:ro,Z" "-v" "/var/lib/crater-agent-workspace/cargo-home:/opt/rustwide/cargo-home:ro,Z" "-v" "/var/lib/crater-agent-workspace/rustup-home:/opt/rustwide/rustup-home:ro,Z" "-e" "SOURCE_DIR=/opt/rustwide/workdir" "-e" "CARGO_TARGET_DIR=/opt/rustwide/target" "-e" "CARGO_INCREMENTAL=0" "-e" "RUST_BACKTRACE=full" "-e" "RUSTFLAGS=--cap-lints=warn" "-e" "RUSTDOCFLAGS=--cap-lints=warn" "-e" "CARGO_HOME=/opt/rustwide/cargo-home" "-e" "RUSTUP_HOME=/opt/rustwide/rustup-home" "-w" "/opt/rustwide/workdir" "-m" "1610612736" "--user" "0:0" "--network" "none" "ghcr.io/rust-lang/crates-build-env/linux@sha256:5ff2268d62e97bff2cde7d5815dd6ed5b47097566f13b8d0ca110b04b60e07ed" "/opt/rustwide/cargo-home/bin/cargo" "+1.69.0" "build" "--frozen" "--message-format=json", kill_on_drop: false }`
[INFO] [stdout] 3ff1590412651fb412b279b9fc768e3bba3043b1304da946dd97ba1cc3601616
[INFO] running `Command { std: "docker" "start" "-a" "3ff1590412651fb412b279b9fc768e3bba3043b1304da946dd97ba1cc3601616", kill_on_drop: false }`
[INFO] [stderr]    Compiling autocfg v1.1.0
[INFO] [stderr]    Compiling libc v0.2.142
[INFO] [stderr]    Compiling cfg-if v1.0.0
[INFO] [stderr]    Compiling cc v1.0.79
[INFO] [stderr]    Compiling proc-macro2 v1.0.56
[INFO] [stderr]    Compiling unicode-ident v1.0.8
[INFO] [stderr]    Compiling typenum v1.16.0
[INFO] [stderr]    Compiling quote v1.0.26
[INFO] [stderr]    Compiling version_check v0.9.4
[INFO] [stderr]    Compiling log v0.4.17
[INFO] [stderr]    Compiling rand_core v0.4.2
[INFO] [stderr]    Compiling once_cell v1.17.1
[INFO] [stderr]    Compiling subtle v2.4.1
[INFO] [stderr]    Compiling pin-project-lite v0.2.9
[INFO] [stderr]    Compiling parking_lot_core v0.9.7
[INFO] [stderr]    Compiling pkg-config v0.3.26
[INFO] [stderr]    Compiling autocfg v0.1.8
[INFO] [stderr]    Compiling futures-core v0.3.28
[INFO] [stderr]    Compiling scopeguard v1.1.0
[INFO] [stderr]    Compiling bytes v1.4.0
[INFO] [stderr]    Compiling smallvec v1.10.0
[INFO] [stderr]    Compiling rand_core v0.3.1
[INFO] [stderr]    Compiling itoa v1.0.6
[INFO] [stderr]    Compiling futures-task v0.3.28
[INFO] [stderr]    Compiling serde_derive v1.0.160
[INFO] [stderr]    Compiling num-traits v0.2.15
[INFO] [stderr]    Compiling lock_api v0.4.9
[INFO] [stderr]    Compiling num-integer v0.1.45
[INFO] [stderr]    Compiling tokio v1.28.0
[INFO] [stderr]    Compiling zeroize v1.6.0
[INFO] [stderr]    Compiling generic-array v0.14.7
[INFO] [stderr]    Compiling const-oid v0.7.1
[INFO] [stderr]    Compiling slab v0.4.8
[INFO] [stderr]    Compiling num-bigint v0.4.3
[INFO] [stderr]    Compiling indexmap v1.9.3
[INFO] [stderr]    Compiling tracing-core v0.1.30
[INFO] [stderr]    Compiling der v0.5.1
[INFO] [stderr]    Compiling futures-util v0.3.28
[INFO] [stderr]    Compiling serde v1.0.160
[INFO] [stderr]    Compiling base64ct v1.6.0
[INFO] [stderr]    Compiling foreign-types-shared v0.1.1
[INFO] [stderr]    Compiling fnv v1.0.7
[INFO] [stderr]    Compiling getrandom v0.2.9
[INFO] [stderr]    Compiling num_cpus v1.15.0
[INFO] [stderr]    Compiling mio v0.8.6
[INFO] [stderr]    Compiling socket2 v0.4.9
[INFO] [stderr]    Compiling signal-hook-registry v1.4.1
[INFO] [stderr]    Compiling openssl v0.10.52
[INFO] [stderr]    Compiling syn v2.0.15
[INFO] [stderr]    Compiling rand_core v0.6.4
[INFO] [stderr]    Compiling parking_lot v0.12.1
[INFO] [stderr]    Compiling openssl-sys v0.9.87
[INFO] [stderr]    Compiling secp256k1-sys v0.4.2
[INFO] [stderr]    Compiling tracing v0.1.37
[INFO] [stderr]    Compiling spki v0.5.4
[INFO] [stderr]    Compiling http v0.2.9
[INFO] [stderr]    Compiling foreign-types v0.3.2
[INFO] [stderr]    Compiling num-iter v0.1.43
[INFO] [stderr]    Compiling num-rational v0.4.1
[INFO] [stderr]    Compiling httparse v1.8.0
[INFO] [stderr]    Compiling hashbrown v0.12.3
[INFO] [stderr]    Compiling native-tls v0.2.11
[INFO] [stderr]    Compiling futures-channel v0.3.28
[INFO] [stderr]    Compiling futures-sink v0.3.28
[INFO] [stderr]    Compiling digest v0.9.0
[INFO] [stderr]    Compiling tinyvec_macros v0.1.1
[INFO] [stderr]    Compiling pin-utils v0.1.0
[INFO] [stderr]    Compiling bitflags v1.3.2
[INFO] [stderr]    Compiling crypto-mac v0.11.1
[INFO] [stderr]    Compiling crypto-bigint v0.3.2
[INFO] [stderr]    Compiling tinyvec v1.6.0
[INFO] [stderr]    Compiling pkcs8 v0.8.0
[INFO] [stderr]    Compiling ff v0.11.1
[INFO] [stderr]    Compiling rand_pcg v0.1.2
[INFO] [stderr]    Compiling rand_chacha v0.1.1
[INFO] [stderr]    Compiling openssl-probe v0.1.5
[INFO] [stderr]    Compiling try-lock v0.2.4
[INFO] [stderr]    Compiling gcc v0.3.55
[INFO] [stderr]    Compiling percent-encoding v2.2.0
[INFO] [stderr]    Compiling want v0.3.0
[INFO] [stderr]    Compiling http-body v0.4.5
[INFO] [stderr]    Compiling group v0.11.0
[INFO] [stderr]    Compiling num-complex v0.4.3
[INFO] [stderr]    Compiling form_urlencoded v1.1.0
[INFO] [stderr]    Compiling sec1 v0.2.1
[INFO] [stderr]    Compiling hmac v0.11.0
[INFO] [stderr]    Compiling ring v0.14.6
[INFO] [stderr]    Compiling secp256k1 v0.12.0
[INFO] [stderr]    Compiling generic-array v0.9.1
[INFO] [stderr]    Compiling unicode-normalization v0.1.22
[INFO] [stderr]    Compiling rand v0.4.6
[INFO] [stderr]    Compiling num-bigint v0.2.6
[INFO] [stderr]    Compiling rand v0.6.5
[INFO] [stderr]    Compiling base16ct v0.1.1
[INFO] [stderr]    Compiling rust-crypto v0.2.36
[INFO] [stderr]    Compiling byte-tools v0.2.0
[INFO] [stderr]    Compiling tower-service v0.3.2
[INFO] [stderr]    Compiling httpdate v1.0.2
[INFO] [stderr]    Compiling unicode-bidi v0.3.13
[INFO] [stderr]    Compiling ryu v1.0.13
[INFO] [stderr]    Compiling serde_json v1.0.96
[INFO] [stderr]    Compiling arrayref v0.3.7
[INFO] [stderr]    Compiling digest v0.7.6
[INFO] [stderr]    Compiling block-buffer v0.3.3
[INFO] [stderr]    Compiling rand v0.3.23
[INFO] [stderr]    Compiling elliptic-curve v0.11.12
[INFO] [stderr]    Compiling rfc6979 v0.1.0
[INFO] [stderr]    Compiling signature v1.4.0
[INFO] [stderr]    Compiling block-buffer v0.9.0
[INFO] [stderr]    Compiling rand_os v0.1.3
[INFO] [stderr]    Compiling idna v0.3.0
[INFO] [stderr]    Compiling socket2 v0.3.19
[INFO] [stderr]    Compiling time v0.1.45
[INFO] [stderr]    Compiling rand_hc v0.1.0
[INFO] [stderr]    Compiling rand_isaac v0.1.1
[INFO] [stderr]    Compiling rand_xorshift v0.1.1
[INFO] [stderr]    Compiling rand_jitter v0.1.4
[INFO] [stderr]    Compiling opaque-debug v0.3.0
[INFO] [stderr]    Compiling untrusted v0.6.2
[INFO] [stderr]    Compiling bitcoin_hashes v0.10.0
[INFO] [stderr]    Compiling byteorder v1.4.3
[INFO] [stderr]    Compiling rustc-serialize v0.3.24
[INFO] [stderr]    Compiling spin v0.5.2
[INFO] [stderr]    Compiling cpufeatures v0.2.7
[INFO] [stderr]    Compiling lazy_static v1.4.0
[INFO] [stderr]    Compiling murmur3 v0.4.1
[INFO] [stderr]    Compiling sha2 v0.9.9
[INFO] [stderr]    Compiling url v2.3.1
[INFO] [stderr]    Compiling dns-lookup v0.9.1
[INFO] [stderr]    Compiling ecdsa v0.13.4
[INFO] [stderr]    Compiling ripemd160 v0.7.0
[INFO] [stderr]    Compiling secp256k1 v0.20.3
[INFO] [stderr]    Compiling num v0.4.0
[INFO] [stderr]    Compiling rand v0.5.6
[INFO] [stderr]    Compiling rust-base58 v0.0.4
[INFO] [stderr]    Compiling encoding_rs v0.8.32
[INFO] [stderr]    Compiling linked-hash-map v0.5.6
[INFO] [stderr]    Compiling base64 v0.21.0
[INFO] [stderr]    Compiling bech32 v0.8.1
[INFO] [stderr]    Compiling mime v0.3.17
[INFO] [stderr]    Compiling hex v0.3.2
[INFO] [stderr]    Compiling snowflake v1.3.0
[INFO] [stderr]    Compiling ipnet v2.7.2
[INFO] [stderr]    Compiling k256 v0.10.4
[INFO] [stderr]    Compiling base64 v0.13.1
[INFO] [stderr]    Compiling bitcoin_hashes v0.9.7
[INFO] [stderr]    Compiling tokio-macros v2.1.0
[INFO] [stderr]    Compiling openssl-macros v0.1.1
[INFO] [stderr]    Compiling secp256k1 v0.21.3
[INFO] [stderr]    Compiling bitcoin v0.27.1
[INFO] [stderr]    Compiling sv v0.2.2
[INFO] [stderr]    Compiling tokio-util v0.7.8
[INFO] [stderr]    Compiling tokio-native-tls v0.3.1
[INFO] [stderr]    Compiling serde_urlencoded v0.7.1
[INFO] [stderr]    Compiling uuid v0.8.2
[INFO] [stderr]    Compiling h2 v0.3.18
[INFO] [stderr]    Compiling hyper v0.14.26
[INFO] [stderr]    Compiling hyper-tls v0.5.0
[INFO] [stderr]    Compiling reqwest v0.11.17
[INFO] [stderr]    Compiling get402 v0.1.2 (/opt/rustwide/workdir)
[INFO] [stdout] warning: unused imports: `SecretKey`, `Signature`, `SigningKey`, `signature::Signer`
[INFO] [stdout]  --> src/lib.rs:8:17
[INFO] [stdout]   |
[INFO] [stdout] 8 |         ecdsa::{SigningKey, Signature, signature::Signer}, SecretKey
[INFO] [stdout]   |                 ^^^^^^^^^^  ^^^^^^^^^  ^^^^^^^^^^^^^^^^^   ^^^^^^^^^
[INFO] [stdout]   |
[INFO] [stdout]   = note: `#[warn(unused_imports)]` on by default
[INFO] [stdout] 
[INFO] [stdout] 
[INFO] [stdout] warning: unused import: `base64`
[INFO] [stdout]   --> src/lib.rs:15:9
[INFO] [stdout]    |
[INFO] [stdout] 15 |     use base64;
[INFO] [stdout]    |         ^^^^^^
[INFO] [stdout] 
[INFO] [stdout] 
[INFO] [stdout] warning: unused import: `bitcoin_hashes::sha256`
[INFO] [stdout]   --> src/lib.rs:16:9
[INFO] [stdout]    |
[INFO] [stdout] 16 |     use bitcoin_hashes::sha256;
[INFO] [stdout]    |         ^^^^^^^^^^^^^^^^^^^^^^
[INFO] [stdout] 
[INFO] [stdout] 
[INFO] [stdout] warning: unused import: `std::env`
[INFO] [stdout]   --> src/lib.rs:17:9
[INFO] [stdout]    |
[INFO] [stdout] 17 |     use std::env;
[INFO] [stdout]    |         ^^^^^^^^
[INFO] [stdout] 
[INFO] [stdout] 
[INFO] [stdout] warning: unused variable: `other`
[INFO] [stdout]    --> src/lib.rs:270:17
[INFO] [stdout]     |
[INFO] [stdout] 270 |                 other => {
[INFO] [stdout]     |                 ^^^^^ help: if this is intentional, prefix it with an underscore: `_other`
[INFO] [stdout]     |
[INFO] [stdout]     = note: `#[warn(unused_variables)]` on by default
[INFO] [stdout] 
[INFO] [stdout] 
[INFO] [stdout] warning: struct `KeyPair` is never constructed
[INFO] [stdout]   --> src/lib.rs:19:16
[INFO] [stdout]    |
[INFO] [stdout] 19 |     pub struct KeyPair {
[INFO] [stdout]    |                ^^^^^^^
[INFO] [stdout]    |
[INFO] [stdout]    = note: `#[warn(dead_code)]` on by default
[INFO] [stdout] 
[INFO] [stdout] 
[INFO] [stdout] warning: static `API_BASE` is never used
[INFO] [stdout]   --> src/lib.rs:27:12
[INFO] [stdout]    |
[INFO] [stdout] 27 |     static API_BASE: &str = "https://get402.com/api";
[INFO] [stdout]    |            ^^^^^^^^
[INFO] [stdout] 
[INFO] [stdout] 
[INFO] [stdout] warning: struct `App` is never constructed
[INFO] [stdout]   --> src/lib.rs:62:16
[INFO] [stdout]    |
[INFO] [stdout] 62 |     pub struct App {
[INFO] [stdout]    |                ^^^
[INFO] [stdout] 
[INFO] [stdout] 
[INFO] [stdout] warning: struct `Client` is never constructed
[INFO] [stdout]    --> src/lib.rs:139:16
[INFO] [stdout]     |
[INFO] [stdout] 139 |     pub struct Client<'a> {
[INFO] [stdout]     |                ^^^^^^
[INFO] [stdout] 
[INFO] [stdout] 
[INFO] [stdout] warning: variants `Unauthorized`, `InternalServerError`, `InsufficientFunds`, and `NotFound` are never constructed
[INFO] [stdout]    --> src/lib.rs:172:9
[INFO] [stdout]     |
[INFO] [stdout] 171 |     pub enum APIError {
[INFO] [stdout]     |              -------- variants in this enum
[INFO] [stdout] 172 |         Unauthorized,
[INFO] [stdout]     |         ^^^^^^^^^^^^
[INFO] [stdout] 173 |         InternalServerError,
[INFO] [stdout]     |         ^^^^^^^^^^^^^^^^^^^
[INFO] [stdout] 174 |         InsufficientFunds(PaymentRequired),
[INFO] [stdout]     |         ^^^^^^^^^^^^^^^^^
[INFO] [stdout] 175 |         NotFound,
[INFO] [stdout]     |         ^^^^^^^^
[INFO] [stdout]     |
[INFO] [stdout]     = note: `APIError` has a derived impl for the trait `Debug`, but this is intentionally ignored during dead code analysis
[INFO] [stdout] 
[INFO] [stdout] 
[INFO] [stdout] warning: type alias `ChargeCreditResult` is never used
[INFO] [stdout]    --> src/lib.rs:191:14
[INFO] [stdout]     |
[INFO] [stdout] 191 |     pub type ChargeCreditResult = Result<ChargeCreditAPIResponse, APIError>;
[INFO] [stdout]     |              ^^^^^^^^^^^^^^^^^^
[INFO] [stdout] 
[INFO] [stdout] 
[INFO] [stdout] warning: associated function `generate` is never used
[INFO] [stdout]   --> src/lib.rs:32:16
[INFO] [stdout]    |
[INFO] [stdout] 32 |         pub fn generate() -> KeyPair {
[INFO] [stdout]    |                ^^^^^^^^
[INFO] [stdout] 
[INFO] [stdout] 
[INFO] [stdout] warning: associated function `generate` is never used
[INFO] [stdout]   --> src/lib.rs:72:16
[INFO] [stdout]    |
[INFO] [stdout] 72 |         pub fn generate() -> App {
[INFO] [stdout]    |                ^^^^^^^^
[INFO] [stdout] 
[INFO] [stdout] 
[INFO] [stdout] warning: associated function `load` is never used
[INFO] [stdout]   --> src/lib.rs:85:16
[INFO] [stdout]    |
[INFO] [stdout] 85 |         pub fn load(private_key_string: &str) -> App {
[INFO] [stdout]    |                ^^^^
[INFO] [stdout] 
[INFO] [stdout] 
[INFO] [stdout] warning: method `create_client` is never used
[INFO] [stdout]    --> src/lib.rs:107:16
[INFO] [stdout]     |
[INFO] [stdout] 107 |         pub fn create_client(&self) -> Client {
[INFO] [stdout]     |                ^^^^^^^^^^^^^
[INFO] [stdout] 
[INFO] [stdout] 
[INFO] [stdout] warning: method `get_client_from_identifier` is never used
[INFO] [stdout]    --> src/lib.rs:123:16
[INFO] [stdout]     |
[INFO] [stdout] 123 |         pub fn get_client_from_identifier(&self, identifier: &str) -> Client {
[INFO] [stdout]     |                ^^^^^^^^^^^^^^^^^^^^^^^^^^
[INFO] [stdout] 
[INFO] [stdout] 
[INFO] [stdout] warning: method `get_balance` is never used
[INFO] [stdout]    --> src/lib.rs:195:22
[INFO] [stdout]     |
[INFO] [stdout] 195 |         pub async fn get_balance(&self) -> Result<u64, APIError> {
[INFO] [stdout]     |                      ^^^^^^^^^^^
[INFO] [stdout] 
[INFO] [stdout] 
[INFO] [stdout] warning: method `request_buy_credits` is never used
[INFO] [stdout]    --> src/lib.rs:213:22
[INFO] [stdout]     |
[INFO] [stdout] 213 |         pub async fn request_buy_credits(&self, credits: u64) -> Result<PaymentRequired, APIError> {
[INFO] [stdout]     |                      ^^^^^^^^^^^^^^^^^^^
[INFO] [stdout] 
[INFO] [stdout] 
[INFO] [stdout] warning: method `charge_credit` is never used
[INFO] [stdout]    --> src/lib.rs:233:22
[INFO] [stdout]     |
[INFO] [stdout] 233 |         pub async fn charge_credit(&self, map: &HashMap<&str, u64>) -> ChargeCreditResult {
[INFO] [stdout]     |                      ^^^^^^^^^^^^^
[INFO] [stdout] 
[INFO] [stdout] 
[INFO] [stdout] warning: method `authorize` is never used
[INFO] [stdout]    --> src/lib.rs:299:12
[INFO] [stdout]     |
[INFO] [stdout] 299 |         fn authorize(&self) -> HeaderMap {
[INFO] [stdout]     |            ^^^^^^^^^
[INFO] [stdout] 
[INFO] [stdout] 
[INFO] [stdout] warning: module `Get402` should have a snake case name
[INFO] [stdout]  --> src/lib.rs:2:5
[INFO] [stdout]   |
[INFO] [stdout] 2 | mod Get402 {
[INFO] [stdout]   |     ^^^^^^ help: convert the identifier to snake case: `get402`
[INFO] [stdout]   |
[INFO] [stdout]   = note: `#[warn(non_snake_case)]` on by default
[INFO] [stdout] 
[INFO] [stdout] 
[INFO] [stdout] warning: structure field `paymentUrl` should have a snake case name
[INFO] [stdout]    --> src/lib.rs:167:13
[INFO] [stdout]     |
[INFO] [stdout] 167 |         pub paymentUrl: String,
[INFO] [stdout]     |             ^^^^^^^^^^ help: convert the identifier to snake case: `payment_url`
[INFO] [stdout] 
[INFO] [stdout] 
[INFO] [stdout] warning: 22 warnings emitted
[INFO] [stdout] 
[INFO] [stdout] 
[INFO] [stderr]     Finished dev [unoptimized + debuginfo] target(s) in 43.98s
[INFO] [stderr] warning: the following packages contain code that will be rejected by a future version of Rust: rustc-serialize v0.3.24
[INFO] [stderr] note: to see what the problems were, use the option `--future-incompat-report`, or run `cargo report future-incompatibilities --id 1`
[INFO] running `Command { std: "docker" "inspect" "3ff1590412651fb412b279b9fc768e3bba3043b1304da946dd97ba1cc3601616", kill_on_drop: false }`
[INFO] running `Command { std: "docker" "rm" "-f" "3ff1590412651fb412b279b9fc768e3bba3043b1304da946dd97ba1cc3601616", kill_on_drop: false }`
[INFO] [stdout] 3ff1590412651fb412b279b9fc768e3bba3043b1304da946dd97ba1cc3601616
[INFO] running `Command { std: "docker" "create" "-v" "/var/lib/crater-agent-workspace/builds/worker-0-tc1/target:/opt/rustwide/target:rw,Z" "-v" "/var/lib/crater-agent-workspace/builds/worker-0-tc1/source:/opt/rustwide/workdir:ro,Z" "-v" "/var/lib/crater-agent-workspace/cargo-home:/opt/rustwide/cargo-home:ro,Z" "-v" "/var/lib/crater-agent-workspace/rustup-home:/opt/rustwide/rustup-home:ro,Z" "-e" "SOURCE_DIR=/opt/rustwide/workdir" "-e" "CARGO_TARGET_DIR=/opt/rustwide/target" "-e" "CARGO_INCREMENTAL=0" "-e" "RUST_BACKTRACE=full" "-e" "RUSTFLAGS=--cap-lints=warn" "-e" "RUSTDOCFLAGS=--cap-lints=warn" "-e" "CARGO_HOME=/opt/rustwide/cargo-home" "-e" "RUSTUP_HOME=/opt/rustwide/rustup-home" "-w" "/opt/rustwide/workdir" "-m" "1610612736" "--user" "0:0" "--network" "none" "ghcr.io/rust-lang/crates-build-env/linux@sha256:5ff2268d62e97bff2cde7d5815dd6ed5b47097566f13b8d0ca110b04b60e07ed" "/opt/rustwide/cargo-home/bin/cargo" "+1.69.0" "test" "--frozen" "--no-run" "--message-format=json", kill_on_drop: false }`
[INFO] [stdout] 22a12a503b82756a338cca8b265f9231fb9417d56d5e84d57ccc3c88979570fd
[INFO] running `Command { std: "docker" "start" "-a" "22a12a503b82756a338cca8b265f9231fb9417d56d5e84d57ccc3c88979570fd", kill_on_drop: false }`
[INFO] [stderr]    Compiling get402 v0.1.2 (/opt/rustwide/workdir)
[INFO] [stdout] warning: unused imports: `SecretKey`, `Signature`, `SigningKey`, `signature::Signer`
[INFO] [stdout]  --> src/lib.rs:8:17
[INFO] [stdout]   |
[INFO] [stdout] 8 |         ecdsa::{SigningKey, Signature, signature::Signer}, SecretKey
[INFO] [stdout]   |                 ^^^^^^^^^^  ^^^^^^^^^  ^^^^^^^^^^^^^^^^^   ^^^^^^^^^
[INFO] [stdout]   |
[INFO] [stdout]   = note: `#[warn(unused_imports)]` on by default
[INFO] [stdout] 
[INFO] [stdout] 
[INFO] [stdout] warning: unused import: `base64`
[INFO] [stdout]   --> src/lib.rs:15:9
[INFO] [stdout]    |
[INFO] [stdout] 15 |     use base64;
[INFO] [stdout]    |         ^^^^^^
[INFO] [stdout] 
[INFO] [stdout] 
[INFO] [stdout] warning: unused import: `bitcoin_hashes::sha256`
[INFO] [stdout]   --> src/lib.rs:16:9
[INFO] [stdout]    |
[INFO] [stdout] 16 |     use bitcoin_hashes::sha256;
[INFO] [stdout]    |         ^^^^^^^^^^^^^^^^^^^^^^
[INFO] [stdout] 
[INFO] [stdout] 
[INFO] [stdout] warning: unused import: `std::env`
[INFO] [stdout]   --> src/lib.rs:17:9
[INFO] [stdout]    |
[INFO] [stdout] 17 |     use std::env;
[INFO] [stdout]    |         ^^^^^^^^
[INFO] [stdout] 
[INFO] [stdout] 
[INFO] [stdout] warning: unused variable: `other`
[INFO] [stdout]    --> src/lib.rs:270:17
[INFO] [stdout]     |
[INFO] [stdout] 270 |                 other => {
[INFO] [stdout]     |                 ^^^^^ help: if this is intentional, prefix it with an underscore: `_other`
[INFO] [stdout]     |
[INFO] [stdout]     = note: `#[warn(unused_variables)]` on by default
[INFO] [stdout] 
[INFO] [stdout] 
[INFO] [stdout] warning: struct `KeyPair` is never constructed
[INFO] [stdout]   --> src/lib.rs:19:16
[INFO] [stdout]    |
[INFO] [stdout] 19 |     pub struct KeyPair {
[INFO] [stdout]    |                ^^^^^^^
[INFO] [stdout]    |
[INFO] [stdout]    = note: `#[warn(dead_code)]` on by default
[INFO] [stdout] 
[INFO] [stdout] 
[INFO] [stdout] warning: static `API_BASE` is never used
[INFO] [stdout]   --> src/lib.rs:27:12
[INFO] [stdout]    |
[INFO] [stdout] 27 |     static API_BASE: &str = "https://get402.com/api";
[INFO] [stdout]    |            ^^^^^^^^
[INFO] [stdout] 
[INFO] [stdout] 
[INFO] [stdout] warning: struct `App` is never constructed
[INFO] [stdout]   --> src/lib.rs:62:16
[INFO] [stdout]    |
[INFO] [stdout] 62 |     pub struct App {
[INFO] [stdout]    |                ^^^
[INFO] [stdout] 
[INFO] [stdout] 
[INFO] [stdout] warning: struct `Client` is never constructed
[INFO] [stdout]    --> src/lib.rs:139:16
[INFO] [stdout]     |
[INFO] [stdout] 139 |     pub struct Client<'a> {
[INFO] [stdout]     |                ^^^^^^
[INFO] [stdout] 
[INFO] [stdout] 
[INFO] [stdout] warning: variants `Unauthorized`, `InternalServerError`, `InsufficientFunds`, and `NotFound` are never constructed
[INFO] [stdout]    --> src/lib.rs:172:9
[INFO] [stdout]     |
[INFO] [stdout] 171 |     pub enum APIError {
[INFO] [stdout]     |              -------- variants in this enum
[INFO] [stdout] 172 |         Unauthorized,
[INFO] [stdout]     |         ^^^^^^^^^^^^
[INFO] [stdout] 173 |         InternalServerError,
[INFO] [stdout]     |         ^^^^^^^^^^^^^^^^^^^
[INFO] [stdout] 174 |         InsufficientFunds(PaymentRequired),
[INFO] [stdout]     |         ^^^^^^^^^^^^^^^^^
[INFO] [stdout] 175 |         NotFound,
[INFO] [stdout]     |         ^^^^^^^^
[INFO] [stdout]     |
[INFO] [stdout]     = note: `APIError` has a derived impl for the trait `Debug`, but this is intentionally ignored during dead code analysis
[INFO] [stdout] 
[INFO] [stdout] 
[INFO] [stdout] warning: type alias `ChargeCreditResult` is never used
[INFO] [stdout]    --> src/lib.rs:191:14
[INFO] [stdout]     |
[INFO] [stdout] 191 |     pub type ChargeCreditResult = Result<ChargeCreditAPIResponse, APIError>;
[INFO] [stdout]     |              ^^^^^^^^^^^^^^^^^^
[INFO] [stdout] 
[INFO] [stdout] 
[INFO] [stdout] warning: associated function `generate` is never used
[INFO] [stdout]   --> src/lib.rs:32:16
[INFO] [stdout]    |
[INFO] [stdout] 32 |         pub fn generate() -> KeyPair {
[INFO] [stdout]    |                ^^^^^^^^
[INFO] [stdout] 
[INFO] [stdout] 
[INFO] [stdout] warning: associated function `generate` is never used
[INFO] [stdout]   --> src/lib.rs:72:16
[INFO] [stdout]    |
[INFO] [stdout] 72 |         pub fn generate() -> App {
[INFO] [stdout]    |                ^^^^^^^^
[INFO] [stdout] 
[INFO] [stdout] 
[INFO] [stdout] warning: associated function `load` is never used
[INFO] [stdout]   --> src/lib.rs:85:16
[INFO] [stdout]    |
[INFO] [stdout] 85 |         pub fn load(private_key_string: &str) -> App {
[INFO] [stdout]    |                ^^^^
[INFO] [stdout] 
[INFO] [stdout] 
[INFO] [stdout] warning: method `create_client` is never used
[INFO] [stdout]    --> src/lib.rs:107:16
[INFO] [stdout]     |
[INFO] [stdout] 107 |         pub fn create_client(&self) -> Client {
[INFO] [stdout]     |                ^^^^^^^^^^^^^
[INFO] [stdout] 
[INFO] [stdout] 
[INFO] [stdout] warning: method `get_client_from_identifier` is never used
[INFO] [stdout]    --> src/lib.rs:123:16
[INFO] [stdout]     |
[INFO] [stdout] 123 |         pub fn get_client_from_identifier(&self, identifier: &str) -> Client {
[INFO] [stdout]     |                ^^^^^^^^^^^^^^^^^^^^^^^^^^
[INFO] [stdout] 
[INFO] [stdout] 
[INFO] [stdout] warning: method `get_balance` is never used
[INFO] [stdout]    --> src/lib.rs:195:22
[INFO] [stdout]     |
[INFO] [stdout] 195 |         pub async fn get_balance(&self) -> Result<u64, APIError> {
[INFO] [stdout]     |                      ^^^^^^^^^^^
[INFO] [stdout] 
[INFO] [stdout] 
[INFO] [stdout] warning: method `request_buy_credits` is never used
[INFO] [stdout]    --> src/lib.rs:213:22
[INFO] [stdout]     |
[INFO] [stdout] 213 |         pub async fn request_buy_credits(&self, credits: u64) -> Result<PaymentRequired, APIError> {
[INFO] [stdout]     |                      ^^^^^^^^^^^^^^^^^^^
[INFO] [stdout] 
[INFO] [stdout] 
[INFO] [stdout] warning: method `charge_credit` is never used
[INFO] [stdout]    --> src/lib.rs:233:22
[INFO] [stdout]     |
[INFO] [stdout] 233 |         pub async fn charge_credit(&self, map: &HashMap<&str, u64>) -> ChargeCreditResult {
[INFO] [stdout]     |                      ^^^^^^^^^^^^^
[INFO] [stdout] 
[INFO] [stdout] 
[INFO] [stdout] warning: method `authorize` is never used
[INFO] [stdout]    --> src/lib.rs:299:12
[INFO] [stdout]     |
[INFO] [stdout] 299 |         fn authorize(&self) -> HeaderMap {
[INFO] [stdout]     |            ^^^^^^^^^
[INFO] [stdout] 
[INFO] [stdout] 
[INFO] [stdout] warning: module `Get402` should have a snake case name
[INFO] [stdout]  --> src/lib.rs:2:5
[INFO] [stdout]   |
[INFO] [stdout] 2 | mod Get402 {
[INFO] [stdout]   |     ^^^^^^ help: convert the identifier to snake case: `get402`
[INFO] [stdout]   |
[INFO] [stdout]   = note: `#[warn(non_snake_case)]` on by default
[INFO] [stdout] 
[INFO] [stdout] 
[INFO] [stdout] warning: structure field `paymentUrl` should have a snake case name
[INFO] [stdout]    --> src/lib.rs:167:13
[INFO] [stdout]     |
[INFO] [stdout] 167 |         pub paymentUrl: String,
[INFO] [stdout]     |             ^^^^^^^^^^ help: convert the identifier to snake case: `payment_url`
[INFO] [stdout] 
[INFO] [stdout] 
[INFO] [stdout] warning: 22 warnings emitted
[INFO] [stdout] 
[INFO] [stdout] 
[INFO] [stdout] warning: unused imports: `SecretKey`, `Signature`, `SigningKey`, `signature::Signer`
[INFO] [stdout]  --> src/lib.rs:8:17
[INFO] [stdout]   |
[INFO] [stdout] 8 |         ecdsa::{SigningKey, Signature, signature::Signer}, SecretKey
[INFO] [stdout]   |                 ^^^^^^^^^^  ^^^^^^^^^  ^^^^^^^^^^^^^^^^^   ^^^^^^^^^
[INFO] [stdout]   |
[INFO] [stdout]   = note: `#[warn(unused_imports)]` on by default
[INFO] [stdout] 
[INFO] [stdout] 
[INFO] [stdout] warning: unused import: `base64`
[INFO] [stdout]   --> src/lib.rs:15:9
[INFO] [stdout]    |
[INFO] [stdout] 15 |     use base64;
[INFO] [stdout]    |         ^^^^^^
[INFO] [stdout] 
[INFO] [stdout] 
[INFO] [stdout] warning: unused import: `bitcoin_hashes::sha256`
[INFO] [stdout]   --> src/lib.rs:16:9
[INFO] [stdout]    |
[INFO] [stdout] 16 |     use bitcoin_hashes::sha256;
[INFO] [stdout]    |         ^^^^^^^^^^^^^^^^^^^^^^
[INFO] [stdout] 
[INFO] [stdout] 
[INFO] [stdout] warning: unused import: `std::env`
[INFO] [stdout]   --> src/lib.rs:17:9
[INFO] [stdout]    |
[INFO] [stdout] 17 |     use std::env;
[INFO] [stdout]    |         ^^^^^^^^
[INFO] [stdout] 
[INFO] [stdout] 
[INFO] [stdout] warning: unused variable: `other`
[INFO] [stdout]    --> src/lib.rs:270:17
[INFO] [stdout]     |
[INFO] [stdout] 270 |                 other => {
[INFO] [stdout]     |                 ^^^^^ help: if this is intentional, prefix it with an underscore: `_other`
[INFO] [stdout]     |
[INFO] [stdout]     = note: `#[warn(unused_variables)]` on by default
[INFO] [stdout] 
[INFO] [stdout] 
[INFO] [stdout] warning: unused variable: `app`
[INFO] [stdout]    --> src/lib.rs:336:13
[INFO] [stdout]     |
[INFO] [stdout] 336 |         let app: Get402::App = Get402::App::generate();
[INFO] [stdout]     |             ^^^ help: if this is intentional, prefix it with an underscore: `_app`
[INFO] [stdout] 
[INFO] [stdout] 
[INFO] [stdout] warning: unused variable: `app`
[INFO] [stdout]    --> src/lib.rs:345:13
[INFO] [stdout]     |
[INFO] [stdout] 345 |         let app: Get402::App = Get402::App::load(private_key);
[INFO] [stdout]     |             ^^^ help: if this is intentional, prefix it with an underscore: `_app`
[INFO] [stdout] 
[INFO] [stdout] 
[INFO] [stdout] warning: unused variable: `payment_request`
[INFO] [stdout]    --> src/lib.rs:389:53
[INFO] [stdout]     |
[INFO] [stdout] 389 |             Err(Get402::APIError::InsufficientFunds(payment_request)) => {
[INFO] [stdout]     |                                                     ^^^^^^^^^^^^^^^ help: if this is intentional, prefix it with an underscore: `_payment_request`
[INFO] [stdout] 
[INFO] [stdout] 
[INFO] [stdout] warning: unused variable: `other`
[INFO] [stdout]    --> src/lib.rs:393:13
[INFO] [stdout]     |
[INFO] [stdout] 393 |             other => {
[INFO] [stdout]     |             ^^^^^ help: if this is intentional, prefix it with an underscore: `_other`
[INFO] [stdout] 
[INFO] [stdout] 
[INFO] [stdout] warning: unused variable: `other`
[INFO] [stdout]    --> src/lib.rs:415:13
[INFO] [stdout]     |
[INFO] [stdout] 415 |             other => {
[INFO] [stdout]     |             ^^^^^ help: if this is intentional, prefix it with an underscore: `_other`
[INFO] [stdout] 
[INFO] [stdout] 
[INFO] [stdout] warning: field `private_key` is never read
[INFO] [stdout]   --> src/lib.rs:66:9
[INFO] [stdout]    |
[INFO] [stdout] 62 |     pub struct App {
[INFO] [stdout]    |                --- field in this struct
[INFO] [stdout] ...
[INFO] [stdout] 66 |         private_key: PrivateKey,
[INFO] [stdout]    |         ^^^^^^^^^^^
[INFO] [stdout]    |
[INFO] [stdout]    = note: `#[warn(dead_code)]` on by default
[INFO] [stdout] 
[INFO] [stdout] 
[INFO] [stdout] warning: field `private_key` is never read
[INFO] [stdout]    --> src/lib.rs:143:9
[INFO] [stdout]     |
[INFO] [stdout] 139 |     pub struct Client<'a> {
[INFO] [stdout]     |                ------ field in this struct
[INFO] [stdout] ...
[INFO] [stdout] 143 |         private_key: Option<PrivateKey>,
[INFO] [stdout]     |         ^^^^^^^^^^^
[INFO] [stdout] 
[INFO] [stdout] 
[INFO] [stdout] warning: variant `NotFound` is never constructed
[INFO] [stdout]    --> src/lib.rs:175:9
[INFO] [stdout]     |
[INFO] [stdout] 171 |     pub enum APIError {
[INFO] [stdout]     |              -------- variant in this enum
[INFO] [stdout] ...
[INFO] [stdout] 175 |         NotFound,
[INFO] [stdout]     |         ^^^^^^^^
[INFO] [stdout]     |
[INFO] [stdout]     = note: `APIError` has a derived impl for the trait `Debug`, but this is intentionally ignored during dead code analysis
[INFO] [stdout] 
[INFO] [stdout] 
[INFO] [stdout] warning: module `Get402` should have a snake case name
[INFO] [stdout]  --> src/lib.rs:2:5
[INFO] [stdout]   |
[INFO] [stdout] 2 | mod Get402 {
[INFO] [stdout]   |     ^^^^^^ help: convert the identifier to snake case: `get402`
[INFO] [stdout]   |
[INFO] [stdout]   = note: `#[warn(non_snake_case)]` on by default
[INFO] [stdout] 
[INFO] [stdout] 
[INFO] [stdout] warning: structure field `paymentUrl` should have a snake case name
[INFO] [stdout]    --> src/lib.rs:167:13
[INFO] [stdout]     |
[INFO] [stdout] 167 |         pub paymentUrl: String,
[INFO] [stdout]     |             ^^^^^^^^^^ help: convert the identifier to snake case: `payment_url`
[INFO] [stdout] 
[INFO] [stdout] 
[INFO] [stdout] warning: variable `PaymentRequired` should have a snake case name
[INFO] [stdout]    --> src/lib.rs:409:16
[INFO] [stdout]     |
[INFO] [stdout] 409 |             Ok(PaymentRequired) => {
[INFO] [stdout]     |                ^^^^^^^^^^^^^^^ help: convert the identifier to snake case: `payment_required`
[INFO] [stdout] 
[INFO] [stdout] 
[INFO] [stdout] warning: 16 warnings emitted
[INFO] [stdout] 
[INFO] [stdout] 
[INFO] [stderr]     Finished test [unoptimized + debuginfo] target(s) in 4.85s
[INFO] [stderr] warning: the following packages contain code that will be rejected by a future version of Rust: rustc-serialize v0.3.24
[INFO] [stderr] note: to see what the problems were, use the option `--future-incompat-report`, or run `cargo report future-incompatibilities --id 1`
[INFO] running `Command { std: "docker" "inspect" "22a12a503b82756a338cca8b265f9231fb9417d56d5e84d57ccc3c88979570fd", kill_on_drop: false }`
[INFO] running `Command { std: "docker" "rm" "-f" "22a12a503b82756a338cca8b265f9231fb9417d56d5e84d57ccc3c88979570fd", kill_on_drop: false }`
[INFO] [stdout] 22a12a503b82756a338cca8b265f9231fb9417d56d5e84d57ccc3c88979570fd
[INFO] running `Command { std: "docker" "create" "-v" "/var/lib/crater-agent-workspace/builds/worker-0-tc1/target:/opt/rustwide/target:rw,Z" "-v" "/var/lib/crater-agent-workspace/builds/worker-0-tc1/source:/opt/rustwide/workdir:ro,Z" "-v" "/var/lib/crater-agent-workspace/cargo-home:/opt/rustwide/cargo-home:ro,Z" "-v" "/var/lib/crater-agent-workspace/rustup-home:/opt/rustwide/rustup-home:ro,Z" "-e" "SOURCE_DIR=/opt/rustwide/workdir" "-e" "CARGO_TARGET_DIR=/opt/rustwide/target" "-e" "CARGO_INCREMENTAL=0" "-e" "RUST_BACKTRACE=full" "-e" "RUSTFLAGS=--cap-lints=warn" "-e" "RUSTDOCFLAGS=--cap-lints=warn" "-e" "CARGO_HOME=/opt/rustwide/cargo-home" "-e" "RUSTUP_HOME=/opt/rustwide/rustup-home" "-w" "/opt/rustwide/workdir" "-m" "1610612736" "--user" "0:0" "--network" "none" "ghcr.io/rust-lang/crates-build-env/linux@sha256:5ff2268d62e97bff2cde7d5815dd6ed5b47097566f13b8d0ca110b04b60e07ed" "/opt/rustwide/cargo-home/bin/cargo" "+1.69.0" "test" "--frozen", kill_on_drop: false }`
[INFO] [stdout] d01cc73a10e9a31b3520289f68554956a1148445ca3d9ad4279717396baa95ef
[INFO] running `Command { std: "docker" "start" "-a" "d01cc73a10e9a31b3520289f68554956a1148445ca3d9ad4279717396baa95ef", kill_on_drop: false }`
[INFO] [stderr] warning: unused imports: `SecretKey`, `Signature`, `SigningKey`, `signature::Signer`
[INFO] [stderr]  --> src/lib.rs:8:17
[INFO] [stderr]   |
[INFO] [stderr] 8 |         ecdsa::{SigningKey, Signature, signature::Signer}, SecretKey
[INFO] [stderr]   |                 ^^^^^^^^^^  ^^^^^^^^^  ^^^^^^^^^^^^^^^^^   ^^^^^^^^^
[INFO] [stderr]   |
[INFO] [stderr]   = note: `#[warn(unused_imports)]` on by default
[INFO] [stderr] 
[INFO] [stderr] warning: unused import: `base64`
[INFO] [stderr]   --> src/lib.rs:15:9
[INFO] [stderr]    |
[INFO] [stderr] 15 |     use base64;
[INFO] [stderr]    |         ^^^^^^
[INFO] [stderr] 
[INFO] [stderr] warning: unused import: `bitcoin_hashes::sha256`
[INFO] [stderr]   --> src/lib.rs:16:9
[INFO] [stderr]    |
[INFO] [stderr] 16 |     use bitcoin_hashes::sha256;
[INFO] [stderr]    |         ^^^^^^^^^^^^^^^^^^^^^^
[INFO] [stderr] 
[INFO] [stderr] warning: unused import: `std::env`
[INFO] [stderr]   --> src/lib.rs:17:9
[INFO] [stderr]    |
[INFO] [stderr] 17 |     use std::env;
[INFO] [stderr]    |         ^^^^^^^^
[INFO] [stderr] 
[INFO] [stderr] warning: unused variable: `other`
[INFO] [stderr]    --> src/lib.rs:270:17
[INFO] [stderr]     |
[INFO] [stderr] 270 |                 other => {
[INFO] [stderr]     |                 ^^^^^ help: if this is intentional, prefix it with an underscore: `_other`
[INFO] [stderr]     |
[INFO] [stderr]     = note: `#[warn(unused_variables)]` on by default
[INFO] [stderr] 
[INFO] [stderr] warning: struct `KeyPair` is never constructed
[INFO] [stderr]   --> src/lib.rs:19:16
[INFO] [stderr]    |
[INFO] [stderr] 19 |     pub struct KeyPair {
[INFO] [stderr]    |                ^^^^^^^
[INFO] [stderr]    |
[INFO] [stderr]    = note: `#[warn(dead_code)]` on by default
[INFO] [stderr] 
[INFO] [stderr] warning: static `API_BASE` is never used
[INFO] [stderr]   --> src/lib.rs:27:12
[INFO] [stderr]    |
[INFO] [stderr] 27 |     static API_BASE: &str = "https://get402.com/api";
[INFO] [stderr]    |            ^^^^^^^^
[INFO] [stderr] 
[INFO] [stderr] warning: struct `App` is never constructed
[INFO] [stderr]   --> src/lib.rs:62:16
[INFO] [stderr]    |
[INFO] [stderr] 62 |     pub struct App {
[INFO] [stderr]    |                ^^^
[INFO] [stderr] 
[INFO] [stderr] warning: struct `Client` is never constructed
[INFO] [stderr]    --> src/lib.rs:139:16
[INFO] [stderr]     |
[INFO] [stderr] 139 |     pub struct Client<'a> {
[INFO] [stderr]     |                ^^^^^^
[INFO] [stderr] 
[INFO] [stderr] warning: variants `Unauthorized`, `InternalServerError`, `InsufficientFunds`, and `NotFound` are never constructed
[INFO] [stderr]    --> src/lib.rs:172:9
[INFO] [stderr]     |
[INFO] [stderr] 171 |     pub enum APIError {
[INFO] [stderr]     |              -------- variants in this enum
[INFO] [stderr] 172 |         Unauthorized,
[INFO] [stderr]     |         ^^^^^^^^^^^^
[INFO] [stderr] 173 |         InternalServerError,
[INFO] [stderr]     |         ^^^^^^^^^^^^^^^^^^^
[INFO] [stderr] 174 |         InsufficientFunds(PaymentRequired),
[INFO] [stderr]     |         ^^^^^^^^^^^^^^^^^
[INFO] [stderr] 175 |         NotFound,
[INFO] [stderr]     |         ^^^^^^^^
[INFO] [stderr]     |
[INFO] [stderr]     = note: `APIError` has a derived impl for the trait `Debug`, but this is intentionally ignored during dead code analysis
[INFO] [stderr] 
[INFO] [stderr] warning: type alias `ChargeCreditResult` is never used
[INFO] [stderr]    --> src/lib.rs:191:14
[INFO] [stderr]     |
[INFO] [stderr] 191 |     pub type ChargeCreditResult = Result<ChargeCreditAPIResponse, APIError>;
[INFO] [stderr]     |              ^^^^^^^^^^^^^^^^^^
[INFO] [stderr] 
[INFO] [stderr] warning: associated function `generate` is never used
[INFO] [stderr]   --> src/lib.rs:32:16
[INFO] [stderr]    |
[INFO] [stderr] 32 |         pub fn generate() -> KeyPair {
[INFO] [stderr]    |                ^^^^^^^^
[INFO] [stderr] 
[INFO] [stderr] warning: associated function `generate` is never used
[INFO] [stderr]   --> src/lib.rs:72:16
[INFO] [stderr]    |
[INFO] [stderr] 72 |         pub fn generate() -> App {
[INFO] [stderr]    |                ^^^^^^^^
[INFO] [stderr] 
[INFO] [stderr] warning: associated function `load` is never used
[INFO] [stderr]   --> src/lib.rs:85:16
[INFO] [stderr]    |
[INFO] [stderr] 85 |         pub fn load(private_key_string: &str) -> App {
[INFO] [stderr]    |                ^^^^
[INFO] [stderr] 
[INFO] [stderr] warning: method `create_client` is never used
[INFO] [stderr]    --> src/lib.rs:107:16
[INFO] [stderr]     |
[INFO] [stderr] 107 |         pub fn create_client(&self) -> Client {
[INFO] [stderr]     |                ^^^^^^^^^^^^^
[INFO] [stderr] 
[INFO] [stderr] warning: method `get_client_from_identifier` is never used
[INFO] [stderr]    --> src/lib.rs:123:16
[INFO] [stderr]     |
[INFO] [stderr] 123 |         pub fn get_client_from_identifier(&self, identifier: &str) -> Client {
[INFO] [stderr]     |                ^^^^^^^^^^^^^^^^^^^^^^^^^^
[INFO] [stderr] 
[INFO] [stderr] warning: method `get_balance` is never used
[INFO] [stderr]    --> src/lib.rs:195:22
[INFO] [stderr]     |
[INFO] [stderr] 195 |         pub async fn get_balance(&self) -> Result<u64, APIError> {
[INFO] [stderr]     |                      ^^^^^^^^^^^
[INFO] [stderr] 
[INFO] [stderr] warning: method `request_buy_credits` is never used
[INFO] [stderr]    --> src/lib.rs:213:22
[INFO] [stderr]     |
[INFO] [stderr] 213 |         pub async fn request_buy_credits(&self, credits: u64) -> Result<PaymentRequired, APIError> {
[INFO] [stderr]     |                      ^^^^^^^^^^^^^^^^^^^
[INFO] [stderr] 
[INFO] [stderr] warning: method `charge_credit` is never used
[INFO] [stderr]    --> src/lib.rs:233:22
[INFO] [stderr]     |
[INFO] [stderr] 233 |         pub async fn charge_credit(&self, map: &HashMap<&str, u64>) -> ChargeCreditResult {
[INFO] [stderr]     |                      ^^^^^^^^^^^^^
[INFO] [stderr] 
[INFO] [stderr] warning: method `authorize` is never used
[INFO] [stderr]    --> src/lib.rs:299:12
[INFO] [stderr]     |
[INFO] [stderr] 299 |         fn authorize(&self) -> HeaderMap {
[INFO] [stderr]     |            ^^^^^^^^^
[INFO] [stderr] 
[INFO] [stderr] warning: module `Get402` should have a snake case name
[INFO] [stderr]  --> src/lib.rs:2:5
[INFO] [stderr]   |
[INFO] [stderr] 2 | mod Get402 {
[INFO] [stderr]   |     ^^^^^^ help: convert the identifier to snake case: `get402`
[INFO] [stderr]   |
[INFO] [stderr]   = note: `#[warn(non_snake_case)]` on by default
[INFO] [stderr] 
[INFO] [stderr] warning: structure field `paymentUrl` should have a snake case name
[INFO] [stderr]    --> src/lib.rs:167:13
[INFO] [stderr]     |
[INFO] [stderr] 167 |         pub paymentUrl: String,
[INFO] [stderr]     |             ^^^^^^^^^^ help: convert the identifier to snake case: `payment_url`
[INFO] [stderr] 
[INFO] [stderr] warning: unused variable: `app`
[INFO] [stderr]    --> src/lib.rs:336:13
[INFO] [stderr]     |
[INFO] [stderr] 336 |         let app: Get402::App = Get402::App::generate();
[INFO] [stderr]     |             ^^^ help: if this is intentional, prefix it with an underscore: `_app`
[INFO] [stderr] 
[INFO] [stderr] warning: unused variable: `app`
[INFO] [stderr]    --> src/lib.rs:345:13
[INFO] [stderr]     |
[INFO] [stderr] 345 |         let app: Get402::App = Get402::App::load(private_key);
[INFO] [stderr]     |             ^^^ help: if this is intentional, prefix it with an underscore: `_app`
[INFO] [stderr] 
[INFO] [stderr] warning: unused variable: `payment_request`
[INFO] [stderr]    --> src/lib.rs:389:53
[INFO] [stderr]     |
[INFO] [stderr] 389 |             Err(Get402::APIError::InsufficientFunds(payment_request)) => {
[INFO] [stderr]     |                                                     ^^^^^^^^^^^^^^^ help: if this is intentional, prefix it with an underscore: `_payment_request`
[INFO] [stderr] 
[INFO] [stderr] warning: unused variable: `other`
[INFO] [stderr]    --> src/lib.rs:393:13
[INFO] [stderr]     |
[INFO] [stderr] 393 |             other => {
[INFO] [stderr]     |             ^^^^^ help: if this is intentional, prefix it with an underscore: `_other`
[INFO] [stderr] 
[INFO] [stderr] warning: unused variable: `other`
[INFO] [stderr]    --> src/lib.rs:415:13
[INFO] [stderr]     |
[INFO] [stderr] 415 |             other => {
[INFO] [stderr]     |             ^^^^^ help: if this is intentional, prefix it with an underscore: `_other`
[INFO] [stderr] 
[INFO] [stderr] warning: field `private_key` is never read
[INFO] [stderr]   --> src/lib.rs:66:9
[INFO] [stderr]    |
[INFO] [stderr] 62 |     pub struct App {
[INFO] [stderr]    |                --- field in this struct
[INFO] [stderr] ...
[INFO] [stderr] 66 |         private_key: PrivateKey,
[INFO] [stderr]    |         ^^^^^^^^^^^
[INFO] [stderr]    |
[INFO] [stderr]    = note: `#[warn(dead_code)]` on by default
[INFO] [stderr] 
[INFO] [stderr] warning: field `private_key` is never read
[INFO] [stderr]    --> src/lib.rs:143:9
[INFO] [stderr]     |
[INFO] [stderr] 139 |     pub struct Client<'a> {
[INFO] [stderr]     |                ------ field in this struct
[INFO] [stderr] ...
[INFO] [stderr] 143 |         private_key: Option<PrivateKey>,
[INFO] [stderr]     |         ^^^^^^^^^^^
[INFO] [stderr] 
[INFO] [stderr] warning: variant `NotFound` is never constructed
[INFO] [stderr]    --> src/lib.rs:175:9
[INFO] [stderr]     |
[INFO] [stderr] 171 |     pub enum APIError {
[INFO] [stderr]     |              -------- variant in this enum
[INFO] [stderr] ...
[INFO] [stderr] 175 |         NotFound,
[INFO] [stderr]     |         ^^^^^^^^
[INFO] [stderr]     |
[INFO] [stderr]     = note: `APIError` has a derived impl for the trait `Debug`, but this is intentionally ignored during dead code analysis
[INFO] [stderr] 
[INFO] [stderr] warning: variable `PaymentRequired` should have a snake case name
[INFO] [stderr]    --> src/lib.rs:409:16
[INFO] [stderr]     |
[INFO] [stderr] 409 |             Ok(PaymentRequired) => {
[INFO] [stderr]     |                ^^^^^^^^^^^^^^^ help: convert the identifier to snake case: `payment_required`
[INFO] [stderr] 
[INFO] [stderr] warning: `get402` (lib) generated 22 warnings (run `cargo fix --lib -p get402` to apply 5 suggestions)
[INFO] [stderr] warning: `get402` (lib test) generated 16 warnings (7 duplicates) (run `cargo fix --lib -p get402 --tests` to apply 5 suggestions)
[INFO] [stderr]     Finished test [unoptimized + debuginfo] target(s) in 0.19s
[INFO] [stderr] warning: the following packages contain code that will be rejected by a future version of Rust: rustc-serialize v0.3.24
[INFO] [stderr] note: to see what the problems were, use the option `--future-incompat-report`, or run `cargo report future-incompatibilities --id 1`
[INFO] [stderr]      Running unittests src/lib.rs (/opt/rustwide/target/debug/deps/get402-a3288778068a9a49)
[INFO] [stdout] 
[INFO] [stdout] running 7 tests
[INFO] [stdout] test tests::it_should_get_402_when_charging_a_client_key_with_zero_balance ... ignored
[INFO] [stdout] test tests::it_sends_a_payment_for_more_credits ... ok
[INFO] [stdout] test tests::it_generates_new_app_with_random_private_key_and_identifier ... ok
[INFO] [stdout] test tests::it_loads_an_existing_app_from_privatekey_string ... ok
[INFO] [stdout] test tests::it_gets_a_client_from_an_existing_identifier ... ok
[INFO] [stdout] test tests::it_gets_a_payment_request_for_more_credits ... FAILED
[INFO] [stdout] test tests::it_gets_the_balance_of_a_new_api_client_key ... FAILED
[INFO] [stdout] 
[INFO] [stderr] error: test failed, to rerun pass `--lib`
[INFO] [stdout] failures:
[INFO] [stdout] 
[INFO] [stdout] ---- tests::it_gets_a_payment_request_for_more_credits stdout ----
[INFO] [stdout] BUY CREDITS URL https://get402.com/api/apps/1HNj5YXTuGh7Abu6yUk6iXQmGJxybSixP9/clients/145PtQf4we9kB4iceHXaJMckgcDf16uDWh/buy-credits/10
[INFO] [stdout] thread 'tests::it_gets_a_payment_request_for_more_credits' panicked at 'called `Result::unwrap()` on an `Err` value: reqwest::Error { kind: Request, url: Url { scheme: "https", cannot_be_a_base: false, username: "", password: None, host: Some(Domain("get402.com")), port: None, path: "/api/apps/1HNj5YXTuGh7Abu6yUk6iXQmGJxybSixP9/clients/145PtQf4we9kB4iceHXaJMckgcDf16uDWh/buy-credits/10", query: None, fragment: None }, source: hyper::Error(Connect, ConnectError("dns error", Custom { kind: Uncategorized, error: "failed to lookup address information: Temporary failure in name resolution" })) }', src/lib.rs:225:18
[INFO] [stdout] stack backtrace:
[INFO] [stdout]    0:     0x5613a57f357a - std::backtrace_rs::backtrace::libunwind::trace::ha9053a9a07ca49cb
[INFO] [stdout]                                at /rustc/84c898d65adf2f39a5a98507f1fe0ce10a2b8dbc/library/std/src/../../backtrace/src/backtrace/libunwind.rs:93:5
[INFO] [stdout]    1:     0x5613a57f357a - std::backtrace_rs::backtrace::trace_unsynchronized::h9c2852a457ad564e
[INFO] [stdout]                                at /rustc/84c898d65adf2f39a5a98507f1fe0ce10a2b8dbc/library/std/src/../../backtrace/src/backtrace/mod.rs:66:5
[INFO] [stdout]    2:     0x5613a57f357a - std::sys_common::backtrace::_print_fmt::h457936fbfaa0070f
[INFO] [stdout]                                at /rustc/84c898d65adf2f39a5a98507f1fe0ce10a2b8dbc/library/std/src/sys_common/backtrace.rs:65:5
[INFO] [stdout]    3:     0x5613a57f357a - <std::sys_common::backtrace::_print::DisplayBacktrace as core::fmt::Display>::fmt::h5779d7bf7f70cb0c
[INFO] [stdout]                                at /rustc/84c898d65adf2f39a5a98507f1fe0ce10a2b8dbc/library/std/src/sys_common/backtrace.rs:44:22
[INFO] [stdout]    4:     0x5613a5819a7e - core::fmt::write::h5a4baaff1bcd3eb5
[INFO] [stdout]                                at /rustc/84c898d65adf2f39a5a98507f1fe0ce10a2b8dbc/library/core/src/fmt/mod.rs:1232:17
[INFO] [stdout]    5:     0x5613a57efe65 - std::io::Write::write_fmt::h478f79c628ef31d1
[INFO] [stdout]                                at /rustc/84c898d65adf2f39a5a98507f1fe0ce10a2b8dbc/library/std/src/io/mod.rs:1684:15
[INFO] [stdout]    6:     0x5613a57f3345 - std::sys_common::backtrace::_print::h5fcdc36060f177e8
[INFO] [stdout]                                at /rustc/84c898d65adf2f39a5a98507f1fe0ce10a2b8dbc/library/std/src/sys_common/backtrace.rs:47:5
[INFO] [stdout]    7:     0x5613a57f3345 - std::sys_common::backtrace::print::h54ca9458b876c8bf
[INFO] [stdout]                                at /rustc/84c898d65adf2f39a5a98507f1fe0ce10a2b8dbc/library/std/src/sys_common/backtrace.rs:34:9
[INFO] [stdout]    8:     0x5613a57f510f - std::panicking::default_hook::{{closure}}::hbe471161c7664ed6
[INFO] [stdout]                                at /rustc/84c898d65adf2f39a5a98507f1fe0ce10a2b8dbc/library/std/src/panicking.rs:271:22
[INFO] [stdout]    9:     0x5613a57f4dcf - std::panicking::default_hook::ha3500da57aa4ac4f
[INFO] [stdout]                                at /rustc/84c898d65adf2f39a5a98507f1fe0ce10a2b8dbc/library/std/src/panicking.rs:287:9
[INFO] [stdout]   10:     0x5613a5363ba7 - <alloc::boxed::Box<F,A> as core::ops::function::Fn<Args>>::call::hdf1b89dd137ece34
[INFO] [stdout]                                at /rustc/84c898d65adf2f39a5a98507f1fe0ce10a2b8dbc/library/alloc/src/boxed.rs:2001:9
[INFO] [stdout]   11:     0x5613a5363ba7 - test::test_main::{{closure}}::h9081a79f20e75698
[INFO] [stdout]                                at /rustc/84c898d65adf2f39a5a98507f1fe0ce10a2b8dbc/library/test/src/lib.rs:135:21
[INFO] [stdout]   12:     0x5613a57f583d - <alloc::boxed::Box<F,A> as core::ops::function::Fn<Args>>::call::h6507bddc3eebb4a5
[INFO] [stdout]                                at /rustc/84c898d65adf2f39a5a98507f1fe0ce10a2b8dbc/library/alloc/src/boxed.rs:2001:9
[INFO] [stdout]   13:     0x5613a57f583d - std::panicking::rust_panic_with_hook::h50c09d000dc561d2
[INFO] [stdout]                                at /rustc/84c898d65adf2f39a5a98507f1fe0ce10a2b8dbc/library/std/src/panicking.rs:696:13
[INFO] [stdout]   14:     0x5613a57f55b9 - std::panicking::begin_panic_handler::{{closure}}::h9e2b2176e00e0d9c
[INFO] [stdout]                                at /rustc/84c898d65adf2f39a5a98507f1fe0ce10a2b8dbc/library/std/src/panicking.rs:583:13
[INFO] [stdout]   15:     0x5613a57f39e6 - std::sys_common::backtrace::__rust_end_short_backtrace::h5739b8e512c09d02
[INFO] [stdout]                                at /rustc/84c898d65adf2f39a5a98507f1fe0ce10a2b8dbc/library/std/src/sys_common/backtrace.rs:150:18
[INFO] [stdout]   16:     0x5613a57f52c2 - rust_begin_unwind
[INFO] [stdout]                                at /rustc/84c898d65adf2f39a5a98507f1fe0ce10a2b8dbc/library/std/src/panicking.rs:579:5
[INFO] [stdout]   17:     0x5613a530d433 - core::panicking::panic_fmt::hf33a1475b4dc5c3e
[INFO] [stdout]                                at /rustc/84c898d65adf2f39a5a98507f1fe0ce10a2b8dbc/library/core/src/panicking.rs:64:14
[INFO] [stdout]   18:     0x5613a530d8e3 - core::result::unwrap_failed::hdff5465d74574b44
[INFO] [stdout]                                at /rustc/84c898d65adf2f39a5a98507f1fe0ce10a2b8dbc/library/core/src/result.rs:1750:5
[INFO] [stdout]   19:     0x5613a532c97d - core::result::Result<T,E>::unwrap::h1339bccb9a189c60
[INFO] [stdout]                                at /rustc/84c898d65adf2f39a5a98507f1fe0ce10a2b8dbc/library/core/src/result.rs:1090:23
[INFO] [stdout]   20:     0x5613a5319654 - get402::Get402::Client::request_buy_credits::{{closure}}::h592e9e437dc238c9
[INFO] [stdout]                                at /opt/rustwide/workdir/src/lib.rs:221:28
[INFO] [stdout]   21:     0x5613a53285c5 - get402::tests::it_gets_a_payment_request_for_more_credits::{{closure}}::hd513a59739a73f3c
[INFO] [stdout]                                at /opt/rustwide/workdir/src/lib.rs:407:45
[INFO] [stdout]   22:     0x5613a5324d88 - <core::pin::Pin<P> as core::future::future::Future>::poll::h08cde48e470f55f6
[INFO] [stdout]                                at /rustc/84c898d65adf2f39a5a98507f1fe0ce10a2b8dbc/library/core/src/future/future.rs:125:9
[INFO] [stdout]   23:     0x5613a5324ddb - <core::pin::Pin<P> as core::future::future::Future>::poll::ha7a93d49ba3a964a
[INFO] [stdout]                                at /rustc/84c898d65adf2f39a5a98507f1fe0ce10a2b8dbc/library/core/src/future/future.rs:125:9
[INFO] [stdout]   24:     0x5613a53246e4 - tokio::runtime::scheduler::current_thread::CoreGuard::block_on::{{closure}}::{{closure}}::{{closure}}::h1abddcef3bf238e1
[INFO] [stdout]                                at /opt/rustwide/cargo-home/registry/src/github.com-1ecc6299db9ec823/tokio-1.28.0/src/runtime/scheduler/current_thread.rs:541:57
[INFO] [stdout]   25:     0x5613a5324601 - tokio::runtime::coop::with_budget::h3c3cf4b16406f0a4
[INFO] [stdout]                                at /opt/rustwide/cargo-home/registry/src/github.com-1ecc6299db9ec823/tokio-1.28.0/src/runtime/coop.rs:107:5
[INFO] [stdout]   26:     0x5613a5324601 - tokio::runtime::coop::budget::h0f3f3bb55c0f623b
[INFO] [stdout]                                at /opt/rustwide/cargo-home/registry/src/github.com-1ecc6299db9ec823/tokio-1.28.0/src/runtime/coop.rs:73:5
[INFO] [stdout]   27:     0x5613a5324601 - tokio::runtime::scheduler::current_thread::CoreGuard::block_on::{{closure}}::{{closure}}::hccf44f274e16dd40
[INFO] [stdout]                                at /opt/rustwide/cargo-home/registry/src/github.com-1ecc6299db9ec823/tokio-1.28.0/src/runtime/scheduler/current_thread.rs:541:25
[INFO] [stdout]   28:     0x5613a5322efe - tokio::runtime::scheduler::current_thread::Context::enter::h56572513c71a2916
[INFO] [stdout]                                at /opt/rustwide/cargo-home/registry/src/github.com-1ecc6299db9ec823/tokio-1.28.0/src/runtime/scheduler/current_thread.rs:350:19
[INFO] [stdout]   29:     0x5613a5323cca - tokio::runtime::scheduler::current_thread::CoreGuard::block_on::{{closure}}::h7d7b203aac873ac3
[INFO] [stdout]                                at /opt/rustwide/cargo-home/registry/src/github.com-1ecc6299db9ec823/tokio-1.28.0/src/runtime/scheduler/current_thread.rs:540:36
[INFO] [stdout]   30:     0x5613a53239bb - tokio::runtime::scheduler::current_thread::CoreGuard::enter::{{closure}}::h3dcd211b99b64060
[INFO] [stdout]                                at /opt/rustwide/cargo-home/registry/src/github.com-1ecc6299db9ec823/tokio-1.28.0/src/runtime/scheduler/current_thread.rs:615:57
[INFO] [stdout]   31:     0x5613a532eab8 - tokio::macros::scoped_tls::ScopedKey<T>::set::h3c6eb9b86eca0e19
[INFO] [stdout]                                at /opt/rustwide/cargo-home/registry/src/github.com-1ecc6299db9ec823/tokio-1.28.0/src/macros/scoped_tls.rs:61:9
[INFO] [stdout]   32:     0x5613a5323756 - tokio::runtime::scheduler::current_thread::CoreGuard::enter::h05bc286e460543f9
[INFO] [stdout]                                at /opt/rustwide/cargo-home/registry/src/github.com-1ecc6299db9ec823/tokio-1.28.0/src/runtime/scheduler/current_thread.rs:615:27
[INFO] [stdout]   33:     0x5613a53239ed - tokio::runtime::scheduler::current_thread::CoreGuard::block_on::heaafa8eadbbcf83c
[INFO] [stdout]                                at /opt/rustwide/cargo-home/registry/src/github.com-1ecc6299db9ec823/tokio-1.28.0/src/runtime/scheduler/current_thread.rs:530:19
[INFO] [stdout]   34:     0x5613a53229ad - tokio::runtime::scheduler::current_thread::CurrentThread::block_on::h40bc3b5a76ab655a
[INFO] [stdout]                                at /opt/rustwide/cargo-home/registry/src/github.com-1ecc6299db9ec823/tokio-1.28.0/src/runtime/scheduler/current_thread.rs:154:24
[INFO] [stdout]   35:     0x5613a532f685 - tokio::runtime::runtime::Runtime::block_on::h091828c0ea95e825
[INFO] [stdout]                                at /opt/rustwide/cargo-home/registry/src/github.com-1ecc6299db9ec823/tokio-1.28.0/src/runtime/runtime.rs:302:47
[INFO] [stdout]   36:     0x5613a532830c - get402::tests::it_gets_a_payment_request_for_more_credits::hfa8065a6a19599f9
[INFO] [stdout]                                at /opt/rustwide/workdir/src/lib.rs:407:9
[INFO] [stdout]   37:     0x5613a5328187 - get402::tests::it_gets_a_payment_request_for_more_credits::{{closure}}::h926e2cadf42ac0f0
[INFO] [stdout]                                at /opt/rustwide/workdir/src/lib.rs:401:59
[INFO] [stdout]   38:     0x5613a532a495 - core::ops::function::FnOnce::call_once::ha0edcd42a44237fd
[INFO] [stdout]                                at /rustc/84c898d65adf2f39a5a98507f1fe0ce10a2b8dbc/library/core/src/ops/function.rs:250:5
[INFO] [stdout]   39:     0x5613a5368f8f - core::ops::function::FnOnce::call_once::h7d969581be7d0075
[INFO] [stdout]                                at /rustc/84c898d65adf2f39a5a98507f1fe0ce10a2b8dbc/library/core/src/ops/function.rs:250:5
[INFO] [stdout]   40:     0x5613a5368f8f - test::__rust_begin_short_backtrace::hca25a52684e56655
[INFO] [stdout]                                at /rustc/84c898d65adf2f39a5a98507f1fe0ce10a2b8dbc/library/test/src/lib.rs:656:18
[INFO] [stdout]   41:     0x5613a533a5ac - test::run_test::{{closure}}::ha8ac744c4af1a4bb
[INFO] [stdout]                                at /rustc/84c898d65adf2f39a5a98507f1fe0ce10a2b8dbc/library/test/src/lib.rs:647:30
[INFO] [stdout]   42:     0x5613a533a5ac - core::ops::function::FnOnce::call_once{{vtable.shim}}::h7b411a9ed45bdecf
[INFO] [stdout]                                at /rustc/84c898d65adf2f39a5a98507f1fe0ce10a2b8dbc/library/core/src/ops/function.rs:250:5
[INFO] [stdout]   43:     0x5613a5367f56 - <alloc::boxed::Box<F,A> as core::ops::function::FnOnce<Args>>::call_once::hd05328869a8ed200
[INFO] [stdout]                                at /rustc/84c898d65adf2f39a5a98507f1fe0ce10a2b8dbc/library/alloc/src/boxed.rs:1987:9
[INFO] [stdout]   44:     0x5613a5367f56 - <core::panic::unwind_safe::AssertUnwindSafe<F> as core::ops::function::FnOnce<()>>::call_once::h0c601ce20bd5b2be
[INFO] [stdout]                                at /rustc/84c898d65adf2f39a5a98507f1fe0ce10a2b8dbc/library/core/src/panic/unwind_safe.rs:271:9
[INFO] [stdout]   45:     0x5613a5367f56 - std::panicking::try::do_call::ha4be5c164fe30854
[INFO] [stdout]                                at /rustc/84c898d65adf2f39a5a98507f1fe0ce10a2b8dbc/library/std/src/panicking.rs:487:40
[INFO] [stdout]   46:     0x5613a5367f56 - std::panicking::try::h604546f3609af05f
[INFO] [stdout]                                at /rustc/84c898d65adf2f39a5a98507f1fe0ce10a2b8dbc/library/std/src/panicking.rs:451:19
[INFO] [stdout]   47:     0x5613a5367f56 - std::panic::catch_unwind::h5bfa8afe44c9c2f9
[INFO] [stdout]                                at /rustc/84c898d65adf2f39a5a98507f1fe0ce10a2b8dbc/library/std/src/panic.rs:140:14
[INFO] [stdout]   48:     0x5613a5367f56 - test::run_test_in_process::hd50dee55dd63e6aa
[INFO] [stdout]                                at /rustc/84c898d65adf2f39a5a98507f1fe0ce10a2b8dbc/library/test/src/lib.rs:679:27
[INFO] [stdout]   49:     0x5613a5367f56 - test::run_test::run_test_inner::{{closure}}::h4aa0f433aa85cea8
[INFO] [stdout]                                at /rustc/84c898d65adf2f39a5a98507f1fe0ce10a2b8dbc/library/test/src/lib.rs:573:39
[INFO] [stdout]   50:     0x5613a5334c21 - test::run_test::run_test_inner::{{closure}}::had56431adf24b4d6
[INFO] [stdout]                                at /rustc/84c898d65adf2f39a5a98507f1fe0ce10a2b8dbc/library/test/src/lib.rs:600:37
[INFO] [stdout]   51:     0x5613a5334c21 - std::sys_common::backtrace::__rust_begin_short_backtrace::ha8d9890e0c73bf13
[INFO] [stdout]                                at /rustc/84c898d65adf2f39a5a98507f1fe0ce10a2b8dbc/library/std/src/sys_common/backtrace.rs:134:18
[INFO] [stdout]   52:     0x5613a533a63b - std::thread::Builder::spawn_unchecked_::{{closure}}::{{closure}}::h251832bcb4a95327
[INFO] [stdout]                                at /rustc/84c898d65adf2f39a5a98507f1fe0ce10a2b8dbc/library/std/src/thread/mod.rs:560:17
[INFO] [stdout]   53:     0x5613a533a63b - <core::panic::unwind_safe::AssertUnwindSafe<F> as core::ops::function::FnOnce<()>>::call_once::h8fdff598fa414831
[INFO] [stdout]                                at /rustc/84c898d65adf2f39a5a98507f1fe0ce10a2b8dbc/library/core/src/panic/unwind_safe.rs:271:9
[INFO] [stdout]   54:     0x5613a533a63b - std::panicking::try::do_call::h455dd2f7764a950f
[INFO] [stdout]                                at /rustc/84c898d65adf2f39a5a98507f1fe0ce10a2b8dbc/library/std/src/panicking.rs:487:40
[INFO] [stdout]   55:     0x5613a533a63b - std::panicking::try::had6f23b7b73ae72a
[INFO] [stdout]                                at /rustc/84c898d65adf2f39a5a98507f1fe0ce10a2b8dbc/library/std/src/panicking.rs:451:19
[INFO] [stdout]   56:     0x5613a533a63b - std::panic::catch_unwind::ha6a5ca3915b4dad0
[INFO] [stdout]                                at /rustc/84c898d65adf2f39a5a98507f1fe0ce10a2b8dbc/library/std/src/panic.rs:140:14
[INFO] [stdout]   57:     0x5613a533a63b - std::thread::Builder::spawn_unchecked_::{{closure}}::h883b72ef75da6231
[INFO] [stdout]                                at /rustc/84c898d65adf2f39a5a98507f1fe0ce10a2b8dbc/library/std/src/thread/mod.rs:559:30
[INFO] [stdout]   58:     0x5613a533a63b - core::ops::function::FnOnce::call_once{{vtable.shim}}::hb7dff73dc8bd2ccb
[INFO] [stdout]                                at /rustc/84c898d65adf2f39a5a98507f1fe0ce10a2b8dbc/library/core/src/ops/function.rs:250:5
[INFO] [stdout]   59:     0x5613a57f9dc3 - <alloc::boxed::Box<F,A> as core::ops::function::FnOnce<Args>>::call_once::h39990b24eedef2ab
[INFO] [stdout]                                at /rustc/84c898d65adf2f39a5a98507f1fe0ce10a2b8dbc/library/alloc/src/boxed.rs:1987:9
[INFO] [stdout]   60:     0x5613a57f9dc3 - <alloc::boxed::Box<F,A> as core::ops::function::FnOnce<Args>>::call_once::h01a027258444143b
[INFO] [stdout]                                at /rustc/84c898d65adf2f39a5a98507f1fe0ce10a2b8dbc/library/alloc/src/boxed.rs:1987:9
[INFO] [stdout]   61:     0x5613a57f9dc3 - std::sys::unix::thread::Thread::new::thread_start::ha4f1cdd9c25884ba
[INFO] [stdout]                                at /rustc/84c898d65adf2f39a5a98507f1fe0ce10a2b8dbc/library/std/src/sys/unix/thread.rs:108:17
[INFO] [stdout]   62:     0x7f9ff09afb43 - <unknown>
[INFO] [stdout]   63:     0x7f9ff0a40bb4 - __clone
[INFO] [stdout]   64:                0x0 - <unknown>
[INFO] [stdout] 
[INFO] [stdout] ---- tests::it_gets_the_balance_of_a_new_api_client_key stdout ----
[INFO] [stdout] thread 'tests::it_gets_the_balance_of_a_new_api_client_key' panicked at 'called `Result::unwrap()` on an `Err` value: reqwest::Error { kind: Request, url: Url { scheme: "https", cannot_be_a_base: false, username: "", password: None, host: Some(Domain("get402.com")), port: None, path: "/api/apps/173GZJWQDAi1xqPcmUWUPtLFDXB38RMmC7/clients/12Z9ZVnEKgKjupnpXqfmWb8FkMZd5HBvb5", query: None, fragment: None }, source: hyper::Error(Connect, ConnectError("dns error", Custom { kind: Uncategorized, error: "failed to lookup address information: Temporary failure in name resolution" })) }', src/lib.rs:205:18
[INFO] [stdout] stack backtrace:
[INFO] [stdout]    0:     0x5613a57f357a - std::backtrace_rs::backtrace::libunwind::trace::ha9053a9a07ca49cb
[INFO] [stdout]                                at /rustc/84c898d65adf2f39a5a98507f1fe0ce10a2b8dbc/library/std/src/../../backtrace/src/backtrace/libunwind.rs:93:5
[INFO] [stdout]    1:     0x5613a57f357a - std::backtrace_rs::backtrace::trace_unsynchronized::h9c2852a457ad564e
[INFO] [stdout]                                at /rustc/84c898d65adf2f39a5a98507f1fe0ce10a2b8dbc/library/std/src/../../backtrace/src/backtrace/mod.rs:66:5
[INFO] [stdout]    2:     0x5613a57f357a - std::sys_common::backtrace::_print_fmt::h457936fbfaa0070f
[INFO] [stdout]                                at /rustc/84c898d65adf2f39a5a98507f1fe0ce10a2b8dbc/library/std/src/sys_common/backtrace.rs:65:5
[INFO] [stdout]    3:     0x5613a57f357a - <std::sys_common::backtrace::_print::DisplayBacktrace as core::fmt::Display>::fmt::h5779d7bf7f70cb0c
[INFO] [stdout]                                at /rustc/84c898d65adf2f39a5a98507f1fe0ce10a2b8dbc/library/std/src/sys_common/backtrace.rs:44:22
[INFO] [stdout]    4:     0x5613a5819a7e - core::fmt::write::h5a4baaff1bcd3eb5
[INFO] [stdout]                                at /rustc/84c898d65adf2f39a5a98507f1fe0ce10a2b8dbc/library/core/src/fmt/mod.rs:1232:17
[INFO] [stdout]    5:     0x5613a57efe65 - std::io::Write::write_fmt::h478f79c628ef31d1
[INFO] [stdout]                                at /rustc/84c898d65adf2f39a5a98507f1fe0ce10a2b8dbc/library/std/src/io/mod.rs:1684:15
[INFO] [stdout]    6:     0x5613a57f3345 - std::sys_common::backtrace::_print::h5fcdc36060f177e8
[INFO] [stdout]                                at /rustc/84c898d65adf2f39a5a98507f1fe0ce10a2b8dbc/library/std/src/sys_common/backtrace.rs:47:5
[INFO] [stdout]    7:     0x5613a57f3345 - std::sys_common::backtrace::print::h54ca9458b876c8bf
[INFO] [stdout]                                at /rustc/84c898d65adf2f39a5a98507f1fe0ce10a2b8dbc/library/std/src/sys_common/backtrace.rs:34:9
[INFO] [stdout]    8:     0x5613a57f510f - std::panicking::default_hook::{{closure}}::hbe471161c7664ed6
[INFO] [stdout]                                at /rustc/84c898d65adf2f39a5a98507f1fe0ce10a2b8dbc/library/std/src/panicking.rs:271:22
[INFO] [stdout]    9:     0x5613a57f4dcf - std::panicking::default_hook::ha3500da57aa4ac4f
[INFO] [stdout]                                at /rustc/84c898d65adf2f39a5a98507f1fe0ce10a2b8dbc/library/std/src/panicking.rs:287:9
[INFO] [stdout]   10:     0x5613a5363ba7 - <alloc::boxed::Box<F,A> as core::ops::function::Fn<Args>>::call::hdf1b89dd137ece34
[INFO] [stdout]                                at /rustc/84c898d65adf2f39a5a98507f1fe0ce10a2b8dbc/library/alloc/src/boxed.rs:2001:9
[INFO] [stdout]   11:     0x5613a5363ba7 - test::test_main::{{closure}}::h9081a79f20e75698
[INFO] [stdout]                                at /rustc/84c898d65adf2f39a5a98507f1fe0ce10a2b8dbc/library/test/src/lib.rs:135:21
[INFO] [stdout]   12:     0x5613a57f583d - <alloc::boxed::Box<F,A> as core::ops::function::Fn<Args>>::call::h6507bddc3eebb4a5
[INFO] [stdout]                                at /rustc/84c898d65adf2f39a5a98507f1fe0ce10a2b8dbc/library/alloc/src/boxed.rs:2001:9
[INFO] [stdout]   13:     0x5613a57f583d - std::panicking::rust_panic_with_hook::h50c09d000dc561d2
[INFO] [stdout]                                at /rustc/84c898d65adf2f39a5a98507f1fe0ce10a2b8dbc/library/std/src/panicking.rs:696:13
[INFO] [stdout]   14:     0x5613a57f55b9 - std::panicking::begin_panic_handler::{{closure}}::h9e2b2176e00e0d9c
[INFO] [stdout]                                at /rustc/84c898d65adf2f39a5a98507f1fe0ce10a2b8dbc/library/std/src/panicking.rs:583:13
[INFO] [stdout]   15:     0x5613a57f39e6 - std::sys_common::backtrace::__rust_end_short_backtrace::h5739b8e512c09d02
[INFO] [stdout]                                at /rustc/84c898d65adf2f39a5a98507f1fe0ce10a2b8dbc/library/std/src/sys_common/backtrace.rs:150:18
[INFO] [stdout]   16:     0x5613a57f52c2 - rust_begin_unwind
[INFO] [stdout]                                at /rustc/84c898d65adf2f39a5a98507f1fe0ce10a2b8dbc/library/std/src/panicking.rs:579:5
[INFO] [stdout]   17:     0x5613a530d433 - core::panicking::panic_fmt::hf33a1475b4dc5c3e
[INFO] [stdout]                                at /rustc/84c898d65adf2f39a5a98507f1fe0ce10a2b8dbc/library/core/src/panicking.rs:64:14
[INFO] [stdout]   18:     0x5613a530d8e3 - core::result::unwrap_failed::hdff5465d74574b44
[INFO] [stdout]                                at /rustc/84c898d65adf2f39a5a98507f1fe0ce10a2b8dbc/library/core/src/result.rs:1750:5
[INFO] [stdout]   19:     0x5613a532c97d - core::result::Result<T,E>::unwrap::h1339bccb9a189c60
[INFO] [stdout]                                at /rustc/84c898d65adf2f39a5a98507f1fe0ce10a2b8dbc/library/core/src/result.rs:1090:23
[INFO] [stdout]   20:     0x5613a5318e47 - get402::Get402::Client::get_balance::{{closure}}::hd201c5c9f1623385
[INFO] [stdout]                                at /opt/rustwide/workdir/src/lib.rs:201:28
[INFO] [stdout]   21:     0x5613a532756f - get402::tests::it_gets_the_balance_of_a_new_api_client_key::{{closure}}::hf450b341d3e91dd6
[INFO] [stdout]                                at /opt/rustwide/workdir/src/lib.rs:371:48
[INFO] [stdout]   22:     0x5613a5324d88 - <core::pin::Pin<P> as core::future::future::Future>::poll::h08cde48e470f55f6
[INFO] [stdout]                                at /rustc/84c898d65adf2f39a5a98507f1fe0ce10a2b8dbc/library/core/src/future/future.rs:125:9
[INFO] [stdout]   23:     0x5613a5324ddb - <core::pin::Pin<P> as core::future::future::Future>::poll::ha7a93d49ba3a964a
[INFO] [stdout]                                at /rustc/84c898d65adf2f39a5a98507f1fe0ce10a2b8dbc/library/core/src/future/future.rs:125:9
[INFO] [stdout]   24:     0x5613a53246e4 - tokio::runtime::scheduler::current_thread::CoreGuard::block_on::{{closure}}::{{closure}}::{{closure}}::h1abddcef3bf238e1
[INFO] [stdout]                                at /opt/rustwide/cargo-home/registry/src/github.com-1ecc6299db9ec823/tokio-1.28.0/src/runtime/scheduler/current_thread.rs:541:57
[INFO] [stdout]   25:     0x5613a5324601 - tokio::runtime::coop::with_budget::h3c3cf4b16406f0a4
[INFO] [stdout]                                at /opt/rustwide/cargo-home/registry/src/github.com-1ecc6299db9ec823/tokio-1.28.0/src/runtime/coop.rs:107:5
[INFO] [stdout]   26:     0x5613a5324601 - tokio::runtime::coop::budget::h0f3f3bb55c0f623b
[INFO] [stdout]                                at /opt/rustwide/cargo-home/registry/src/github.com-1ecc6299db9ec823/tokio-1.28.0/src/runtime/coop.rs:73:5
[INFO] [stdout]   27:     0x5613a5324601 - tokio::runtime::scheduler::current_thread::CoreGuard::block_on::{{closure}}::{{closure}}::hccf44f274e16dd40
[INFO] [stdout]                                at /opt/rustwide/cargo-home/registry/src/github.com-1ecc6299db9ec823/tokio-1.28.0/src/runtime/scheduler/current_thread.rs:541:25
[INFO] [stdout]   28:     0x5613a5322efe - tokio::runtime::scheduler::current_thread::Context::enter::h56572513c71a2916
[INFO] [stdout]                                at /opt/rustwide/cargo-home/registry/src/github.com-1ecc6299db9ec823/tokio-1.28.0/src/runtime/scheduler/current_thread.rs:350:19
[INFO] [stdout]   29:     0x5613a5323cca - tokio::runtime::scheduler::current_thread::CoreGuard::block_on::{{closure}}::h7d7b203aac873ac3
[INFO] [stdout]                                at /opt/rustwide/cargo-home/registry/src/github.com-1ecc6299db9ec823/tokio-1.28.0/src/runtime/scheduler/current_thread.rs:540:36
[INFO] [stdout]   30:     0x5613a53239bb - tokio::runtime::scheduler::current_thread::CoreGuard::enter::{{closure}}::h3dcd211b99b64060
[INFO] [stdout]                                at /opt/rustwide/cargo-home/registry/src/github.com-1ecc6299db9ec823/tokio-1.28.0/src/runtime/scheduler/current_thread.rs:615:57
[INFO] [stdout]   31:     0x5613a532eab8 - tokio::macros::scoped_tls::ScopedKey<T>::set::h3c6eb9b86eca0e19
[INFO] [stdout]                                at /opt/rustwide/cargo-home/registry/src/github.com-1ecc6299db9ec823/tokio-1.28.0/src/macros/scoped_tls.rs:61:9
[INFO] [stdout]   32:     0x5613a5323756 - tokio::runtime::scheduler::current_thread::CoreGuard::enter::h05bc286e460543f9
[INFO] [stdout]                                at /opt/rustwide/cargo-home/registry/src/github.com-1ecc6299db9ec823/tokio-1.28.0/src/runtime/scheduler/current_thread.rs:615:27
[INFO] [stdout]   33:     0x5613a53239ed - tokio::runtime::scheduler::current_thread::CoreGuard::block_on::heaafa8eadbbcf83c
[INFO] [stdout]                                at /opt/rustwide/cargo-home/registry/src/github.com-1ecc6299db9ec823/tokio-1.28.0/src/runtime/scheduler/current_thread.rs:530:19
[INFO] [stdout]   34:     0x5613a53229ad - tokio::runtime::scheduler::current_thread::CurrentThread::block_on::h40bc3b5a76ab655a
[INFO] [stdout]                                at /opt/rustwide/cargo-home/registry/src/github.com-1ecc6299db9ec823/tokio-1.28.0/src/runtime/scheduler/current_thread.rs:154:24
[INFO] [stdout]   35:     0x5613a532f685 - tokio::runtime::runtime::Runtime::block_on::h091828c0ea95e825
[INFO] [stdout]                                at /opt/rustwide/cargo-home/registry/src/github.com-1ecc6299db9ec823/tokio-1.28.0/src/runtime/runtime.rs:302:47
[INFO] [stdout]   36:     0x5613a53272ea - get402::tests::it_gets_the_balance_of_a_new_api_client_key::h22e464f7fbf67c9e
[INFO] [stdout]                                at /opt/rustwide/workdir/src/lib.rs:373:9
[INFO] [stdout]   37:     0x5613a5327167 - get402::tests::it_gets_the_balance_of_a_new_api_client_key::{{closure}}::ha7fb9ca7faf47247
[INFO] [stdout]                                at /opt/rustwide/workdir/src/lib.rs:365:60
[INFO] [stdout]   38:     0x5613a532a2b5 - core::ops::function::FnOnce::call_once::h3935c00b63737e91
[INFO] [stdout]                                at /rustc/84c898d65adf2f39a5a98507f1fe0ce10a2b8dbc/library/core/src/ops/function.rs:250:5
[INFO] [stdout]   39:     0x5613a5368f8f - core::ops::function::FnOnce::call_once::h7d969581be7d0075
[INFO] [stdout]                                at /rustc/84c898d65adf2f39a5a98507f1fe0ce10a2b8dbc/library/core/src/ops/function.rs:250:5
[INFO] [stdout]   40:     0x5613a5368f8f - test::__rust_begin_short_backtrace::hca25a52684e56655
[INFO] [stdout]                                at /rustc/84c898d65adf2f39a5a98507f1fe0ce10a2b8dbc/library/test/src/lib.rs:656:18
[INFO] [stdout]   41:     0x5613a533a5ac - test::run_test::{{closure}}::ha8ac744c4af1a4bb
[INFO] [stdout]                                at /rustc/84c898d65adf2f39a5a98507f1fe0ce10a2b8dbc/library/test/src/lib.rs:647:30
[INFO] [stdout]   42:     0x5613a533a5ac - core::ops::function::FnOnce::call_once{{vtable.shim}}::h7b411a9ed45bdecf
[INFO] [stdout]                                at /rustc/84c898d65adf2f39a5a98507f1fe0ce10a2b8dbc/library/core/src/ops/function.rs:250:5
[INFO] [stdout]   43:     0x5613a5367f56 - <alloc::boxed::Box<F,A> as core::ops::function::FnOnce<Args>>::call_once::hd05328869a8ed200
[INFO] [stdout]                                at /rustc/84c898d65adf2f39a5a98507f1fe0ce10a2b8dbc/library/alloc/src/boxed.rs:1987:9
[INFO] [stdout]   44:     0x5613a5367f56 - <core::panic::unwind_safe::AssertUnwindSafe<F> as core::ops::function::FnOnce<()>>::call_once::h0c601ce20bd5b2be
[INFO] [stdout]                                at /rustc/84c898d65adf2f39a5a98507f1fe0ce10a2b8dbc/library/core/src/panic/unwind_safe.rs:271:9
[INFO] [stdout]   45:     0x5613a5367f56 - std::panicking::try::do_call::ha4be5c164fe30854
[INFO] [stdout]                                at /rustc/84c898d65adf2f39a5a98507f1fe0ce10a2b8dbc/library/std/src/panicking.rs:487:40
[INFO] [stdout]   46:     0x5613a5367f56 - std::panicking::try::h604546f3609af05f
[INFO] [stdout]                                at /rustc/84c898d65adf2f39a5a98507f1fe0ce10a2b8dbc/library/std/src/panicking.rs:451:19
[INFO] [stdout]   47:     0x5613a5367f56 - std::panic::catch_unwind::h5bfa8afe44c9c2f9
[INFO] [stdout]                                at /rustc/84c898d65adf2f39a5a98507f1fe0ce10a2b8dbc/library/std/src/panic.rs:140:14
[INFO] [stdout]   48:     0x5613a5367f56 - test::run_test_in_process::hd50dee55dd63e6aa
[INFO] [stdout]                                at /rustc/84c898d65adf2f39a5a98507f1fe0ce10a2b8dbc/library/test/src/lib.rs:679:27
[INFO] [stdout]   49:     0x5613a5367f56 - test::run_test::run_test_inner::{{closure}}::h4aa0f433aa85cea8
[INFO] [stdout]                                at /rustc/84c898d65adf2f39a5a98507f1fe0ce10a2b8dbc/library/test/src/lib.rs:573:39
[INFO] [stdout]   50:     0x5613a5334c21 - test::run_test::run_test_inner::{{closure}}::had56431adf24b4d6
[INFO] [stdout]                                at /rustc/84c898d65adf2f39a5a98507f1fe0ce10a2b8dbc/library/test/src/lib.rs:600:37
[INFO] [stdout]   51:     0x5613a5334c21 - std::sys_common::backtrace::__rust_begin_short_backtrace::ha8d9890e0c73bf13
[INFO] [stdout]                                at /rustc/84c898d65adf2f39a5a98507f1fe0ce10a2b8dbc/library/std/src/sys_common/backtrace.rs:134:18
[INFO] [stdout]   52:     0x5613a533a63b - std::thread::Builder::spawn_unchecked_::{{closure}}::{{closure}}::h251832bcb4a95327
[INFO] [stdout]                                at /rustc/84c898d65adf2f39a5a98507f1fe0ce10a2b8dbc/library/std/src/thread/mod.rs:560:17
[INFO] [stdout]   53:     0x5613a533a63b - <core::panic::unwind_safe::AssertUnwindSafe<F> as core::ops::function::FnOnce<()>>::call_once::h8fdff598fa414831
[INFO] [stdout]                                at /rustc/84c898d65adf2f39a5a98507f1fe0ce10a2b8dbc/library/core/src/panic/unwind_safe.rs:271:9
[INFO] [stdout]   54:     0x5613a533a63b - std::panicking::try::do_call::h455dd2f7764a950f
[INFO] [stdout]                                at /rustc/84c898d65adf2f39a5a98507f1fe0ce10a2b8dbc/library/std/src/panicking.rs:487:40
[INFO] [stdout]   55:     0x5613a533a63b - std::panicking::try::had6f23b7b73ae72a
[INFO] [stdout]                                at /rustc/84c898d65adf2f39a5a98507f1fe0ce10a2b8dbc/library/std/src/panicking.rs:451:19
[INFO] [stdout]   56:     0x5613a533a63b - std::panic::catch_unwind::ha6a5ca3915b4dad0
[INFO] [stdout]                                at /rustc/84c898d65adf2f39a5a98507f1fe0ce10a2b8dbc/library/std/src/panic.rs:140:14
[INFO] [stdout]   57:     0x5613a533a63b - std::thread::Builder::spawn_unchecked_::{{closure}}::h883b72ef75da6231
[INFO] [stdout]                                at /rustc/84c898d65adf2f39a5a98507f1fe0ce10a2b8dbc/library/std/src/thread/mod.rs:559:30
[INFO] [stdout]   58:     0x5613a533a63b - core::ops::function::FnOnce::call_once{{vtable.shim}}::hb7dff73dc8bd2ccb
[INFO] [stdout]                                at /rustc/84c898d65adf2f39a5a98507f1fe0ce10a2b8dbc/library/core/src/ops/function.rs:250:5
[INFO] [stdout]   59:     0x5613a57f9dc3 - <alloc::boxed::Box<F,A> as core::ops::function::FnOnce<Args>>::call_once::h39990b24eedef2ab
[INFO] [stdout]                                at /rustc/84c898d65adf2f39a5a98507f1fe0ce10a2b8dbc/library/alloc/src/boxed.rs:1987:9
[INFO] [stdout]   60:     0x5613a57f9dc3 - <alloc::boxed::Box<F,A> as core::ops::function::FnOnce<Args>>::call_once::h01a027258444143b
[INFO] [stdout]                                at /rustc/84c898d65adf2f39a5a98507f1fe0ce10a2b8dbc/library/alloc/src/boxed.rs:1987:9
[INFO] [stdout]   61:     0x5613a57f9dc3 - std::sys::unix::thread::Thread::new::thread_start::ha4f1cdd9c25884ba
[INFO] [stdout]                                at /rustc/84c898d65adf2f39a5a98507f1fe0ce10a2b8dbc/library/std/src/sys/unix/thread.rs:108:17
[INFO] [stdout]   62:     0x7f9ff09afb43 - <unknown>
[INFO] [stdout]   63:     0x7f9ff0a40bb4 - __clone
[INFO] [stdout]   64:                0x0 - <unknown>
[INFO] [stdout] 
[INFO] [stdout] 
[INFO] [stdout] failures:
[INFO] [stdout]     tests::it_gets_a_payment_request_for_more_credits
[INFO] [stdout]     tests::it_gets_the_balance_of_a_new_api_client_key
[INFO] [stdout] 
[INFO] [stdout] test result: FAILED. 4 passed; 2 failed; 1 ignored; 0 measured; 0 filtered out; finished in 0.54s
[INFO] [stdout] 
[INFO] running `Command { std: "docker" "inspect" "d01cc73a10e9a31b3520289f68554956a1148445ca3d9ad4279717396baa95ef", kill_on_drop: false }`
[INFO] running `Command { std: "docker" "rm" "-f" "d01cc73a10e9a31b3520289f68554956a1148445ca3d9ad4279717396baa95ef", kill_on_drop: false }`
[INFO] [stdout] d01cc73a10e9a31b3520289f68554956a1148445ca3d9ad4279717396baa95ef
