[INFO] fetching crate geozero 0.9.9...
[INFO] testing geozero-0.9.9 against 1.69.0 for beta-1.70-1
[INFO] extracting crate geozero 0.9.9 into /workspace/builds/worker-0-tc1/source
[INFO] validating manifest of crates.io crate geozero 0.9.9 on toolchain 1.69.0
[INFO] running `Command { std: CARGO_HOME="/workspace/cargo-home" RUSTUP_HOME="/workspace/rustup-home" "/workspace/cargo-home/bin/cargo" "+1.69.0" "metadata" "--manifest-path" "Cargo.toml" "--no-deps", kill_on_drop: false }`
[INFO] started tweaking crates.io crate geozero 0.9.9
[INFO] removed 0 missing tests
[INFO] finished tweaking crates.io crate geozero 0.9.9
[INFO] tweaked toml for crates.io crate geozero 0.9.9 written to /workspace/builds/worker-0-tc1/source/Cargo.toml
[INFO] running `Command { std: CARGO_HOME="/workspace/cargo-home" RUSTUP_HOME="/workspace/rustup-home" __CARGO_TEST_CHANNEL_OVERRIDE_DO_NOT_USE_THIS="nightly" "/workspace/cargo-home/bin/cargo" "+1.69.0" "generate-lockfile" "--manifest-path" "Cargo.toml" "-Zno-index-update", kill_on_drop: false }`
[INFO] running `Command { std: CARGO_HOME="/workspace/cargo-home" RUSTUP_HOME="/workspace/rustup-home" "/workspace/cargo-home/bin/cargo" "+1.69.0" "fetch" "--manifest-path" "Cargo.toml", kill_on_drop: false }`
[INFO] [stderr]  Downloading crates ...
[INFO] [stderr]   Downloaded socket2 v0.5.2
[INFO] [stderr]   Downloaded lyon v1.0.1
[INFO] [stderr]   Downloaded float_next_after v0.1.5
[INFO] [stderr]   Downloaded dup-indexer v0.3.0
[INFO] [stderr]   Downloaded postgres-protocol v0.6.5
[INFO] [stderr]   Downloaded kdbush v0.2.0
[INFO] [stderr]   Downloaded array-init-cursor v0.2.0
[INFO] [stderr]   Downloaded foreign_vec v0.1.0
[INFO] [stderr]   Downloaded float_next_after v1.0.0
[INFO] [stderr]   Downloaded hash_hasher v2.0.3
[INFO] [stderr]   Downloaded http-range-client v0.6.0
[INFO] [stderr]   Downloaded tokio-postgres v0.7.8
[INFO] [stderr]   Downloaded c_vec v2.0.0
[INFO] [stderr]   Downloaded postgres v0.19.5
[INFO] [stderr]   Downloaded planus v0.3.1
[INFO] [stderr]   Downloaded flatbuffers v23.1.21
[INFO] [stderr]   Downloaded diesel_derives v2.0.2
[INFO] [stderr]   Downloaded postgres-types v0.2.5
[INFO] [stderr]   Downloaded geos-sys v2.0.5
[INFO] [stderr]   Downloaded lyon_path v1.0.3
[INFO] [stderr]   Downloaded rstar v0.10.0
[INFO] [stderr]   Downloaded lyon_algorithms v1.0.3
[INFO] [stderr]   Downloaded ethnum v1.3.2
[INFO] [stderr]   Downloaded arrow-format v0.8.1
[INFO] [stderr]   Downloaded flatgeobuf v3.25.0
[INFO] [stderr]   Downloaded lyon_geom v1.0.4
[INFO] [stderr]   Downloaded geo v0.24.1
[INFO] [stderr]   Downloaded gpx v0.8.6
[INFO] [stderr]   Downloaded geojson v0.24.0
[INFO] [stderr]   Downloaded wkt v0.10.3
[INFO] [stderr]   Downloaded lyon_tessellation v1.0.10
[INFO] [stderr]   Downloaded polylabel v2.4.3
[INFO] [stderr]   Downloaded gdal-sys v0.8.0
[INFO] [stderr]   Downloaded geos v8.2.0
[INFO] [stderr]   Downloaded diesel v2.0.4
[INFO] [stderr]   Downloaded geozero v0.9.9
[INFO] [stderr]   Downloaded arrow2 v0.17.0
[INFO] [stderr]   Downloaded gdal v0.14.0
[INFO] running `Command { std: "docker" "create" "-v" "/var/lib/crater-agent-workspace/builds/worker-0-tc1/target:/opt/rustwide/target:rw,Z" "-v" "/var/lib/crater-agent-workspace/builds/worker-0-tc1/source:/opt/rustwide/workdir:ro,Z" "-v" "/var/lib/crater-agent-workspace/cargo-home:/opt/rustwide/cargo-home:ro,Z" "-v" "/var/lib/crater-agent-workspace/rustup-home:/opt/rustwide/rustup-home:ro,Z" "-e" "SOURCE_DIR=/opt/rustwide/workdir" "-e" "CARGO_TARGET_DIR=/opt/rustwide/target" "-e" "CARGO_HOME=/opt/rustwide/cargo-home" "-e" "RUSTUP_HOME=/opt/rustwide/rustup-home" "-w" "/opt/rustwide/workdir" "-m" "1610612736" "--user" "0:0" "--network" "none" "ghcr.io/rust-lang/crates-build-env/linux@sha256:5ff2268d62e97bff2cde7d5815dd6ed5b47097566f13b8d0ca110b04b60e07ed" "/opt/rustwide/cargo-home/bin/cargo" "+1.69.0" "metadata" "--no-deps" "--format-version=1", kill_on_drop: false }`
[INFO] [stdout] 828ddf26afff9489c09ce1f0746f013392e89cf465b067812b41639baa84099f
[INFO] running `Command { std: "docker" "start" "-a" "828ddf26afff9489c09ce1f0746f013392e89cf465b067812b41639baa84099f", kill_on_drop: false }`
[INFO] running `Command { std: "docker" "inspect" "828ddf26afff9489c09ce1f0746f013392e89cf465b067812b41639baa84099f", kill_on_drop: false }`
[INFO] running `Command { std: "docker" "rm" "-f" "828ddf26afff9489c09ce1f0746f013392e89cf465b067812b41639baa84099f", kill_on_drop: false }`
[INFO] [stdout] 828ddf26afff9489c09ce1f0746f013392e89cf465b067812b41639baa84099f
[INFO] running `Command { std: "docker" "create" "-v" "/var/lib/crater-agent-workspace/builds/worker-0-tc1/target:/opt/rustwide/target:rw,Z" "-v" "/var/lib/crater-agent-workspace/builds/worker-0-tc1/source:/opt/rustwide/workdir:ro,Z" "-v" "/var/lib/crater-agent-workspace/cargo-home:/opt/rustwide/cargo-home:ro,Z" "-v" "/var/lib/crater-agent-workspace/rustup-home:/opt/rustwide/rustup-home:ro,Z" "-e" "SOURCE_DIR=/opt/rustwide/workdir" "-e" "CARGO_TARGET_DIR=/opt/rustwide/target" "-e" "CARGO_INCREMENTAL=0" "-e" "RUST_BACKTRACE=full" "-e" "RUSTFLAGS=--cap-lints=warn" "-e" "RUSTDOCFLAGS=--cap-lints=warn" "-e" "CARGO_HOME=/opt/rustwide/cargo-home" "-e" "RUSTUP_HOME=/opt/rustwide/rustup-home" "-w" "/opt/rustwide/workdir" "-m" "1610612736" "--user" "0:0" "--network" "none" "ghcr.io/rust-lang/crates-build-env/linux@sha256:5ff2268d62e97bff2cde7d5815dd6ed5b47097566f13b8d0ca110b04b60e07ed" "/opt/rustwide/cargo-home/bin/cargo" "+1.69.0" "build" "--frozen" "--message-format=json", kill_on_drop: false }`
[INFO] [stdout] 82f2caf02032597eb3280c2710a8018b70a7026d200db1a52e1205bf6049dbb3
[INFO] running `Command { std: "docker" "start" "-a" "82f2caf02032597eb3280c2710a8018b70a7026d200db1a52e1205bf6049dbb3", kill_on_drop: false }`
[INFO] [stderr]    Compiling semver v1.0.17
[INFO] [stderr]    Compiling lock_api v0.4.9
[INFO] [stderr]    Compiling libm v0.2.6
[INFO] [stderr]    Compiling num-traits v0.2.15
[INFO] [stderr]    Compiling scopeguard v1.1.0
[INFO] [stderr]    Compiling serde v1.0.160
[INFO] [stderr]    Compiling byteorder v1.4.3
[INFO] [stderr]    Compiling stable_deref_trait v1.2.0
[INFO] [stderr]    Compiling thiserror v1.0.40
[INFO] [stderr]    Compiling log v0.4.17
[INFO] [stderr]    Compiling smallvec v1.10.0
[INFO] [stderr]    Compiling serde_json v1.0.96
[INFO] [stderr]    Compiling ryu v1.0.13
[INFO] [stderr]    Compiling itoa v1.0.6
[INFO] [stderr]    Compiling geozero v0.9.9 (/opt/rustwide/workdir)
[INFO] [stderr]    Compiling syn v2.0.15
[INFO] [stderr]    Compiling hash32 v0.2.1
[INFO] [stderr]    Compiling rustc_version v0.4.0
[INFO] [stderr]    Compiling spin v0.9.8
[INFO] [stderr]    Compiling heapless v0.7.16
[INFO] [stderr]    Compiling approx v0.5.1
[INFO] [stderr]    Compiling rstar v0.10.0
[INFO] [stderr]    Compiling serde_derive v1.0.160
[INFO] [stderr]    Compiling thiserror-impl v1.0.40
[INFO] [stderr]    Compiling geo-types v0.7.9
[INFO] [stderr]    Compiling wkt v0.10.3
[INFO] [stderr]    Compiling geojson v0.24.0
[INFO] [stderr]     Finished dev [unoptimized + debuginfo] target(s) in 10.89s
[INFO] running `Command { std: "docker" "inspect" "82f2caf02032597eb3280c2710a8018b70a7026d200db1a52e1205bf6049dbb3", kill_on_drop: false }`
[INFO] running `Command { std: "docker" "rm" "-f" "82f2caf02032597eb3280c2710a8018b70a7026d200db1a52e1205bf6049dbb3", kill_on_drop: false }`
[INFO] [stdout] 82f2caf02032597eb3280c2710a8018b70a7026d200db1a52e1205bf6049dbb3
[INFO] running `Command { std: "docker" "create" "-v" "/var/lib/crater-agent-workspace/builds/worker-0-tc1/target:/opt/rustwide/target:rw,Z" "-v" "/var/lib/crater-agent-workspace/builds/worker-0-tc1/source:/opt/rustwide/workdir:ro,Z" "-v" "/var/lib/crater-agent-workspace/cargo-home:/opt/rustwide/cargo-home:ro,Z" "-v" "/var/lib/crater-agent-workspace/rustup-home:/opt/rustwide/rustup-home:ro,Z" "-e" "SOURCE_DIR=/opt/rustwide/workdir" "-e" "CARGO_TARGET_DIR=/opt/rustwide/target" "-e" "CARGO_INCREMENTAL=0" "-e" "RUST_BACKTRACE=full" "-e" "RUSTFLAGS=--cap-lints=warn" "-e" "RUSTDOCFLAGS=--cap-lints=warn" "-e" "CARGO_HOME=/opt/rustwide/cargo-home" "-e" "RUSTUP_HOME=/opt/rustwide/rustup-home" "-w" "/opt/rustwide/workdir" "-m" "1610612736" "--user" "0:0" "--network" "none" "ghcr.io/rust-lang/crates-build-env/linux@sha256:5ff2268d62e97bff2cde7d5815dd6ed5b47097566f13b8d0ca110b04b60e07ed" "/opt/rustwide/cargo-home/bin/cargo" "+1.69.0" "test" "--frozen" "--no-run" "--message-format=json", kill_on_drop: false }`
[INFO] [stdout] d23aa96606688df98cc6684fab2a76ae9efbe86f2019594d0c22c2ba94742423
[INFO] running `Command { std: "docker" "start" "-a" "d23aa96606688df98cc6684fab2a76ae9efbe86f2019594d0c22c2ba94742423", kill_on_drop: false }`
[INFO] [stderr]    Compiling libc v0.2.142
[INFO] [stderr]    Compiling version_check v0.9.4
[INFO] [stderr]    Compiling once_cell v1.17.1
[INFO] [stderr]    Compiling bytes v1.4.0
[INFO] [stderr]    Compiling futures-core v0.3.28
[INFO] [stderr]    Compiling pin-project-lite v0.2.9
[INFO] [stderr]    Compiling typenum v1.16.0
[INFO] [stderr]    Compiling tokio v1.28.0
[INFO] [stderr]    Compiling futures-sink v0.3.28
[INFO] [stderr]    Compiling pkg-config v0.3.26
[INFO] [stderr]    Compiling tinyvec_macros v0.1.1
[INFO] [stderr]    Compiling cc v1.0.79
[INFO] [stderr]    Compiling slab v0.4.8
[INFO] [stderr]    Compiling tokio-macros v2.1.0
[INFO] [stderr]    Compiling futures-task v0.3.28
[INFO] [stderr]    Compiling unicode-bidi v0.3.13
[INFO] [stderr]    Compiling tinyvec v1.6.0
[INFO] [stderr]    Compiling subtle v2.4.1
[INFO] [stderr]    Compiling futures-util v0.3.28
[INFO] [stderr]    Compiling futures-macro v0.3.28
[INFO] [stderr]    Compiling bitflags v1.3.2
[INFO] [stderr]    Compiling syn v1.0.109
[INFO] [stderr]    Compiling percent-encoding v2.2.0
[INFO] [stderr]    Compiling futures-channel v0.3.28
[INFO] [stderr]    Compiling generic-array v0.14.7
[INFO] [stderr]    Compiling ahash v0.7.6
[INFO] [stderr]    Compiling memchr v2.5.0
[INFO] [stderr]    Compiling indexmap v1.9.3
[INFO] [stderr]    Compiling tracing-core v0.1.30
[INFO] [stderr]    Compiling ppv-lite86 v0.2.17
[INFO] [stderr]    Compiling cpufeatures v0.2.7
[INFO] [stderr]    Compiling form_urlencoded v1.1.0
[INFO] [stderr]    Compiling openssl v0.10.52
[INFO] [stderr]    Compiling foreign-types-shared v0.1.1
[INFO] [stderr]    Compiling openssl-macros v0.1.1
[INFO] [stderr]    Compiling foreign-types v0.3.2
[INFO] [stderr]    Compiling unicode-normalization v0.1.22
[INFO] [stderr]    Compiling base64 v0.21.0
[INFO] [stderr]    Compiling fnv v1.0.7
[INFO] [stderr]    Compiling native-tls v0.2.11
[INFO] [stderr]    Compiling tracing v0.1.37
[INFO] [stderr]    Compiling parking_lot_core v0.8.6
[INFO] [stderr]    Compiling instant v0.1.12
[INFO] [stderr]    Compiling http v0.2.9
[INFO] [stderr]    Compiling crossbeam-utils v0.8.15
[INFO] [stderr]    Compiling vcpkg v0.2.15
[INFO] [stderr]    Compiling openssl-sys v0.9.87
[INFO] [stderr]    Compiling httparse v1.8.0
[INFO] [stderr]    Compiling openssl-probe v0.1.5
[INFO] [stderr]    Compiling async-trait v0.1.68
[INFO] [stderr]    Compiling proc-macro-error-attr v1.0.4
[INFO] [stderr]    Compiling idna v0.3.0
[INFO] [stderr]    Compiling stringprep v0.1.2
[INFO] [stderr]    Compiling either v1.8.1
[INFO] [stderr]    Compiling try-lock v0.2.4
[INFO] [stderr]    Compiling crossbeam-queue v0.3.8
[INFO] [stderr]    Compiling minimal-lexical v0.2.1
[INFO] [stderr]    Compiling parking_lot_core v0.9.7
[INFO] [stderr]    Compiling io-lifetimes v1.0.10
[INFO] [stderr]    Compiling time-core v0.1.0
[INFO] [stderr]    Compiling itertools v0.10.5
[INFO] [stderr]    Compiling time-macros v0.2.8
[INFO] [stderr]    Compiling getrandom v0.2.9
[INFO] [stderr]    Compiling socket2 v0.4.9
[INFO] [stderr]    Compiling num_cpus v1.15.0
[INFO] [stderr]    Compiling mio v0.8.6
[INFO] [stderr]    Compiling crypto-common v0.1.6
[INFO] [stderr]    Compiling block-buffer v0.10.4
[INFO] [stderr]    Compiling rand_core v0.6.4
[INFO] [stderr]    Compiling digest v0.10.6
[INFO] [stderr]    Compiling hashbrown v0.12.3
[INFO] [stderr]    Compiling rand_chacha v0.3.1
[INFO] [stderr]    Compiling hmac v0.12.1
[INFO] [stderr]    Compiling sha2 v0.10.6
[INFO] [stderr]    Compiling md-5 v0.10.5
[INFO] [stderr]    Compiling url v2.3.1
[INFO] [stderr]    Compiling libsqlite3-sys v0.24.2
[INFO] [stderr]    Compiling rand v0.8.5
[INFO] [stderr]    Compiling http-body v0.4.5
[INFO] [stderr]    Compiling parking_lot v0.11.2
[INFO] [stderr]    Compiling nom v7.1.3
[INFO] [stderr]    Compiling dirs-sys v0.3.7
[INFO] [stderr]    Compiling want v0.3.0
[INFO] [stderr]    Compiling proc-macro-error v1.0.4
[INFO] [stderr]    Compiling fallible-iterator v0.2.0
[INFO] [stderr]    Compiling tower-service v0.3.2
[INFO] [stderr]    Compiling rustix v0.37.18
[INFO] [stderr]    Compiling siphasher v0.3.10
[INFO] [stderr]    Compiling unicode_categories v0.1.1
[INFO] [stderr]    Compiling httpdate v1.0.2
[INFO] [stderr]    Compiling time v0.3.20
[INFO] [stderr]    Compiling futures-executor v0.3.28
[INFO] [stderr]    Compiling phf_shared v0.11.1
[INFO] [stderr]    Compiling dirs v4.0.0
[INFO] [stderr]    Compiling postgres-protocol v0.6.5
[INFO] [stderr]    Compiling futures-intrusive v0.4.2
[INFO] [stderr]    Compiling hashlink v0.8.1
[INFO] [stderr]    Compiling hkdf v0.12.3
[INFO] [stderr]    Compiling sha1 v0.10.5
[INFO] [stderr]    Compiling serde_urlencoded v0.7.1
[INFO] [stderr]    Compiling atoi v1.0.0
[INFO] [stderr]    Compiling flatbuffers v23.1.21
[INFO] [stderr]    Compiling encoding_rs v0.8.32
[INFO] [stderr]    Compiling pq-sys v0.4.8
[INFO] [stderr]    Compiling unicode-segmentation v1.10.1
[INFO] [stderr]    Compiling ipnet v2.7.2
[INFO] [stderr]    Compiling event-listener v2.5.3
[INFO] [stderr]    Compiling hex v0.4.3
[INFO] [stderr]    Compiling geozero v0.9.9
[INFO] [stderr]    Compiling whoami v1.4.0
[INFO] [stderr]    Compiling linux-raw-sys v0.3.6
[INFO] [stderr]    Compiling base64 v0.13.1
[INFO] [stderr]    Compiling mime v0.3.17
[INFO] [stderr]    Compiling dotenvy v0.15.7
[INFO] [stderr]    Compiling geographiclib-rs v0.2.3
[INFO] [stderr]    Compiling heck v0.4.1
[INFO] [stderr]    Compiling sqlformat v0.2.1
[INFO] [stderr]    Compiling postgres-types v0.2.5
[INFO] [stderr]    Compiling parking_lot v0.12.1
[INFO] [stderr]    Compiling phf v0.11.1
[INFO] [stderr]    Compiling socket2 v0.5.2
[INFO] [stderr]    Compiling float_next_after v1.0.0
[INFO] [stderr]    Compiling fastrand v1.9.0
[INFO] [stderr]    Compiling robust v0.2.3
[INFO] [stderr]    Compiling polylabel v2.4.3
[INFO] [stderr]    Compiling geo v0.24.1
[INFO] [stderr]    Compiling fallible-streaming-iterator v0.1.9
[INFO] [stderr]    Compiling kdbush v0.2.0
[INFO] [stderr]    Compiling seek_bufread v1.2.2
[INFO] [stderr]    Compiling tokio-util v0.7.8
[INFO] [stderr]    Compiling tokio-stream v0.1.14
[INFO] [stderr]    Compiling pin-project-internal v1.0.12
[INFO] [stderr]    Compiling diesel_derives v2.0.2
[INFO] [stderr]    Compiling tokio-native-tls v0.3.1
[INFO] [stderr]    Compiling sqlx-rt v0.6.3
[INFO] [stderr]    Compiling h2 v0.3.18
[INFO] [stderr]    Compiling tokio-postgres v0.7.8
[INFO] [stderr]    Compiling tempfile v3.5.0
[INFO] [stderr]    Compiling pin-project v1.0.12
[INFO] [stderr]    Compiling flume v0.10.14
[INFO] [stderr]    Compiling postgres v0.19.5
[INFO] [stderr]    Compiling diesel v2.0.4
[INFO] [stderr]    Compiling hyper v0.14.26
[INFO] [stderr]    Compiling sqlx-core v0.6.3
[INFO] [stderr]    Compiling reqwest v0.11.17
[INFO] [stderr]    Compiling http-range-client v0.6.0
[INFO] [stderr]    Compiling flatgeobuf v3.25.0
[INFO] [stderr]    Compiling sqlx-macros v0.6.3
[INFO] [stderr]    Compiling sqlx v0.6.3
[INFO] [stderr]    Compiling geozero v0.9.9 (/opt/rustwide/workdir)
[INFO] [stdout] error[E0277]: `?` couldn't convert the error to `GeozeroError`
[INFO] [stdout]   --> tests/geojson.rs:29:15
[INFO] [stdout]    |
[INFO] [stdout] 29 |         .await?
[INFO] [stdout]    |               ^ the trait `From<geozero::error::GeozeroError>` is not implemented for `GeozeroError`
[INFO] [stdout]    |
[INFO] [stdout]    = note: the question mark operation (`?`) implicitly performs a conversion on the error value using the `From` trait
[INFO] [stdout]    = help: the following other types implement trait `From<T>`:
[INFO] [stdout]              <GeozeroError as From<geojson::errors::Error>>
[INFO] [stdout]              <GeozeroError as From<std::io::Error>>
[INFO] [stdout]    = note: required for `Result<(), GeozeroError>` to implement `FromResidual<Result<Infallible, geozero::error::GeozeroError>>`
[INFO] [stdout] 
[INFO] [stdout] 
[INFO] [stdout] error[E0277]: `?` couldn't convert the error to `GeozeroError`
[INFO] [stdout]   --> tests/svg.rs:58:47
[INFO] [stdout]    |
[INFO] [stdout] 56 | fn fgb_to_svg() -> Result<()> {
[INFO] [stdout]    |                    ---------- expected `GeozeroError` because of this
[INFO] [stdout] 57 |     let mut filein = BufReader::new(File::open("tests/data/countries.fgb")?);
[INFO] [stdout] 58 |     let mut fgb = FgbReader::open(&mut filein)?.select_bbox(8.8, 47.2, 9.5, 55.3)?;
[INFO] [stdout]    |                                               ^ the trait `From<geozero::error::GeozeroError>` is not implemented for `GeozeroError`
[INFO] [stdout]    |
[INFO] [stdout]    = note: the question mark operation (`?`) implicitly performs a conversion on the error value using the `From` trait
[INFO] [stdout]    = help: the following other types implement trait `From<T>`:
[INFO] [stdout]              <GeozeroError as From<geojson::errors::Error>>
[INFO] [stdout]              <GeozeroError as From<std::io::Error>>
[INFO] [stdout]    = note: required for `Result<(), GeozeroError>` to implement `FromResidual<Result<Infallible, geozero::error::GeozeroError>>`
[INFO] [stdout] 
[INFO] [stdout] 
[INFO] [stdout] error[E0277]: `?` couldn't convert the error to `GeozeroError`
[INFO] [stdout]   --> tests/geozero-api.rs:19:47
[INFO] [stdout]    |
[INFO] [stdout] 17 | fn vertex_counter() -> Result<()> {
[INFO] [stdout]    |                        ---------- expected `GeozeroError` because of this
[INFO] [stdout] 18 |     let mut filein = BufReader::new(File::open("tests/data/countries.fgb")?);
[INFO] [stdout] 19 |     let mut fgb = FgbReader::open(&mut filein)?.select_bbox(8.8, 47.2, 9.5, 55.3)?;
[INFO] [stdout]    |                                               ^ the trait `From<geozero::error::GeozeroError>` is not implemented for `GeozeroError`
[INFO] [stdout]    |
[INFO] [stdout]    = note: the question mark operation (`?`) implicitly performs a conversion on the error value using the `From` trait
[INFO] [stdout]    = help: the following other types implement trait `From<T>`:
[INFO] [stdout]              <GeozeroError as From<geojson::errors::Error>>
[INFO] [stdout]              <GeozeroError as From<std::io::Error>>
[INFO] [stdout]    = note: required for `Result<(), GeozeroError>` to implement `FromResidual<Result<Infallible, geozero::error::GeozeroError>>`
[INFO] [stdout] 
[INFO] [stdout] 
[INFO] [stdout] error[E0277]: `?` couldn't convert the error to `GeozeroError`
[INFO] [stdout]   --> tests/polylabel.rs:13:45
[INFO] [stdout]    |
[INFO] [stdout] 11 | fn country_labels() -> Result<()> {
[INFO] [stdout]    |                        ---------- expected `GeozeroError` because of this
[INFO] [stdout] 12 |     let mut file = BufReader::new(File::open("tests/data/countries.fgb")?);
[INFO] [stdout] 13 |     let mut fgb = FgbReader::open(&mut file)?.select_all()?;
[INFO] [stdout]    |                                             ^ the trait `From<geozero::error::GeozeroError>` is not implemented for `GeozeroError`
[INFO] [stdout]    |
[INFO] [stdout]    = note: the question mark operation (`?`) implicitly performs a conversion on the error value using the `From` trait
[INFO] [stdout]    = help: the following other types implement trait `From<T>`:
[INFO] [stdout]              <GeozeroError as From<geojson::errors::Error>>
[INFO] [stdout]              <GeozeroError as From<std::io::Error>>
[INFO] [stdout]    = note: required for `Result<(), GeozeroError>` to implement `FromResidual<Result<Infallible, geozero::error::GeozeroError>>`
[INFO] [stdout] 
[INFO] [stdout] 
[INFO] [stdout] error[E0277]: `?` couldn't convert the error to `GeozeroError`
[INFO] [stdout]   --> tests/geozero-api.rs:19:82
[INFO] [stdout]    |
[INFO] [stdout] 17 | fn vertex_counter() -> Result<()> {
[INFO] [stdout]    |                        ---------- expected `GeozeroError` because of this
[INFO] [stdout] 18 |     let mut filein = BufReader::new(File::open("tests/data/countries.fgb")?);
[INFO] [stdout] 19 |     let mut fgb = FgbReader::open(&mut filein)?.select_bbox(8.8, 47.2, 9.5, 55.3)?;
[INFO] [stdout]    |                                                                                  ^ the trait `From<geozero::error::GeozeroError>` is not implemented for `GeozeroError`
[INFO] [stdout]    |
[INFO] [stdout]    = note: the question mark operation (`?`) implicitly performs a conversion on the error value using the `From` trait
[INFO] [stdout]    = help: the following other types implement trait `From<T>`:
[INFO] [stdout]              <GeozeroError as From<geojson::errors::Error>>
[INFO] [stdout]              <GeozeroError as From<std::io::Error>>
[INFO] [stdout]    = note: required for `Result<(), GeozeroError>` to implement `FromResidual<Result<Infallible, geozero::error::GeozeroError>>`
[INFO] [stdout] 
[INFO] [stdout] 
[INFO] [stdout] error[E0277]: `?` couldn't convert the error to `GeozeroError`
[INFO] [stdout]   --> tests/svg.rs:58:82
[INFO] [stdout]    |
[INFO] [stdout] 56 | fn fgb_to_svg() -> Result<()> {
[INFO] [stdout]    |                    ---------- expected `GeozeroError` because of this
[INFO] [stdout] 57 |     let mut filein = BufReader::new(File::open("tests/data/countries.fgb")?);
[INFO] [stdout] 58 |     let mut fgb = FgbReader::open(&mut filein)?.select_bbox(8.8, 47.2, 9.5, 55.3)?;
[INFO] [stdout]    |                                                                                  ^ the trait `From<geozero::error::GeozeroError>` is not implemented for `GeozeroError`
[INFO] [stdout]    |
[INFO] [stdout]    = note: the question mark operation (`?`) implicitly performs a conversion on the error value using the `From` trait
[INFO] [stdout]    = help: the following other types implement trait `From<T>`:
[INFO] [stdout]              <GeozeroError as From<geojson::errors::Error>>
[INFO] [stdout]              <GeozeroError as From<std::io::Error>>
[INFO] [stdout]    = note: required for `Result<(), GeozeroError>` to implement `FromResidual<Result<Infallible, geozero::error::GeozeroError>>`
[INFO] [stdout] 
[INFO] [stdout] 
[INFO] [stdout] error[E0277]: `?` couldn't convert the error to `GeozeroError`
[INFO] [stdout]   --> tests/geojson.rs:31:15
[INFO] [stdout]    |
[INFO] [stdout] 31 |         .await?;
[INFO] [stdout]    |               ^ the trait `From<geozero::error::GeozeroError>` is not implemented for `GeozeroError`
[INFO] [stdout]    |
[INFO] [stdout]    = note: the question mark operation (`?`) implicitly performs a conversion on the error value using the `From` trait
[INFO] [stdout]    = help: the following other types implement trait `From<T>`:
[INFO] [stdout]              <GeozeroError as From<geojson::errors::Error>>
[INFO] [stdout]              <GeozeroError as From<std::io::Error>>
[INFO] [stdout]    = note: required for `Result<(), GeozeroError>` to implement `FromResidual<Result<Infallible, geozero::error::GeozeroError>>`
[INFO] [stdout] 
[INFO] [stdout] 
[INFO] [stdout] error[E0277]: `?` couldn't convert the error to `GeozeroError`
[INFO] [stdout]   --> tests/polylabel.rs:13:59
[INFO] [stdout]    |
[INFO] [stdout] 11 | fn country_labels() -> Result<()> {
[INFO] [stdout]    |                        ---------- expected `GeozeroError` because of this
[INFO] [stdout] 12 |     let mut file = BufReader::new(File::open("tests/data/countries.fgb")?);
[INFO] [stdout] 13 |     let mut fgb = FgbReader::open(&mut file)?.select_all()?;
[INFO] [stdout]    |                                                           ^ the trait `From<geozero::error::GeozeroError>` is not implemented for `GeozeroError`
[INFO] [stdout]    |
[INFO] [stdout]    = note: the question mark operation (`?`) implicitly performs a conversion on the error value using the `From` trait
[INFO] [stdout]    = help: the following other types implement trait `From<T>`:
[INFO] [stdout]              <GeozeroError as From<geojson::errors::Error>>
[INFO] [stdout]              <GeozeroError as From<std::io::Error>>
[INFO] [stdout]    = note: required for `Result<(), GeozeroError>` to implement `FromResidual<Result<Infallible, geozero::error::GeozeroError>>`
[INFO] [stdout] 
[INFO] [stdout] 
[INFO] [stdout] error[E0277]: `?` couldn't convert the error to `GeozeroError`
[INFO] [stdout]   --> tests/geozero-api.rs:20:29
[INFO] [stdout]    |
[INFO] [stdout] 17 | fn vertex_counter() -> Result<()> {
[INFO] [stdout]    |                        ---------- expected `GeozeroError` because of this
[INFO] [stdout] ...
[INFO] [stdout] 20 |     let feature = fgb.next()?.unwrap();
[INFO] [stdout]    |                             ^ the trait `From<geozero::error::GeozeroError>` is not implemented for `GeozeroError`
[INFO] [stdout]    |
[INFO] [stdout]    = note: the question mark operation (`?`) implicitly performs a conversion on the error value using the `From` trait
[INFO] [stdout]    = help: the following other types implement trait `From<T>`:
[INFO] [stdout]              <GeozeroError as From<geojson::errors::Error>>
[INFO] [stdout]              <GeozeroError as From<std::io::Error>>
[INFO] [stdout]    = note: required for `Result<(), GeozeroError>` to implement `FromResidual<Result<Infallible, geozero::error::GeozeroError>>`
[INFO] [stdout] 
[INFO] [stdout] 
[INFO] [stdout] error[E0277]: the trait bound `SvgWriter<'_, Vec<u8>>: geozero::feature_processor::FeatureProcessor` is not satisfied
[INFO] [stdout]    --> tests/svg.rs:61:26
[INFO] [stdout]     |
[INFO] [stdout] 61  |     fgb.process_features(&mut svg)?;
[INFO] [stdout]     |         ---------------- ^^^^^^^^ the trait `geozero::feature_processor::FeatureProcessor` is not implemented for `SvgWriter<'_, Vec<u8>>`
[INFO] [stdout]     |         |
[INFO] [stdout]     |         required by a bound introduced by this call
[INFO] [stdout]     |
[INFO] [stdout]     = help: the following other types implement trait `geozero::feature_processor::FeatureProcessor`:
[INFO] [stdout]               FgbWriter<'_>
[INFO] [stdout]               flatgeobuf::feature_writer::FeatureWriter<'_>
[INFO] [stdout]               geozero::ProcessorSink
[INFO] [stdout]               geozero::multiplex::Multiplexer<P1, P2>
[INFO] [stdout] note: required by a bound in `FgbReader::<'a, R, FeaturesSelectedSeek>::process_features`
[INFO] [stdout]    --> /opt/rustwide/cargo-home/registry/src/github.com-1ecc6299db9ec823/flatgeobuf-3.25.0/src/file_reader.rs:278:32
[INFO] [stdout]     |
[INFO] [stdout] 278 |     pub fn process_features<W: FeatureProcessor>(&mut self, out: &mut W) -> Result<()> {
[INFO] [stdout]     |                                ^^^^^^^^^^^^^^^^ required by this bound in `FgbReader::<'a, R, FeaturesSelectedSeek>::process_features`
[INFO] [stdout] 
[INFO] [stdout] 
[INFO] [stdout] error[E0277]: the trait bound `GeoJsonWriter<'_, BufWriter<File>>: geozero::feature_processor::FeatureProcessor` is not satisfied
[INFO] [stdout]    --> tests/geojson.rs:35:26
[INFO] [stdout]     |
[INFO] [stdout] 35  |     fgb.process_features(&mut json).await?;
[INFO] [stdout]     |         ---------------- ^^^^^^^^^ the trait `geozero::feature_processor::FeatureProcessor` is not implemented for `GeoJsonWriter<'_, BufWriter<File>>`
[INFO] [stdout]     |         |
[INFO] [stdout]     |         required by a bound introduced by this call
[INFO] [stdout]     |
[INFO] [stdout]     = help: the following other types implement trait `geozero::feature_processor::FeatureProcessor`:
[INFO] [stdout]               FgbWriter<'_>
[INFO] [stdout]               flatgeobuf::feature_writer::FeatureWriter<'_>
[INFO] [stdout]               geozero::ProcessorSink
[INFO] [stdout]               geozero::multiplex::Multiplexer<P1, P2>
[INFO] [stdout] note: required by a bound in `HttpFgbReader::<FeaturesSelected>::process_features`
[INFO] [stdout]    --> /opt/rustwide/cargo-home/registry/src/github.com-1ecc6299db9ec823/flatgeobuf-3.25.0/src/http_reader.rs:241:38
[INFO] [stdout]     |
[INFO] [stdout] 241 |     pub async fn process_features<W: FeatureProcessor>(&mut self, out: &mut W) -> Result<()> {
[INFO] [stdout]     |                                      ^^^^^^^^^^^^^^^^ required by this bound in `HttpFgbReader::<FeaturesSelected>::process_features`
[INFO] [stdout] 
[INFO] [stdout] 
[INFO] [stdout] error[E0277]: `?` couldn't convert the error to `GeozeroError`
[INFO] [stdout]   --> tests/polylabel.rs:14:41
[INFO] [stdout]    |
[INFO] [stdout] 11 | fn country_labels() -> Result<()> {
[INFO] [stdout]    |                        ---------- expected `GeozeroError` because of this
[INFO] [stdout] ...
[INFO] [stdout] 14 |     while let Some(feature) = fgb.next()? {
[INFO] [stdout]    |                                         ^ the trait `From<geozero::error::GeozeroError>` is not implemented for `GeozeroError`
[INFO] [stdout]    |
[INFO] [stdout]    = note: the question mark operation (`?`) implicitly performs a conversion on the error value using the `From` trait
[INFO] [stdout]    = help: the following other types implement trait `From<T>`:
[INFO] [stdout]              <GeozeroError as From<geojson::errors::Error>>
[INFO] [stdout]              <GeozeroError as From<std::io::Error>>
[INFO] [stdout]    = note: required for `Result<(), GeozeroError>` to implement `FromResidual<Result<Infallible, geozero::error::GeozeroError>>`
[INFO] [stdout] 
[INFO] [stdout] 
[INFO] [stdout] error[E0277]: the trait bound `VertexCounter: geozero::geometry_processor::GeomProcessor` is not satisfied
[INFO] [stdout]   --> tests/geozero-api.rs:24:22
[INFO] [stdout]    |
[INFO] [stdout] 24 |     geometry.process(&mut vertex_counter, GeometryType::MultiPolygon)?;
[INFO] [stdout]    |              ------- ^^^^^^^^^^^^^^^^^^^ the trait `geozero::geometry_processor::GeomProcessor` is not implemented for `VertexCounter`
[INFO] [stdout]    |              |
[INFO] [stdout]    |              required by a bound introduced by this call
[INFO] [stdout]    |
[INFO] [stdout]    = help: the following other types implement trait `geozero::geometry_processor::GeomProcessor`:
[INFO] [stdout]              FgbWriter<'_>
[INFO] [stdout]              flatgeobuf::feature_writer::FeatureWriter<'_>
[INFO] [stdout]              geozero::ProcessorSink
[INFO] [stdout]              geozero::multiplex::Multiplexer<P1, P2>
[INFO] [stdout] note: required by a bound in `flatgeobuf::geometry_reader::<impl flatgeobuf::Geometry<'_>>::process`
[INFO] [stdout]   --> /opt/rustwide/cargo-home/registry/src/github.com-1ecc6299db9ec823/flatgeobuf-3.25.0/src/geometry_reader.rs:25:23
[INFO] [stdout]    |
[INFO] [stdout] 25 |     pub fn process<P: GeomProcessor>(
[INFO] [stdout]    |                       ^^^^^^^^^^^^^ required by this bound in `flatgeobuf::geometry_reader::<impl Geometry<'_>>::process`
[INFO] [stdout] 
[INFO] [stdout] 
[INFO] [stdout] error[E0277]: `?` couldn't convert the error to `GeozeroError`
[INFO] [stdout]   --> tests/svg.rs:61:35
[INFO] [stdout]    |
[INFO] [stdout] 56 | fn fgb_to_svg() -> Result<()> {
[INFO] [stdout]    |                    ---------- expected `GeozeroError` because of this
[INFO] [stdout] ...
[INFO] [stdout] 61 |     fgb.process_features(&mut svg)?;
[INFO] [stdout]    |                                   ^ the trait `From<geozero::error::GeozeroError>` is not implemented for `GeozeroError`
[INFO] [stdout]    |
[INFO] [stdout]    = note: the question mark operation (`?`) implicitly performs a conversion on the error value using the `From` trait
[INFO] [stdout]    = help: the following other types implement trait `From<T>`:
[INFO] [stdout]              <GeozeroError as From<geojson::errors::Error>>
[INFO] [stdout]              <GeozeroError as From<std::io::Error>>
[INFO] [stdout]    = note: required for `Result<(), GeozeroError>` to implement `FromResidual<Result<Infallible, geozero::error::GeozeroError>>`
[INFO] [stdout] 
[INFO] [stdout] 
[INFO] [stdout] error[E0277]: `?` couldn't convert the error to `GeozeroError`
[INFO] [stdout]   --> tests/geojson.rs:35:42
[INFO] [stdout]    |
[INFO] [stdout] 35 |     fgb.process_features(&mut json).await?;
[INFO] [stdout]    |                                          ^ the trait `From<geozero::error::GeozeroError>` is not implemented for `GeozeroError`
[INFO] [stdout]    |
[INFO] [stdout]    = note: the question mark operation (`?`) implicitly performs a conversion on the error value using the `From` trait
[INFO] [stdout]    = help: the following other types implement trait `From<T>`:
[INFO] [stdout]              <GeozeroError as From<geojson::errors::Error>>
[INFO] [stdout]              <GeozeroError as From<std::io::Error>>
[INFO] [stdout]    = note: required for `Result<(), GeozeroError>` to implement `FromResidual<Result<Infallible, geozero::error::GeozeroError>>`
[INFO] [stdout] 
[INFO] [stdout] 
[INFO] [stdout] error[E0277]: `?` couldn't convert the error to `GeozeroError`
[INFO] [stdout]   --> tests/geozero-api.rs:24:70
[INFO] [stdout]    |
[INFO] [stdout] 17 | fn vertex_counter() -> Result<()> {
[INFO] [stdout]    |                        ---------- expected `GeozeroError` because of this
[INFO] [stdout] ...
[INFO] [stdout] 24 |     geometry.process(&mut vertex_counter, GeometryType::MultiPolygon)?;
[INFO] [stdout]    |                                                                      ^ the trait `From<geozero::error::GeozeroError>` is not implemented for `GeozeroError`
[INFO] [stdout]    |
[INFO] [stdout]    = note: the question mark operation (`?`) implicitly performs a conversion on the error value using the `From` trait
[INFO] [stdout]    = help: the following other types implement trait `From<T>`:
[INFO] [stdout]              <GeozeroError as From<geojson::errors::Error>>
[INFO] [stdout]              <GeozeroError as From<std::io::Error>>
[INFO] [stdout]    = note: required for `Result<(), GeozeroError>` to implement `FromResidual<Result<Infallible, geozero::error::GeozeroError>>`
[INFO] [stdout] 
[INFO] [stdout] 
[INFO] [stdout] error[E0277]: `?` couldn't convert the error to `GeozeroError`
[INFO] [stdout]   --> tests/geozero-api.rs:66:47
[INFO] [stdout]    |
[INFO] [stdout] 62 | fn max_height_finder() -> Result<()> {
[INFO] [stdout]    |                           ---------- expected `GeozeroError` because of this
[INFO] [stdout] ...
[INFO] [stdout] 66 |     let mut fgb = FgbReader::open(&mut filein)?.select_all()?;
[INFO] [stdout]    |                                               ^ the trait `From<geozero::error::GeozeroError>` is not implemented for `GeozeroError`
[INFO] [stdout]    |
[INFO] [stdout]    = note: the question mark operation (`?`) implicitly performs a conversion on the error value using the `From` trait
[INFO] [stdout]    = help: the following other types implement trait `From<T>`:
[INFO] [stdout]              <GeozeroError as From<geojson::errors::Error>>
[INFO] [stdout]              <GeozeroError as From<std::io::Error>>
[INFO] [stdout]    = note: required for `Result<(), GeozeroError>` to implement `FromResidual<Result<Infallible, geozero::error::GeozeroError>>`
[INFO] [stdout] 
[INFO] [stdout] 
[INFO] [stdout] error: aborting due to 4 previous errors
[INFO] [stdout] 
[INFO] [stdout] 
[INFO] [stdout] For more information about this error, try `rustc --explain E0277`.
[INFO] [stdout] 
[INFO] [stdout] error[E0277]: `?` couldn't convert the error to `GeozeroError`
[INFO] [stdout]   --> tests/geozero-api.rs:66:61
[INFO] [stdout]    |
[INFO] [stdout] 62 | fn max_height_finder() -> Result<()> {
[INFO] [stdout]    |                           ---------- expected `GeozeroError` because of this
[INFO] [stdout] ...
[INFO] [stdout] 66 |     let mut fgb = FgbReader::open(&mut filein)?.select_all()?;
[INFO] [stdout]    |                                                             ^ the trait `From<geozero::error::GeozeroError>` is not implemented for `GeozeroError`
[INFO] [stdout]    |
[INFO] [stdout]    = note: the question mark operation (`?`) implicitly performs a conversion on the error value using the `From` trait
[INFO] [stdout]    = help: the following other types implement trait `From<T>`:
[INFO] [stdout]              <GeozeroError as From<geojson::errors::Error>>
[INFO] [stdout]              <GeozeroError as From<std::io::Error>>
[INFO] [stdout]    = note: required for `Result<(), GeozeroError>` to implement `FromResidual<Result<Infallible, geozero::error::GeozeroError>>`
[INFO] [stdout] 
[INFO] [stdout] 
[INFO] [stdout] error[E0277]: `?` couldn't convert the error to `GeozeroError`
[INFO] [stdout]   --> tests/geojson.rs:12:47
[INFO] [stdout]    |
[INFO] [stdout] 10 | fn fgb_to_geojson() -> Result<()> {
[INFO] [stdout]    |                        ---------- expected `GeozeroError` because of this
[INFO] [stdout] 11 |     let mut filein = BufReader::new(File::open("tests/data/countries.fgb")?);
[INFO] [stdout] 12 |     let mut fgb = FgbReader::open(&mut filein)?.select_bbox(8.8, 47.2, 9.5, 55.3)?;
[INFO] [stdout]    |                                               ^ the trait `From<geozero::error::GeozeroError>` is not implemented for `GeozeroError`
[INFO] [stdout]    |
[INFO] [stdout]    = note: the question mark operation (`?`) implicitly performs a conversion on the error value using the `From` trait
[INFO] [stdout]    = help: the following other types implement trait `From<T>`:
[INFO] [stdout]              <GeozeroError as From<geojson::errors::Error>>
[INFO] [stdout]              <GeozeroError as From<std::io::Error>>
[INFO] [stdout]    = note: required for `Result<(), GeozeroError>` to implement `FromResidual<Result<Infallible, geozero::error::GeozeroError>>`
[INFO] [stdout] 
[INFO] [stdout] 
[INFO] [stdout] error[E0277]: `?` couldn't convert the error to `GeozeroError`
[INFO] [stdout]   --> tests/geozero-api.rs:68:41
[INFO] [stdout]    |
[INFO] [stdout] 62 | fn max_height_finder() -> Result<()> {
[INFO] [stdout]    |                           ---------- expected `GeozeroError` because of this
[INFO] [stdout] ...
[INFO] [stdout] 68 |     while let Some(feature) = fgb.next()? {
[INFO] [stdout]    |                                         ^ the trait `From<geozero::error::GeozeroError>` is not implemented for `GeozeroError`
[INFO] [stdout]    |
[INFO] [stdout]    = note: the question mark operation (`?`) implicitly performs a conversion on the error value using the `From` trait
[INFO] [stdout]    = help: the following other types implement trait `From<T>`:
[INFO] [stdout]              <GeozeroError as From<geojson::errors::Error>>
[INFO] [stdout]              <GeozeroError as From<std::io::Error>>
[INFO] [stdout]    = note: required for `Result<(), GeozeroError>` to implement `FromResidual<Result<Infallible, geozero::error::GeozeroError>>`
[INFO] [stdout] 
[INFO] [stdout] 
[INFO] [stdout] error[E0277]: `?` couldn't convert the error to `GeozeroError`
[INFO] [stdout]   --> tests/geojson.rs:12:82
[INFO] [stdout]    |
[INFO] [stdout] 10 | fn fgb_to_geojson() -> Result<()> {
[INFO] [stdout]    |                        ---------- expected `GeozeroError` because of this
[INFO] [stdout] 11 |     let mut filein = BufReader::new(File::open("tests/data/countries.fgb")?);
[INFO] [stdout] 12 |     let mut fgb = FgbReader::open(&mut filein)?.select_bbox(8.8, 47.2, 9.5, 55.3)?;
[INFO] [stdout]    |                                                                                  ^ the trait `From<geozero::error::GeozeroError>` is not implemented for `GeozeroError`
[INFO] [stdout]    |
[INFO] [stdout]    = note: the question mark operation (`?`) implicitly performs a conversion on the error value using the `From` trait
[INFO] [stdout]    = help: the following other types implement trait `From<T>`:
[INFO] [stdout]              <GeozeroError as From<geojson::errors::Error>>
[INFO] [stdout]              <GeozeroError as From<std::io::Error>>
[INFO] [stdout]    = note: required for `Result<(), GeozeroError>` to implement `FromResidual<Result<Infallible, geozero::error::GeozeroError>>`
[INFO] [stdout] 
[INFO] [stdout] 
[INFO] [stdout] error[E0277]: the trait bound `MaxHeightFinder: geozero::geometry_processor::GeomProcessor` is not satisfied
[INFO] [stdout]   --> tests/geozero-api.rs:70:26
[INFO] [stdout]    |
[INFO] [stdout] 70 |         geometry.process(&mut max_finder, GeometryType::MultiPolygon)?;
[INFO] [stdout]    |                  ------- ^^^^^^^^^^^^^^^ the trait `geozero::geometry_processor::GeomProcessor` is not implemented for `MaxHeightFinder`
[INFO] [stdout]    |                  |
[INFO] [stdout]    |                  required by a bound introduced by this call
[INFO] [stdout]    |
[INFO] [stdout]    = help: the following other types implement trait `geozero::geometry_processor::GeomProcessor`:
[INFO] [stdout]              FgbWriter<'_>
[INFO] [stdout]              flatgeobuf::feature_writer::FeatureWriter<'_>
[INFO] [stdout]              geozero::ProcessorSink
[INFO] [stdout]              geozero::multiplex::Multiplexer<P1, P2>
[INFO] [stdout] note: required by a bound in `flatgeobuf::geometry_reader::<impl flatgeobuf::Geometry<'_>>::process`
[INFO] [stdout]   --> /opt/rustwide/cargo-home/registry/src/github.com-1ecc6299db9ec823/flatgeobuf-3.25.0/src/geometry_reader.rs:25:23
[INFO] [stdout]    |
[INFO] [stdout] 25 |     pub fn process<P: GeomProcessor>(
[INFO] [stdout]    |                       ^^^^^^^^^^^^^ required by this bound in `flatgeobuf::geometry_reader::<impl Geometry<'_>>::process`
[INFO] [stdout] 
[INFO] [stdout] 
[INFO] [stdout] error[E0277]: `?` couldn't convert the error to `GeozeroError`
[INFO] [stdout]   --> tests/geozero-api.rs:70:70
[INFO] [stdout]    |
[INFO] [stdout] 62 | fn max_height_finder() -> Result<()> {
[INFO] [stdout]    |                           ---------- expected `GeozeroError` because of this
[INFO] [stdout] ...
[INFO] [stdout] 70 |         geometry.process(&mut max_finder, GeometryType::MultiPolygon)?;
[INFO] [stdout]    |                                                                      ^ the trait `From<geozero::error::GeozeroError>` is not implemented for `GeozeroError`
[INFO] [stdout]    |
[INFO] [stdout]    = note: the question mark operation (`?`) implicitly performs a conversion on the error value using the `From` trait
[INFO] [stdout]    = help: the following other types implement trait `From<T>`:
[INFO] [stdout]              <GeozeroError as From<geojson::errors::Error>>
[INFO] [stdout]              <GeozeroError as From<std::io::Error>>
[INFO] [stdout]    = note: required for `Result<(), GeozeroError>` to implement `FromResidual<Result<Infallible, geozero::error::GeozeroError>>`
[INFO] [stdout] 
[INFO] [stdout] 
[INFO] [stderr] error: could not compile `geozero` due to 5 previous errors
[INFO] [stderr] warning: build failed, waiting for other jobs to finish...
[INFO] [stdout] error[E0277]: `?` couldn't convert the error to `GeozeroError`
[INFO] [stdout]   --> tests/geozero-api.rs:88:47
[INFO] [stdout]    |
[INFO] [stdout] 86 | fn feature_finder() -> Result<()> {
[INFO] [stdout]    |                        ---------- expected `GeozeroError` because of this
[INFO] [stdout] 87 |     let mut filein = BufReader::new(File::open("tests/data/countries.fgb")?);
[INFO] [stdout] 88 |     let mut fgb = FgbReader::open(&mut filein)?.select_all()?;
[INFO] [stdout]    |                                               ^ the trait `From<geozero::error::GeozeroError>` is not implemented for `GeozeroError`
[INFO] [stdout]    |
[INFO] [stdout]    = note: the question mark operation (`?`) implicitly performs a conversion on the error value using the `From` trait
[INFO] [stdout]    = help: the following other types implement trait `From<T>`:
[INFO] [stdout]              <GeozeroError as From<geojson::errors::Error>>
[INFO] [stdout]              <GeozeroError as From<std::io::Error>>
[INFO] [stdout]    = note: required for `Result<(), GeozeroError>` to implement `FromResidual<Result<Infallible, geozero::error::GeozeroError>>`
[INFO] [stdout] 
[INFO] [stdout] 
[INFO] [stdout] error[E0277]: `?` couldn't convert the error to `GeozeroError`
[INFO] [stdout]   --> tests/geozero-api.rs:88:61
[INFO] [stdout]    |
[INFO] [stdout] 86 | fn feature_finder() -> Result<()> {
[INFO] [stdout]    |                        ---------- expected `GeozeroError` because of this
[INFO] [stdout] 87 |     let mut filein = BufReader::new(File::open("tests/data/countries.fgb")?);
[INFO] [stdout] 88 |     let mut fgb = FgbReader::open(&mut filein)?.select_all()?;
[INFO] [stdout]    |                                                             ^ the trait `From<geozero::error::GeozeroError>` is not implemented for `GeozeroError`
[INFO] [stdout]    |
[INFO] [stdout]    = note: the question mark operation (`?`) implicitly performs a conversion on the error value using the `From` trait
[INFO] [stdout]    = help: the following other types implement trait `From<T>`:
[INFO] [stdout]              <GeozeroError as From<geojson::errors::Error>>
[INFO] [stdout]              <GeozeroError as From<std::io::Error>>
[INFO] [stdout]    = note: required for `Result<(), GeozeroError>` to implement `FromResidual<Result<Infallible, geozero::error::GeozeroError>>`
[INFO] [stdout] 
[INFO] [stdout] 
[INFO] [stdout] error[E0277]: `?` couldn't convert the error to `GeozeroError`
[INFO] [stdout]   --> tests/geozero-api.rs:91:41
[INFO] [stdout]    |
[INFO] [stdout] 86 | fn feature_finder() -> Result<()> {
[INFO] [stdout]    |                        ---------- expected `GeozeroError` because of this
[INFO] [stdout] ...
[INFO] [stdout] 91 |     while let Some(feature) = fgb.next()? {
[INFO] [stdout]    |                                         ^ the trait `From<geozero::error::GeozeroError>` is not implemented for `GeozeroError`
[INFO] [stdout]    |
[INFO] [stdout]    = note: the question mark operation (`?`) implicitly performs a conversion on the error value using the `From` trait
[INFO] [stdout]    = help: the following other types implement trait `From<T>`:
[INFO] [stdout]              <GeozeroError as From<geojson::errors::Error>>
[INFO] [stdout]              <GeozeroError as From<std::io::Error>>
[INFO] [stdout]    = note: required for `Result<(), GeozeroError>` to implement `FromResidual<Result<Infallible, geozero::error::GeozeroError>>`
[INFO] [stdout] 
[INFO] [stdout] 
[INFO] [stdout] error[E0277]: the trait bound `FeatureFinder: geozero::property_processor::PropertyProcessor` is not satisfied
[INFO] [stdout]   --> tests/geozero-api.rs:92:48
[INFO] [stdout]    |
[INFO] [stdout] 92 |         let found = feature.process_properties(&mut finder);
[INFO] [stdout]    |                             ------------------ ^^^^^^^^^^^ the trait `geozero::property_processor::PropertyProcessor` is not implemented for `FeatureFinder`
[INFO] [stdout]    |                             |
[INFO] [stdout]    |                             required by a bound introduced by this call
[INFO] [stdout]    |
[INFO] [stdout]    = help: the following other types implement trait `geozero::property_processor::PropertyProcessor`:
[INFO] [stdout]              FgbWriter<'_>
[INFO] [stdout]              HashMap<std::string::String, std::string::String, S>
[INFO] [stdout]              flatgeobuf::feature_writer::FeatureWriter<'_>
[INFO] [stdout]              geozero::ProcessorSink
[INFO] [stdout]              geozero::multiplex::Multiplexer<P1, P2>
[INFO] [stdout]              geozero::property_processor::PropertyReader<'_, T>
[INFO] [stdout]              geozero::property_processor::PropertyReaderIdx<T>
[INFO] [stdout] note: required by a bound in `flatgeobuf::FeatureProperties::process_properties`
[INFO] [stdout]   --> /opt/rustwide/cargo-home/registry/src/github.com-1ecc6299db9ec823/geozero-0.9.9/src/api.rs:63:30
[INFO] [stdout]    |
[INFO] [stdout] 63 |     fn process_properties<P: PropertyProcessor>(&self, processor: &mut P) -> Result<bool>;
[INFO] [stdout]    |                              ^^^^^^^^^^^^^^^^^ required by this bound in `FeatureProperties::process_properties`
[INFO] [stdout] 
[INFO] [stdout] 
[INFO] [stdout] error[E0277]: `?` couldn't convert the error to `GeozeroError`
[INFO] [stdout]   --> tests/geozero-api.rs:98:37
[INFO] [stdout]    |
[INFO] [stdout] 86 | fn feature_finder() -> Result<()> {
[INFO] [stdout]    |                        ---------- expected `GeozeroError` because of this
[INFO] [stdout] ...
[INFO] [stdout] 98 |     let props = feature.properties()?;
[INFO] [stdout]    |                                     ^ the trait `From<geozero::error::GeozeroError>` is not implemented for `GeozeroError`
[INFO] [stdout]    |
[INFO] [stdout]    = note: the question mark operation (`?`) implicitly performs a conversion on the error value using the `From` trait
[INFO] [stdout]    = help: the following other types implement trait `From<T>`:
[INFO] [stdout]              <GeozeroError as From<geojson::errors::Error>>
[INFO] [stdout]              <GeozeroError as From<std::io::Error>>
[INFO] [stdout]    = note: required for `Result<(), GeozeroError>` to implement `FromResidual<Result<Infallible, geozero::error::GeozeroError>>`
[INFO] [stdout] 
[INFO] [stdout] 
[INFO] [stdout] error[E0599]: the method `to_geo` exists for reference `&FgbFeature`, but its trait bounds were not satisfied
[INFO] [stdout]   --> tests/polylabel.rs:16:60
[INFO] [stdout]    |
[INFO] [stdout] 16 |         if let Ok(Geometry::MultiPolygon(mpoly)) = feature.to_geo() {
[INFO] [stdout]    |                                                            ^^^^^^ method cannot be called on `&FgbFeature` due to unsatisfied trait bounds
[INFO] [stdout]    |
[INFO] [stdout]   ::: /opt/rustwide/cargo-home/registry/src/github.com-1ecc6299db9ec823/flatgeobuf-3.25.0/src/properties_reader.rs:11:1
[INFO] [stdout]    |
[INFO] [stdout] 11 | pub struct FgbFeature {
[INFO] [stdout]    | ---------------------
[INFO] [stdout]    | |
[INFO] [stdout]    | doesn't satisfy `FgbFeature: ToGeo`
[INFO] [stdout]    | doesn't satisfy `FgbFeature: geozero::GeozeroGeometry`
[INFO] [stdout]    |
[INFO] [stdout]    = note: the following trait bounds were not satisfied:
[INFO] [stdout]            `FgbFeature: geozero::GeozeroGeometry`
[INFO] [stdout]            which is required by `FgbFeature: ToGeo`
[INFO] [stdout]            `&FgbFeature: geozero::GeozeroGeometry`
[INFO] [stdout]            which is required by `&FgbFeature: ToGeo`
[INFO] [stdout] 
[INFO] [stdout] 
[INFO] [stdout] error[E0599]: the method `to_json` exists for struct `FgbReader<'_, BufReader<File>, FeaturesSelectedSeek>`, but its trait bounds were not satisfied
[INFO] [stdout]   --> tests/geojson.rs:13:20
[INFO] [stdout]    |
[INFO] [stdout] 13 |     let json = fgb.to_json()?;
[INFO] [stdout]    |                    ^^^^^^^ method cannot be called due to unsatisfied trait bounds
[INFO] [stdout]    |
[INFO] [stdout]   ::: /opt/rustwide/cargo-home/registry/src/github.com-1ecc6299db9ec823/flatgeobuf-3.25.0/src/file_reader.rs:14:1
[INFO] [stdout]    |
[INFO] [stdout] 14 | pub struct FgbReader<'a, R, State = Initial> {
[INFO] [stdout]    | --------------------------------------------
[INFO] [stdout]    | |
[INFO] [stdout]    | doesn't satisfy `_: GeozeroDatasource`
[INFO] [stdout]    | doesn't satisfy `_: ProcessToJson`
[INFO] [stdout]    |
[INFO] [stdout]    = note: the following trait bounds were not satisfied:
[INFO] [stdout]            `FgbReader<'_, seek_bufread::BufReader<File>, FeaturesSelectedSeek>: GeozeroDatasource`
[INFO] [stdout]            which is required by `FgbReader<'_, seek_bufread::BufReader<File>, FeaturesSelectedSeek>: ProcessToJson`
[INFO] [stdout] 
[INFO] [stdout] 
[INFO] [stdout] warning: unused import: `geozero::ProcessToJson`
[INFO] [stdout]  --> tests/geojson.rs:4:5
[INFO] [stdout]   |
[INFO] [stdout] 4 | use geozero::ProcessToJson;
[INFO] [stdout]   |     ^^^^^^^^^^^^^^^^^^^^^^
[INFO] [stdout]   |
[INFO] [stdout]   = note: `#[warn(unused_imports)]` on by default
[INFO] [stdout] 
[INFO] [stdout] 
[INFO] [stdout] error: aborting due to 15 previous errors
[INFO] [stdout] 
[INFO] [stdout] 
[INFO] [stdout] For more information about this error, try `rustc --explain E0277`.
[INFO] [stdout] 
[INFO] [stdout] error: aborting due to 7 previous errors; 1 warning emitted
[INFO] [stdout] 
[INFO] [stdout] 
[INFO] [stdout] Some errors have detailed explanations: E0277, E0599.
[INFO] [stdout] 
[INFO] [stdout] For more information about an error, try `rustc --explain E0277`.
[INFO] [stdout] 
[INFO] [stderr] error: could not compile `geozero` due to 16 previous errors
[INFO] [stderr] error: could not compile `geozero` due to 8 previous errors; 1 warning emitted
[INFO] [stdout] warning: unused import: `geozero::ToGeo`
[INFO] [stdout]  --> tests/polylabel.rs:5:5
[INFO] [stdout]   |
[INFO] [stdout] 5 | use geozero::ToGeo;
[INFO] [stdout]   |     ^^^^^^^^^^^^^^
[INFO] [stdout]   |
[INFO] [stdout]   = note: `#[warn(unused_imports)]` on by default
[INFO] [stdout] 
[INFO] [stdout] 
[INFO] [stdout] error: aborting due to 4 previous errors; 1 warning emitted
[INFO] [stdout] 
[INFO] [stdout] 
[INFO] [stdout] Some errors have detailed explanations: E0277, E0599.
[INFO] [stdout] 
[INFO] [stdout] For more information about an error, try `rustc --explain E0277`.
[INFO] [stdout] 
[INFO] [stderr] error: could not compile `geozero` due to 5 previous errors; 1 warning emitted
[INFO] running `Command { std: "docker" "inspect" "d23aa96606688df98cc6684fab2a76ae9efbe86f2019594d0c22c2ba94742423", kill_on_drop: false }`
[INFO] running `Command { std: "docker" "rm" "-f" "d23aa96606688df98cc6684fab2a76ae9efbe86f2019594d0c22c2ba94742423", kill_on_drop: false }`
[INFO] [stdout] d23aa96606688df98cc6684fab2a76ae9efbe86f2019594d0c22c2ba94742423
