[INFO] fetching crate gddb 0.3.1...
[INFO] testing gddb-0.3.1 against 1.69.0 for beta-1.70-1
[INFO] extracting crate gddb 0.3.1 into /workspace/builds/worker-7-tc1/source
[INFO] validating manifest of crates.io crate gddb 0.3.1 on toolchain 1.69.0
[INFO] running `Command { std: CARGO_HOME="/workspace/cargo-home" RUSTUP_HOME="/workspace/rustup-home" "/workspace/cargo-home/bin/cargo" "+1.69.0" "metadata" "--manifest-path" "Cargo.toml" "--no-deps", kill_on_drop: false }`
[INFO] started tweaking crates.io crate gddb 0.3.1
[INFO] finished tweaking crates.io crate gddb 0.3.1
[INFO] tweaked toml for crates.io crate gddb 0.3.1 written to /workspace/builds/worker-7-tc1/source/Cargo.toml
[INFO] running `Command { std: CARGO_HOME="/workspace/cargo-home" RUSTUP_HOME="/workspace/rustup-home" __CARGO_TEST_CHANNEL_OVERRIDE_DO_NOT_USE_THIS="nightly" "/workspace/cargo-home/bin/cargo" "+1.69.0" "generate-lockfile" "--manifest-path" "Cargo.toml" "-Zno-index-update", kill_on_drop: false }`
[INFO] running `Command { std: CARGO_HOME="/workspace/cargo-home" RUSTUP_HOME="/workspace/rustup-home" "/workspace/cargo-home/bin/cargo" "+1.69.0" "fetch" "--manifest-path" "Cargo.toml", kill_on_drop: false }`
[INFO] [stderr]  Downloading crates ...
[INFO] [stderr]   Downloaded miniserde v0.1.30
[INFO] [stderr]   Downloaded roxmltree v0.15.1
[INFO] [stderr]   Downloaded mini-internal v0.1.30
[INFO] [stderr]   Downloaded glam v0.20.5
[INFO] [stderr]   Downloaded gdnative v0.10.2
[INFO] [stderr]   Downloaded gdnative-derive v0.10.2
[INFO] [stderr]   Downloaded gdnative_bindings_generator v0.10.2
[INFO] [stderr]   Downloaded gdnative-impl-proc-macros v0.10.2
[INFO] [stderr]   Downloaded gdnative-sys v0.10.2
[INFO] [stderr]   Downloaded gdnative-core v0.10.2
[INFO] [stderr]   Downloaded gdnative-bindings v0.10.2
[INFO] running `Command { std: "docker" "create" "-v" "/var/lib/crater-agent-workspace/builds/worker-7-tc1/target:/opt/rustwide/target:rw,Z" "-v" "/var/lib/crater-agent-workspace/builds/worker-7-tc1/source:/opt/rustwide/workdir:ro,Z" "-v" "/var/lib/crater-agent-workspace/cargo-home:/opt/rustwide/cargo-home:ro,Z" "-v" "/var/lib/crater-agent-workspace/rustup-home:/opt/rustwide/rustup-home:ro,Z" "-e" "SOURCE_DIR=/opt/rustwide/workdir" "-e" "CARGO_TARGET_DIR=/opt/rustwide/target" "-e" "CARGO_HOME=/opt/rustwide/cargo-home" "-e" "RUSTUP_HOME=/opt/rustwide/rustup-home" "-w" "/opt/rustwide/workdir" "-m" "1610612736" "--user" "0:0" "--network" "none" "ghcr.io/rust-lang/crates-build-env/linux@sha256:5ff2268d62e97bff2cde7d5815dd6ed5b47097566f13b8d0ca110b04b60e07ed" "/opt/rustwide/cargo-home/bin/cargo" "+1.69.0" "metadata" "--no-deps" "--format-version=1", kill_on_drop: false }`
[INFO] [stdout] 3f1b6aeed17ee80539bbb36aed9054b83eb21bfa42bcb52f2b92e52beea22b91
[INFO] running `Command { std: "docker" "start" "-a" "3f1b6aeed17ee80539bbb36aed9054b83eb21bfa42bcb52f2b92e52beea22b91", kill_on_drop: false }`
[INFO] running `Command { std: "docker" "inspect" "3f1b6aeed17ee80539bbb36aed9054b83eb21bfa42bcb52f2b92e52beea22b91", kill_on_drop: false }`
[INFO] running `Command { std: "docker" "rm" "-f" "3f1b6aeed17ee80539bbb36aed9054b83eb21bfa42bcb52f2b92e52beea22b91", kill_on_drop: false }`
[INFO] [stdout] 3f1b6aeed17ee80539bbb36aed9054b83eb21bfa42bcb52f2b92e52beea22b91
[INFO] running `Command { std: "docker" "create" "-v" "/var/lib/crater-agent-workspace/builds/worker-7-tc1/target:/opt/rustwide/target:rw,Z" "-v" "/var/lib/crater-agent-workspace/builds/worker-7-tc1/source:/opt/rustwide/workdir:ro,Z" "-v" "/var/lib/crater-agent-workspace/cargo-home:/opt/rustwide/cargo-home:ro,Z" "-v" "/var/lib/crater-agent-workspace/rustup-home:/opt/rustwide/rustup-home:ro,Z" "-e" "SOURCE_DIR=/opt/rustwide/workdir" "-e" "CARGO_TARGET_DIR=/opt/rustwide/target" "-e" "CARGO_INCREMENTAL=0" "-e" "RUST_BACKTRACE=full" "-e" "RUSTFLAGS=--cap-lints=warn" "-e" "RUSTDOCFLAGS=--cap-lints=warn" "-e" "CARGO_HOME=/opt/rustwide/cargo-home" "-e" "RUSTUP_HOME=/opt/rustwide/rustup-home" "-w" "/opt/rustwide/workdir" "-m" "1610612736" "--user" "0:0" "--network" "none" "ghcr.io/rust-lang/crates-build-env/linux@sha256:5ff2268d62e97bff2cde7d5815dd6ed5b47097566f13b8d0ca110b04b60e07ed" "/opt/rustwide/cargo-home/bin/cargo" "+1.69.0" "build" "--frozen" "--message-format=json", kill_on_drop: false }`
[INFO] [stdout] d8250fb4d134a3a0436a1921c31144a85bc261ca2e5d837575936cc43c72349e
[INFO] running `Command { std: "docker" "start" "-a" "d8250fb4d134a3a0436a1921c31144a85bc261ca2e5d837575936cc43c72349e", kill_on_drop: false }`
[INFO] [stderr]    Compiling proc-macro2 v1.0.56
[INFO] [stderr]    Compiling unicode-ident v1.0.8
[INFO] [stderr]    Compiling quote v1.0.26
[INFO] [stderr]    Compiling cfg-if v1.0.0
[INFO] [stderr]    Compiling libc v0.2.142
[INFO] [stderr]    Compiling autocfg v1.1.0
[INFO] [stderr]    Compiling itoa v1.0.6
[INFO] [stderr]    Compiling version_check v0.9.4
[INFO] [stderr]    Compiling glob v0.3.1
[INFO] [stderr]    Compiling regex-syntax v0.7.1
[INFO] [stderr]    Compiling memchr v2.5.0
[INFO] [stderr]    Compiling ryu v1.0.13
[INFO] [stderr]    Compiling serde_derive v1.0.160
[INFO] [stderr]    Compiling syn v1.0.109
[INFO] [stderr]    Compiling minimal-lexical v0.2.1
[INFO] [stderr]    Compiling serde v1.0.160
[INFO] [stderr]    Compiling libloading v0.7.4
[INFO] [stderr]    Compiling bindgen v0.60.1
[INFO] [stderr]    Compiling semver v1.0.17
[INFO] [stderr]    Compiling lazy_static v1.4.0
[INFO] [stderr]    Compiling ahash v0.7.6
[INFO] [stderr]    Compiling rustc-hash v1.1.0
[INFO] [stderr]    Compiling peeking_take_while v0.1.2
[INFO] [stderr]    Compiling once_cell v1.17.1
[INFO] [stderr]    Compiling lazycell v1.3.0
[INFO] [stderr]    Compiling bitflags v1.3.2
[INFO] [stderr]    Compiling clang-sys v1.6.1
[INFO] [stderr]    Compiling shlex v1.1.0
[INFO] [stderr]    Compiling lock_api v0.4.9
[INFO] [stderr]    Compiling num-traits v0.2.15
[INFO] [stderr]    Compiling xmlparser v0.13.5
[INFO] [stderr]    Compiling parking_lot_core v0.9.7
[INFO] [stderr]    Compiling indexmap v1.9.3
[INFO] [stderr]    Compiling ahash v0.8.3
[INFO] [stderr]    Compiling unindent v0.1.11
[INFO] [stderr]    Compiling scopeguard v1.1.0
[INFO] [stderr]    Compiling smallvec v1.10.0
[INFO] [stderr]    Compiling heck v0.4.1
[INFO] [stderr]    Compiling nom v7.1.3
[INFO] [stderr]    Compiling roxmltree v0.15.1
[INFO] [stderr]    Compiling glam v0.20.5
[INFO] [stderr]    Compiling atomic-take v1.1.0
[INFO] [stderr]    Compiling serde_json v1.0.96
[INFO] [stderr]    Compiling syn v2.0.15
[INFO] [stderr]    Compiling getrandom v0.2.9
[INFO] [stderr]    Compiling uuid v0.8.2
[INFO] [stderr]    Compiling parking_lot v0.12.1
[INFO] [stderr]    Compiling regex v1.8.1
[INFO] [stderr]    Compiling approx v0.5.1
[INFO] [stderr]    Compiling cexpr v0.6.0
[INFO] [stderr]    Compiling mini-internal v0.1.30
[INFO] [stderr]    Compiling miniserde v0.1.30
[INFO] [stderr]    Compiling gdnative_bindings_generator v0.10.2
[INFO] [stderr]    Compiling gdnative-impl-proc-macros v0.10.2
[INFO] [stderr]    Compiling gdnative-derive v0.10.2
[INFO] [stderr]    Compiling gdnative-bindings v0.10.2
[INFO] [stderr]    Compiling gdnative-sys v0.10.2
[INFO] [stderr]    Compiling hashbrown v0.12.3
[INFO] [stderr]    Compiling bincode v1.3.3
[INFO] [stderr]    Compiling gdnative-core v0.10.2
[INFO] [stderr]    Compiling gdnative v0.10.2
[INFO] [stderr]    Compiling gddb v0.3.1 (/opt/rustwide/workdir)
[INFO] [stdout] warning: use of deprecated macro `::gdnative::export::deprecated_export_syntax`: 
[INFO] [stdout]          #[export] is deprecated and will be removed in a future godot-rust version. Use #[method] instead. 
[INFO] [stdout]          For more information, see https://godot-rust.github.io/docs/gdnative/derive/derive.NativeClass.html.
[INFO] [stdout]   --> src/gddb.rs:19:84
[INFO] [stdout]    |
[INFO] [stdout] 19 |     pub fn create(&mut self, _owner: &Node, model: String, attributes: Dictionary) -> String {
[INFO] [stdout]    |                                                                                    ^
[INFO] [stdout]    |
[INFO] [stdout]    = note: `#[warn(deprecated)]` on by default
[INFO] [stdout] 
[INFO] [stdout] 
[INFO] [stdout] warning: use of deprecated macro `::gdnative::export::deprecated_export_syntax`: 
[INFO] [stdout]          #[export] is deprecated and will be removed in a future godot-rust version. Use #[method] instead. 
[INFO] [stdout]          For more information, see https://godot-rust.github.io/docs/gdnative/derive/derive.NativeClass.html.
[INFO] [stdout]   --> src/gddb.rs:31:57
[INFO] [stdout]    |
[INFO] [stdout] 31 |     pub fn find(&mut self, _owner: &Node, uuid: String) -> GodotString {
[INFO] [stdout]    |                                                         ^
[INFO] [stdout] 
[INFO] [stdout] 
[INFO] [stdout] warning: use of deprecated macro `::gdnative::export::deprecated_export_syntax`: 
[INFO] [stdout]          #[export] is deprecated and will be removed in a future godot-rust version. Use #[method] instead. 
[INFO] [stdout]          For more information, see https://godot-rust.github.io/docs/gdnative/derive/derive.NativeClass.html.
[INFO] [stdout]   --> src/gddb.rs:10:1
[INFO] [stdout]    |
[INFO] [stdout] 10 | #[methods]
[INFO] [stdout]    | ^^^^^^^^^^
[INFO] [stdout]    |
[INFO] [stdout]    = note: this warning originates in the attribute macro `methods` (in Nightly builds, run with -Z macro-backtrace for more info)
[INFO] [stdout] 
[INFO] [stdout] 
[INFO] [stdout] warning: 3 warnings emitted
[INFO] [stdout] 
[INFO] [stdout] 
[INFO] [stderr]     Finished dev [unoptimized + debuginfo] target(s) in 38.92s
[INFO] running `Command { std: "docker" "inspect" "d8250fb4d134a3a0436a1921c31144a85bc261ca2e5d837575936cc43c72349e", kill_on_drop: false }`
[INFO] running `Command { std: "docker" "rm" "-f" "d8250fb4d134a3a0436a1921c31144a85bc261ca2e5d837575936cc43c72349e", kill_on_drop: false }`
[INFO] [stdout] d8250fb4d134a3a0436a1921c31144a85bc261ca2e5d837575936cc43c72349e
[INFO] running `Command { std: "docker" "create" "-v" "/var/lib/crater-agent-workspace/builds/worker-7-tc1/target:/opt/rustwide/target:rw,Z" "-v" "/var/lib/crater-agent-workspace/builds/worker-7-tc1/source:/opt/rustwide/workdir:ro,Z" "-v" "/var/lib/crater-agent-workspace/cargo-home:/opt/rustwide/cargo-home:ro,Z" "-v" "/var/lib/crater-agent-workspace/rustup-home:/opt/rustwide/rustup-home:ro,Z" "-e" "SOURCE_DIR=/opt/rustwide/workdir" "-e" "CARGO_TARGET_DIR=/opt/rustwide/target" "-e" "CARGO_INCREMENTAL=0" "-e" "RUST_BACKTRACE=full" "-e" "RUSTFLAGS=--cap-lints=warn" "-e" "RUSTDOCFLAGS=--cap-lints=warn" "-e" "CARGO_HOME=/opt/rustwide/cargo-home" "-e" "RUSTUP_HOME=/opt/rustwide/rustup-home" "-w" "/opt/rustwide/workdir" "-m" "1610612736" "--user" "0:0" "--network" "none" "ghcr.io/rust-lang/crates-build-env/linux@sha256:5ff2268d62e97bff2cde7d5815dd6ed5b47097566f13b8d0ca110b04b60e07ed" "/opt/rustwide/cargo-home/bin/cargo" "+1.69.0" "test" "--frozen" "--no-run" "--message-format=json", kill_on_drop: false }`
[INFO] [stdout] 515e332a1433ac109e4c5b690632101397eb18c16284933737e8a7e0b9ed67a7
[INFO] running `Command { std: "docker" "start" "-a" "515e332a1433ac109e4c5b690632101397eb18c16284933737e8a7e0b9ed67a7", kill_on_drop: false }`
[INFO] [stderr]    Compiling gddb v0.3.1 (/opt/rustwide/workdir)
[INFO] [stdout] warning: use of deprecated macro `::gdnative::export::deprecated_export_syntax`: 
[INFO] [stdout]          #[export] is deprecated and will be removed in a future godot-rust version. Use #[method] instead. 
[INFO] [stdout]          For more information, see https://godot-rust.github.io/docs/gdnative/derive/derive.NativeClass.html.
[INFO] [stdout]   --> src/gddb.rs:19:84
[INFO] [stdout]    |
[INFO] [stdout] 19 |     pub fn create(&mut self, _owner: &Node, model: String, attributes: Dictionary) -> String {
[INFO] [stdout]    |                                                                                    ^
[INFO] [stdout]    |
[INFO] [stdout]    = note: `#[warn(deprecated)]` on by default
[INFO] [stdout] 
[INFO] [stdout] 
[INFO] [stdout] warning: use of deprecated macro `::gdnative::export::deprecated_export_syntax`: 
[INFO] [stdout]          #[export] is deprecated and will be removed in a future godot-rust version. Use #[method] instead. 
[INFO] [stdout]          For more information, see https://godot-rust.github.io/docs/gdnative/derive/derive.NativeClass.html.
[INFO] [stdout]   --> src/gddb.rs:31:57
[INFO] [stdout]    |
[INFO] [stdout] 31 |     pub fn find(&mut self, _owner: &Node, uuid: String) -> GodotString {
[INFO] [stdout]    |                                                         ^
[INFO] [stdout] 
[INFO] [stdout] 
[INFO] [stdout] warning: use of deprecated macro `::gdnative::export::deprecated_export_syntax`: 
[INFO] [stdout]          #[export] is deprecated and will be removed in a future godot-rust version. Use #[method] instead. 
[INFO] [stdout]          For more information, see https://godot-rust.github.io/docs/gdnative/derive/derive.NativeClass.html.
[INFO] [stdout]   --> src/gddb.rs:10:1
[INFO] [stdout]    |
[INFO] [stdout] 10 | #[methods]
[INFO] [stdout]    | ^^^^^^^^^^
[INFO] [stdout]    |
[INFO] [stdout]    = note: this warning originates in the attribute macro `methods` (in Nightly builds, run with -Z macro-backtrace for more info)
[INFO] [stdout] 
[INFO] [stdout] 
[INFO] [stdout] warning: 3 warnings emitted
[INFO] [stdout] 
[INFO] [stdout] 
[INFO] [stderr]     Finished test [unoptimized + debuginfo] target(s) in 2.37s
[INFO] running `Command { std: "docker" "inspect" "515e332a1433ac109e4c5b690632101397eb18c16284933737e8a7e0b9ed67a7", kill_on_drop: false }`
[INFO] running `Command { std: "docker" "rm" "-f" "515e332a1433ac109e4c5b690632101397eb18c16284933737e8a7e0b9ed67a7", kill_on_drop: false }`
[INFO] [stdout] 515e332a1433ac109e4c5b690632101397eb18c16284933737e8a7e0b9ed67a7
[INFO] running `Command { std: "docker" "create" "-v" "/var/lib/crater-agent-workspace/builds/worker-7-tc1/target:/opt/rustwide/target:rw,Z" "-v" "/var/lib/crater-agent-workspace/builds/worker-7-tc1/source:/opt/rustwide/workdir:ro,Z" "-v" "/var/lib/crater-agent-workspace/cargo-home:/opt/rustwide/cargo-home:ro,Z" "-v" "/var/lib/crater-agent-workspace/rustup-home:/opt/rustwide/rustup-home:ro,Z" "-e" "SOURCE_DIR=/opt/rustwide/workdir" "-e" "CARGO_TARGET_DIR=/opt/rustwide/target" "-e" "CARGO_INCREMENTAL=0" "-e" "RUST_BACKTRACE=full" "-e" "RUSTFLAGS=--cap-lints=warn" "-e" "RUSTDOCFLAGS=--cap-lints=warn" "-e" "CARGO_HOME=/opt/rustwide/cargo-home" "-e" "RUSTUP_HOME=/opt/rustwide/rustup-home" "-w" "/opt/rustwide/workdir" "-m" "1610612736" "--user" "0:0" "--network" "none" "ghcr.io/rust-lang/crates-build-env/linux@sha256:5ff2268d62e97bff2cde7d5815dd6ed5b47097566f13b8d0ca110b04b60e07ed" "/opt/rustwide/cargo-home/bin/cargo" "+1.69.0" "test" "--frozen", kill_on_drop: false }`
[INFO] [stdout] 923fabb1a7301f7db5897226d607d1eaac1c59283bdfb2afa80cf08b53da6c82
[INFO] running `Command { std: "docker" "start" "-a" "923fabb1a7301f7db5897226d607d1eaac1c59283bdfb2afa80cf08b53da6c82", kill_on_drop: false }`
[INFO] [stderr] warning: use of deprecated macro `::gdnative::export::deprecated_export_syntax`: 
[INFO] [stderr]          #[export] is deprecated and will be removed in a future godot-rust version. Use #[method] instead. 
[INFO] [stderr]          For more information, see https://godot-rust.github.io/docs/gdnative/derive/derive.NativeClass.html.
[INFO] [stderr]   --> src/gddb.rs:19:84
[INFO] [stderr]    |
[INFO] [stderr] 19 |     pub fn create(&mut self, _owner: &Node, model: String, attributes: Dictionary) -> String {
[INFO] [stderr]    |                                                                                    ^
[INFO] [stderr]    |
[INFO] [stderr]    = note: `#[warn(deprecated)]` on by default
[INFO] [stderr] 
[INFO] [stderr] warning: use of deprecated macro `::gdnative::export::deprecated_export_syntax`: 
[INFO] [stderr]          #[export] is deprecated and will be removed in a future godot-rust version. Use #[method] instead. 
[INFO] [stderr]          For more information, see https://godot-rust.github.io/docs/gdnative/derive/derive.NativeClass.html.
[INFO] [stderr]   --> src/gddb.rs:31:57
[INFO] [stderr]    |
[INFO] [stderr] 31 |     pub fn find(&mut self, _owner: &Node, uuid: String) -> GodotString {
[INFO] [stderr]    |                                                         ^
[INFO] [stderr] 
[INFO] [stderr] warning: use of deprecated macro `::gdnative::export::deprecated_export_syntax`: 
[INFO] [stderr]          #[export] is deprecated and will be removed in a future godot-rust version. Use #[method] instead. 
[INFO] [stderr]          For more information, see https://godot-rust.github.io/docs/gdnative/derive/derive.NativeClass.html.
[INFO] [stderr]   --> src/gddb.rs:10:1
[INFO] [stderr]    |
[INFO] [stderr] 10 | #[methods]
[INFO] [stderr]    | ^^^^^^^^^^
[INFO] [stderr]    |
[INFO] [stderr]    = note: this warning originates in the attribute macro `methods` (in Nightly builds, run with -Z macro-backtrace for more info)
[INFO] [stderr] 
[INFO] [stderr] warning: `gddb` (lib test) generated 3 warnings
[INFO] [stderr]     Finished test [unoptimized + debuginfo] target(s) in 0.08s
[INFO] [stdout] 
[INFO] [stderr]      Running unittests src/lib.rs (/opt/rustwide/target/debug/deps/gddb-b6dceb9f180e451c)
[INFO] [stdout] running 10 tests
[INFO] [stdout] test database::tests::auto_from_creation ... ok
[INFO] [stdout] test database::tests::find_db ... ok
[INFO] [stdout] test database::tests::item_remove ... ok
[INFO] [stdout] test database::tests::db_dump ... FAILED
[INFO] [stdout] test database::tests::item_add ... ok
[INFO] [stdout] test database::tests::len ... ok
[INFO] [stdout] test database::tests::query_db ... ok
[INFO] [stdout] test database::tests::item_update ... ok
[INFO] [stdout] test database::tests::db_from ... FAILED
[INFO] [stdout] test database::tests::db_contains ... ok
[INFO] [stdout] 
[INFO] [stdout] failures:
[INFO] [stdout] 
[INFO] [stdout] ---- database::tests::db_dump stdout ----
[INFO] [stdout] Error: IOError(Os { code: 30, kind: ReadOnlyFilesystem, message: "Read-only file system" })
[INFO] [stdout] 
[INFO] [stdout] ---- database::tests::db_from stdout ----
[INFO] [stdout] Error: IOError(Os { code: 30, kind: ReadOnlyFilesystem, message: "Read-only file system" })
[INFO] [stdout] 
[INFO] [stdout] 
[INFO] [stdout] failures:
[INFO] [stdout]     database::tests::db_dump
[INFO] [stdout]     database::tests::db_from
[INFO] [stdout] 
[INFO] [stdout] test result: FAILED. 8 passed; 2 failed; 0 ignored; 0 measured; 0 filtered out; finished in 0.01s
[INFO] [stdout] 
[INFO] [stderr] error: test failed, to rerun pass `--lib`
[INFO] running `Command { std: "docker" "inspect" "923fabb1a7301f7db5897226d607d1eaac1c59283bdfb2afa80cf08b53da6c82", kill_on_drop: false }`
[INFO] running `Command { std: "docker" "rm" "-f" "923fabb1a7301f7db5897226d607d1eaac1c59283bdfb2afa80cf08b53da6c82", kill_on_drop: false }`
[INFO] [stdout] 923fabb1a7301f7db5897226d607d1eaac1c59283bdfb2afa80cf08b53da6c82
