[INFO] fetching crate gd32vf103xx-hal 0.5.0...
[INFO] testing gd32vf103xx-hal-0.5.0 against 1.69.0 for beta-1.70-1
[INFO] extracting crate gd32vf103xx-hal 0.5.0 into /workspace/builds/worker-2-tc1/source
[INFO] validating manifest of crates.io crate gd32vf103xx-hal 0.5.0 on toolchain 1.69.0
[INFO] running `Command { std: CARGO_HOME="/workspace/cargo-home" RUSTUP_HOME="/workspace/rustup-home" "/workspace/cargo-home/bin/cargo" "+1.69.0" "metadata" "--manifest-path" "Cargo.toml" "--no-deps", kill_on_drop: false }`
[INFO] started tweaking crates.io crate gd32vf103xx-hal 0.5.0
[INFO] finished tweaking crates.io crate gd32vf103xx-hal 0.5.0
[INFO] tweaked toml for crates.io crate gd32vf103xx-hal 0.5.0 written to /workspace/builds/worker-2-tc1/source/Cargo.toml
[INFO] running `Command { std: CARGO_HOME="/workspace/cargo-home" RUSTUP_HOME="/workspace/rustup-home" __CARGO_TEST_CHANNEL_OVERRIDE_DO_NOT_USE_THIS="nightly" "/workspace/cargo-home/bin/cargo" "+1.69.0" "generate-lockfile" "--manifest-path" "Cargo.toml" "-Zno-index-update", kill_on_drop: false }`
[INFO] running `Command { std: CARGO_HOME="/workspace/cargo-home" RUSTUP_HOME="/workspace/rustup-home" "/workspace/cargo-home/bin/cargo" "+1.69.0" "fetch" "--manifest-path" "Cargo.toml", kill_on_drop: false }`
[INFO] [stderr]  Downloading crates ...
[INFO] [stderr]   Downloaded embedded-dma v0.1.2
[INFO] [stderr]   Downloaded riscv-target v0.1.2
[INFO] [stderr]   Downloaded riscv v0.6.0
[INFO] [stderr]   Downloaded gd32vf103-pac v0.4.0
[INFO] running `Command { std: "docker" "create" "-v" "/var/lib/crater-agent-workspace/builds/worker-2-tc1/target:/opt/rustwide/target:rw,Z" "-v" "/var/lib/crater-agent-workspace/builds/worker-2-tc1/source:/opt/rustwide/workdir:ro,Z" "-v" "/var/lib/crater-agent-workspace/cargo-home:/opt/rustwide/cargo-home:ro,Z" "-v" "/var/lib/crater-agent-workspace/rustup-home:/opt/rustwide/rustup-home:ro,Z" "-e" "SOURCE_DIR=/opt/rustwide/workdir" "-e" "CARGO_TARGET_DIR=/opt/rustwide/target" "-e" "CARGO_HOME=/opt/rustwide/cargo-home" "-e" "RUSTUP_HOME=/opt/rustwide/rustup-home" "-w" "/opt/rustwide/workdir" "-m" "1610612736" "--user" "0:0" "--network" "none" "ghcr.io/rust-lang/crates-build-env/linux@sha256:5ff2268d62e97bff2cde7d5815dd6ed5b47097566f13b8d0ca110b04b60e07ed" "/opt/rustwide/cargo-home/bin/cargo" "+1.69.0" "metadata" "--no-deps" "--format-version=1", kill_on_drop: false }`
[INFO] [stdout] 5bc939bce98479419252ccc4bd3f1b2f66c683e71b01267e05a6bb807a9aaafc
[INFO] running `Command { std: "docker" "start" "-a" "5bc939bce98479419252ccc4bd3f1b2f66c683e71b01267e05a6bb807a9aaafc", kill_on_drop: false }`
[INFO] running `Command { std: "docker" "inspect" "5bc939bce98479419252ccc4bd3f1b2f66c683e71b01267e05a6bb807a9aaafc", kill_on_drop: false }`
[INFO] running `Command { std: "docker" "rm" "-f" "5bc939bce98479419252ccc4bd3f1b2f66c683e71b01267e05a6bb807a9aaafc", kill_on_drop: false }`
[INFO] [stdout] 5bc939bce98479419252ccc4bd3f1b2f66c683e71b01267e05a6bb807a9aaafc
[INFO] running `Command { std: "docker" "create" "-v" "/var/lib/crater-agent-workspace/builds/worker-2-tc1/target:/opt/rustwide/target:rw,Z" "-v" "/var/lib/crater-agent-workspace/builds/worker-2-tc1/source:/opt/rustwide/workdir:ro,Z" "-v" "/var/lib/crater-agent-workspace/cargo-home:/opt/rustwide/cargo-home:ro,Z" "-v" "/var/lib/crater-agent-workspace/rustup-home:/opt/rustwide/rustup-home:ro,Z" "-e" "SOURCE_DIR=/opt/rustwide/workdir" "-e" "CARGO_TARGET_DIR=/opt/rustwide/target" "-e" "CARGO_INCREMENTAL=0" "-e" "RUST_BACKTRACE=full" "-e" "RUSTFLAGS=--cap-lints=warn" "-e" "RUSTDOCFLAGS=--cap-lints=warn" "-e" "CARGO_HOME=/opt/rustwide/cargo-home" "-e" "RUSTUP_HOME=/opt/rustwide/rustup-home" "-w" "/opt/rustwide/workdir" "-m" "1610612736" "--user" "0:0" "--network" "none" "ghcr.io/rust-lang/crates-build-env/linux@sha256:5ff2268d62e97bff2cde7d5815dd6ed5b47097566f13b8d0ca110b04b60e07ed" "/opt/rustwide/cargo-home/bin/cargo" "+1.69.0" "build" "--frozen" "--message-format=json", kill_on_drop: false }`
[INFO] [stdout] 0413db0361484d7a891b7303bcdb9c77d7ede4bf6a997c388564e6f0bff839eb
[INFO] running `Command { std: "docker" "start" "-a" "0413db0361484d7a891b7303bcdb9c77d7ede4bf6a997c388564e6f0bff839eb", kill_on_drop: false }`
[INFO] [stderr]    Compiling memchr v2.5.0
[INFO] [stderr]    Compiling semver-parser v0.7.0
[INFO] [stderr]    Compiling regex-syntax v0.7.1
[INFO] [stderr]    Compiling semver v1.0.17
[INFO] [stderr]    Compiling lazy_static v1.4.0
[INFO] [stderr]    Compiling bit_field v0.10.2
[INFO] [stderr]    Compiling nb v1.1.0
[INFO] [stderr]    Compiling stable_deref_trait v1.2.0
[INFO] [stderr]    Compiling gd32vf103xx-hal v0.5.0 (/opt/rustwide/workdir)
[INFO] [stderr]    Compiling vcell v0.1.3
[INFO] [stderr]    Compiling void v1.0.2
[INFO] [stderr]    Compiling embedded-dma v0.1.2
[INFO] [stderr]    Compiling nb v0.1.3
[INFO] [stderr]    Compiling semver v0.9.0
[INFO] [stderr]    Compiling embedded-hal v0.2.7
[INFO] [stderr]    Compiling rustc_version v0.2.3
[INFO] [stderr]    Compiling aho-corasick v1.0.1
[INFO] [stderr]    Compiling bare-metal v0.2.5
[INFO] [stderr]    Compiling rustc_version v0.4.0
[INFO] [stderr]    Compiling cast v0.2.7
[INFO] [stderr]    Compiling regex v1.8.1
[INFO] [stderr]    Compiling riscv-target v0.1.2
[INFO] [stderr]    Compiling riscv v0.6.0
[INFO] [stderr]    Compiling gd32vf103-pac v0.4.0
[INFO] [stderr]     Finished dev [unoptimized + debuginfo] target(s) in 17.23s
[INFO] running `Command { std: "docker" "inspect" "0413db0361484d7a891b7303bcdb9c77d7ede4bf6a997c388564e6f0bff839eb", kill_on_drop: false }`
[INFO] running `Command { std: "docker" "rm" "-f" "0413db0361484d7a891b7303bcdb9c77d7ede4bf6a997c388564e6f0bff839eb", kill_on_drop: false }`
[INFO] [stdout] 0413db0361484d7a891b7303bcdb9c77d7ede4bf6a997c388564e6f0bff839eb
[INFO] running `Command { std: "docker" "create" "-v" "/var/lib/crater-agent-workspace/builds/worker-2-tc1/target:/opt/rustwide/target:rw,Z" "-v" "/var/lib/crater-agent-workspace/builds/worker-2-tc1/source:/opt/rustwide/workdir:ro,Z" "-v" "/var/lib/crater-agent-workspace/cargo-home:/opt/rustwide/cargo-home:ro,Z" "-v" "/var/lib/crater-agent-workspace/rustup-home:/opt/rustwide/rustup-home:ro,Z" "-e" "SOURCE_DIR=/opt/rustwide/workdir" "-e" "CARGO_TARGET_DIR=/opt/rustwide/target" "-e" "CARGO_INCREMENTAL=0" "-e" "RUST_BACKTRACE=full" "-e" "RUSTFLAGS=--cap-lints=warn" "-e" "RUSTDOCFLAGS=--cap-lints=warn" "-e" "CARGO_HOME=/opt/rustwide/cargo-home" "-e" "RUSTUP_HOME=/opt/rustwide/rustup-home" "-w" "/opt/rustwide/workdir" "-m" "1610612736" "--user" "0:0" "--network" "none" "ghcr.io/rust-lang/crates-build-env/linux@sha256:5ff2268d62e97bff2cde7d5815dd6ed5b47097566f13b8d0ca110b04b60e07ed" "/opt/rustwide/cargo-home/bin/cargo" "+1.69.0" "test" "--frozen" "--no-run" "--message-format=json", kill_on_drop: false }`
[INFO] [stdout] a369d4354fcaec1f7847417af7ee54a7e503d9a9fdd6de6cf4d4e35d669c605c
[INFO] running `Command { std: "docker" "start" "-a" "a369d4354fcaec1f7847417af7ee54a7e503d9a9fdd6de6cf4d4e35d669c605c", kill_on_drop: false }`
[INFO] [stderr]     Blocking waiting for file lock on package cache
[INFO] [stderr]    Compiling gd32vf103xx-hal v0.5.0 (/opt/rustwide/workdir)
[INFO] [stderr]     Finished test [unoptimized + debuginfo] target(s) in 2.14s
[INFO] running `Command { std: "docker" "inspect" "a369d4354fcaec1f7847417af7ee54a7e503d9a9fdd6de6cf4d4e35d669c605c", kill_on_drop: false }`
[INFO] running `Command { std: "docker" "rm" "-f" "a369d4354fcaec1f7847417af7ee54a7e503d9a9fdd6de6cf4d4e35d669c605c", kill_on_drop: false }`
[INFO] [stdout] a369d4354fcaec1f7847417af7ee54a7e503d9a9fdd6de6cf4d4e35d669c605c
[INFO] running `Command { std: "docker" "create" "-v" "/var/lib/crater-agent-workspace/builds/worker-2-tc1/target:/opt/rustwide/target:rw,Z" "-v" "/var/lib/crater-agent-workspace/builds/worker-2-tc1/source:/opt/rustwide/workdir:ro,Z" "-v" "/var/lib/crater-agent-workspace/cargo-home:/opt/rustwide/cargo-home:ro,Z" "-v" "/var/lib/crater-agent-workspace/rustup-home:/opt/rustwide/rustup-home:ro,Z" "-e" "SOURCE_DIR=/opt/rustwide/workdir" "-e" "CARGO_TARGET_DIR=/opt/rustwide/target" "-e" "CARGO_INCREMENTAL=0" "-e" "RUST_BACKTRACE=full" "-e" "RUSTFLAGS=--cap-lints=warn" "-e" "RUSTDOCFLAGS=--cap-lints=warn" "-e" "CARGO_HOME=/opt/rustwide/cargo-home" "-e" "RUSTUP_HOME=/opt/rustwide/rustup-home" "-w" "/opt/rustwide/workdir" "-m" "1610612736" "--user" "0:0" "--network" "none" "ghcr.io/rust-lang/crates-build-env/linux@sha256:5ff2268d62e97bff2cde7d5815dd6ed5b47097566f13b8d0ca110b04b60e07ed" "/opt/rustwide/cargo-home/bin/cargo" "+1.69.0" "test" "--frozen", kill_on_drop: false }`
[INFO] [stdout] f9a7edc62ca319f185eda35c3a0e994666bb6ce055c2bf5eed1749993a4ec625
[INFO] running `Command { std: "docker" "start" "-a" "f9a7edc62ca319f185eda35c3a0e994666bb6ce055c2bf5eed1749993a4ec625", kill_on_drop: false }`
[INFO] [stderr]     Finished test [unoptimized + debuginfo] target(s) in 0.01s
[INFO] [stderr]      Running unittests src/lib.rs (/opt/rustwide/target/debug/deps/gd32vf103xx_hal-cc0d6f5cb96e1afd)
[INFO] [stdout] 
[INFO] [stdout] running 0 tests
[INFO] [stdout] 
[INFO] [stdout] test result: ok. 0 passed; 0 failed; 0 ignored; 0 measured; 0 filtered out; finished in 0.00s
[INFO] [stdout] 
[INFO] [stderr]    Doc-tests gd32vf103xx-hal
[INFO] [stdout] 
[INFO] [stdout] running 5 tests
[INFO] [stdout] test src/adc.rs - adc::SetChannels (line 560) ... ignored
[INFO] [stdout] test src/pwm.rs - pwm::PwmTimer (line 130) - compile ... FAILED
[INFO] [stdout] test src/rtc.rs - rtc::Rtc::wait_alarm (line 178) ... FAILED
[INFO] [stdout] test src/exti.rs - exti::ExtiLine::from_gpio_line (line 29) - compile ... FAILED
[INFO] [stdout] test src/serial.rs - serial (line 7) ... FAILED
[INFO] [stdout] 
[INFO] [stdout] failures:
[INFO] [stdout] 
[INFO] [stdout] ---- src/pwm.rs - pwm::PwmTimer (line 130) stdout ----
[INFO] [stdout] error[E0689]: can't call method `hz` on ambiguous numeric type `{integer}`
[INFO] [stdout]   --> src/pwm.rs:153:23
[INFO] [stdout]    |
[INFO] [stdout] 26 | pwm_t0.set_period(100.hz());
[INFO] [stdout]    |                       ^^
[INFO] [stdout]    |
[INFO] [stdout] help: you must specify a concrete type for this numeric value, like `i32`
[INFO] [stdout]    |
[INFO] [stdout] 26 | pwm_t0.set_period(100_i32.hz());
[INFO] [stdout]    |                   ~~~~~~~
[INFO] [stdout] 
[INFO] [stdout] error: aborting due to previous error
[INFO] [stdout] 
[INFO] [stdout] For more information about this error, try `rustc --explain E0689`.
[INFO] [stdout] Couldn't compile the test.
[INFO] [stdout] ---- src/rtc.rs - rtc::Rtc::wait_alarm (line 178) stdout ----
[INFO] [stdout] error[E0425]: cannot find value `rtc` in this scope
[INFO] [stdout]  --> src/rtc.rs:181:1
[INFO] [stdout]   |
[INFO] [stdout] 5 | rtc.set_alarm(rtc.current_time() + 5);
[INFO] [stdout]   | ^^^ not found in this scope
[INFO] [stdout] 
[INFO] [stdout] error[E0425]: cannot find value `rtc` in this scope
[INFO] [stdout]  --> src/rtc.rs:181:15
[INFO] [stdout]   |
[INFO] [stdout] 5 | rtc.set_alarm(rtc.current_time() + 5);
[INFO] [stdout]   |               ^^^ not found in this scope
[INFO] [stdout] 
[INFO] [stdout] error[E0425]: cannot find value `rtc` in this scope
[INFO] [stdout]  --> src/rtc.rs:183:8
[INFO] [stdout]   |
[INFO] [stdout] 7 | block!(rtc.wait_alarm()).unwrap();
[INFO] [stdout]   |        ^^^ not found in this scope
[INFO] [stdout] 
[INFO] [stdout] error: aborting due to 3 previous errors
[INFO] [stdout] 
[INFO] [stdout] For more information about this error, try `rustc --explain E0425`.
[INFO] [stdout] Couldn't compile the test.
[INFO] [stdout] ---- src/exti.rs - exti::ExtiLine::from_gpio_line (line 29) stdout ----
[INFO] [stdout] error[E0433]: failed to resolve: use of undeclared type `TriggerEdge`
[INFO] [stdout]  --> src/exti.rs:31:23
[INFO] [stdout]   |
[INFO] [stdout] 4 | exti.listen(extiline, TriggerEdge::Falling);
[INFO] [stdout]   |                       ^^^^^^^^^^^ use of undeclared type `TriggerEdge`
[INFO] [stdout] 
[INFO] [stdout] error[E0425]: cannot find value `extiline` in this scope
[INFO] [stdout]  --> src/exti.rs:30:1
[INFO] [stdout]   |
[INFO] [stdout] 3 | extiline = ExtiLine::from_gpio_line(some_pin.pin_number()).unwrap();
[INFO] [stdout]   | ^^^^^^^^
[INFO] [stdout]   |
[INFO] [stdout] help: you might have meant to introduce a new binding
[INFO] [stdout]   |
[INFO] [stdout] 3 | let extiline = ExtiLine::from_gpio_line(some_pin.pin_number()).unwrap();
[INFO] [stdout]   | +++
[INFO] [stdout] 
[INFO] [stdout] error[E0433]: failed to resolve: use of undeclared type `ExtiLine`
[INFO] [stdout]  --> src/exti.rs:30:12
[INFO] [stdout]   |
[INFO] [stdout] 3 | extiline = ExtiLine::from_gpio_line(some_pin.pin_number()).unwrap();
[INFO] [stdout]   |            ^^^^^^^^ use of undeclared type `ExtiLine`
[INFO] [stdout]   |
[INFO] [stdout] help: consider importing this struct
[INFO] [stdout]   |
[INFO] [stdout] 2 | use gd32vf103xx_hal::exti::ExtiLine;
[INFO] [stdout]   |
[INFO] [stdout] 
[INFO] [stdout] error[E0425]: cannot find value `some_pin` in this scope
[INFO] [stdout]  --> src/exti.rs:30:37
[INFO] [stdout]   |
[INFO] [stdout] 3 | extiline = ExtiLine::from_gpio_line(some_pin.pin_number()).unwrap();
[INFO] [stdout]   |                                     ^^^^^^^^ not found in this scope
[INFO] [stdout] 
[INFO] [stdout] error[E0425]: cannot find value `exti` in this scope
[INFO] [stdout]  --> src/exti.rs:31:1
[INFO] [stdout]   |
[INFO] [stdout] 4 | exti.listen(extiline, TriggerEdge::Falling);
[INFO] [stdout]   | ^^^^ not found in this scope
[INFO] [stdout] 
[INFO] [stdout] error[E0425]: cannot find value `extiline` in this scope
[INFO] [stdout]  --> src/exti.rs:31:13
[INFO] [stdout]   |
[INFO] [stdout] 4 | exti.listen(extiline, TriggerEdge::Falling);
[INFO] [stdout]   |             ^^^^^^^^ not found in this scope
[INFO] [stdout] 
[INFO] [stdout] error: aborting due to 6 previous errors
[INFO] [stdout] 
[INFO] [stdout] Some errors have detailed explanations: E0425, E0433.
[INFO] [stdout] For more information about an error, try `rustc --explain E0425`.
[INFO] [stdout] Couldn't compile the test.
[INFO] [stdout] ---- src/serial.rs - serial (line 7) stdout ----
[INFO] [stdout] error: cannot find macro `block` in this scope
[INFO] [stdout]   --> src/serial.rs:29:1
[INFO] [stdout]    |
[INFO] [stdout] 24 | block!(tx.write(b'R')).ok();
[INFO] [stdout]    | ^^^^^
[INFO] [stdout]    |
[INFO] [stdout]    = help: consider importing this macro:
[INFO] [stdout]            nb::block
[INFO] [stdout] 
[INFO] [stdout] error: cannot find macro `block` in this scope
[INFO] [stdout]   --> src/serial.rs:31:16
[INFO] [stdout]    |
[INFO] [stdout] 26 | let received = block!(rx.read()).unwrap();
[INFO] [stdout]    |                ^^^^^
[INFO] [stdout]    |
[INFO] [stdout]    = help: consider importing this macro:
[INFO] [stdout]            nb::block
[INFO] [stdout] 
[INFO] [stdout] error[E0433]: failed to resolve: unresolved import
[INFO] [stdout]  --> src/serial.rs:9:16
[INFO] [stdout]   |
[INFO] [stdout] 4 | let p = crate::pac::Peripherals::take().unwrap();
[INFO] [stdout]   |                ^^^ unresolved import
[INFO] [stdout]   |
[INFO] [stdout] help: a similar path exists
[INFO] [stdout]   |
[INFO] [stdout] 4 | let p = crate::gd32vf103xx_hal::pac::Peripherals::take().unwrap();
[INFO] [stdout]   |                ~~~~~~~~~~~~~~~~~~~~
[INFO] [stdout] help: consider importing this struct
[INFO] [stdout]   |
[INFO] [stdout] 3 | use gd32vf103_pac::Peripherals;
[INFO] [stdout]   |
[INFO] [stdout] help: if you import `Peripherals`, refer to it directly
[INFO] [stdout]   |
[INFO] [stdout] 4 - let p = crate::pac::Peripherals::take().unwrap();
[INFO] [stdout] 4 + let p = Peripherals::take().unwrap();
[INFO] [stdout]   |
[INFO] [stdout] 
[INFO] [stdout] error[E0425]: cannot find value `rcu` in this scope
[INFO] [stdout]  --> src/serial.rs:10:38
[INFO] [stdout]   |
[INFO] [stdout] 5 | let mut afio = p.AFIO.constrain(&mut rcu);
[INFO] [stdout]   |                                      ^^^ not found in this scope
[INFO] [stdout] 
[INFO] [stdout] error[E0433]: failed to resolve: use of undeclared type `Serial`
[INFO] [stdout]   --> src/serial.rs:17:14
[INFO] [stdout]    |
[INFO] [stdout] 12 | let serial = Serial::new(
[INFO] [stdout]    |              ^^^^^^ use of undeclared type `Serial`
[INFO] [stdout]    |
[INFO] [stdout] help: consider importing this struct
[INFO] [stdout]    |
[INFO] [stdout] 3  | use gd32vf103xx_hal::serial::Serial;
[INFO] [stdout]    |
[INFO] [stdout] 
[INFO] [stdout] error[E0433]: failed to resolve: use of undeclared type `Config`
[INFO] [stdout]   --> src/serial.rs:20:4
[INFO] [stdout]    |
[INFO] [stdout] 15 |    Config::default().baudrate(9_600.bps()),
[INFO] [stdout]    |    ^^^^^^ use of undeclared type `Config`
[INFO] [stdout]    |
[INFO] [stdout] help: consider importing this struct
[INFO] [stdout]    |
[INFO] [stdout] 3  | use gd32vf103xx_hal::serial::Config;
[INFO] [stdout]    |
[INFO] [stdout] 
[INFO] [stdout] error[E0425]: cannot find value `rcu` in this scope
[INFO] [stdout]   --> src/serial.rs:22:9
[INFO] [stdout]    |
[INFO] [stdout] 17 |    &mut rcu,
[INFO] [stdout]    |         ^^^ not found in this scope
[INFO] [stdout] 
[INFO] [stdout] error[E0689]: can't call method `bps` on ambiguous numeric type `{integer}`
[INFO] [stdout]   --> src/serial.rs:20:37
[INFO] [stdout]    |
[INFO] [stdout] 15 |    Config::default().baudrate(9_600.bps()),
[INFO] [stdout]    |                                     ^^^
[INFO] [stdout]    |
[INFO] [stdout] help: you must specify a concrete type for this numeric value, like `i32`
[INFO] [stdout]    |
[INFO] [stdout] 15 |    Config::default().baudrate(9_600_i32.bps()),
[INFO] [stdout]    |                               ~~~~~~~~~
[INFO] [stdout] 
[INFO] [stdout] error: aborting due to 8 previous errors
[INFO] [stdout] 
[INFO] [stdout] Some errors have detailed explanations: E0425, E0433, E0689.
[INFO] [stdout] For more information about an error, try `rustc --explain E0425`.
[INFO] [stdout] Couldn't compile the test.
[INFO] [stdout] 
[INFO] [stdout] failures:
[INFO] [stdout]     src/exti.rs - exti::ExtiLine::from_gpio_line (line 29)
[INFO] [stdout]     src/pwm.rs - pwm::PwmTimer (line 130)
[INFO] [stdout]     src/rtc.rs - rtc::Rtc::wait_alarm (line 178)
[INFO] [stdout]     src/serial.rs - serial (line 7)
[INFO] [stdout] 
[INFO] [stdout] test result: FAILED. 0 passed; 4 failed; 1 ignored; 0 measured; 0 filtered out; finished in 0.14s
[INFO] [stdout] 
[INFO] [stderr] error: doctest failed, to rerun pass `--doc`
[INFO] running `Command { std: "docker" "inspect" "f9a7edc62ca319f185eda35c3a0e994666bb6ce055c2bf5eed1749993a4ec625", kill_on_drop: false }`
[INFO] running `Command { std: "docker" "rm" "-f" "f9a7edc62ca319f185eda35c3a0e994666bb6ce055c2bf5eed1749993a4ec625", kill_on_drop: false }`
[INFO] [stdout] f9a7edc62ca319f185eda35c3a0e994666bb6ce055c2bf5eed1749993a4ec625
