[INFO] fetching crate gd32-hal 0.0.1...
[INFO] testing gd32-hal-0.0.1 against 1.69.0 for beta-1.70-1
[INFO] extracting crate gd32-hal 0.0.1 into /workspace/builds/worker-7-tc1/source
[INFO] validating manifest of crates.io crate gd32-hal 0.0.1 on toolchain 1.69.0
[INFO] running `Command { std: CARGO_HOME="/workspace/cargo-home" RUSTUP_HOME="/workspace/rustup-home" "/workspace/cargo-home/bin/cargo" "+1.69.0" "metadata" "--manifest-path" "Cargo.toml" "--no-deps", kill_on_drop: false }`
[INFO] started tweaking crates.io crate gd32-hal 0.0.1
[INFO] finished tweaking crates.io crate gd32-hal 0.0.1
[INFO] tweaked toml for crates.io crate gd32-hal 0.0.1 written to /workspace/builds/worker-7-tc1/source/Cargo.toml
[INFO] running `Command { std: CARGO_HOME="/workspace/cargo-home" RUSTUP_HOME="/workspace/rustup-home" __CARGO_TEST_CHANNEL_OVERRIDE_DO_NOT_USE_THIS="nightly" "/workspace/cargo-home/bin/cargo" "+1.69.0" "generate-lockfile" "--manifest-path" "Cargo.toml" "-Zno-index-update", kill_on_drop: false }`
[INFO] running `Command { std: CARGO_HOME="/workspace/cargo-home" RUSTUP_HOME="/workspace/rustup-home" "/workspace/cargo-home/bin/cargo" "+1.69.0" "fetch" "--manifest-path" "Cargo.toml", kill_on_drop: false }`
[INFO] [stderr]  Downloading crates ...
[INFO] [stderr]   Downloaded gd32f3 v0.1.0-alpha.1
[INFO] running `Command { std: "docker" "create" "-v" "/var/lib/crater-agent-workspace/builds/worker-7-tc1/target:/opt/rustwide/target:rw,Z" "-v" "/var/lib/crater-agent-workspace/builds/worker-7-tc1/source:/opt/rustwide/workdir:ro,Z" "-v" "/var/lib/crater-agent-workspace/cargo-home:/opt/rustwide/cargo-home:ro,Z" "-v" "/var/lib/crater-agent-workspace/rustup-home:/opt/rustwide/rustup-home:ro,Z" "-e" "SOURCE_DIR=/opt/rustwide/workdir" "-e" "CARGO_TARGET_DIR=/opt/rustwide/target" "-e" "CARGO_HOME=/opt/rustwide/cargo-home" "-e" "RUSTUP_HOME=/opt/rustwide/rustup-home" "-w" "/opt/rustwide/workdir" "-m" "1610612736" "--user" "0:0" "--network" "none" "ghcr.io/rust-lang/crates-build-env/linux@sha256:5ff2268d62e97bff2cde7d5815dd6ed5b47097566f13b8d0ca110b04b60e07ed" "/opt/rustwide/cargo-home/bin/cargo" "+1.69.0" "metadata" "--no-deps" "--format-version=1", kill_on_drop: false }`
[INFO] [stdout] c7243db4a39c25b5fe930cc8ac6697dc4f170d01f33ba300107fd01b0286d40f
[INFO] running `Command { std: "docker" "start" "-a" "c7243db4a39c25b5fe930cc8ac6697dc4f170d01f33ba300107fd01b0286d40f", kill_on_drop: false }`
[INFO] running `Command { std: "docker" "inspect" "c7243db4a39c25b5fe930cc8ac6697dc4f170d01f33ba300107fd01b0286d40f", kill_on_drop: false }`
[INFO] running `Command { std: "docker" "rm" "-f" "c7243db4a39c25b5fe930cc8ac6697dc4f170d01f33ba300107fd01b0286d40f", kill_on_drop: false }`
[INFO] [stdout] c7243db4a39c25b5fe930cc8ac6697dc4f170d01f33ba300107fd01b0286d40f
[INFO] running `Command { std: "docker" "create" "-v" "/var/lib/crater-agent-workspace/builds/worker-7-tc1/target:/opt/rustwide/target:rw,Z" "-v" "/var/lib/crater-agent-workspace/builds/worker-7-tc1/source:/opt/rustwide/workdir:ro,Z" "-v" "/var/lib/crater-agent-workspace/cargo-home:/opt/rustwide/cargo-home:ro,Z" "-v" "/var/lib/crater-agent-workspace/rustup-home:/opt/rustwide/rustup-home:ro,Z" "-e" "SOURCE_DIR=/opt/rustwide/workdir" "-e" "CARGO_TARGET_DIR=/opt/rustwide/target" "-e" "CARGO_INCREMENTAL=0" "-e" "RUST_BACKTRACE=full" "-e" "RUSTFLAGS=--cap-lints=warn" "-e" "RUSTDOCFLAGS=--cap-lints=warn" "-e" "CARGO_HOME=/opt/rustwide/cargo-home" "-e" "RUSTUP_HOME=/opt/rustwide/rustup-home" "-w" "/opt/rustwide/workdir" "-m" "1610612736" "--user" "0:0" "--network" "none" "ghcr.io/rust-lang/crates-build-env/linux@sha256:5ff2268d62e97bff2cde7d5815dd6ed5b47097566f13b8d0ca110b04b60e07ed" "/opt/rustwide/cargo-home/bin/cargo" "+1.69.0" "build" "--frozen" "--message-format=json", kill_on_drop: false }`
[INFO] [stdout] b1663b9d5fb8e3a401eaecc82a409f99c5af1b479ffe462b31a39164ed38b4d0
[INFO] running `Command { std: "docker" "start" "-a" "b1663b9d5fb8e3a401eaecc82a409f99c5af1b479ffe462b31a39164ed38b4d0", kill_on_drop: false }`
[INFO] [stderr]    Compiling semver-parser v0.7.0
[INFO] [stderr]    Compiling num-traits v0.2.15
[INFO] [stderr]    Compiling cortex-m v0.7.7
[INFO] [stderr]    Compiling vcell v0.1.3
[INFO] [stderr]    Compiling void v1.0.2
[INFO] [stderr]    Compiling bitfield v0.13.2
[INFO] [stderr]    Compiling nb v0.1.3
[INFO] [stderr]    Compiling cast v0.2.7
[INFO] [stderr]    Compiling volatile-register v0.2.1
[INFO] [stderr]    Compiling embedded-hal v0.2.7
[INFO] [stderr]    Compiling semver v0.9.0
[INFO] [stderr]    Compiling rustc_version v0.2.3
[INFO] [stderr]    Compiling bare-metal v0.2.5
[INFO] [stderr]    Compiling num-integer v0.1.45
[INFO] [stderr]    Compiling chrono v0.4.24
[INFO] [stderr]    Compiling gd32-hal v0.0.1 (/opt/rustwide/workdir)
[INFO] [stdout] error[E0583]: file not found for module `dfsdm`
[INFO] [stdout]   --> src/lib.rs:80:1
[INFO] [stdout]    |
[INFO] [stdout] 80 | pub mod dfsdm;
[INFO] [stdout]    | ^^^^^^^^^^^^^^
[INFO] [stdout]    |
[INFO] [stdout]    = help: to create the module `dfsdm`, create file "src/dfsdm.rs" or "src/dfsdm/mod.rs"
[INFO] [stdout] 
[INFO] [stdout] 
[INFO] [stdout] error: This crate requires an MCU-specifying feature to be enabled. eg `l552`.
[INFO] [stdout]   --> src/lib.rs:22:1
[INFO] [stdout]    |
[INFO] [stdout] 22 | compile_error!("This crate requires an MCU-specifying feature to be enabled. eg `l552`.");
[INFO] [stdout]    | ^^^^^^^^^^^^^^^^^^^^^^^^^^^^^^^^^^^^^^^^^^^^^^^^^^^^^^^^^^^^^^^^^^^^^^^^^^^^^^^^^^^^^^^^^
[INFO] [stdout] 
[INFO] [stdout] 
[INFO] [stdout] error[E0432]: unresolved imports `crate::pac`, `crate::pac`
[INFO] [stdout]   --> src/gpio.rs:15:5
[INFO] [stdout]    |
[INFO] [stdout] 15 |     pac::{self, RCU},
[INFO] [stdout]    |     ^^^   ^^^^ no `pac` in the root
[INFO] [stdout]    |     |
[INFO] [stdout]    |     could not find `pac` in the crate root
[INFO] [stdout] 
[INFO] [stdout] 
[INFO] [stdout] error[E0433]: failed to resolve: could not find `pac` in the crate root
[INFO] [stdout]  --> src/util.rs:7:5
[INFO] [stdout]   |
[INFO] [stdout] 7 |     pac::{self, rcu::RegisterBlock},
[INFO] [stdout]   |     ^^^ could not find `pac` in the crate root
[INFO] [stdout] 
[INFO] [stdout] 
[INFO] [stdout] error[E0432]: unresolved imports `crate::clocks::Clocks`, `crate::pac`
[INFO] [stdout]  --> src/util.rs:6:5
[INFO] [stdout]   |
[INFO] [stdout] 6 |     clocks::Clocks,
[INFO] [stdout]   |     ^^^^^^^^^^^^^^ no `Clocks` in `clocks`
[INFO] [stdout] 7 |     pac::{self, rcu::RegisterBlock},
[INFO] [stdout]   |           ^^^^ no `pac` in the root
[INFO] [stdout] 
[INFO] [stdout] 
[INFO] [stdout] error[E0432]: unresolved import `crate::pac`
[INFO] [stdout]   --> src/util.rs:41:20
[INFO] [stdout]    |
[INFO] [stdout] 41 |         use crate::pac::ADC1;
[INFO] [stdout]    |                    ^^^ could not find `pac` in the crate root
[INFO] [stdout] 
[INFO] [stdout] 
[INFO] [stdout] error[E0433]: failed to resolve: could not find `pac` in the crate root
[INFO] [stdout]    --> src/gpio.rs:687:27
[INFO] [stdout]     |
[INFO] [stdout] 687 |         Port::A => crate::pac::GPIOA::ptr(),
[INFO] [stdout]     |                           ^^^ could not find `pac` in the crate root
[INFO] [stdout] 
[INFO] [stdout] 
[INFO] [stdout] error[E0433]: failed to resolve: could not find `pac` in the crate root
[INFO] [stdout]    --> src/gpio.rs:688:27
[INFO] [stdout]     |
[INFO] [stdout] 688 |         Port::B => crate::pac::GPIOB::ptr() as _,
[INFO] [stdout]     |                           ^^^ could not find `pac` in the crate root
[INFO] [stdout] 
[INFO] [stdout] 
[INFO] [stdout] error[E0433]: failed to resolve: could not find `pac` in the crate root
[INFO] [stdout]    --> src/gpio.rs:689:27
[INFO] [stdout]     |
[INFO] [stdout] 689 |         Port::C => crate::pac::GPIOC::ptr() as _,
[INFO] [stdout]     |                           ^^^ could not find `pac` in the crate root
[INFO] [stdout] 
[INFO] [stdout] 
[INFO] [stdout] error[E0433]: failed to resolve: could not find `pac` in the crate root
[INFO] [stdout]    --> src/gpio.rs:690:27
[INFO] [stdout]     |
[INFO] [stdout] 690 |         Port::D => crate::pac::GPIOD::ptr() as _,
[INFO] [stdout]     |                           ^^^ could not find `pac` in the crate root
[INFO] [stdout] 
[INFO] [stdout] 
[INFO] [stdout] error[E0433]: failed to resolve: could not find `pac` in the crate root
[INFO] [stdout]    --> src/gpio.rs:691:27
[INFO] [stdout]     |
[INFO] [stdout] 691 |         Port::E => crate::pac::GPIOE::ptr() as _,
[INFO] [stdout]     |                           ^^^ could not find `pac` in the crate root
[INFO] [stdout] 
[INFO] [stdout] 
[INFO] [stdout] error[E0433]: failed to resolve: could not find `pac` in the crate root
[INFO] [stdout]    --> src/gpio.rs:692:27
[INFO] [stdout]     |
[INFO] [stdout] 692 |         Port::F => crate::pac::GPIOF::ptr() as _,
[INFO] [stdout]     |                           ^^^ could not find `pac` in the crate root
[INFO] [stdout] 
[INFO] [stdout] 
[INFO] [stdout] error[E0433]: failed to resolve: could not find `pac` in the crate root
[INFO] [stdout]    --> src/gpio.rs:693:27
[INFO] [stdout]     |
[INFO] [stdout] 693 |         Port::G => crate::pac::GPIOG::ptr() as _,
[INFO] [stdout]     |                           ^^^ could not find `pac` in the crate root
[INFO] [stdout] 
[INFO] [stdout] 
[INFO] [stdout] warning: unused import: `rcu_en_reset`
[INFO] [stdout]   --> src/gpio.rs:16:5
[INFO] [stdout]    |
[INFO] [stdout] 16 |     rcu_en_reset, // todo?
[INFO] [stdout]    |     ^^^^^^^^^^^^
[INFO] [stdout]    |
[INFO] [stdout]    = note: `#[warn(unused_imports)]` on by default
[INFO] [stdout] 
[INFO] [stdout] 
[INFO] [stdout] warning: unused macro definition: `set_alt`
[INFO] [stdout]    --> src/gpio.rs:195:14
[INFO] [stdout]     |
[INFO] [stdout] 195 | macro_rules! set_alt {
[INFO] [stdout]     |              ^^^^^^^
[INFO] [stdout]     |
[INFO] [stdout]     = note: `#[warn(unused_macros)]` on by default
[INFO] [stdout] 
[INFO] [stdout] 
[INFO] [stdout] warning: unused macro definition: `set_exti`
[INFO] [stdout]    --> src/gpio.rs:245:14
[INFO] [stdout]     |
[INFO] [stdout] 245 | macro_rules! set_exti {
[INFO] [stdout]     |              ^^^^^^^^
[INFO] [stdout] 
[INFO] [stdout] 
[INFO] [stdout] warning: unused import: `core::ops::Deref`
[INFO] [stdout]  --> src/util.rs:3:5
[INFO] [stdout]   |
[INFO] [stdout] 3 | use core::ops::Deref;
[INFO] [stdout]   |     ^^^^^^^^^^^^^^^^
[INFO] [stdout] 
[INFO] [stdout] 
[INFO] [stdout] warning: unused import: `cortex_m::interrupt::free`
[INFO] [stdout]    --> src/lib.rs:244:5
[INFO] [stdout]     |
[INFO] [stdout] 244 | use cortex_m::interrupt::free;
[INFO] [stdout]     |     ^^^^^^^^^^^^^^^^^^^^^^^^^
[INFO] [stdout] 
[INFO] [stdout] 
[INFO] [stdout] error: aborting due to 13 previous errors; 5 warnings emitted
[INFO] [stdout] 
[INFO] [stdout] 
[INFO] [stdout] Some errors have detailed explanations: E0432, E0433, E0583.
[INFO] [stdout] 
[INFO] [stdout] For more information about an error, try `rustc --explain E0432`.
[INFO] [stdout] 
[INFO] [stderr] error: could not compile `gd32-hal` due to 14 previous errors; 5 warnings emitted
[INFO] running `Command { std: "docker" "inspect" "b1663b9d5fb8e3a401eaecc82a409f99c5af1b479ffe462b31a39164ed38b4d0", kill_on_drop: false }`
[INFO] running `Command { std: "docker" "rm" "-f" "b1663b9d5fb8e3a401eaecc82a409f99c5af1b479ffe462b31a39164ed38b4d0", kill_on_drop: false }`
[INFO] [stdout] b1663b9d5fb8e3a401eaecc82a409f99c5af1b479ffe462b31a39164ed38b4d0
