[INFO] fetching crate g_lib 0.2.0...
[INFO] testing g_lib-0.2.0 against 1.69.0 for beta-1.70-1
[INFO] extracting crate g_lib 0.2.0 into /workspace/builds/worker-2-tc1/source
[INFO] validating manifest of crates.io crate g_lib 0.2.0 on toolchain 1.69.0
[INFO] running `Command { std: CARGO_HOME="/workspace/cargo-home" RUSTUP_HOME="/workspace/rustup-home" "/workspace/cargo-home/bin/cargo" "+1.69.0" "metadata" "--manifest-path" "Cargo.toml" "--no-deps", kill_on_drop: false }`
[INFO] started tweaking crates.io crate g_lib 0.2.0
[INFO] finished tweaking crates.io crate g_lib 0.2.0
[INFO] tweaked toml for crates.io crate g_lib 0.2.0 written to /workspace/builds/worker-2-tc1/source/Cargo.toml
[INFO] running `Command { std: CARGO_HOME="/workspace/cargo-home" RUSTUP_HOME="/workspace/rustup-home" __CARGO_TEST_CHANNEL_OVERRIDE_DO_NOT_USE_THIS="nightly" "/workspace/cargo-home/bin/cargo" "+1.69.0" "generate-lockfile" "--manifest-path" "Cargo.toml" "-Zno-index-update", kill_on_drop: false }`
[INFO] running `Command { std: CARGO_HOME="/workspace/cargo-home" RUSTUP_HOME="/workspace/rustup-home" "/workspace/cargo-home/bin/cargo" "+1.69.0" "fetch" "--manifest-path" "Cargo.toml", kill_on_drop: false }`
[INFO] [stderr]  Downloading crates ...
[INFO] [stderr]   Downloaded sqlite3-sys v0.14.0
[INFO] [stderr]   Downloaded sqlite v0.30.4
[INFO] [stderr]   Downloaded sqlite3-src v0.4.0
[INFO] running `Command { std: "docker" "create" "-v" "/var/lib/crater-agent-workspace/builds/worker-2-tc1/target:/opt/rustwide/target:rw,Z" "-v" "/var/lib/crater-agent-workspace/builds/worker-2-tc1/source:/opt/rustwide/workdir:ro,Z" "-v" "/var/lib/crater-agent-workspace/cargo-home:/opt/rustwide/cargo-home:ro,Z" "-v" "/var/lib/crater-agent-workspace/rustup-home:/opt/rustwide/rustup-home:ro,Z" "-e" "SOURCE_DIR=/opt/rustwide/workdir" "-e" "CARGO_TARGET_DIR=/opt/rustwide/target" "-e" "CARGO_HOME=/opt/rustwide/cargo-home" "-e" "RUSTUP_HOME=/opt/rustwide/rustup-home" "-w" "/opt/rustwide/workdir" "-m" "1610612736" "--user" "0:0" "--network" "none" "ghcr.io/rust-lang/crates-build-env/linux@sha256:5ff2268d62e97bff2cde7d5815dd6ed5b47097566f13b8d0ca110b04b60e07ed" "/opt/rustwide/cargo-home/bin/cargo" "+1.69.0" "metadata" "--no-deps" "--format-version=1", kill_on_drop: false }`
[INFO] [stdout] 275cf4a5327ed0c7824800c92154b07f27b76dc71191a86a02c773018b67f3db
[INFO] running `Command { std: "docker" "start" "-a" "275cf4a5327ed0c7824800c92154b07f27b76dc71191a86a02c773018b67f3db", kill_on_drop: false }`
[INFO] running `Command { std: "docker" "inspect" "275cf4a5327ed0c7824800c92154b07f27b76dc71191a86a02c773018b67f3db", kill_on_drop: false }`
[INFO] running `Command { std: "docker" "rm" "-f" "275cf4a5327ed0c7824800c92154b07f27b76dc71191a86a02c773018b67f3db", kill_on_drop: false }`
[INFO] [stdout] 275cf4a5327ed0c7824800c92154b07f27b76dc71191a86a02c773018b67f3db
[INFO] running `Command { std: "docker" "create" "-v" "/var/lib/crater-agent-workspace/builds/worker-2-tc1/target:/opt/rustwide/target:rw,Z" "-v" "/var/lib/crater-agent-workspace/builds/worker-2-tc1/source:/opt/rustwide/workdir:ro,Z" "-v" "/var/lib/crater-agent-workspace/cargo-home:/opt/rustwide/cargo-home:ro,Z" "-v" "/var/lib/crater-agent-workspace/rustup-home:/opt/rustwide/rustup-home:ro,Z" "-e" "SOURCE_DIR=/opt/rustwide/workdir" "-e" "CARGO_TARGET_DIR=/opt/rustwide/target" "-e" "CARGO_INCREMENTAL=0" "-e" "RUST_BACKTRACE=full" "-e" "RUSTFLAGS=--cap-lints=warn" "-e" "RUSTDOCFLAGS=--cap-lints=warn" "-e" "CARGO_HOME=/opt/rustwide/cargo-home" "-e" "RUSTUP_HOME=/opt/rustwide/rustup-home" "-w" "/opt/rustwide/workdir" "-m" "1610612736" "--user" "0:0" "--network" "none" "ghcr.io/rust-lang/crates-build-env/linux@sha256:5ff2268d62e97bff2cde7d5815dd6ed5b47097566f13b8d0ca110b04b60e07ed" "/opt/rustwide/cargo-home/bin/cargo" "+1.69.0" "build" "--frozen" "--message-format=json", kill_on_drop: false }`
[INFO] [stdout] 6f7f658d819d7a2551ba522ca951f4e67adb087b2a3325105231ba5defd21b4b
[INFO] running `Command { std: "docker" "start" "-a" "6f7f658d819d7a2551ba522ca951f4e67adb087b2a3325105231ba5defd21b4b", kill_on_drop: false }`
[INFO] [stderr]    Compiling libc v0.2.142
[INFO] [stderr]    Compiling autocfg v1.1.0
[INFO] [stderr]    Compiling proc-macro2 v1.0.56
[INFO] [stderr]    Compiling quote v1.0.26
[INFO] [stderr]    Compiling unicode-ident v1.0.8
[INFO] [stderr]    Compiling scopeguard v1.1.0
[INFO] [stderr]    Compiling pkg-config v0.3.26
[INFO] [stderr]    Compiling pin-project-lite v0.2.9
[INFO] [stderr]    Compiling log v0.4.17
[INFO] [stderr]    Compiling futures-core v0.3.28
[INFO] [stderr]    Compiling memchr v2.5.0
[INFO] [stderr]    Compiling bytes v1.4.0
[INFO] [stderr]    Compiling lock_api v0.4.9
[INFO] [stderr]    Compiling once_cell v1.17.1
[INFO] [stderr]    Compiling smallvec v1.10.0
[INFO] [stderr]    Compiling parking_lot_core v0.9.7
[INFO] [stderr]    Compiling itoa v1.0.6
[INFO] [stderr]    Compiling tokio v1.28.0
[INFO] [stderr]    Compiling slab v0.4.8
[INFO] [stderr]    Compiling futures-task v0.3.28
[INFO] [stderr]    Compiling jobserver v0.1.26
[INFO] [stderr]    Compiling num_cpus v1.15.0
[INFO] [stderr]    Compiling syn v2.0.15
[INFO] [stderr]    Compiling socket2 v0.4.9
[INFO] [stderr]    Compiling cc v1.0.79
[INFO] [stderr]    Compiling mio v0.8.6
[INFO] [stderr]    Compiling signal-hook-registry v1.4.1
[INFO] [stderr]    Compiling futures-sink v0.3.28
[INFO] [stderr]    Compiling parking_lot v0.12.1
[INFO] [stderr]    Compiling syn v1.0.109
[INFO] [stderr]    Compiling getrandom v0.2.9
[INFO] [stderr]    Compiling tracing-core v0.1.30
[INFO] [stderr]    Compiling fnv v1.0.7
[INFO] [stderr]    Compiling crossbeam-utils v0.8.15
[INFO] [stderr]    Compiling futures-util v0.3.28
[INFO] [stderr]    Compiling http v0.2.9
[INFO] [stderr]    Compiling memoffset v0.8.0
[INFO] [stderr]    Compiling futures-io v0.3.28
[INFO] [stderr]    Compiling tracing v0.1.37
[INFO] [stderr]    Compiling openssl-sys v0.9.87
[INFO] [stderr]    Compiling simd-adler32 v0.3.5
[INFO] [stderr]    Compiling pin-utils v0.1.0
[INFO] [stderr]    Compiling crossbeam-epoch v0.9.14
[INFO] [stderr]    Compiling serde v1.0.160
[INFO] [stderr]    Compiling typenum v1.16.0
[INFO] [stderr]    Compiling adler v1.0.2
[INFO] [stderr]    Compiling generic-array v0.14.7
[INFO] [stderr]    Compiling indexmap v1.9.3
[INFO] [stderr]    Compiling crc32fast v1.3.2
[INFO] [stderr]    Compiling zstd-sys v2.0.8+zstd.1.5.5
[INFO] [stderr]    Compiling percent-encoding v2.2.0
[INFO] [stderr]    Compiling openssl v0.10.52
[INFO] [stderr]    Compiling foreign-types-shared v0.1.1
[INFO] [stderr]    Compiling tinyvec_macros v0.1.1
[INFO] [stderr]    Compiling httparse v1.8.0
[INFO] [stderr]    Compiling hashbrown v0.12.3
[INFO] [stderr]    Compiling rayon-core v1.11.0
[INFO] [stderr]    Compiling tinyvec v1.6.0
[INFO] [stderr]    Compiling foreign-types v0.3.2
[INFO] [stderr]    Compiling crossbeam-deque v0.8.3
[INFO] [stderr]    Compiling miniz_oxide v0.7.1
[INFO] [stderr]    Compiling crossbeam-channel v0.5.8
[INFO] [stderr]    Compiling native-tls v0.2.11
[INFO] [stderr]    Compiling paste v1.0.12
[INFO] [stderr]    Compiling httpdate v1.0.2
[INFO] [stderr]    Compiling flate2 v1.0.26
[INFO] [stderr]    Compiling unicode-normalization v0.1.22
[INFO] [stderr]    Compiling tokio-macros v2.1.0
[INFO] [stderr]    Compiling openssl-macros v0.1.1
[INFO] [stderr]    Compiling aho-corasick v1.0.1
[INFO] [stderr]    Compiling bytestring v1.3.0
[INFO] [stderr]    Compiling num-traits v0.2.15
[INFO] [stderr]    Compiling local-waker v0.1.3
[INFO] [stderr]    Compiling zstd-safe v6.0.5+zstd.1.5.4
[INFO] [stderr]    Compiling openssl-probe v0.1.5
[INFO] [stderr]    Compiling alloc-no-stdlib v2.0.4
[INFO] [stderr]    Compiling base64 v0.21.0
[INFO] [stderr]    Compiling unicode-bidi v0.3.13
[INFO] [stderr]    Compiling regex-syntax v0.7.1
[INFO] [stderr]    Compiling futures-channel v0.3.28
[INFO] [stderr]    Compiling idna v0.3.0
[INFO] [stderr]    Compiling alloc-stdlib v0.2.2
[INFO] [stderr]    Compiling pin-project-internal v1.0.12
[INFO] [stderr]    Compiling crypto-common v0.1.6
[INFO] [stderr]    Compiling block-buffer v0.10.4
[INFO] [stderr]    Compiling form_urlencoded v1.1.0
[INFO] [stderr]    Compiling sqlite3-src v0.4.0
[INFO] [stderr]    Compiling rand_core v0.6.4
[INFO] [stderr]    Compiling ahash v0.8.3
[INFO] [stderr]    Compiling num-integer v0.1.45
[INFO] [stderr]    Compiling ppv-lite86 v0.2.17
[INFO] [stderr]    Compiling regex v1.8.1
[INFO] [stderr]    Compiling serde_json v1.0.96
[INFO] [stderr]    Compiling ryu v1.0.13
[INFO] [stderr]    Compiling time-core v0.1.0
[INFO] [stderr]    Compiling try-lock v0.2.4
[INFO] [stderr]    Compiling mime v0.3.17
[INFO] [stderr]    Compiling either v1.8.1
[INFO] [stderr]    Compiling rayon v1.7.0
[INFO] [stderr]    Compiling time-macros v0.2.8
[INFO] [stderr]    Compiling want v0.3.0
[INFO] [stderr]    Compiling pin-project v1.0.12
[INFO] [stderr]    Compiling rand_chacha v0.3.1
[INFO] [stderr]    Compiling actix-service v2.0.2
[INFO] [stderr]    Compiling digest v0.10.6
[INFO] [stderr]    Compiling tokio-util v0.7.8
[INFO] [stderr]    Compiling actix-rt v2.8.0
[INFO] [stderr]    Compiling brotli-decompressor v2.3.4
[INFO] [stderr]    Compiling h2 v0.3.18
[INFO] [stderr]    Compiling actix-utils v3.0.1
[INFO] [stderr]    Compiling http-body v0.4.5
[INFO] [stderr]    Compiling nanorand v0.7.0
[INFO] [stderr]    Compiling spin v0.9.8
[INFO] [stderr]    Compiling cookie v0.16.2
[INFO] [stderr]    Compiling ahash v0.7.6
[INFO] [stderr]    Compiling num-rational v0.4.1
[INFO] [stderr]    Compiling encoding_rs v0.8.32
[INFO] [stderr]    Compiling tower-service v0.3.2
[INFO] [stderr]    Compiling cpufeatures v0.2.7
[INFO] [stderr]    Compiling weezl v0.1.7
[INFO] [stderr]    Compiling convert_case v0.4.0
[INFO] [stderr]    Compiling sha1 v0.10.5
[INFO] [stderr]    Compiling flume v0.10.14
[INFO] [stderr]    Compiling brotli v3.3.4
[INFO] [stderr]    Compiling jpeg-decoder v0.3.0
[INFO] [stderr]    Compiling derive_more v0.99.17
[INFO] [stderr]    Compiling time v0.3.20
[INFO] [stderr]    Compiling actix-codec v0.5.0
[INFO] [stderr]    Compiling tokio-native-tls v0.3.1
[INFO] [stderr]    Compiling rand v0.8.5
[INFO] [stderr]    Compiling actix-router v0.5.1
[INFO] [stderr]    Compiling serde_urlencoded v0.7.1
[INFO] [stderr]    Compiling url v2.3.1
[INFO] [stderr]    Compiling local-channel v0.1.3
[INFO] [stderr]    Compiling miniz_oxide v0.6.2
[INFO] [stderr]    Compiling hyper v0.14.26
[INFO] [stderr]    Compiling fdeflate v0.3.0
[INFO] [stderr]    Compiling zune-inflate v0.2.53
[INFO] [stderr]    Compiling half v2.2.1
[INFO] [stderr]    Compiling color_quant v1.1.0
[INFO] [stderr]    Compiling minimal-lexical v0.2.1
[INFO] [stderr]    Compiling bit_field v0.10.2
[INFO] [stderr]    Compiling lebe v0.5.2
[INFO] [stderr]    Compiling match_cfg v0.1.0
[INFO] [stderr]    Compiling bytemuck v1.13.1
[INFO] [stderr]    Compiling language-tags v0.3.2
[INFO] [stderr]    Compiling exr v1.6.3
[INFO] [stderr]    Compiling hostname v0.3.1
[INFO] [stderr]    Compiling qoi v0.4.1
[INFO] [stderr]    Compiling nom v7.1.3
[INFO] [stderr]    Compiling gif v0.12.0
[INFO] [stderr]    Compiling png v0.17.8
[INFO] [stderr]    Compiling actix-web-codegen v4.2.0
[INFO] [stderr]    Compiling sqlite3-sys v0.14.0
[INFO] [stderr]    Compiling tiff v0.8.1
[INFO] [stderr]    Compiling hyper-tls v0.5.0
[INFO] [stderr]    Compiling actix-server v2.2.0
[INFO] [stderr]    Compiling actix-macros v0.2.3
[INFO] [stderr]    Compiling email-encoding v0.2.0
[INFO] [stderr]    Compiling quoted_printable v0.4.8
[INFO] [stderr]    Compiling email_address v0.2.4
[INFO] [stderr]    Compiling byteorder v1.4.3
[INFO] [stderr]    Compiling ipnet v2.7.2
[INFO] [stderr]    Compiling fastrand v1.9.0
[INFO] [stderr]    Compiling sqlite v0.30.4
[INFO] [stderr]    Compiling image v0.24.6
[INFO] [stderr]    Compiling lettre v0.10.4
[INFO] [stderr]    Compiling reqwest v0.11.17
[INFO] [stderr]    Compiling zstd v0.12.3+zstd.1.5.2
[INFO] [stderr]    Compiling actix-http v3.3.1
[INFO] [stderr]    Compiling actix-web v4.3.1
[INFO] [stderr]    Compiling g_lib v0.2.0 (/opt/rustwide/workdir)
[INFO] [stderr]     Finished dev [unoptimized + debuginfo] target(s) in 2m 04s
[INFO] running `Command { std: "docker" "inspect" "6f7f658d819d7a2551ba522ca951f4e67adb087b2a3325105231ba5defd21b4b", kill_on_drop: false }`
[INFO] running `Command { std: "docker" "rm" "-f" "6f7f658d819d7a2551ba522ca951f4e67adb087b2a3325105231ba5defd21b4b", kill_on_drop: false }`
[INFO] [stdout] 6f7f658d819d7a2551ba522ca951f4e67adb087b2a3325105231ba5defd21b4b
[INFO] running `Command { std: "docker" "create" "-v" "/var/lib/crater-agent-workspace/builds/worker-2-tc1/target:/opt/rustwide/target:rw,Z" "-v" "/var/lib/crater-agent-workspace/builds/worker-2-tc1/source:/opt/rustwide/workdir:ro,Z" "-v" "/var/lib/crater-agent-workspace/cargo-home:/opt/rustwide/cargo-home:ro,Z" "-v" "/var/lib/crater-agent-workspace/rustup-home:/opt/rustwide/rustup-home:ro,Z" "-e" "SOURCE_DIR=/opt/rustwide/workdir" "-e" "CARGO_TARGET_DIR=/opt/rustwide/target" "-e" "CARGO_INCREMENTAL=0" "-e" "RUST_BACKTRACE=full" "-e" "RUSTFLAGS=--cap-lints=warn" "-e" "RUSTDOCFLAGS=--cap-lints=warn" "-e" "CARGO_HOME=/opt/rustwide/cargo-home" "-e" "RUSTUP_HOME=/opt/rustwide/rustup-home" "-w" "/opt/rustwide/workdir" "-m" "1610612736" "--user" "0:0" "--network" "none" "ghcr.io/rust-lang/crates-build-env/linux@sha256:5ff2268d62e97bff2cde7d5815dd6ed5b47097566f13b8d0ca110b04b60e07ed" "/opt/rustwide/cargo-home/bin/cargo" "+1.69.0" "test" "--frozen" "--no-run" "--message-format=json", kill_on_drop: false }`
[INFO] [stdout] 142d0fa9052416f200e6fe52e545b406e3187a377b366aad0dcdfe612bc20514
[INFO] running `Command { std: "docker" "start" "-a" "142d0fa9052416f200e6fe52e545b406e3187a377b366aad0dcdfe612bc20514", kill_on_drop: false }`
[INFO] [stderr]    Compiling g_lib v0.2.0 (/opt/rustwide/workdir)
[INFO] [stderr]     Finished test [unoptimized + debuginfo] target(s) in 1.47s
[INFO] running `Command { std: "docker" "inspect" "142d0fa9052416f200e6fe52e545b406e3187a377b366aad0dcdfe612bc20514", kill_on_drop: false }`
[INFO] running `Command { std: "docker" "rm" "-f" "142d0fa9052416f200e6fe52e545b406e3187a377b366aad0dcdfe612bc20514", kill_on_drop: false }`
[INFO] [stdout] 142d0fa9052416f200e6fe52e545b406e3187a377b366aad0dcdfe612bc20514
[INFO] running `Command { std: "docker" "create" "-v" "/var/lib/crater-agent-workspace/builds/worker-2-tc1/target:/opt/rustwide/target:rw,Z" "-v" "/var/lib/crater-agent-workspace/builds/worker-2-tc1/source:/opt/rustwide/workdir:ro,Z" "-v" "/var/lib/crater-agent-workspace/cargo-home:/opt/rustwide/cargo-home:ro,Z" "-v" "/var/lib/crater-agent-workspace/rustup-home:/opt/rustwide/rustup-home:ro,Z" "-e" "SOURCE_DIR=/opt/rustwide/workdir" "-e" "CARGO_TARGET_DIR=/opt/rustwide/target" "-e" "CARGO_INCREMENTAL=0" "-e" "RUST_BACKTRACE=full" "-e" "RUSTFLAGS=--cap-lints=warn" "-e" "RUSTDOCFLAGS=--cap-lints=warn" "-e" "CARGO_HOME=/opt/rustwide/cargo-home" "-e" "RUSTUP_HOME=/opt/rustwide/rustup-home" "-w" "/opt/rustwide/workdir" "-m" "1610612736" "--user" "0:0" "--network" "none" "ghcr.io/rust-lang/crates-build-env/linux@sha256:5ff2268d62e97bff2cde7d5815dd6ed5b47097566f13b8d0ca110b04b60e07ed" "/opt/rustwide/cargo-home/bin/cargo" "+1.69.0" "test" "--frozen", kill_on_drop: false }`
[INFO] [stdout] 28b3a00446ca6f2f460eb907b98083d63e72568e26812853e290aaafd0a6b469
[INFO] running `Command { std: "docker" "start" "-a" "28b3a00446ca6f2f460eb907b98083d63e72568e26812853e290aaafd0a6b469", kill_on_drop: false }`
[INFO] [stderr]     Finished test [unoptimized + debuginfo] target(s) in 0.17s
[INFO] [stderr]      Running unittests src/lib.rs (/opt/rustwide/target/debug/deps/g_lib-8303adf2adafb016)
[INFO] [stderr]    Doc-tests g_lib
[INFO] [stdout] 
[INFO] [stdout] running 0 tests
[INFO] [stdout] 
[INFO] [stdout] test result: ok. 0 passed; 0 failed; 0 ignored; 0 measured; 0 filtered out; finished in 0.00s
[INFO] [stdout] 
[INFO] [stdout] 
[INFO] [stdout] running 9 tests
[INFO] [stdout] test src/lib.rs - fs::Get_bFileInCurDir (line 275) ... FAILED
[INFO] [stdout] test src/lib.rs - SqlDb (line 760) ... FAILED
[INFO] [stdout] test src/lib.rs - fs::Get_sCurDir (line 244) ... FAILED
[INFO] [stdout] test src/lib.rs - fs::Get_sReadByFileName (line 266) ... FAILED
[INFO] [stdout] test src/lib.rs - fs::Set_CurDir (line 256) ... FAILED
[INFO] [stdout] test src/lib.rs - actix_web (line 1154) ... FAILED
[INFO] [stdout] test src/lib.rs - TcpServer (line 950) ... FAILED
[INFO] [stdout] test src/lib.rs - SplitString (line 1137) ... ok
[INFO] [stderr] error: doctest failed, to rerun pass `--doc`
[INFO] [stdout] test src/lib.rs - lettre (line 22) ... FAILED
[INFO] [stdout] 
[INFO] [stdout] failures:
[INFO] [stdout] 
[INFO] [stdout] ---- src/lib.rs - fs::Get_bFileInCurDir (line 275) stdout ----
[INFO] [stdout] error[E0425]: cannot find function, tuple struct or tuple variant `Get_bFileInDirectory` in module `g_lib::fs`
[INFO] [stdout]  --> src/lib.rs:276:24
[INFO] [stdout]   |
[INFO] [stdout] 4 | let bFile = g_lib::fs::Get_bFileInDirectory("MDA");
[INFO] [stdout]   |                        ^^^^^^^^^^^^^^^^^^^^ not found in `g_lib::fs`
[INFO] [stdout] 
[INFO] [stdout] error: aborting due to previous error
[INFO] [stdout] 
[INFO] [stdout] For more information about this error, try `rustc --explain E0425`.
[INFO] [stdout] Couldn't compile the test.
[INFO] [stdout] ---- src/lib.rs - SqlDb (line 760) stdout ----
[INFO] [stdout] error: expected `;`, found keyword `if`
[INFO] [stdout]   --> src/lib.rs:766:90
[INFO] [stdout]    |
[INFO] [stdout] 9  | let vRows = Db.execute_sQuery("SELECT * FROM {DbName} WHERE {ColumnName} LIKE\"%RUST%\"")
[INFO] [stdout]    |                                                                                          ^ help: add `;` here
[INFO] [stdout] 10 |  
[INFO] [stdout] 11 | if vRows.len() == 0 {
[INFO] [stdout]    | -- unexpected token
[INFO] [stdout] 
[INFO] [stdout] error: expected one of `,`, `.`, `?`, or an operator, found `g_lib`
[INFO] [stdout]   --> src/lib.rs:780:9
[INFO] [stdout]    |
[INFO] [stdout] 21 |         g_lib::SqlDb::Get_sValueFromDbRow("{ColumnName}", &vRows[u]).unwrap()
[INFO] [stdout]    |                                                                              - expected one of `,`, `.`, `?`, or an operator
[INFO] [stdout] 22 |         // OR
[INFO] [stdout] 23 |         g_lib::SqlDb::Get_iValueFromDbRow("{ColumnName}", &vRows[u]).unwrap()
[INFO] [stdout]    |         ^^^^^ unexpected token
[INFO] [stdout] 
[INFO] [stdout] error[E0425]: cannot find value `ColumnName` in this scope
[INFO] [stdout]  --> src/lib.rs:762:28
[INFO] [stdout]   |
[INFO] [stdout] 5 | let sCondition = format!("{ColumnName} Like \"%{}%\"", "Rust");
[INFO] [stdout]   |                            ^^^^^^^^^^ not found in this scope
[INFO] [stdout] 
[INFO] [stdout] error: aborting due to 3 previous errors
[INFO] [stdout] 
[INFO] [stdout] For more information about this error, try `rustc --explain E0425`.
[INFO] [stdout] Couldn't compile the test.
[INFO] [stdout] ---- src/lib.rs - fs::Get_sCurDir (line 244) stdout ----
[INFO] [stdout] error[E0425]: cannot find function, tuple struct or tuple variant `Get_sCurDir` in crate `g_lib`
[INFO] [stdout]  --> src/lib.rs:245:22
[INFO] [stdout]   |
[INFO] [stdout] 4 | let sCurDir = g_lib::Get_sCurDir();
[INFO] [stdout]   |                      ^^^^^^^^^^^ not found in `g_lib`
[INFO] [stdout]   |
[INFO] [stdout] help: consider importing this function
[INFO] [stdout]   |
[INFO] [stdout] 2 | use g_lib::fs::Get_sCurDir;
[INFO] [stdout]   |
[INFO] [stdout] help: if you import `Get_sCurDir`, refer to it directly
[INFO] [stdout]   |
[INFO] [stdout] 4 - let sCurDir = g_lib::Get_sCurDir();
[INFO] [stdout] 4 + let sCurDir = Get_sCurDir();
[INFO] [stdout]   |
[INFO] [stdout] 
[INFO] [stdout] error: aborting due to previous error
[INFO] [stdout] 
[INFO] [stdout] For more information about this error, try `rustc --explain E0425`.
[INFO] [stdout] Couldn't compile the test.
[INFO] [stdout] ---- src/lib.rs - fs::Get_sReadByFileName (line 266) stdout ----
[INFO] [stdout] error[E0425]: cannot find function, tuple struct or tuple variant `Get_sReadByFileName` in crate `g_lib`
[INFO] [stdout]  --> src/lib.rs:267:20
[INFO] [stdout]   |
[INFO] [stdout] 4 | let sRead = g_lib::Get_sReadByFileName("Rust.txt");
[INFO] [stdout]   |                    ^^^^^^^^^^^^^^^^^^^ not found in `g_lib`
[INFO] [stdout]   |
[INFO] [stdout] help: consider importing this function
[INFO] [stdout]   |
[INFO] [stdout] 2 | use g_lib::fs::Get_sReadByFileName;
[INFO] [stdout]   |
[INFO] [stdout] help: if you import `Get_sReadByFileName`, refer to it directly
[INFO] [stdout]   |
[INFO] [stdout] 4 - let sRead = g_lib::Get_sReadByFileName("Rust.txt");
[INFO] [stdout] 4 + let sRead = Get_sReadByFileName("Rust.txt");
[INFO] [stdout]   |
[INFO] [stdout] 
[INFO] [stdout] error: aborting due to previous error
[INFO] [stdout] 
[INFO] [stdout] For more information about this error, try `rustc --explain E0425`.
[INFO] [stdout] Couldn't compile the test.
[INFO] [stdout] ---- src/lib.rs - fs::Set_CurDir (line 256) stdout ----
[INFO] [stdout] error[E0425]: cannot find function, tuple struct or tuple variant `Set_sCurDir` in crate `g_lib`
[INFO] [stdout]  --> src/lib.rs:257:8
[INFO] [stdout]   |
[INFO] [stdout] 4 | g_lib::Set_sCurDir("A:\\Rust").unwrap();
[INFO] [stdout]   |        ^^^^^^^^^^^ not found in `g_lib`
[INFO] [stdout] 
[INFO] [stdout] error: aborting due to previous error
[INFO] [stdout] 
[INFO] [stdout] For more information about this error, try `rustc --explain E0425`.
[INFO] [stdout] Couldn't compile the test.
[INFO] [stdout] ---- src/lib.rs - actix_web (line 1154) stdout ----
[INFO] [stdout] error[E0583]: file not found for module `g_lib`
[INFO] [stdout]  --> src/lib.rs:1156:1
[INFO] [stdout]   |
[INFO] [stdout] 4 | mod g_lib;
[INFO] [stdout]   | ^^^^^^^^^^
[INFO] [stdout]   |
[INFO] [stdout]   = help: to create the module `g_lib`, create file "src/g_lib.rs" or "src/g_lib/mod.rs"
[INFO] [stdout] 
[INFO] [stdout] error[E0260]: the name `g_lib` is defined multiple times
[INFO] [stdout]  --> src/lib.rs:1156:1
[INFO] [stdout]   |
[INFO] [stdout] 3 | extern crate r#g_lib;
[INFO] [stdout]   | --------------------- previous import of the extern crate `g_lib` here
[INFO] [stdout] 4 | mod g_lib;
[INFO] [stdout]   | ^^^^^^^^^^ `g_lib` redefined here
[INFO] [stdout]   |
[INFO] [stdout]   = note: `g_lib` must be defined only once in the type namespace of this module
[INFO] [stdout] help: you can use `as` to change the binding name of the import
[INFO] [stdout]   |
[INFO] [stdout] 3 | extern crate g_lib as other_g_lib;
[INFO] [stdout]   |
[INFO] [stdout] 
[INFO] [stdout] error[E0433]: failed to resolve: use of undeclared crate or module `actix_session`
[INFO] [stdout]  --> src/lib.rs:1160:15
[INFO] [stdout]   |
[INFO] [stdout] 8 |     session: &actix_session::Session,
[INFO] [stdout]   |               ^^^^^^^^^^^^^ use of undeclared crate or module `actix_session`
[INFO] [stdout] 
[INFO] [stdout] error[E0433]: failed to resolve: could not find `Db` in `g_lib`
[INFO] [stdout]   --> src/lib.rs:1165:29
[INFO] [stdout]    |
[INFO] [stdout] 13 |             let Db = g_lib::Db::new("LogIn.sqlite3");
[INFO] [stdout]    |                             ^^ could not find `Db` in `g_lib`
[INFO] [stdout] 
[INFO] [stdout] error[E0433]: failed to resolve: could not find `Db` in `g_lib`
[INFO] [stdout]   --> src/lib.rs:1170:36
[INFO] [stdout]    |
[INFO] [stdout] 18 |             let sUserName = g_lib::Db::Get_sValueFromDbRow("sUserName", _Row).unwrap();
[INFO] [stdout]    |                                    ^^ could not find `Db` in `g_lib`
[INFO] [stdout] 
[INFO] [stdout] error[E0433]: failed to resolve: could not find `Db` in `g_lib`
[INFO] [stdout]   --> src/lib.rs:1171:37
[INFO] [stdout]    |
[INFO] [stdout] 19 |             let iUserPoint = g_lib::Db::Get_iValueFromDbRow("uUserPoint", _Row).unwrap();
[INFO] [stdout]    |                                     ^^ could not find `Db` in `g_lib`
[INFO] [stdout] 
[INFO] [stdout] error[E0433]: failed to resolve: could not find `Db` in `g_lib`
[INFO] [stdout]   --> src/lib.rs:1173:39
[INFO] [stdout]    |
[INFO] [stdout] 21 |             let sPhoneNumber = g_lib::Db::Get_sValueFromDbRow("sId", _Row).unwrap();
[INFO] [stdout]    |                                       ^^ could not find `Db` in `g_lib`
[INFO] [stdout] 
[INFO] [stdout] error[E0433]: failed to resolve: use of undeclared crate or module `actix_session`
[INFO] [stdout]   --> src/lib.rs:1187:14
[INFO] [stdout]    |
[INFO] [stdout] 35 |     session: actix_session::Session,
[INFO] [stdout]    |              ^^^^^^^^^^^^^ use of undeclared crate or module `actix_session`
[INFO] [stdout] 
[INFO] [stdout] error[E0433]: failed to resolve: use of undeclared crate or module `actix_session`
[INFO] [stdout]   --> src/lib.rs:1199:14
[INFO] [stdout]    |
[INFO] [stdout] 47 |     session: actix_session::Session,
[INFO] [stdout]    |              ^^^^^^^^^^^^^ use of undeclared crate or module `actix_session`
[INFO] [stdout] 
[INFO] [stdout] error[E0433]: failed to resolve: use of undeclared crate or module `actix_session`
[INFO] [stdout]   --> src/lib.rs:1210:14
[INFO] [stdout]    |
[INFO] [stdout] 58 |     session: actix_session::Session,
[INFO] [stdout]    |              ^^^^^^^^^^^^^ use of undeclared crate or module `actix_session`
[INFO] [stdout] 
[INFO] [stdout] error[E0433]: failed to resolve: use of undeclared crate or module `actix_session`
[INFO] [stdout]   --> src/lib.rs:1225:17
[INFO] [stdout]    |
[INFO] [stdout] 73 |                 actix_session::SessionMiddleware::builder(
[INFO] [stdout]    |                 ^^^^^^^^^^^^^ use of undeclared crate or module `actix_session`
[INFO] [stdout] 
[INFO] [stdout] error[E0433]: failed to resolve: use of undeclared crate or module `actix_session`
[INFO] [stdout]   --> src/lib.rs:1226:21
[INFO] [stdout]    |
[INFO] [stdout] 74 |                     actix_session::storage::CookieSessionStore::default(),
[INFO] [stdout]    |                     ^^^^^^^^^^^^^ use of undeclared crate or module `actix_session`
[INFO] [stdout] 
[INFO] [stdout] error[E0433]: failed to resolve: could not find `Key` in `cookie`
[INFO] [stdout]   --> src/lib.rs:1227:40
[INFO] [stdout]    |
[INFO] [stdout] 75 |                     actix_web::cookie::Key::from(&[0; 64]),
[INFO] [stdout]    |                                        ^^^ could not find `Key` in `cookie`
[INFO] [stdout] 
[INFO] [stdout] error[E0433]: failed to resolve: use of undeclared crate or module `actix_session`
[INFO] [stdout]   --> src/lib.rs:1232:21
[INFO] [stdout]    |
[INFO] [stdout] 80 |                     actix_session::config::PersistentSession::default()
[INFO] [stdout]    |                     ^^^^^^^^^^^^^ use of undeclared crate or module `actix_session`
[INFO] [stdout] 
[INFO] [stdout] error[E0412]: cannot find type `LogOut` in this scope
[INFO] [stdout]   --> src/lib.rs:1211:32
[INFO] [stdout]    |
[INFO] [stdout] 59 |     form: actix_web::web::Form<LogOut>,
[INFO] [stdout]    |                                ^^^^^^ not found in this scope
[INFO] [stdout]    |
[INFO] [stdout] help: you might be missing a type parameter
[INFO] [stdout]    |
[INFO] [stdout] 57 | async fn post_logout<LogOut>(
[INFO] [stdout]    |                     ++++++++
[INFO] [stdout] 
[INFO] [stdout] error[E0425]: cannot find function, tuple struct or tuple variant `Set_CurDir` in crate `g_lib`
[INFO] [stdout]   --> src/lib.rs:1221:12
[INFO] [stdout]    |
[INFO] [stdout] 69 |     g_lib::Set_CurDir("A:\\Rust").unwrap();
[INFO] [stdout]    |            ^^^^^^^^^^ not found in `g_lib`
[INFO] [stdout]    |
[INFO] [stdout] help: consider importing this function
[INFO] [stdout]    |
[INFO] [stdout] 3  | use g_lib::fs::Set_CurDir;
[INFO] [stdout]    |
[INFO] [stdout] help: if you import `Set_CurDir`, refer to it directly
[INFO] [stdout]    |
[INFO] [stdout] 69 -     g_lib::Set_CurDir("A:\\Rust").unwrap();
[INFO] [stdout] 69 +     Set_CurDir("A:\\Rust").unwrap();
[INFO] [stdout]    |
[INFO] [stdout] 
[INFO] [stdout] error: aborting due to 16 previous errors
[INFO] [stdout] 
[INFO] [stdout] Some errors have detailed explanations: E0260, E0412, E0425, E0433, E0583.
[INFO] [stdout] For more information about an error, try `rustc --explain E0260`.
[INFO] [stdout] Couldn't compile the test.
[INFO] [stdout] ---- src/lib.rs - TcpServer (line 950) stdout ----
[INFO] [stdout] warning: function `s2sFunc` should have a snake case name
[INFO] [stdout]  --> src/lib.rs:951:4
[INFO] [stdout]   |
[INFO] [stdout] 3 | fn s2sFunc(sInput : String) -> String {
[INFO] [stdout]   |    ^^^^^^^ help: convert the identifier to snake case: `s2s_func`
[INFO] [stdout]   |
[INFO] [stdout]   = note: `#[warn(non_snake_case)]` on by default
[INFO] [stdout] 
[INFO] [stdout] warning: variable `sInput` should have a snake case name
[INFO] [stdout]  --> src/lib.rs:951:12
[INFO] [stdout]   |
[INFO] [stdout] 3 | fn s2sFunc(sInput : String) -> String {
[INFO] [stdout]   |            ^^^^^^ help: convert the identifier to snake case: `s_input`
[INFO] [stdout] 
[INFO] [stdout] warning: variable `TCP_Server` should have a snake case name
[INFO] [stdout]  --> src/lib.rs:956:9
[INFO] [stdout]   |
[INFO] [stdout] 8 |     let TCP_Server = g_lib::TcpServer::new("127.0.0.1", 8000);
[INFO] [stdout]   |         ^^^^^^^^^^ help: convert the identifier to snake case: `tcp_server`
[INFO] [stdout] 
[INFO] [stdout] error: linking with `cc` failed: exit status: 1
[INFO] [stdout]   |
[INFO] [stdout]   = note: LC_ALL="C" PATH="/opt/rustwide/rustup-home/toolchains/1.69.0-x86_64-unknown-linux-gnu/lib/rustlib/x86_64-unknown-linux-gnu/bin:/opt/rustwide/cargo-home/bin:/usr/local/sbin:/usr/local/bin:/usr/sbin:/usr/bin:/sbin:/bin" VSLANG="1033" "cc" "-m64" "/tmp/rustc0M3VXq/symbols.o" "/tmp/rustdoctestYxSglZ/rust_out.rust_out.5bfee551-cgu.0.rcgu.o" "/tmp/rustdoctestYxSglZ/rust_out.j00p4ncf7xg64kg.rcgu.o" "-Wl,--as-needed" "-L" "/opt/rustwide/target/debug/deps" "-L" "/opt/rustwide/target/debug/deps" "-L" "/opt/rustwide/target/debug/build/zstd-sys-7737a1ac2e685834/out" "-L" "/usr/lib/x86_64-linux-gnu" "-L" "/opt/rustwide/rustup-home/toolchains/1.69.0-x86_64-unknown-linux-gnu/lib/rustlib/x86_64-unknown-linux-gnu/lib" "-Wl,-Bstatic" "/opt/rustwide/target/debug/deps/libg_lib-832fab047ee0182a.rlib" "/opt/rustwide/target/debug/deps/libactix_web-9256533ede43eecb.rlib" "/opt/rustwide/target/debug/deps/libcookie-8e8c28a56aec4fb3.rlib" "/opt/rustwide/target/debug/deps/libtime-00f71d26de8c54e5.rlib" "/opt/rustwide/target/debug/deps/libtime_core-4a74880e8761e797.rlib" "/opt/rustwide/target/debug/deps/libahash-7770377011322e5c.rlib" "/opt/rustwide/target/debug/deps/libactix_server-70f932b0d0c0bd25.rlib" "/opt/rustwide/target/debug/deps/libactix_router-dcaf9fb8ca1cdfcf.rlib" "/opt/rustwide/target/debug/deps/libregex-62f85974b4cf0dcb.rlib" "/opt/rustwide/target/debug/deps/libaho_corasick-6fc38c3e1c0e1b2d.rlib" "/opt/rustwide/target/debug/deps/libregex_syntax-6ee924d67e38f866.rlib" "/opt/rustwide/target/debug/deps/libactix_http-aa927d03e653943b.rlib" "/opt/rustwide/target/debug/deps/libbrotli-2e949c463485a6fc.rlib" "/opt/rustwide/target/debug/deps/libbrotli_decompressor-7648fee774a186dd.rlib" "/opt/rustwide/target/debug/deps/liballoc_stdlib-0681f3e9f8f60234.rlib" "/opt/rustwide/target/debug/deps/liballoc_no_stdlib-e9e4f4791a2e7578.rlib" "/opt/rustwide/target/debug/deps/libsha1-6898a93d8fb16ada.rlib" "/opt/rustwide/target/debug/deps/libcpufeatures-e143b41ca3b14af5.rlib" "/opt/rustwide/target/debug/deps/libdigest-6c582ead3dd6abff.rlib" "/opt/rustwide/target/debug/deps/libblock_buffer-0933e09cece281a1.rlib" "/opt/rustwide/target/debug/deps/libcrypto_common-5a97f1b230e1e099.rlib" "/opt/rustwide/target/debug/deps/libgeneric_array-f03e3e3fb3ca464f.rlib" "/opt/rustwide/target/debug/deps/libtypenum-d40a559dcc4c7492.rlib" "/opt/rustwide/target/debug/deps/liblocal_channel-0f493c6903cd7065.rlib" "/opt/rustwide/target/debug/deps/libbytestring-43d3b8619286c029.rlib" "/opt/rustwide/target/debug/deps/liblanguage_tags-8d18f3c1a6407e66.rlib" "/opt/rustwide/target/debug/deps/libahash-1efc4c0b2f94277c.rlib" "/opt/rustwide/target/debug/deps/libzstd-b8f01fbe42ab5ec5.rlib" "/opt/rustwide/target/debug/deps/libzstd_safe-2e7da07e9a94c18f.rlib" "/opt/rustwide/target/debug/deps/libzstd_sys-70db3d49c2dd3920.rlib" "/opt/rustwide/target/debug/deps/libactix_service-232d40ad8881fb2b.rlib" "/opt/rustwide/target/debug/deps/libactix_codec-d99c24e472ea9ef8.rlib" "/opt/rustwide/target/debug/deps/libactix_utils-2b72da41f86bcf6c.rlib" "/opt/rustwide/target/debug/deps/liblocal_waker-edfa738b74a05e33.rlib" "/opt/rustwide/target/debug/deps/libactix_rt-ca6930d3f806adcb.rlib" "/opt/rustwide/target/debug/deps/librand-084f3246c2aa62ea.rlib" "/opt/rustwide/target/debug/deps/librand_chacha-ed324da4fa3f8ae6.rlib" "/opt/rustwide/target/debug/deps/libppv_lite86-c3ad053967cc551c.rlib" "/opt/rustwide/target/debug/deps/librand_core-799e215070ad9e43.rlib" "/opt/rustwide/target/debug/deps/libsqlite-a6f844bd7a99433d.rlib" "/opt/rustwide/target/debug/deps/libsqlite3_sys-f35273f025f60e0c.rlib" "/opt/rustwide/target/debug/deps/libsqlite3_src-14bd32c893943ff1.rlib" "/opt/rustwide/target/debug/deps/libreqwest-01b3e6606ded792b.rlib" "/opt/rustwide/target/debug/deps/libhyper_tls-be74e6efcaa83afe.rlib" "/opt/rustwide/target/debug/deps/libipnet-c7c4785b48ce73f5.rlib" "/opt/rustwide/target/debug/deps/libtokio_native_tls-968ba7efb2f84018.rlib" "/opt/rustwide/target/debug/deps/libserde_urlencoded-53a1bd1a3bdd9b1e.rlib" "/opt/rustwide/target/debug/deps/libencoding_rs-73122f64baa7d749.rlib" "/opt/rustwide/target/debug/deps/libserde_json-be965df7f049c2a4.rlib" "/opt/rustwide/target/debug/deps/libryu-87a43729435ac998.rlib" "/opt/rustwide/target/debug/deps/libserde-ecff9e9bb5abe319.rlib" "/opt/rustwide/target/debug/deps/libhyper-45544d073f481e6c.rlib" "/opt/rustwide/target/debug/deps/libwant-ac7922456ffd1225.rlib" "/opt/rustwide/target/debug/deps/libtry_lock-ec51eacf97b087e9.rlib" "/opt/rustwide/target/debug/deps/libhttparse-30fefae29fd53c2e.rlib" "/opt/rustwide/target/debug/deps/libh2-ecde0d046071ed43.rlib" "/opt/rustwide/target/debug/deps/libindexmap-4a7e2da62b4b6cd1.rlib" "/opt/rustwide/target/debug/deps/libhashbrown-f669da50cece7aa5.rlib" "/opt/rustwide/target/debug/deps/libtokio_util-fcb6b66bed766c17.rlib" "/opt/rustwide/target/debug/deps/libtower_service-a82a463fea06a00e.rlib" "/opt/rustwide/target/debug/deps/libtracing-33b117de5f73d49b.rlib" "/opt/rustwide/target/debug/deps/libtracing_core-c0fd6ed0332359fa.rlib" "/opt/rustwide/target/debug/deps/libfutures_channel-9c01e1ce72b61406.rlib" "/opt/rustwide/target/debug/deps/libtokio-008c5e7302a50b78.rlib" "/opt/rustwide/target/debug/deps/libsignal_hook_registry-0519d59f93b4969e.rlib" "/opt/rustwide/target/debug/deps/libmio-a2d88e767ecbe46c.rlib" "/opt/rustwide/target/debug/deps/libparking_lot-0c8f9524b562c19b.rlib" "/opt/rustwide/target/debug/deps/libparking_lot_core-4c61bf1d0fb1d4ae.rlib" "/opt/rustwide/target/debug/deps/libhttp_body-1af96f59fded0cc1.rlib" "/opt/rustwide/target/debug/deps/libfutures_util-2f1006ad099a3566.rlib" "/opt/rustwide/target/debug/deps/libfutures_io-4614e9b19a26d89f.rlib" "/opt/rustwide/target/debug/deps/libslab-8bb798f134a0a9e7.rlib" "/opt/rustwide/target/debug/deps/libpin_project_lite-e66e1bab7310d569.rlib" "/opt/rustwide/target/debug/deps/libfutures_task-b59556b3c537ad98.rlib" "/opt/rustwide/target/debug/deps/libpin_utils-0d8eaf4ac0fcb221.rlib" "/opt/rustwide/target/debug/deps/liburl-25a81f6654f7c1c7.rlib" "/opt/rustwide/target/debug/deps/libform_urlencoded-4406ed733a551179.rlib" "/opt/rustwide/target/debug/deps/libpercent_encoding-5b4f3c280783d946.rlib" "/opt/rustwide/target/debug/deps/libhttp-1912e0b438bd2fae.rlib" "/opt/rustwide/target/debug/deps/libitoa-12e0c769e046c1b6.rlib" "/opt/rustwide/target/debug/deps/libbytes-e760d6ac9a2f6963.rlib" "/opt/rustwide/target/debug/deps/libfnv-41a559218f992797.rlib" "/opt/rustwide/target/debug/deps/libimage-ba0d3c9f4a349fbc.rlib" "/opt/rustwide/target/debug/deps/libqoi-288c1726cb55753b.rlib" "/opt/rustwide/target/debug/deps/libbytemuck-e34ceb31b250cef5.rlib" "/opt/rustwide/target/debug/deps/libpng-b36d39a8faf643c2.rlib" "/opt/rustwide/target/debug/deps/libfdeflate-03c42af96cd6eda6.rlib" "/opt/rustwide/target/debug/deps/libexr-f2533f6249a65e44.rlib" "/opt/rustwide/target/debug/deps/libflume-2e5f288f72512339.rlib" "/opt/rustwide/target/debug/deps/libspin-e5d1c7a08e404a72.rlib" "/opt/rustwide/target/debug/deps/liblock_api-68f9f4627da435ce.rlib" "/opt/rustwide/target/debug/deps/libpin_project-49eee2e9490cc6cf.rlib" "/opt/rustwide/target/debug/deps/libfutures_sink-0848eae0e91803d6.rlib" "/opt/rustwide/target/debug/deps/libfutures_core-6002dc2ff0ad2c7a.rlib" "/opt/rustwide/target/debug/deps/libnanorand-042df87924723dc3.rlib" "/opt/rustwide/target/debug/deps/libgetrandom-a20d2a3f7520b7ae.rlib" "/opt/rustwide/target/debug/deps/libminiz_oxide-cc55475cd2d98179.rlib" "/opt/rustwide/target/debug/deps/libadler-478247d24f5486f3.rlib" "/opt/rustwide/target/debug/deps/libzune_inflate-ebeaff374ce385b3.rlib" "/opt/rustwide/target/debug/deps/libbit_field-f8dac3ca5bbf9a37.rlib" "/opt/rustwide/target/debug/deps/liblebe-e0db7848fd0bd84d.rlib" "/opt/rustwide/target/debug/deps/libhalf-0ae4fd77684753d1.rlib" "/opt/rustwide/target/debug/deps/libsmallvec-22f2447eab0ca59b.rlib" "/opt/rustwide/target/debug/deps/libnum_rational-43cf7dc1504f1785.rlib" "/opt/rustwide/target/debug/deps/libnum_integer-8c06f5afb834bef5.rlib" "/opt/rustwide/target/debug/deps/libgif-44f9004d8308a43e.rlib" "/opt/rustwide/target/debug/deps/libcolor_quant-c4e6a74fd65e1c69.rlib" "/opt/rustwide/target/debug/deps/libbyteorder-50c19e9bd62c942c.rlib" "/opt/rustwide/target/debug/deps/libnum_traits-b237925f6bfbb7f7.rlib" "/opt/rustwide/target/debug/deps/libtiff-83d86c31224f3aaf.rlib" "/opt/rustwide/target/debug/deps/libflate2-f6f38fd92308d9a5.rlib" "/opt/rustwide/target/debug/deps/libminiz_oxide-2b021d447e118a88.rlib" "/opt/rustwide/target/debug/deps/libsimd_adler32-f35db90b7647f489.rlib" "/opt/rustwide/target/debug/deps/libcrc32fast-104e9b895f0c2d44.rlib" "/opt/rustwide/target/debug/deps/libweezl-b8d0d3d3ea86fdd3.rlib" "/opt/rustwide/target/debug/deps/libjpeg_decoder-ddbb606a0bb5b01a.rlib" "/opt/rustwide/target/debug/deps/librayon-fcf44988f44e78e3.rlib" "/opt/rustwide/target/debug/deps/librayon_core-fa6b572babd43de7.rlib" "/opt/rustwide/target/debug/deps/libnum_cpus-955db27608b22469.rlib" "/opt/rustwide/target/debug/deps/libcrossbeam_deque-c88c73a8dbd1207f.rlib" "/opt/rustwide/target/debug/deps/libcrossbeam_epoch-ce14d878c6b46754.rlib" "/opt/rustwide/target/debug/deps/libmemoffset-cc94e166f136fd4e.rlib" "/opt/rustwide/target/debug/deps/libscopeguard-f471875f675163b5.rlib" "/opt/rustwide/target/debug/deps/libcrossbeam_channel-c7cc992b117444ea.rlib" "/opt/rustwide/target/debug/deps/libcrossbeam_utils-3546b3b1c787b86b.rlib" "/opt/rustwide/target/debug/deps/libeither-e407352f1a2e3c73.rlib" "/opt/rustwide/target/debug/deps/liblettre-8f65300e550c3056.rlib" "/opt/rustwide/target/debug/deps/libhostname-372bb0c532b4b459.rlib" "/opt/rustwide/target/debug/deps/libmatch_cfg-651a26883f875ab2.rlib" "/opt/rustwide/target/debug/deps/libfastrand-36b5f93a51c81f9b.rlib" "/opt/rustwide/target/debug/deps/libquoted_printable-a1c40b2443e55a77.rlib" "/opt/rustwide/target/debug/deps/libnom-60dcca2002cf0f50.rlib" "/opt/rustwide/target/debug/deps/libsocket2-809776a880009f42.rlib" "/opt/rustwide/target/debug/deps/libnative_tls-2b715c85f7bb658c.rlib" "/opt/rustwide/target/debug/deps/libopenssl_probe-2d1cd15c290ad1de.rlib" "/opt/rustwide/target/debug/deps/libopenssl-4b7474287f537d67.rlib" "/opt/rustwide/target/debug/deps/libonce_cell-f612d2e59a7f3606.rlib" "/opt/rustwide/target/debug/deps/libbitflags-82cc2d155c6eb112.rlib" "/opt/rustwide/target/debug/deps/libforeign_types-f2b053f84105065c.rlib" "/opt/rustwide/target/debug/deps/libforeign_types_shared-48f8f1f9ea32d068.rlib" "/opt/rustwide/target/debug/deps/libopenssl_sys-1654a73e0cd112e6.rlib" "/opt/rustwide/target/debug/deps/liblibc-b7b14a0fe316ec96.rlib" "/opt/rustwide/target/debug/deps/liblog-b7002f1ab15c8d8b.rlib" "/opt/rustwide/target/debug/deps/libcfg_if-e5e118dd7d121aaa.rlib" "/opt/rustwide/target/debug/deps/libhttpdate-fbb447b85a38529c.rlib" "/opt/rustwide/target/debug/deps/libmime-a79fe19129dcd0fb.rlib" "/opt/rustwide/target/debug/deps/libemail_encoding-16b32ac2269820aa.rlib" "/opt/rustwide/target/debug/deps/libmemchr-b18e4aa3c7a38625.rlib" "/opt/rustwide/target/debug/deps/libbase64-8062ff4772a66de9.rlib" "/opt/rustwide/target/debug/deps/libidna-b865ee86652f4dd4.rlib" "/opt/rustwide/target/debug/deps/libunicode_normalization-65834209e2c3efa0.rlib" "/opt/rustwide/target/debug/deps/libtinyvec-4aa74f8a972e3d9d.rlib" "/opt/rustwide/target/debug/deps/libtinyvec_macros-8eb663675e81bb18.rlib" "/opt/rustwide/target/debug/deps/libunicode_bidi-df88d89b87cd1c3f.rlib" "/opt/rustwide/target/debug/deps/libemail_address-6b4ced7bdb03ea6e.rlib" "/opt/rustwide/rustup-home/toolchains/1.69.0-x86_64-unknown-linux-gnu/lib/rustlib/x86_64-unknown-linux-gnu/lib/libstd-89bc084783fdc439.rlib" "/opt/rustwide/rustup-home/toolchains/1.69.0-x86_64-unknown-linux-gnu/lib/rustlib/x86_64-unknown-linux-gnu/lib/libpanic_unwind-8bee4b287d4367c1.rlib" "/opt/rustwide/rustup-home/toolchains/1.69.0-x86_64-unknown-linux-gnu/lib/rustlib/x86_64-unknown-linux-gnu/lib/libobject-d61707aed80694c0.rlib" "/opt/rustwide/rustup-home/toolchains/1.69.0-x86_64-unknown-linux-gnu/lib/rustlib/x86_64-unknown-linux-gnu/lib/libmemchr-d85366256f22345b.rlib" "/opt/rustwide/rustup-home/toolchains/1.69.0-x86_64-unknown-linux-gnu/lib/rustlib/x86_64-unknown-linux-gnu/lib/libaddr2line-96069b86b8a8cae9.rlib" "/opt/rustwide/rustup-home/toolchains/1.69.0-x86_64-unknown-linux-gnu/lib/rustlib/x86_64-unknown-linux-gnu/lib/libgimli-d19d53abf68dfa6c.rlib" "/opt/rustwide/rustup-home/toolchains/1.69.0-x86_64-unknown-linux-gnu/lib/rustlib/x86_64-unknown-linux-gnu/lib/librustc_demangle-787cbccd19d64ac6.rlib" "/opt/rustwide/rustup-home/toolchains/1.69.0-x86_64-unknown-linux-gnu/lib/rustlib/x86_64-unknown-linux-gnu/lib/libstd_detect-b3837a36b830e0d0.rlib" "/opt/rustwide/rustup-home/toolchains/1.69.0-x86_64-unknown-linux-gnu/lib/rustlib/x86_64-unknown-linux-gnu/lib/libhashbrown-e3deb0e7e3f04966.rlib" "/opt/rustwide/rustup-home/toolchains/1.69.0-x86_64-unknown-linux-gnu/lib/rustlib/x86_64-unknown-linux-gnu/lib/libminiz_oxide-dabbb79c9815def4.rlib" "/opt/rustwide/rustup-home/toolchains/1.69.0-x86_64-unknown-linux-gnu/lib/rustlib/x86_64-unknown-linux-gnu/lib/libadler-305b01f34c9409f2.rlib" "/opt/rustwide/rustup-home/toolchains/1.69.0-x86_64-unknown-linux-gnu/lib/rustlib/x86_64-unknown-linux-gnu/lib/librustc_std_workspace_alloc-f833521df6074e73.rlib" "/opt/rustwide/rustup-home/toolchains/1.69.0-x86_64-unknown-linux-gnu/lib/rustlib/x86_64-unknown-linux-gnu/lib/libunwind-9ac333113350d171.rlib" "/opt/rustwide/rustup-home/toolchains/1.69.0-x86_64-unknown-linux-gnu/lib/rustlib/x86_64-unknown-linux-gnu/lib/libcfg_if-1c126114322d0eee.rlib" "/opt/rustwide/rustup-home/toolchains/1.69.0-x86_64-unknown-linux-gnu/lib/rustlib/x86_64-unknown-linux-gnu/lib/liblibc-bad9164fdeeecf92.rlib" "/opt/rustwide/rustup-home/toolchains/1.69.0-x86_64-unknown-linux-gnu/lib/rustlib/x86_64-unknown-linux-gnu/lib/liballoc-f9374b1e480fa681.rlib" "/opt/rustwide/rustup-home/toolchains/1.69.0-x86_64-unknown-linux-gnu/lib/rustlib/x86_64-unknown-linux-gnu/lib/librustc_std_workspace_core-207f06e41d9603af.rlib" "/opt/rustwide/rustup-home/toolchains/1.69.0-x86_64-unknown-linux-gnu/lib/rustlib/x86_64-unknown-linux-gnu/lib/libcore-7e2768e66e984e85.rlib" "/opt/rustwide/rustup-home/toolchains/1.69.0-x86_64-unknown-linux-gnu/lib/rustlib/x86_64-unknown-linux-gnu/lib/libcompiler_builtins-957b4aff41f8cd46.rlib" "-Wl,-Bdynamic" "-lsqlite3" "-lssl" "-lcrypto" "-lgcc_s" "-lutil" "-lrt" "-lpthread" "-lm" "-ldl" "-lc" "-Wl,--eh-frame-hdr" "-Wl,-z,noexecstack" "-L" "/opt/rustwide/rustup-home/toolchains/1.69.0-x86_64-unknown-linux-gnu/lib/rustlib/x86_64-unknown-linux-gnu/lib" "-o" "/tmp/rustdoctestYxSglZ/rust_out" "-Wl,--gc-sections" "-pie" "-Wl,-z,relro,-z,now" "-nodefaultlibs"
[INFO] [stdout]   = note: collect2: fatal error: ld terminated with signal 9 [Killed]
[INFO] [stdout]           compilation terminated.
[INFO] [stdout]           
[INFO] [stdout] 
[INFO] [stdout] error: aborting due to previous error; 3 warnings emitted
[INFO] [stdout] 
[INFO] [stdout] Couldn't compile the test.
[INFO] [stdout] ---- src/lib.rs - lettre (line 22) stdout ----
[INFO] [stdout] Test executable failed (exit status: 101).
[INFO] [stdout] 
[INFO] [stdout] stderr:
[INFO] [stdout] thread 'main' panicked at 'called `Result::unwrap()` on an `Err` value: "Err : lettre::MailSender.send : lettre::transport::smtp::Error { kind: Connection, source: Custom { kind: Uncategorized, error: \"failed to lookup address information: Temporary failure in name resolution\" } }"', src/lib.rs:9:5
[INFO] [stdout] stack backtrace:
[INFO] [stdout]    0:     0x55e332a62afa - std::backtrace_rs::backtrace::libunwind::trace::ha9053a9a07ca49cb
[INFO] [stdout]                                at /rustc/84c898d65adf2f39a5a98507f1fe0ce10a2b8dbc/library/std/src/../../backtrace/src/backtrace/libunwind.rs:93:5
[INFO] [stdout]    1:     0x55e332a62afa - std::backtrace_rs::backtrace::trace_unsynchronized::h9c2852a457ad564e
[INFO] [stdout]                                at /rustc/84c898d65adf2f39a5a98507f1fe0ce10a2b8dbc/library/std/src/../../backtrace/src/backtrace/mod.rs:66:5
[INFO] [stdout]    2:     0x55e332a62afa - std::sys_common::backtrace::_print_fmt::h457936fbfaa0070f
[INFO] [stdout]                                at /rustc/84c898d65adf2f39a5a98507f1fe0ce10a2b8dbc/library/std/src/sys_common/backtrace.rs:65:5
[INFO] [stdout]    3:     0x55e332a62afa - <std::sys_common::backtrace::_print::DisplayBacktrace as core::fmt::Display>::fmt::h5779d7bf7f70cb0c
[INFO] [stdout]                                at /rustc/84c898d65adf2f39a5a98507f1fe0ce10a2b8dbc/library/std/src/sys_common/backtrace.rs:44:22
[INFO] [stdout]    4:     0x55e332a8120e - core::fmt::write::h5a4baaff1bcd3eb5
[INFO] [stdout]                                at /rustc/84c898d65adf2f39a5a98507f1fe0ce10a2b8dbc/library/core/src/fmt/mod.rs:1232:17
[INFO] [stdout]    5:     0x55e332a602b5 - std::io::Write::write_fmt::h4bc1f301cb9e9cce
[INFO] [stdout]                                at /rustc/84c898d65adf2f39a5a98507f1fe0ce10a2b8dbc/library/std/src/io/mod.rs:1684:15
[INFO] [stdout]    6:     0x55e332a628c5 - std::sys_common::backtrace::_print::h5fcdc36060f177e8
[INFO] [stdout]                                at /rustc/84c898d65adf2f39a5a98507f1fe0ce10a2b8dbc/library/std/src/sys_common/backtrace.rs:47:5
[INFO] [stdout]    7:     0x55e332a628c5 - std::sys_common::backtrace::print::h54ca9458b876c8bf
[INFO] [stdout]                                at /rustc/84c898d65adf2f39a5a98507f1fe0ce10a2b8dbc/library/std/src/sys_common/backtrace.rs:34:9
[INFO] [stdout]    8:     0x55e332a6407f - std::panicking::default_hook::{{closure}}::hbe471161c7664ed6
[INFO] [stdout]                                at /rustc/84c898d65adf2f39a5a98507f1fe0ce10a2b8dbc/library/std/src/panicking.rs:271:22
[INFO] [stdout]    9:     0x55e332a63dbb - std::panicking::default_hook::ha3500da57aa4ac4f
[INFO] [stdout]                                at /rustc/84c898d65adf2f39a5a98507f1fe0ce10a2b8dbc/library/std/src/panicking.rs:290:9
[INFO] [stdout]   10:     0x55e332a64628 - std::panicking::rust_panic_with_hook::h50c09d000dc561d2
[INFO] [stdout]                                at /rustc/84c898d65adf2f39a5a98507f1fe0ce10a2b8dbc/library/std/src/panicking.rs:692:13
[INFO] [stdout]   11:     0x55e332a64529 - std::panicking::begin_panic_handler::{{closure}}::h9e2b2176e00e0d9c
[INFO] [stdout]                                at /rustc/84c898d65adf2f39a5a98507f1fe0ce10a2b8dbc/library/std/src/panicking.rs:583:13
[INFO] [stdout]   12:     0x55e332a62f66 - std::sys_common::backtrace::__rust_end_short_backtrace::h5739b8e512c09d02
[INFO] [stdout]                                at /rustc/84c898d65adf2f39a5a98507f1fe0ce10a2b8dbc/library/std/src/sys_common/backtrace.rs:150:18
[INFO] [stdout]   13:     0x55e332a64232 - rust_begin_unwind
[INFO] [stdout]                                at /rustc/84c898d65adf2f39a5a98507f1fe0ce10a2b8dbc/library/std/src/panicking.rs:579:5
[INFO] [stdout]   14:     0x55e332972923 - core::panicking::panic_fmt::hf33a1475b4dc5c3e
[INFO] [stdout]                                at /rustc/84c898d65adf2f39a5a98507f1fe0ce10a2b8dbc/library/core/src/panicking.rs:64:14
[INFO] [stdout]   15:     0x55e332972d13 - core::result::unwrap_failed::hdff5465d74574b44
[INFO] [stdout]                                at /rustc/84c898d65adf2f39a5a98507f1fe0ce10a2b8dbc/library/core/src/result.rs:1750:5
[INFO] [stdout]   16:     0x55e332973116 - core::result::Result<T,E>::unwrap::h1bcde8834a8ca96a
[INFO] [stdout]   17:     0x55e332973263 - rust_out::main::_doctest_main_src_lib_rs_22_0::h7052a8c6857dfa71
[INFO] [stdout]   18:     0x55e3329731b6 - rust_out::main::h045d0fd74ed7290e
[INFO] [stdout]   19:     0x55e332972ff3 - core::ops::function::FnOnce::call_once::h5b89dea722ea21ad
[INFO] [stdout]   20:     0x55e332972f79 - std::sys_common::backtrace::__rust_begin_short_backtrace::hc178e4cfacf1803d
[INFO] [stdout]   21:     0x55e332972fc9 - std::rt::lang_start::{{closure}}::he8c5d60628d06093
[INFO] [stdout]   22:     0x55e332a5da8c - core::ops::function::impls::<impl core::ops::function::FnOnce<A> for &F>::call_once::hd6efcd3bec896f2c
[INFO] [stdout]                                at /rustc/84c898d65adf2f39a5a98507f1fe0ce10a2b8dbc/library/core/src/ops/function.rs:287:13
[INFO] [stdout]   23:     0x55e332a5da8c - std::panicking::try::do_call::hce04e543bb1f4cbb
[INFO] [stdout]                                at /rustc/84c898d65adf2f39a5a98507f1fe0ce10a2b8dbc/library/std/src/panicking.rs:487:40
[INFO] [stdout]   24:     0x55e332a5da8c - std::panicking::try::h3342dd4e1f680968
[INFO] [stdout]                                at /rustc/84c898d65adf2f39a5a98507f1fe0ce10a2b8dbc/library/std/src/panicking.rs:451:19
[INFO] [stdout]   25:     0x55e332a5da8c - std::panic::catch_unwind::h148ce1e59ac0cee7
[INFO] [stdout]                                at /rustc/84c898d65adf2f39a5a98507f1fe0ce10a2b8dbc/library/std/src/panic.rs:140:14
[INFO] [stdout]   26:     0x55e332a5da8c - std::rt::lang_start_internal::{{closure}}::h25f9dda2057a67fe
[INFO] [stdout]                                at /rustc/84c898d65adf2f39a5a98507f1fe0ce10a2b8dbc/library/std/src/rt.rs:148:48
[INFO] [stdout]   27:     0x55e332a5da8c - std::panicking::try::do_call::h7caaaeaf9401650b
[INFO] [stdout]                                at /rustc/84c898d65adf2f39a5a98507f1fe0ce10a2b8dbc/library/std/src/panicking.rs:487:40
[INFO] [stdout]   28:     0x55e332a5da8c - std::panicking::try::he7d15285746cbbc2
[INFO] [stdout]                                at /rustc/84c898d65adf2f39a5a98507f1fe0ce10a2b8dbc/library/std/src/panicking.rs:451:19
[INFO] [stdout]   29:     0x55e332a5da8c - std::panic::catch_unwind::h89fb4f50c0301fe0
[INFO] [stdout]                                at /rustc/84c898d65adf2f39a5a98507f1fe0ce10a2b8dbc/library/std/src/panic.rs:140:14
[INFO] [stdout]   30:     0x55e332a5da8c - std::rt::lang_start_internal::h078acd489417d3c1
[INFO] [stdout]                                at /rustc/84c898d65adf2f39a5a98507f1fe0ce10a2b8dbc/library/std/src/rt.rs:148:20
[INFO] [stdout]   31:     0x55e332972fa7 - std::rt::lang_start::h335d6166ecad8ac7
[INFO] [stdout]   32:     0x55e3329732a5 - main
[INFO] [stdout]   33:     0x7fa2889d9d90 - <unknown>
[INFO] [stdout]   34:     0x7fa2889d9e40 - __libc_start_main
[INFO] [stdout]   35:     0x55e332972ea5 - _start
[INFO] [stdout]   36:                0x0 - <unknown>
[INFO] [stdout] 
[INFO] [stdout] 
[INFO] [stdout] 
[INFO] [stdout] failures:
[INFO] [stdout]     src/lib.rs - SqlDb (line 760)
[INFO] [stdout]     src/lib.rs - TcpServer (line 950)
[INFO] [stdout]     src/lib.rs - actix_web (line 1154)
[INFO] [stdout]     src/lib.rs - fs::Get_bFileInCurDir (line 275)
[INFO] [stdout]     src/lib.rs - fs::Get_sCurDir (line 244)
[INFO] [stdout]     src/lib.rs - fs::Get_sReadByFileName (line 266)
[INFO] [stdout]     src/lib.rs - fs::Set_CurDir (line 256)
[INFO] [stdout]     src/lib.rs - lettre (line 22)
[INFO] [stdout] 
[INFO] [stdout] test result: FAILED. 1 passed; 8 failed; 0 ignored; 0 measured; 0 filtered out; finished in 9.21s
[INFO] [stdout] 
[INFO] running `Command { std: "docker" "inspect" "28b3a00446ca6f2f460eb907b98083d63e72568e26812853e290aaafd0a6b469", kill_on_drop: false }`
[INFO] running `Command { std: "docker" "rm" "-f" "28b3a00446ca6f2f460eb907b98083d63e72568e26812853e290aaafd0a6b469", kill_on_drop: false }`
[INFO] [stdout] 28b3a00446ca6f2f460eb907b98083d63e72568e26812853e290aaafd0a6b469
