[INFO] fetching crate fvm-std 1.0.0...
[INFO] testing fvm-std-1.0.0 against 1.69.0 for beta-1.70-1
[INFO] extracting crate fvm-std 1.0.0 into /workspace/builds/worker-0-tc1/source
[INFO] validating manifest of crates.io crate fvm-std 1.0.0 on toolchain 1.69.0
[INFO] running `Command { std: CARGO_HOME="/workspace/cargo-home" RUSTUP_HOME="/workspace/rustup-home" "/workspace/cargo-home/bin/cargo" "+1.69.0" "metadata" "--manifest-path" "Cargo.toml" "--no-deps", kill_on_drop: false }`
[INFO] started tweaking crates.io crate fvm-std 1.0.0
[INFO] finished tweaking crates.io crate fvm-std 1.0.0
[INFO] tweaked toml for crates.io crate fvm-std 1.0.0 written to /workspace/builds/worker-0-tc1/source/Cargo.toml
[INFO] running `Command { std: CARGO_HOME="/workspace/cargo-home" RUSTUP_HOME="/workspace/rustup-home" __CARGO_TEST_CHANNEL_OVERRIDE_DO_NOT_USE_THIS="nightly" "/workspace/cargo-home/bin/cargo" "+1.69.0" "generate-lockfile" "--manifest-path" "Cargo.toml" "-Zno-index-update", kill_on_drop: false }`
[INFO] running `Command { std: CARGO_HOME="/workspace/cargo-home" RUSTUP_HOME="/workspace/rustup-home" "/workspace/cargo-home/bin/cargo" "+1.69.0" "fetch" "--manifest-path" "Cargo.toml", kill_on_drop: false }`
[INFO] running `Command { std: "docker" "create" "-v" "/var/lib/crater-agent-workspace/builds/worker-0-tc1/target:/opt/rustwide/target:rw,Z" "-v" "/var/lib/crater-agent-workspace/builds/worker-0-tc1/source:/opt/rustwide/workdir:ro,Z" "-v" "/var/lib/crater-agent-workspace/cargo-home:/opt/rustwide/cargo-home:ro,Z" "-v" "/var/lib/crater-agent-workspace/rustup-home:/opt/rustwide/rustup-home:ro,Z" "-e" "SOURCE_DIR=/opt/rustwide/workdir" "-e" "CARGO_TARGET_DIR=/opt/rustwide/target" "-e" "CARGO_HOME=/opt/rustwide/cargo-home" "-e" "RUSTUP_HOME=/opt/rustwide/rustup-home" "-w" "/opt/rustwide/workdir" "-m" "1610612736" "--user" "0:0" "--network" "none" "ghcr.io/rust-lang/crates-build-env/linux@sha256:5ff2268d62e97bff2cde7d5815dd6ed5b47097566f13b8d0ca110b04b60e07ed" "/opt/rustwide/cargo-home/bin/cargo" "+1.69.0" "metadata" "--no-deps" "--format-version=1", kill_on_drop: false }`
[INFO] [stdout] 350a6725841b7de076cba24f60db6e4601edc1667248829fcf14ed065e358366
[INFO] running `Command { std: "docker" "start" "-a" "350a6725841b7de076cba24f60db6e4601edc1667248829fcf14ed065e358366", kill_on_drop: false }`
[INFO] running `Command { std: "docker" "inspect" "350a6725841b7de076cba24f60db6e4601edc1667248829fcf14ed065e358366", kill_on_drop: false }`
[INFO] running `Command { std: "docker" "rm" "-f" "350a6725841b7de076cba24f60db6e4601edc1667248829fcf14ed065e358366", kill_on_drop: false }`
[INFO] [stdout] 350a6725841b7de076cba24f60db6e4601edc1667248829fcf14ed065e358366
[INFO] running `Command { std: "docker" "create" "-v" "/var/lib/crater-agent-workspace/builds/worker-0-tc1/target:/opt/rustwide/target:rw,Z" "-v" "/var/lib/crater-agent-workspace/builds/worker-0-tc1/source:/opt/rustwide/workdir:ro,Z" "-v" "/var/lib/crater-agent-workspace/cargo-home:/opt/rustwide/cargo-home:ro,Z" "-v" "/var/lib/crater-agent-workspace/rustup-home:/opt/rustwide/rustup-home:ro,Z" "-e" "SOURCE_DIR=/opt/rustwide/workdir" "-e" "CARGO_TARGET_DIR=/opt/rustwide/target" "-e" "CARGO_INCREMENTAL=0" "-e" "RUST_BACKTRACE=full" "-e" "RUSTFLAGS=--cap-lints=warn" "-e" "RUSTDOCFLAGS=--cap-lints=warn" "-e" "CARGO_HOME=/opt/rustwide/cargo-home" "-e" "RUSTUP_HOME=/opt/rustwide/rustup-home" "-w" "/opt/rustwide/workdir" "-m" "1610612736" "--user" "0:0" "--network" "none" "ghcr.io/rust-lang/crates-build-env/linux@sha256:5ff2268d62e97bff2cde7d5815dd6ed5b47097566f13b8d0ca110b04b60e07ed" "/opt/rustwide/cargo-home/bin/cargo" "+1.69.0" "build" "--frozen" "--message-format=json", kill_on_drop: false }`
[INFO] [stdout] 275248b83375a30abc77098e8b632543d58e0dddc54c40f482f98591d328435a
[INFO] running `Command { std: "docker" "start" "-a" "275248b83375a30abc77098e8b632543d58e0dddc54c40f482f98591d328435a", kill_on_drop: false }`
[INFO] [stderr]     Blocking waiting for file lock on package cache
[INFO] [stderr]    Compiling proc-macro2 v1.0.56
[INFO] [stderr]    Compiling unicode-ident v1.0.8
[INFO] [stderr]    Compiling quote v1.0.26
[INFO] [stderr]    Compiling syn v1.0.109
[INFO] [stderr]    Compiling autocfg v1.1.0
[INFO] [stderr]    Compiling serde_derive v1.0.160
[INFO] [stderr]    Compiling once_cell v1.17.1
[INFO] [stderr]    Compiling serde v1.0.160
[INFO] [stderr]    Compiling hashbrown v0.12.3
[INFO] [stderr]    Compiling toml_datetime v0.6.1
[INFO] [stderr]    Compiling indexmap v1.9.3
[INFO] [stderr]    Compiling winnow v0.4.4
[INFO] [stderr]    Compiling version_check v0.9.4
[INFO] [stderr]    Compiling cfg-if v1.0.0
[INFO] [stderr]    Compiling serde_json v1.0.96
[INFO] [stderr]    Compiling arrayvec v0.7.2
[INFO] [stderr]    Compiling byte-slice-cast v1.2.2
[INFO] [stderr]    Compiling ryu v1.0.13
[INFO] [stderr]    Compiling itoa v1.0.6
[INFO] [stderr]    Compiling static_assertions v1.1.0
[INFO] [stderr]    Compiling byteorder v1.4.3
[INFO] [stderr]    Compiling ahash v0.8.3
[INFO] [stderr]    Compiling fixed-hash v0.8.0
[INFO] [stderr]    Compiling syn v2.0.15
[INFO] [stderr]    Compiling hashbrown v0.13.2
[INFO] [stderr]    Compiling toml_edit v0.19.8
[INFO] [stderr]    Compiling proc-macro-crate v1.3.1
[INFO] [stderr]    Compiling borsh-derive-internal v0.10.3
[INFO] [stderr]    Compiling borsh-schema-derive-internal v0.10.3
[INFO] [stderr]    Compiling impl-trait-for-tuples v0.2.2
[INFO] [stderr]    Compiling parity-scale-codec-derive v3.1.4
[INFO] [stderr]    Compiling scale-info-derive v2.6.0
[INFO] [stderr]    Compiling derive_more v0.99.17
[INFO] [stderr]    Compiling parity-scale-codec v3.4.0
[INFO] [stderr]    Compiling toml v0.5.11
[INFO] [stderr]    Compiling scale-info v2.6.0
[INFO] [stderr]    Compiling proc-macro-crate v0.1.5
[INFO] [stderr]    Compiling borsh-derive v0.10.3
[INFO] [stderr]    Compiling borsh v0.10.3
[INFO] [stderr]    Compiling fvm-std v1.0.0 (/opt/rustwide/workdir)
[INFO] [stderr]     Finished dev [unoptimized + debuginfo] target(s) in 35.23s
[INFO] running `Command { std: "docker" "inspect" "275248b83375a30abc77098e8b632543d58e0dddc54c40f482f98591d328435a", kill_on_drop: false }`
[INFO] running `Command { std: "docker" "rm" "-f" "275248b83375a30abc77098e8b632543d58e0dddc54c40f482f98591d328435a", kill_on_drop: false }`
[INFO] [stdout] 275248b83375a30abc77098e8b632543d58e0dddc54c40f482f98591d328435a
[INFO] running `Command { std: "docker" "create" "-v" "/var/lib/crater-agent-workspace/builds/worker-0-tc1/target:/opt/rustwide/target:rw,Z" "-v" "/var/lib/crater-agent-workspace/builds/worker-0-tc1/source:/opt/rustwide/workdir:ro,Z" "-v" "/var/lib/crater-agent-workspace/cargo-home:/opt/rustwide/cargo-home:ro,Z" "-v" "/var/lib/crater-agent-workspace/rustup-home:/opt/rustwide/rustup-home:ro,Z" "-e" "SOURCE_DIR=/opt/rustwide/workdir" "-e" "CARGO_TARGET_DIR=/opt/rustwide/target" "-e" "CARGO_INCREMENTAL=0" "-e" "RUST_BACKTRACE=full" "-e" "RUSTFLAGS=--cap-lints=warn" "-e" "RUSTDOCFLAGS=--cap-lints=warn" "-e" "CARGO_HOME=/opt/rustwide/cargo-home" "-e" "RUSTUP_HOME=/opt/rustwide/rustup-home" "-w" "/opt/rustwide/workdir" "-m" "1610612736" "--user" "0:0" "--network" "none" "ghcr.io/rust-lang/crates-build-env/linux@sha256:5ff2268d62e97bff2cde7d5815dd6ed5b47097566f13b8d0ca110b04b60e07ed" "/opt/rustwide/cargo-home/bin/cargo" "+1.69.0" "test" "--frozen" "--no-run" "--message-format=json", kill_on_drop: false }`
[INFO] [stdout] 0ab3e6d4cb3b8bccb66296f902c55b57bd37b25dadbffe004d3cac84c4f52234
[INFO] running `Command { std: "docker" "start" "-a" "0ab3e6d4cb3b8bccb66296f902c55b57bd37b25dadbffe004d3cac84c4f52234", kill_on_drop: false }`
[INFO] [stderr]    Compiling fvm-std v1.0.0 (/opt/rustwide/workdir)
[INFO] [stdout] error[E0433]: failed to resolve: use of undeclared crate or module `fvm_mock`
[INFO] [stdout]    --> src/collections/hyper_map.rs:328:21
[INFO] [stdout]     |
[INFO] [stdout] 328 |         let _mock = fvm_mock::build_runtime();
[INFO] [stdout]     |                     ^^^^^^^^ use of undeclared crate or module `fvm_mock`
[INFO] [stdout] 
[INFO] [stdout] 
[INFO] [stdout] error[E0433]: failed to resolve: use of undeclared crate or module `fvm_mock`
[INFO] [stdout]    --> src/collections/hyper_map.rs:337:20
[INFO] [stdout]     |
[INFO] [stdout] 337 |         let mock = fvm_mock::build_runtime();
[INFO] [stdout]     |                    ^^^^^^^^ use of undeclared crate or module `fvm_mock`
[INFO] [stdout] 
[INFO] [stdout] 
[INFO] [stdout] error[E0433]: failed to resolve: use of undeclared crate or module `fvm_mock`
[INFO] [stdout]    --> src/collections/hyper_map.rs:348:21
[INFO] [stdout]     |
[INFO] [stdout] 348 |         let _mock = fvm_mock::build_runtime();
[INFO] [stdout]     |                     ^^^^^^^^ use of undeclared crate or module `fvm_mock`
[INFO] [stdout] 
[INFO] [stdout] 
[INFO] [stdout] error[E0433]: failed to resolve: use of undeclared crate or module `fvm_mock`
[INFO] [stdout]    --> src/collections/hyper_map.rs:364:20
[INFO] [stdout]     |
[INFO] [stdout] 364 |         let mock = fvm_mock::build_runtime();
[INFO] [stdout]     |                    ^^^^^^^^ use of undeclared crate or module `fvm_mock`
[INFO] [stdout] 
[INFO] [stdout] 
[INFO] [stdout] error[E0433]: failed to resolve: use of undeclared crate or module `fvm_mock`
[INFO] [stdout]    --> src/collections/hyper_map.rs:382:21
[INFO] [stdout]     |
[INFO] [stdout] 382 |         let _mock = fvm_mock::build_runtime();
[INFO] [stdout]     |                     ^^^^^^^^ use of undeclared crate or module `fvm_mock`
[INFO] [stdout] 
[INFO] [stdout] 
[INFO] [stdout] error[E0433]: failed to resolve: use of undeclared crate or module `fvm_mock`
[INFO] [stdout]    --> src/collections/hyper_map.rs:404:21
[INFO] [stdout]     |
[INFO] [stdout] 404 |         let _mock = fvm_mock::build_runtime();
[INFO] [stdout]     |                     ^^^^^^^^ use of undeclared crate or module `fvm_mock`
[INFO] [stdout] 
[INFO] [stdout] 
[INFO] [stdout] error[E0433]: failed to resolve: use of undeclared crate or module `fvm_mock`
[INFO] [stdout]    --> src/collections/hyper_map.rs:429:21
[INFO] [stdout]     |
[INFO] [stdout] 429 |         let _mock = fvm_mock::build_runtime();
[INFO] [stdout]     |                     ^^^^^^^^ use of undeclared crate or module `fvm_mock`
[INFO] [stdout] 
[INFO] [stdout] 
[INFO] [stdout] error[E0433]: failed to resolve: use of undeclared crate or module `fvm_mock`
[INFO] [stdout]    --> src/collections/hyper_list.rs:335:21
[INFO] [stdout]     |
[INFO] [stdout] 335 |         let _mock = fvm_mock::build_runtime();
[INFO] [stdout]     |                     ^^^^^^^^ use of undeclared crate or module `fvm_mock`
[INFO] [stdout] 
[INFO] [stdout] 
[INFO] [stdout] error[E0433]: failed to resolve: use of undeclared crate or module `fvm_mock`
[INFO] [stdout]    --> src/collections/hyper_list.rs:350:21
[INFO] [stdout]     |
[INFO] [stdout] 350 |         let _mock = fvm_mock::build_runtime();
[INFO] [stdout]     |                     ^^^^^^^^ use of undeclared crate or module `fvm_mock`
[INFO] [stdout] 
[INFO] [stdout] 
[INFO] [stdout] error[E0433]: failed to resolve: use of undeclared crate or module `fvm_mock`
[INFO] [stdout]    --> src/collections/hyper_list.rs:381:21
[INFO] [stdout]     |
[INFO] [stdout] 381 |         let _mock = fvm_mock::build_runtime();
[INFO] [stdout]     |                     ^^^^^^^^ use of undeclared crate or module `fvm_mock`
[INFO] [stdout] 
[INFO] [stdout] 
[INFO] [stdout] error[E0433]: failed to resolve: use of undeclared crate or module `fvm_mock`
[INFO] [stdout]    --> src/collections/hyper_list.rs:413:21
[INFO] [stdout]     |
[INFO] [stdout] 413 |         let _mock = fvm_mock::build_runtime();
[INFO] [stdout]     |                     ^^^^^^^^ use of undeclared crate or module `fvm_mock`
[INFO] [stdout] 
[INFO] [stdout] 
[INFO] [stdout] error[E0433]: failed to resolve: use of undeclared crate or module `fvm_mock`
[INFO] [stdout]   --> src/spread.rs:42:21
[INFO] [stdout]    |
[INFO] [stdout] 42 |         let _mock = fvm_mock::build_runtime();
[INFO] [stdout]    |                     ^^^^^^^^ use of undeclared crate or module `fvm_mock`
[INFO] [stdout] 
[INFO] [stdout] 
[INFO] [stdout] error: aborting due to 12 previous errors
[INFO] [stdout] 
[INFO] [stdout] 
[INFO] [stdout] For more information about this error, try `rustc --explain E0433`.
[INFO] [stdout] 
[INFO] [stderr] error: could not compile `fvm-std` due to 13 previous errors
[INFO] running `Command { std: "docker" "inspect" "0ab3e6d4cb3b8bccb66296f902c55b57bd37b25dadbffe004d3cac84c4f52234", kill_on_drop: false }`
[INFO] running `Command { std: "docker" "rm" "-f" "0ab3e6d4cb3b8bccb66296f902c55b57bd37b25dadbffe004d3cac84c4f52234", kill_on_drop: false }`
[INFO] [stdout] 0ab3e6d4cb3b8bccb66296f902c55b57bd37b25dadbffe004d3cac84c4f52234
