[INFO] fetching crate furse 1.5.9...
[INFO] testing furse-1.5.9 against 1.69.0 for beta-1.70-1
[INFO] extracting crate furse 1.5.9 into /workspace/builds/worker-5-tc1/source
[INFO] validating manifest of crates.io crate furse 1.5.9 on toolchain 1.69.0
[INFO] running `Command { std: CARGO_HOME="/workspace/cargo-home" RUSTUP_HOME="/workspace/rustup-home" "/workspace/cargo-home/bin/cargo" "+1.69.0" "metadata" "--manifest-path" "Cargo.toml" "--no-deps", kill_on_drop: false }`
[INFO] started tweaking crates.io crate furse 1.5.9
[INFO] finished tweaking crates.io crate furse 1.5.9
[INFO] tweaked toml for crates.io crate furse 1.5.9 written to /workspace/builds/worker-5-tc1/source/Cargo.toml
[INFO] running `Command { std: CARGO_HOME="/workspace/cargo-home" RUSTUP_HOME="/workspace/rustup-home" __CARGO_TEST_CHANNEL_OVERRIDE_DO_NOT_USE_THIS="nightly" "/workspace/cargo-home/bin/cargo" "+1.69.0" "generate-lockfile" "--manifest-path" "Cargo.toml" "-Zno-index-update", kill_on_drop: false }`
[INFO] running `Command { std: CARGO_HOME="/workspace/cargo-home" RUSTUP_HOME="/workspace/rustup-home" "/workspace/cargo-home/bin/cargo" "+1.69.0" "fetch" "--manifest-path" "Cargo.toml", kill_on_drop: false }`
[INFO] [stderr]  Downloading crates ...
[INFO] [stderr]   Downloaded murmur2 v0.1.0
[INFO] running `Command { std: "docker" "create" "-v" "/var/lib/crater-agent-workspace/builds/worker-5-tc1/target:/opt/rustwide/target:rw,Z" "-v" "/var/lib/crater-agent-workspace/builds/worker-5-tc1/source:/opt/rustwide/workdir:ro,Z" "-v" "/var/lib/crater-agent-workspace/cargo-home:/opt/rustwide/cargo-home:ro,Z" "-v" "/var/lib/crater-agent-workspace/rustup-home:/opt/rustwide/rustup-home:ro,Z" "-e" "SOURCE_DIR=/opt/rustwide/workdir" "-e" "CARGO_TARGET_DIR=/opt/rustwide/target" "-e" "CARGO_HOME=/opt/rustwide/cargo-home" "-e" "RUSTUP_HOME=/opt/rustwide/rustup-home" "-w" "/opt/rustwide/workdir" "-m" "1610612736" "--user" "0:0" "--network" "none" "ghcr.io/rust-lang/crates-build-env/linux@sha256:5ff2268d62e97bff2cde7d5815dd6ed5b47097566f13b8d0ca110b04b60e07ed" "/opt/rustwide/cargo-home/bin/cargo" "+1.69.0" "metadata" "--no-deps" "--format-version=1", kill_on_drop: false }`
[INFO] [stdout] dafd2634f1bde4c169cd4e84f03255465bf52dca75c46e15c05aef0a7f20d408
[INFO] running `Command { std: "docker" "start" "-a" "dafd2634f1bde4c169cd4e84f03255465bf52dca75c46e15c05aef0a7f20d408", kill_on_drop: false }`
[INFO] running `Command { std: "docker" "inspect" "dafd2634f1bde4c169cd4e84f03255465bf52dca75c46e15c05aef0a7f20d408", kill_on_drop: false }`
[INFO] running `Command { std: "docker" "rm" "-f" "dafd2634f1bde4c169cd4e84f03255465bf52dca75c46e15c05aef0a7f20d408", kill_on_drop: false }`
[INFO] [stdout] dafd2634f1bde4c169cd4e84f03255465bf52dca75c46e15c05aef0a7f20d408
[INFO] running `Command { std: "docker" "create" "-v" "/var/lib/crater-agent-workspace/builds/worker-5-tc1/target:/opt/rustwide/target:rw,Z" "-v" "/var/lib/crater-agent-workspace/builds/worker-5-tc1/source:/opt/rustwide/workdir:ro,Z" "-v" "/var/lib/crater-agent-workspace/cargo-home:/opt/rustwide/cargo-home:ro,Z" "-v" "/var/lib/crater-agent-workspace/rustup-home:/opt/rustwide/rustup-home:ro,Z" "-e" "SOURCE_DIR=/opt/rustwide/workdir" "-e" "CARGO_TARGET_DIR=/opt/rustwide/target" "-e" "CARGO_INCREMENTAL=0" "-e" "RUST_BACKTRACE=full" "-e" "RUSTFLAGS=--cap-lints=warn" "-e" "RUSTDOCFLAGS=--cap-lints=warn" "-e" "CARGO_HOME=/opt/rustwide/cargo-home" "-e" "RUSTUP_HOME=/opt/rustwide/rustup-home" "-w" "/opt/rustwide/workdir" "-m" "1610612736" "--user" "0:0" "--network" "none" "ghcr.io/rust-lang/crates-build-env/linux@sha256:5ff2268d62e97bff2cde7d5815dd6ed5b47097566f13b8d0ca110b04b60e07ed" "/opt/rustwide/cargo-home/bin/cargo" "+1.69.0" "build" "--frozen" "--message-format=json", kill_on_drop: false }`
[INFO] [stdout] b761e818d9565cd706ca82fa1dd268c9fdb07b18c68126cde253dd88378a30dc
[INFO] running `Command { std: "docker" "start" "-a" "b761e818d9565cd706ca82fa1dd268c9fdb07b18c68126cde253dd88378a30dc", kill_on_drop: false }`
[INFO] [stderr]    Compiling autocfg v1.1.0
[INFO] [stderr]    Compiling libc v0.2.142
[INFO] [stderr]    Compiling proc-macro2 v1.0.56
[INFO] [stderr]    Compiling cfg-if v1.0.0
[INFO] [stderr]    Compiling unicode-ident v1.0.8
[INFO] [stderr]    Compiling once_cell v1.17.1
[INFO] [stderr]    Compiling quote v1.0.26
[INFO] [stderr]    Compiling log v0.4.17
[INFO] [stderr]    Compiling cc v1.0.79
[INFO] [stderr]    Compiling pin-project-lite v0.2.9
[INFO] [stderr]    Compiling futures-core v0.3.28
[INFO] [stderr]    Compiling bytes v1.4.0
[INFO] [stderr]    Compiling tokio v1.28.0
[INFO] [stderr]    Compiling serde_derive v1.0.160
[INFO] [stderr]    Compiling spin v0.5.2
[INFO] [stderr]    Compiling untrusted v0.7.1
[INFO] [stderr]    Compiling itoa v1.0.6
[INFO] [stderr]    Compiling futures-task v0.3.28
[INFO] [stderr]    Compiling serde v1.0.160
[INFO] [stderr]    Compiling syn v2.0.15
[INFO] [stderr]    Compiling indexmap v1.9.3
[INFO] [stderr]    Compiling slab v0.4.8
[INFO] [stderr]    Compiling tracing-core v0.1.30
[INFO] [stderr]    Compiling fnv v1.0.7
[INFO] [stderr]    Compiling futures-util v0.3.28
[INFO] [stderr]    Compiling http v0.2.9
[INFO] [stderr]    Compiling mio v0.8.6
[INFO] [stderr]    Compiling ring v0.16.20
[INFO] [stderr]    Compiling socket2 v0.4.9
[INFO] [stderr]    Compiling httparse v1.8.0
[INFO] [stderr]    Compiling rustls v0.20.8
[INFO] [stderr]    Compiling tracing v0.1.37
[INFO] [stderr]    Compiling futures-channel v0.3.28
[INFO] [stderr]    Compiling futures-sink v0.3.28
[INFO] [stderr]    Compiling hashbrown v0.12.3
[INFO] [stderr]    Compiling pin-utils v0.1.0
[INFO] [stderr]    Compiling tinyvec_macros v0.1.1
[INFO] [stderr]    Compiling tinyvec v1.6.0
[INFO] [stderr]    Compiling num-traits v0.2.15
[INFO] [stderr]    Compiling try-lock v0.2.4
[INFO] [stderr]    Compiling percent-encoding v2.2.0
[INFO] [stderr]    Compiling want v0.3.0
[INFO] [stderr]    Compiling form_urlencoded v1.1.0
[INFO] [stderr]    Compiling unicode-normalization v0.1.22
[INFO] [stderr]    Compiling http-body v0.4.5
[INFO] [stderr]    Compiling num-integer v0.1.45
[INFO] [stderr]    Compiling unicode-bidi v0.3.13
[INFO] [stderr]    Compiling ryu v1.0.13
[INFO] [stderr]    Compiling serde_json v1.0.96
[INFO] [stderr]    Compiling tower-service v0.3.2
[INFO] [stderr]    Compiling httpdate v1.0.2
[INFO] [stderr]    Compiling idna v0.3.0
[INFO] [stderr]    Compiling base64 v0.21.0
[INFO] [stderr]    Compiling thiserror v1.0.40
[INFO] [stderr]    Compiling webpki v0.22.0
[INFO] [stderr]    Compiling sct v0.7.0
[INFO] [stderr]    Compiling webpki-roots v0.22.6
[INFO] [stderr]    Compiling rustls-pemfile v1.0.2
[INFO] [stderr]    Compiling thiserror-impl v1.0.40
[INFO] [stderr]    Compiling time v0.1.45
[INFO] [stderr]    Compiling encoding_rs v0.8.32
[INFO] [stderr]    Compiling tokio-util v0.7.8
[INFO] [stderr]    Compiling ipnet v2.7.2
[INFO] [stderr]    Compiling iana-time-zone v0.1.56
[INFO] [stderr]    Compiling h2 v0.3.18
[INFO] [stderr]    Compiling mime v0.3.17
[INFO] [stderr]    Compiling serde_repr v0.1.12
[INFO] [stderr]    Compiling murmur2 v0.1.0
[INFO] [stderr]    Compiling lazy_static v1.4.0
[INFO] [stderr]    Compiling tokio-rustls v0.23.4
[INFO] [stderr]    Compiling hyper v0.14.26
[INFO] [stderr]    Compiling hyper-rustls v0.23.2
[INFO] [stderr]    Compiling serde_urlencoded v0.7.1
[INFO] [stderr]    Compiling url v2.3.1
[INFO] [stderr]    Compiling chrono v0.4.24
[INFO] [stderr]    Compiling reqwest v0.11.17
[INFO] [stderr]    Compiling furse v1.5.9 (/opt/rustwide/workdir)
[INFO] [stderr]     Finished dev [unoptimized + debuginfo] target(s) in 54.76s
[INFO] running `Command { std: "docker" "inspect" "b761e818d9565cd706ca82fa1dd268c9fdb07b18c68126cde253dd88378a30dc", kill_on_drop: false }`
[INFO] running `Command { std: "docker" "rm" "-f" "b761e818d9565cd706ca82fa1dd268c9fdb07b18c68126cde253dd88378a30dc", kill_on_drop: false }`
[INFO] [stdout] b761e818d9565cd706ca82fa1dd268c9fdb07b18c68126cde253dd88378a30dc
[INFO] running `Command { std: "docker" "create" "-v" "/var/lib/crater-agent-workspace/builds/worker-5-tc1/target:/opt/rustwide/target:rw,Z" "-v" "/var/lib/crater-agent-workspace/builds/worker-5-tc1/source:/opt/rustwide/workdir:ro,Z" "-v" "/var/lib/crater-agent-workspace/cargo-home:/opt/rustwide/cargo-home:ro,Z" "-v" "/var/lib/crater-agent-workspace/rustup-home:/opt/rustwide/rustup-home:ro,Z" "-e" "SOURCE_DIR=/opt/rustwide/workdir" "-e" "CARGO_TARGET_DIR=/opt/rustwide/target" "-e" "CARGO_INCREMENTAL=0" "-e" "RUST_BACKTRACE=full" "-e" "RUSTFLAGS=--cap-lints=warn" "-e" "RUSTDOCFLAGS=--cap-lints=warn" "-e" "CARGO_HOME=/opt/rustwide/cargo-home" "-e" "RUSTUP_HOME=/opt/rustwide/rustup-home" "-w" "/opt/rustwide/workdir" "-m" "1610612736" "--user" "0:0" "--network" "none" "ghcr.io/rust-lang/crates-build-env/linux@sha256:5ff2268d62e97bff2cde7d5815dd6ed5b47097566f13b8d0ca110b04b60e07ed" "/opt/rustwide/cargo-home/bin/cargo" "+1.69.0" "test" "--frozen" "--no-run" "--message-format=json", kill_on_drop: false }`
[INFO] [stdout] ca0f7c2c9d481e153724d733ac1b2bdce3eaec0d6831343ab4125c6645bc6c37
[INFO] running `Command { std: "docker" "start" "-a" "ca0f7c2c9d481e153724d733ac1b2bdce3eaec0d6831343ab4125c6645bc6c37", kill_on_drop: false }`
[INFO] [stderr]    Compiling tokio v1.28.0
[INFO] [stderr]    Compiling num_cpus v1.15.0
[INFO] [stderr]    Compiling syn v2.0.15
[INFO] [stderr]    Compiling tokio-macros v2.1.0
[INFO] [stderr]    Compiling serde_derive v1.0.160
[INFO] [stderr]    Compiling thiserror-impl v1.0.40
[INFO] [stderr]    Compiling serde_repr v0.1.12
[INFO] [stderr]    Compiling thiserror v1.0.40
[INFO] [stderr]    Compiling serde v1.0.160
[INFO] [stderr]    Compiling tokio-util v0.7.8
[INFO] [stderr]    Compiling tokio-rustls v0.23.4
[INFO] [stderr]    Compiling h2 v0.3.18
[INFO] [stderr]    Compiling url v2.3.1
[INFO] [stderr]    Compiling serde_urlencoded v0.7.1
[INFO] [stderr]    Compiling serde_json v1.0.96
[INFO] [stderr]    Compiling chrono v0.4.24
[INFO] [stderr]    Compiling hyper v0.14.26
[INFO] [stderr]    Compiling hyper-rustls v0.23.2
[INFO] [stderr]    Compiling reqwest v0.11.17
[INFO] [stderr]    Compiling furse v1.5.9 (/opt/rustwide/workdir)
[INFO] [stderr]     Finished test [unoptimized + debuginfo] target(s) in 33.69s
[INFO] running `Command { std: "docker" "inspect" "ca0f7c2c9d481e153724d733ac1b2bdce3eaec0d6831343ab4125c6645bc6c37", kill_on_drop: false }`
[INFO] running `Command { std: "docker" "rm" "-f" "ca0f7c2c9d481e153724d733ac1b2bdce3eaec0d6831343ab4125c6645bc6c37", kill_on_drop: false }`
[INFO] [stdout] ca0f7c2c9d481e153724d733ac1b2bdce3eaec0d6831343ab4125c6645bc6c37
[INFO] running `Command { std: "docker" "create" "-v" "/var/lib/crater-agent-workspace/builds/worker-5-tc1/target:/opt/rustwide/target:rw,Z" "-v" "/var/lib/crater-agent-workspace/builds/worker-5-tc1/source:/opt/rustwide/workdir:ro,Z" "-v" "/var/lib/crater-agent-workspace/cargo-home:/opt/rustwide/cargo-home:ro,Z" "-v" "/var/lib/crater-agent-workspace/rustup-home:/opt/rustwide/rustup-home:ro,Z" "-e" "SOURCE_DIR=/opt/rustwide/workdir" "-e" "CARGO_TARGET_DIR=/opt/rustwide/target" "-e" "CARGO_INCREMENTAL=0" "-e" "RUST_BACKTRACE=full" "-e" "RUSTFLAGS=--cap-lints=warn" "-e" "RUSTDOCFLAGS=--cap-lints=warn" "-e" "CARGO_HOME=/opt/rustwide/cargo-home" "-e" "RUSTUP_HOME=/opt/rustwide/rustup-home" "-w" "/opt/rustwide/workdir" "-m" "1610612736" "--user" "0:0" "--network" "none" "ghcr.io/rust-lang/crates-build-env/linux@sha256:5ff2268d62e97bff2cde7d5815dd6ed5b47097566f13b8d0ca110b04b60e07ed" "/opt/rustwide/cargo-home/bin/cargo" "+1.69.0" "test" "--frozen", kill_on_drop: false }`
[INFO] [stdout] d0333dec427c7208e481d76cec1e54cbd67963020070d3062017ec9387fce723
[INFO] running `Command { std: "docker" "start" "-a" "d0333dec427c7208e481d76cec1e54cbd67963020070d3062017ec9387fce723", kill_on_drop: false }`
[INFO] [stderr]     Finished test [unoptimized + debuginfo] target(s) in 0.11s
[INFO] [stderr]      Running unittests src/lib.rs (/opt/rustwide/target/debug/deps/furse-b19ee543277c020f)
[INFO] [stdout] 
[INFO] [stdout] running 0 tests
[INFO] [stdout] 
[INFO] [stdout] test result: ok. 0 passed; 0 failed; 0 ignored; 0 measured; 0 filtered out; finished in 0.00s
[INFO] [stdout] 
[INFO] [stderr]    Doc-tests furse
[INFO] [stdout] 
[INFO] [stdout] running 11 tests
[INFO] [stdout] test src/api_calls/file_calls.rs - api_calls::file_calls::Furse::file_download_url (line 86) ... FAILED
[INFO] [stdout] test src/api_calls/mod_calls.rs - api_calls::mod_calls::Furse::get_mod_description (line 61) ... FAILED
[INFO] [stdout] test src/api_calls/file_calls.rs - api_calls::file_calls::Furse::get_mod_file (line 33) ... FAILED
[INFO] [stdout] test src/api_calls/file_calls.rs - api_calls::file_calls::Furse::get_files (line 115) ... FAILED
[INFO] [stdout] test src/api_calls/mod_calls.rs - api_calls::mod_calls::Furse::get_mod (line 12) ... FAILED
[INFO] [stdout] test src/api_calls/file_calls.rs - api_calls::file_calls::Furse::get_mod_files (line 11) ... FAILED
[INFO] [stdout] test src/api_calls/mod_calls.rs - api_calls::mod_calls::Furse::get_mods (line 32) ... FAILED
[INFO] [stdout] test src/lib.rs - Furse (line 40) ... FAILED
[INFO] [stdout] test src/lib.rs - Furse::new (line 61) ... FAILED
[INFO] [stdout] test src/api_calls/file_calls.rs - api_calls::file_calls::Furse::get_mod_file_changelog (line 59) ... FAILED
[INFO] [stdout] test src/api_calls/fingerprint_calls.rs - api_calls::fingerprint_calls::Furse::get_fingerprint_matches (line 23) ... FAILED
[INFO] [stdout] 
[INFO] [stdout] failures:
[INFO] [stdout] 
[INFO] [stdout] ---- src/api_calls/file_calls.rs - api_calls::file_calls::Furse::file_download_url (line 86) stdout ----
[INFO] [stdout] error: environment variable `CURSEFORGE_API_KEY` not defined at compile time
[INFO] [stdout]  --> src/api_calls/file_calls.rs:89:36
[INFO] [stdout]   |
[INFO] [stdout] 5 | let curseforge = furse::Furse::new(env!("CURSEFORGE_API_KEY"));
[INFO] [stdout]   |                                    ^^^^^^^^^^^^^^^^^^^^^^^^^^
[INFO] [stdout]   |
[INFO] [stdout]   = help: Use `std::env::var("CURSEFORGE_API_KEY")` to read the variable at run time
[INFO] [stdout]   = note: this error originates in the macro `env` (in Nightly builds, run with -Z macro-backtrace for more info)
[INFO] [stdout] 
[INFO] [stdout] error: aborting due to previous error
[INFO] [stdout] 
[INFO] [stdout] Couldn't compile the test.
[INFO] [stdout] ---- src/api_calls/mod_calls.rs - api_calls::mod_calls::Furse::get_mod_description (line 61) stdout ----
[INFO] [stdout] error: environment variable `CURSEFORGE_API_KEY` not defined at compile time
[INFO] [stdout]  --> src/api_calls/mod_calls.rs:64:36
[INFO] [stdout]   |
[INFO] [stdout] 5 | let curseforge = furse::Furse::new(env!("CURSEFORGE_API_KEY"));
[INFO] [stdout]   |                                    ^^^^^^^^^^^^^^^^^^^^^^^^^^
[INFO] [stdout]   |
[INFO] [stdout]   = help: Use `std::env::var("CURSEFORGE_API_KEY")` to read the variable at run time
[INFO] [stdout]   = note: this error originates in the macro `env` (in Nightly builds, run with -Z macro-backtrace for more info)
[INFO] [stdout] 
[INFO] [stdout] error: aborting due to previous error
[INFO] [stdout] 
[INFO] [stdout] Couldn't compile the test.
[INFO] [stdout] ---- src/api_calls/file_calls.rs - api_calls::file_calls::Furse::get_mod_file (line 33) stdout ----
[INFO] [stdout] error: environment variable `CURSEFORGE_API_KEY` not defined at compile time
[INFO] [stdout]  --> src/api_calls/file_calls.rs:36:36
[INFO] [stdout]   |
[INFO] [stdout] 5 | let curseforge = furse::Furse::new(env!("CURSEFORGE_API_KEY"));
[INFO] [stdout]   |                                    ^^^^^^^^^^^^^^^^^^^^^^^^^^
[INFO] [stdout]   |
[INFO] [stdout]   = help: Use `std::env::var("CURSEFORGE_API_KEY")` to read the variable at run time
[INFO] [stdout]   = note: this error originates in the macro `env` (in Nightly builds, run with -Z macro-backtrace for more info)
[INFO] [stdout] 
[INFO] [stdout] error: aborting due to previous error
[INFO] [stdout] 
[INFO] [stdout] Couldn't compile the test.
[INFO] [stdout] ---- src/api_calls/file_calls.rs - api_calls::file_calls::Furse::get_files (line 115) stdout ----
[INFO] [stdout] error: environment variable `CURSEFORGE_API_KEY` not defined at compile time
[INFO] [stdout]  --> src/api_calls/file_calls.rs:118:36
[INFO] [stdout]   |
[INFO] [stdout] 5 | let curseforge = furse::Furse::new(env!("CURSEFORGE_API_KEY"));
[INFO] [stdout]   |                                    ^^^^^^^^^^^^^^^^^^^^^^^^^^
[INFO] [stdout]   |
[INFO] [stdout]   = help: Use `std::env::var("CURSEFORGE_API_KEY")` to read the variable at run time
[INFO] [stdout]   = note: this error originates in the macro `env` (in Nightly builds, run with -Z macro-backtrace for more info)
[INFO] [stdout] 
[INFO] [stdout] error: aborting due to previous error
[INFO] [stdout] 
[INFO] [stdout] Couldn't compile the test.
[INFO] [stdout] ---- src/api_calls/mod_calls.rs - api_calls::mod_calls::Furse::get_mod (line 12) stdout ----
[INFO] [stdout] error: environment variable `CURSEFORGE_API_KEY` not defined at compile time
[INFO] [stdout]  --> src/api_calls/mod_calls.rs:15:36
[INFO] [stdout]   |
[INFO] [stdout] 5 | let curseforge = furse::Furse::new(env!("CURSEFORGE_API_KEY"));
[INFO] [stdout]   |                                    ^^^^^^^^^^^^^^^^^^^^^^^^^^
[INFO] [stdout]   |
[INFO] [stdout]   = help: Use `std::env::var("CURSEFORGE_API_KEY")` to read the variable at run time
[INFO] [stdout]   = note: this error originates in the macro `env` (in Nightly builds, run with -Z macro-backtrace for more info)
[INFO] [stdout] 
[INFO] [stdout] error: aborting due to previous error
[INFO] [stdout] 
[INFO] [stdout] Couldn't compile the test.
[INFO] [stdout] ---- src/api_calls/file_calls.rs - api_calls::file_calls::Furse::get_mod_files (line 11) stdout ----
[INFO] [stdout] error: environment variable `CURSEFORGE_API_KEY` not defined at compile time
[INFO] [stdout]  --> src/api_calls/file_calls.rs:14:36
[INFO] [stdout]   |
[INFO] [stdout] 5 | let curseforge = furse::Furse::new(env!("CURSEFORGE_API_KEY"));
[INFO] [stdout]   |                                    ^^^^^^^^^^^^^^^^^^^^^^^^^^
[INFO] [stdout]   |
[INFO] [stdout]   = help: Use `std::env::var("CURSEFORGE_API_KEY")` to read the variable at run time
[INFO] [stdout]   = note: this error originates in the macro `env` (in Nightly builds, run with -Z macro-backtrace for more info)
[INFO] [stdout] 
[INFO] [stdout] error: aborting due to previous error
[INFO] [stdout] 
[INFO] [stdout] Couldn't compile the test.
[INFO] [stdout] ---- src/api_calls/mod_calls.rs - api_calls::mod_calls::Furse::get_mods (line 32) stdout ----
[INFO] [stdout] error: environment variable `CURSEFORGE_API_KEY` not defined at compile time
[INFO] [stdout]  --> src/api_calls/mod_calls.rs:35:36
[INFO] [stdout]   |
[INFO] [stdout] 5 | let curseforge = furse::Furse::new(env!("CURSEFORGE_API_KEY"));
[INFO] [stdout]   |                                    ^^^^^^^^^^^^^^^^^^^^^^^^^^
[INFO] [stdout]   |
[INFO] [stdout]   = help: Use `std::env::var("CURSEFORGE_API_KEY")` to read the variable at run time
[INFO] [stdout]   = note: this error originates in the macro `env` (in Nightly builds, run with -Z macro-backtrace for more info)
[INFO] [stdout] 
[INFO] [stdout] error: aborting due to previous error
[INFO] [stdout] 
[INFO] [stdout] Couldn't compile the test.
[INFO] [stdout] ---- src/lib.rs - Furse (line 40) stdout ----
[INFO] [stdout] error: environment variable `CURSEFORGE_API_KEY` not defined at compile time
[INFO] [stdout]  --> src/lib.rs:44:29
[INFO] [stdout]   |
[INFO] [stdout] 6 | let curseforge = Furse::new(env!("CURSEFORGE_API_KEY"));
[INFO] [stdout]   |                             ^^^^^^^^^^^^^^^^^^^^^^^^^^
[INFO] [stdout]   |
[INFO] [stdout]   = help: Use `std::env::var("CURSEFORGE_API_KEY")` to read the variable at run time
[INFO] [stdout]   = note: this error originates in the macro `env` (in Nightly builds, run with -Z macro-backtrace for more info)
[INFO] [stdout] 
[INFO] [stdout] error: aborting due to previous error
[INFO] [stdout] 
[INFO] [stdout] Couldn't compile the test.
[INFO] [stdout] ---- src/lib.rs - Furse::new (line 61) stdout ----
[INFO] [stdout] error: environment variable `CURSEFORGE_API_KEY` not defined at compile time
[INFO] [stdout]  --> src/lib.rs:63:29
[INFO] [stdout]   |
[INFO] [stdout] 5 | let curseforge = Furse::new(env!("CURSEFORGE_API_KEY"));
[INFO] [stdout]   |                             ^^^^^^^^^^^^^^^^^^^^^^^^^^
[INFO] [stdout]   |
[INFO] [stdout]   = help: Use `std::env::var("CURSEFORGE_API_KEY")` to read the variable at run time
[INFO] [stdout]   = note: this error originates in the macro `env` (in Nightly builds, run with -Z macro-backtrace for more info)
[INFO] [stdout] 
[INFO] [stdout] error: aborting due to previous error
[INFO] [stdout] 
[INFO] [stdout] Couldn't compile the test.
[INFO] [stdout] ---- src/api_calls/file_calls.rs - api_calls::file_calls::Furse::get_mod_file_changelog (line 59) stdout ----
[INFO] [stdout] error: environment variable `CURSEFORGE_API_KEY` not defined at compile time
[INFO] [stdout]  --> src/api_calls/file_calls.rs:62:36
[INFO] [stdout]   |
[INFO] [stdout] 5 | let curseforge = furse::Furse::new(env!("CURSEFORGE_API_KEY"));
[INFO] [stdout]   |                                    ^^^^^^^^^^^^^^^^^^^^^^^^^^
[INFO] [stdout]   |
[INFO] [stdout]   = help: Use `std::env::var("CURSEFORGE_API_KEY")` to read the variable at run time
[INFO] [stdout]   = note: this error originates in the macro `env` (in Nightly builds, run with -Z macro-backtrace for more info)
[INFO] [stdout] 
[INFO] [stdout] error: aborting due to previous error
[INFO] [stdout] 
[INFO] [stdout] Couldn't compile the test.
[INFO] [stdout] ---- src/api_calls/fingerprint_calls.rs - api_calls::fingerprint_calls::Furse::get_fingerprint_matches (line 23) stdout ----
[INFO] [stdout] error: environment variable `CURSEFORGE_API_KEY` not defined at compile time
[INFO] [stdout]  --> src/api_calls/fingerprint_calls.rs:26:36
[INFO] [stdout]   |
[INFO] [stdout] 5 | let curseforge = furse::Furse::new(env!("CURSEFORGE_API_KEY"));
[INFO] [stdout]   |                                    ^^^^^^^^^^^^^^^^^^^^^^^^^^
[INFO] [stdout]   |
[INFO] [stdout]   = help: Use `std::env::var("CURSEFORGE_API_KEY")` to read the variable at run time
[INFO] [stdout]   = note: this error originates in the macro `env` (in Nightly builds, run with -Z macro-backtrace for more info)
[INFO] [stdout] 
[INFO] [stdout] error: aborting due to previous error
[INFO] [stdout] 
[INFO] [stdout] Couldn't compile the test.
[INFO] [stdout] 
[INFO] [stdout] failures:
[INFO] [stdout]     src/api_calls/file_calls.rs - api_calls::file_calls::Furse::file_download_url (line 86)
[INFO] [stdout]     src/api_calls/file_calls.rs - api_calls::file_calls::Furse::get_files (line 115)
[INFO] [stdout]     src/api_calls/file_calls.rs - api_calls::file_calls::Furse::get_mod_file (line 33)
[INFO] [stdout]     src/api_calls/file_calls.rs - api_calls::file_calls::Furse::get_mod_file_changelog (line 59)
[INFO] [stdout]     src/api_calls/file_calls.rs - api_calls::file_calls::Furse::get_mod_files (line 11)
[INFO] [stdout]     src/api_calls/fingerprint_calls.rs - api_calls::fingerprint_calls::Furse::get_fingerprint_matches (line 23)
[INFO] [stdout]     src/api_calls/mod_calls.rs - api_calls::mod_calls::Furse::get_mod (line 12)
[INFO] [stdout]     src/api_calls/mod_calls.rs - api_calls::mod_calls::Furse::get_mod_description (line 61)
[INFO] [stdout]     src/api_calls/mod_calls.rs - api_calls::mod_calls::Furse::get_mods (line 32)
[INFO] [stdout]     src/lib.rs - Furse (line 40)
[INFO] [stdout]     src/lib.rs - Furse::new (line 61)
[INFO] [stdout] 
[INFO] [stdout] test result: FAILED. 0 passed; 11 failed; 0 ignored; 0 measured; 0 filtered out; finished in 0.19s
[INFO] [stdout] 
[INFO] [stderr] error: doctest failed, to rerun pass `--doc`
[INFO] running `Command { std: "docker" "inspect" "d0333dec427c7208e481d76cec1e54cbd67963020070d3062017ec9387fce723", kill_on_drop: false }`
[INFO] running `Command { std: "docker" "rm" "-f" "d0333dec427c7208e481d76cec1e54cbd67963020070d3062017ec9387fce723", kill_on_drop: false }`
[INFO] [stdout] d0333dec427c7208e481d76cec1e54cbd67963020070d3062017ec9387fce723
