[INFO] fetching crate fundamental_data_type 0.1.6...
[INFO] testing fundamental_data_type-0.1.6 against 1.69.0 for beta-1.70-1
[INFO] extracting crate fundamental_data_type 0.1.6 into /workspace/builds/worker-7-tc1/source
[INFO] validating manifest of crates.io crate fundamental_data_type 0.1.6 on toolchain 1.69.0
[INFO] running `Command { std: CARGO_HOME="/workspace/cargo-home" RUSTUP_HOME="/workspace/rustup-home" "/workspace/cargo-home/bin/cargo" "+1.69.0" "metadata" "--manifest-path" "Cargo.toml" "--no-deps", kill_on_drop: false }`
[INFO] started tweaking crates.io crate fundamental_data_type 0.1.6
[INFO] removed 1 missing tests
[INFO] finished tweaking crates.io crate fundamental_data_type 0.1.6
[INFO] tweaked toml for crates.io crate fundamental_data_type 0.1.6 written to /workspace/builds/worker-7-tc1/source/Cargo.toml
[INFO] running `Command { std: CARGO_HOME="/workspace/cargo-home" RUSTUP_HOME="/workspace/rustup-home" __CARGO_TEST_CHANNEL_OVERRIDE_DO_NOT_USE_THIS="nightly" "/workspace/cargo-home/bin/cargo" "+1.69.0" "generate-lockfile" "--manifest-path" "Cargo.toml" "-Zno-index-update", kill_on_drop: false }`
[INFO] [stderr]     Blocking waiting for file lock on package cache
[INFO] running `Command { std: CARGO_HOME="/workspace/cargo-home" RUSTUP_HOME="/workspace/rustup-home" "/workspace/cargo-home/bin/cargo" "+1.69.0" "fetch" "--manifest-path" "Cargo.toml", kill_on_drop: false }`
[INFO] [stderr]     Blocking waiting for file lock on package cache
[INFO] [stderr]  Downloading crates ...
[INFO] [stderr]   Downloaded type_constructor v0.1.13
[INFO] [stderr]   Downloaded data_type v0.1.5
[INFO] running `Command { std: "docker" "create" "-v" "/var/lib/crater-agent-workspace/builds/worker-7-tc1/target:/opt/rustwide/target:rw,Z" "-v" "/var/lib/crater-agent-workspace/builds/worker-7-tc1/source:/opt/rustwide/workdir:ro,Z" "-v" "/var/lib/crater-agent-workspace/cargo-home:/opt/rustwide/cargo-home:ro,Z" "-v" "/var/lib/crater-agent-workspace/rustup-home:/opt/rustwide/rustup-home:ro,Z" "-e" "SOURCE_DIR=/opt/rustwide/workdir" "-e" "CARGO_TARGET_DIR=/opt/rustwide/target" "-e" "CARGO_HOME=/opt/rustwide/cargo-home" "-e" "RUSTUP_HOME=/opt/rustwide/rustup-home" "-w" "/opt/rustwide/workdir" "-m" "1610612736" "--user" "0:0" "--network" "none" "ghcr.io/rust-lang/crates-build-env/linux@sha256:5ff2268d62e97bff2cde7d5815dd6ed5b47097566f13b8d0ca110b04b60e07ed" "/opt/rustwide/cargo-home/bin/cargo" "+1.69.0" "metadata" "--no-deps" "--format-version=1", kill_on_drop: false }`
[INFO] [stdout] e81ae2819ea87f9dcdbd780367d5d4e2362cc1e3ce928cef33acb5bac2afb032
[INFO] running `Command { std: "docker" "start" "-a" "e81ae2819ea87f9dcdbd780367d5d4e2362cc1e3ce928cef33acb5bac2afb032", kill_on_drop: false }`
[INFO] running `Command { std: "docker" "inspect" "e81ae2819ea87f9dcdbd780367d5d4e2362cc1e3ce928cef33acb5bac2afb032", kill_on_drop: false }`
[INFO] running `Command { std: "docker" "rm" "-f" "e81ae2819ea87f9dcdbd780367d5d4e2362cc1e3ce928cef33acb5bac2afb032", kill_on_drop: false }`
[INFO] [stdout] e81ae2819ea87f9dcdbd780367d5d4e2362cc1e3ce928cef33acb5bac2afb032
[INFO] running `Command { std: "docker" "create" "-v" "/var/lib/crater-agent-workspace/builds/worker-7-tc1/target:/opt/rustwide/target:rw,Z" "-v" "/var/lib/crater-agent-workspace/builds/worker-7-tc1/source:/opt/rustwide/workdir:ro,Z" "-v" "/var/lib/crater-agent-workspace/cargo-home:/opt/rustwide/cargo-home:ro,Z" "-v" "/var/lib/crater-agent-workspace/rustup-home:/opt/rustwide/rustup-home:ro,Z" "-e" "SOURCE_DIR=/opt/rustwide/workdir" "-e" "CARGO_TARGET_DIR=/opt/rustwide/target" "-e" "CARGO_INCREMENTAL=0" "-e" "RUST_BACKTRACE=full" "-e" "RUSTFLAGS=--cap-lints=warn" "-e" "RUSTDOCFLAGS=--cap-lints=warn" "-e" "CARGO_HOME=/opt/rustwide/cargo-home" "-e" "RUSTUP_HOME=/opt/rustwide/rustup-home" "-w" "/opt/rustwide/workdir" "-m" "1610612736" "--user" "0:0" "--network" "none" "ghcr.io/rust-lang/crates-build-env/linux@sha256:5ff2268d62e97bff2cde7d5815dd6ed5b47097566f13b8d0ca110b04b60e07ed" "/opt/rustwide/cargo-home/bin/cargo" "+1.69.0" "build" "--frozen" "--message-format=json", kill_on_drop: false }`
[INFO] [stdout] efbc68345b54763a466d29fd74de5ff7c1d1251b38e9a269e1e2f24643503037
[INFO] running `Command { std: "docker" "start" "-a" "efbc68345b54763a466d29fd74de5ff7c1d1251b38e9a269e1e2f24643503037", kill_on_drop: false }`
[INFO] [stderr]    Compiling type_constructor v0.1.13
[INFO] [stderr]    Compiling fundamental_data_type v0.1.6 (/opt/rustwide/workdir)
[INFO] [stderr]     Finished dev [unoptimized + debuginfo] target(s) in 0.39s
[INFO] running `Command { std: "docker" "inspect" "efbc68345b54763a466d29fd74de5ff7c1d1251b38e9a269e1e2f24643503037", kill_on_drop: false }`
[INFO] running `Command { std: "docker" "rm" "-f" "efbc68345b54763a466d29fd74de5ff7c1d1251b38e9a269e1e2f24643503037", kill_on_drop: false }`
[INFO] [stdout] efbc68345b54763a466d29fd74de5ff7c1d1251b38e9a269e1e2f24643503037
[INFO] running `Command { std: "docker" "create" "-v" "/var/lib/crater-agent-workspace/builds/worker-7-tc1/target:/opt/rustwide/target:rw,Z" "-v" "/var/lib/crater-agent-workspace/builds/worker-7-tc1/source:/opt/rustwide/workdir:ro,Z" "-v" "/var/lib/crater-agent-workspace/cargo-home:/opt/rustwide/cargo-home:ro,Z" "-v" "/var/lib/crater-agent-workspace/rustup-home:/opt/rustwide/rustup-home:ro,Z" "-e" "SOURCE_DIR=/opt/rustwide/workdir" "-e" "CARGO_TARGET_DIR=/opt/rustwide/target" "-e" "CARGO_INCREMENTAL=0" "-e" "RUST_BACKTRACE=full" "-e" "RUSTFLAGS=--cap-lints=warn" "-e" "RUSTDOCFLAGS=--cap-lints=warn" "-e" "CARGO_HOME=/opt/rustwide/cargo-home" "-e" "RUSTUP_HOME=/opt/rustwide/rustup-home" "-w" "/opt/rustwide/workdir" "-m" "1610612736" "--user" "0:0" "--network" "none" "ghcr.io/rust-lang/crates-build-env/linux@sha256:5ff2268d62e97bff2cde7d5815dd6ed5b47097566f13b8d0ca110b04b60e07ed" "/opt/rustwide/cargo-home/bin/cargo" "+1.69.0" "test" "--frozen" "--no-run" "--message-format=json", kill_on_drop: false }`
[INFO] [stdout] 57a6bb7da50ec183a6ec0539ad4d47c0351533477d057d6b55c5bbb54b226729
[INFO] running `Command { std: "docker" "start" "-a" "57a6bb7da50ec183a6ec0539ad4d47c0351533477d057d6b55c5bbb54b226729", kill_on_drop: false }`
[INFO] [stderr]    Compiling syn v1.0.109
[INFO] [stderr]    Compiling winterval v0.1.5
[INFO] [stderr]    Compiling regex-syntax v0.7.1
[INFO] [stderr]    Compiling regex-syntax v0.6.29
[INFO] [stderr]    Compiling either v1.6.1
[INFO] [stderr]    Compiling convert_case v0.4.0
[INFO] [stderr]    Compiling mod_interface_runtime v0.1.1
[INFO] [stderr]    Compiling for_each v0.1.3
[INFO] [stderr]    Compiling memchr v2.5.0
[INFO] [stderr]    Compiling former_runtime v0.1.11
[INFO] [stderr]    Compiling literally v0.1.3
[INFO] [stderr]    Compiling convert_case v0.5.0
[INFO] [stderr]    Compiling diff v0.1.13
[INFO] [stderr]    Compiling rustversion v1.0.12
[INFO] [stderr]    Compiling trybuild v1.0.80
[INFO] [stderr]    Compiling serde_json v1.0.96
[INFO] [stderr]    Compiling basic-toml v0.1.2
[INFO] [stderr]    Compiling termcolor v1.2.0
[INFO] [stderr]    Compiling glob v0.3.1
[INFO] [stderr]    Compiling is_slice v0.1.1
[INFO] [stderr]    Compiling itertools v0.10.5
[INFO] [stderr]    Compiling pretty_assertions v1.2.1
[INFO] [stderr]    Compiling dissimilar v1.0.6
[INFO] [stderr]    Compiling implements v0.1.1
[INFO] [stderr]    Compiling inspect_type v0.1.2
[INFO] [stderr]    Compiling typing_tools v0.1.5
[INFO] [stderr]    Compiling data_type v0.1.5
[INFO] [stderr]    Compiling mem_tools v0.1.1
[INFO] [stderr]    Compiling aho-corasick v1.0.1
[INFO] [stderr]    Compiling diagnostics_tools v0.1.3
[INFO] [stderr]    Compiling iter_tools v0.1.4
[INFO] [stderr]    Compiling regex v1.8.1
[INFO] [stderr]    Compiling proc_macro_tools v0.1.17
[INFO] [stdout] error: Bad syntax.
[INFO] [stdout]        Expects : {kind} {name} : {type}.
[INFO] [stdout]        For example : `single MySingle : std::sync::Arc< T : Copy >`.
[INFO] [stdout]        But got:
[INFO] [stdout]        #[doc = r""] #[doc = r" Parse as much elements as possible."] #[doc = r""]
[INFO] [stdout]        #[derive(Debug, PartialEq, Eq, Clone, Default)] pub pair Pair : < T1 : syn ::
[INFO] [stdout]        parse :: Parse + quote :: ToTokens, T2 : syn :: parse :: Parse + quote ::
[INFO] [stdout]        ToTokens >
[INFO] [stdout]   --> /opt/rustwide/cargo-home/registry/src/github.com-1ecc6299db9ec823/proc_macro_tools-0.1.17/rust/impl/proc_macro/quantifier.rs:34:3
[INFO] [stdout]    |
[INFO] [stdout] 34 | /   types!
[INFO] [stdout] 35 | |   {
[INFO] [stdout] 36 | |     ///
[INFO] [stdout] 37 | |     /// Parse as much elements as possible.
[INFO] [stdout] ...  |
[INFO] [stdout] 41 | |     pub pair Pair : < T1 : syn::parse::Parse + quote::ToTokens, T2 : syn::parse::Parse + quote::ToTokens >
[INFO] [stdout] 42 | |   }
[INFO] [stdout]    | |___^
[INFO] [stdout]    |
[INFO] [stdout]    = note: this error originates in the macro `types` (in Nightly builds, run with -Z macro-backtrace for more info)
[INFO] [stdout] 
[INFO] [stdout] 
[INFO] [stdout] error: Bad syntax.
[INFO] [stdout]        Expects : {kind} {name} : {type}.
[INFO] [stdout]        For example : `single MySingle : std::sync::Arc< T : Copy >`.
[INFO] [stdout]        But got:
[INFO] [stdout]        #[doc = r""] #[doc = r" Parse as much elements as possible."] #[doc = r""]
[INFO] [stdout]        #[derive(Debug, PartialEq, Eq, Clone, Default)] pub many Many : < T : quote ::
[INFO] [stdout]        ToTokens >
[INFO] [stdout]   --> /opt/rustwide/cargo-home/registry/src/github.com-1ecc6299db9ec823/proc_macro_tools-0.1.17/rust/impl/proc_macro/quantifier.rs:81:3
[INFO] [stdout]    |
[INFO] [stdout] 81 | /   types!
[INFO] [stdout] 82 | |   {
[INFO] [stdout] 83 | |     ///
[INFO] [stdout] 84 | |     /// Parse as much elements as possible.
[INFO] [stdout] ...  |
[INFO] [stdout] 88 | |     pub many Many : < T : quote::ToTokens >
[INFO] [stdout] 89 | |   }
[INFO] [stdout]    | |___^
[INFO] [stdout]    |
[INFO] [stdout]    = note: this error originates in the macro `types` (in Nightly builds, run with -Z macro-backtrace for more info)
[INFO] [stdout] 
[INFO] [stdout] 
[INFO] [stdout] error: Bad syntax.
[INFO] [stdout]        Expects : {kind} {name} : {type}.
[INFO] [stdout]        For example : `single MySingle : std::sync::Arc< T : Copy >`.
[INFO] [stdout]        But got:
[INFO] [stdout]        #[doc = r""] #[doc = r" Attribute which is inner."] #[doc = r""]
[INFO] [stdout]        #[doc = r" For example: `#![ warn( missing_docs ) ]`."] #[doc = r""]
[INFO] [stdout]        #[derive(Debug, PartialEq, Eq, Clone, Default)] pub many AttributesInner : syn
[INFO] [stdout]        :: Attribute ;
[INFO] [stdout]   --> /opt/rustwide/cargo-home/registry/src/github.com-1ecc6299db9ec823/proc_macro_tools-0.1.17/rust/impl/proc_macro/syntax.rs:14:3
[INFO] [stdout]    |
[INFO] [stdout] 14 | /   types!
[INFO] [stdout] 15 | |   {
[INFO] [stdout] 16 | |
[INFO] [stdout] 17 | |     ///
[INFO] [stdout] ...  |
[INFO] [stdout] 25 | |
[INFO] [stdout] 26 | |   }
[INFO] [stdout]    | |___^
[INFO] [stdout]    |
[INFO] [stdout]    = note: this error originates in the macro `types` (in Nightly builds, run with -Z macro-backtrace for more info)
[INFO] [stdout] 
[INFO] [stdout] 
[INFO] [stdout] error: Bad syntax.
[INFO] [stdout]        Expects : {kind} {name} : {type}.
[INFO] [stdout]        For example : `single MySingle : std::sync::Arc< T : Copy >`.
[INFO] [stdout]        But got:
[INFO] [stdout]        #[doc = r""] #[doc = r" Attribute which is outer."] #[doc = r""]
[INFO] [stdout]        #[doc = r" For example: `#[ derive( Copy ) ]`."] #[doc = r""]
[INFO] [stdout]        #[derive(Debug, PartialEq, Eq, Clone, Default)] pub many AttributesOuter : syn
[INFO] [stdout]        :: Attribute ;
[INFO] [stdout]   --> /opt/rustwide/cargo-home/registry/src/github.com-1ecc6299db9ec823/proc_macro_tools-0.1.17/rust/impl/proc_macro/syntax.rs:67:3
[INFO] [stdout]    |
[INFO] [stdout] 67 | /   types!
[INFO] [stdout] 68 | |   {
[INFO] [stdout] 69 | |
[INFO] [stdout] 70 | |     ///
[INFO] [stdout] ...  |
[INFO] [stdout] 78 | |
[INFO] [stdout] 79 | |   }
[INFO] [stdout]    | |___^
[INFO] [stdout]    |
[INFO] [stdout]    = note: this error originates in the macro `types` (in Nightly builds, run with -Z macro-backtrace for more info)
[INFO] [stdout] 
[INFO] [stdout] 
[INFO] [stdout] error[E0432]: unresolved imports `super::private::AttributesInner`, `super::private::AttributesOuter`
[INFO] [stdout]    --> /opt/rustwide/cargo-home/registry/src/github.com-1ecc6299db9ec823/proc_macro_tools-0.1.17/rust/impl/proc_macro/syntax.rs:153:5
[INFO] [stdout]     |
[INFO] [stdout] 153 |     AttributesInner,
[INFO] [stdout]     |     ^^^^^^^^^^^^^^^ no `AttributesInner` in `syntax::private`
[INFO] [stdout] 154 |     AttributesOuter,
[INFO] [stdout]     |     ^^^^^^^^^^^^^^^ no `AttributesOuter` in `syntax::private`
[INFO] [stdout]     |
[INFO] [stdout] help: a similar name exists in the module
[INFO] [stdout]     |
[INFO] [stdout] 153 |     AttributedIdent,
[INFO] [stdout]     |     ~~~~~~~~~~~~~~~
[INFO] [stdout] help: a similar name exists in the module
[INFO] [stdout]     |
[INFO] [stdout] 154 |     AttributesInner,
[INFO] [stdout]     |     ~~~~~~~~~~~~~~~
[INFO] [stdout] 
[INFO] [stdout] 
[INFO] [stdout] error[E0603]: struct import `Pair` is private
[INFO] [stdout]    --> /opt/rustwide/cargo-home/registry/src/github.com-1ecc6299db9ec823/proc_macro_tools-0.1.17/rust/impl/proc_macro/quantifier.rs:249:5
[INFO] [stdout]     |
[INFO] [stdout] 249 |     Pair,
[INFO] [stdout]     |     ^^^^ private struct import
[INFO] [stdout]     |
[INFO] [stdout] note: the struct import `Pair` is defined here...
[INFO] [stdout]    --> /opt/rustwide/cargo-home/registry/src/github.com-1ecc6299db9ec823/proc_macro_tools-0.1.17/rust/impl/proc_macro/quantifier.rs:9:7
[INFO] [stdout]     |
[INFO] [stdout] 9   |   use type_constructor::prelude::*;
[INFO] [stdout]     |       ^^^^^^^^^^^^^^^^^^^^^^^^^^^^
[INFO] [stdout] note: ...and refers to the struct `Pair` which is defined here
[INFO] [stdout]    --> /opt/rustwide/cargo-home/registry/src/github.com-1ecc6299db9ec823/type_constructor-0.1.13/rust/impl/dt/type_constructor/./inc.rs:86:11
[INFO] [stdout]     |
[INFO] [stdout] 86  |   pub use super::pair::prelude::*;
[INFO] [stdout]     |           ^^^^^^^^^^^^^^^^^^^^^^^ consider importing it directly
[INFO] [stdout] 
[INFO] [stdout] 
[INFO] [stdout] error[E0603]: struct import `Many` is private
[INFO] [stdout]    --> /opt/rustwide/cargo-home/registry/src/github.com-1ecc6299db9ec823/proc_macro_tools-0.1.17/rust/impl/proc_macro/quantifier.rs:250:5
[INFO] [stdout]     |
[INFO] [stdout] 250 |     Many,
[INFO] [stdout]     |     ^^^^ private struct import
[INFO] [stdout]     |
[INFO] [stdout] note: the struct import `Many` is defined here...
[INFO] [stdout]    --> /opt/rustwide/cargo-home/registry/src/github.com-1ecc6299db9ec823/proc_macro_tools-0.1.17/rust/impl/proc_macro/quantifier.rs:9:7
[INFO] [stdout]     |
[INFO] [stdout] 9   |   use type_constructor::prelude::*;
[INFO] [stdout]     |       ^^^^^^^^^^^^^^^^^^^^^^^^^^^^
[INFO] [stdout] note: ...and refers to the struct `Many` which is defined here
[INFO] [stdout]    --> /opt/rustwide/cargo-home/registry/src/github.com-1ecc6299db9ec823/type_constructor-0.1.13/rust/impl/dt/type_constructor/./inc.rs:83:11
[INFO] [stdout]     |
[INFO] [stdout] 83  |   pub use super::many::prelude::*;
[INFO] [stdout]     |           ^^^^^^^^^^^^^^^^^^^^^^^ consider importing it directly
[INFO] [stdout] 
[INFO] [stdout] 
[INFO] [stdout] error[E0117]: only traits defined in the current crate can be implemented for types defined outside of the crate
[INFO] [stdout]   --> /opt/rustwide/cargo-home/registry/src/github.com-1ecc6299db9ec823/proc_macro_tools-0.1.17/rust/impl/proc_macro/quantifier.rs:56:3
[INFO] [stdout]    |
[INFO] [stdout] 56 |   impl< T1, T2 > syn::parse::Parse for Pair< T1, T2 >
[INFO] [stdout]    |   ^^^^^^^^^^^^^^^^^^^^^^^^^^^^^^^^^^^^^--------------
[INFO] [stdout]    |   |                                    |
[INFO] [stdout]    |   |                                    `type_constructor::Pair` is not defined in the current crate
[INFO] [stdout]    |   impl doesn't use only types from inside the current crate
[INFO] [stdout]    |
[INFO] [stdout]    = note: define and implement a trait or new type instead
[INFO] [stdout] 
[INFO] [stdout] 
[INFO] [stdout] error[E0117]: only traits defined in the current crate can be implemented for types defined outside of the crate
[INFO] [stdout]    --> /opt/rustwide/cargo-home/registry/src/github.com-1ecc6299db9ec823/proc_macro_tools-0.1.17/rust/impl/proc_macro/quantifier.rs:129:3
[INFO] [stdout]     |
[INFO] [stdout] 129 | /   impl< T > syn::parse::Parse
[INFO] [stdout] 130 | |   for Many< T >
[INFO] [stdout]     | |       --------^
[INFO] [stdout]     | |_______|_______|
[INFO] [stdout]     |         |       impl doesn't use only types from inside the current crate
[INFO] [stdout]     |         `type_constructor::Many` is not defined in the current crate
[INFO] [stdout]     |
[INFO] [stdout]     = note: define and implement a trait or new type instead
[INFO] [stdout] 
[INFO] [stdout] 
[INFO] [stdout] error[E0117]: only traits defined in the current crate can be implemented for types defined outside of the crate
[INFO] [stdout]   --> /opt/rustwide/cargo-home/registry/src/github.com-1ecc6299db9ec823/proc_macro_tools-0.1.17/rust/impl/proc_macro/quantifier.rs:67:3
[INFO] [stdout]    |
[INFO] [stdout] 67 |   impl< T1, T2 > quote::ToTokens for Pair< T1, T2 >
[INFO] [stdout]    |   ^^^^^^^^^^^^^^^^^^^^^^^^^^^^^^^^^^^--------------
[INFO] [stdout]    |   |                                  |
[INFO] [stdout]    |   |                                  `type_constructor::Pair` is not defined in the current crate
[INFO] [stdout]    |   impl doesn't use only types from inside the current crate
[INFO] [stdout]    |
[INFO] [stdout]    = note: define and implement a trait or new type instead
[INFO] [stdout] 
[INFO] [stdout] 
[INFO] [stdout] error[E0117]: only traits defined in the current crate can be implemented for types defined outside of the crate
[INFO] [stdout]    --> /opt/rustwide/cargo-home/registry/src/github.com-1ecc6299db9ec823/proc_macro_tools-0.1.17/rust/impl/proc_macro/quantifier.rs:117:3
[INFO] [stdout]     |
[INFO] [stdout] 117 | /   impl< T > quote::ToTokens
[INFO] [stdout] 118 | |   for Many< T >
[INFO] [stdout]     | |       --------^
[INFO] [stdout]     | |_______|_______|
[INFO] [stdout]     |         |       impl doesn't use only types from inside the current crate
[INFO] [stdout]     |         `type_constructor::Many` is not defined in the current crate
[INFO] [stdout]     |
[INFO] [stdout]     = note: define and implement a trait or new type instead
[INFO] [stdout] 
[INFO] [stdout] 
[INFO] [stdout] error[E0117]: only traits defined in the current crate can be implemented for types defined outside of the crate
[INFO] [stdout]    --> /opt/rustwide/cargo-home/registry/src/github.com-1ecc6299db9ec823/proc_macro_tools-0.1.17/rust/impl/proc_macro/quantifier.rs:107:3
[INFO] [stdout]     |
[INFO] [stdout] 107 |   impl< T > From< Many< T > > for Vec< T >
[INFO] [stdout]     |   ^^^^^^^^^^-----------------^^^^^--------
[INFO] [stdout]     |   |         |                     |
[INFO] [stdout]     |   |         |                     `Vec` is not defined in the current crate
[INFO] [stdout]     |   |         `type_constructor::Many` is not defined in the current crate
[INFO] [stdout]     |   impl doesn't use only types from inside the current crate
[INFO] [stdout]     |
[INFO] [stdout]     = note: define and implement a trait or new type instead
[INFO] [stdout] 
[INFO] [stdout] 
[INFO] [stdout] error[E0116]: cannot define inherent `impl` for a type outside of the crate where the type is defined
[INFO] [stdout]   --> /opt/rustwide/cargo-home/registry/src/github.com-1ecc6299db9ec823/proc_macro_tools-0.1.17/rust/impl/proc_macro/quantifier.rs:44:3
[INFO] [stdout]    |
[INFO] [stdout] 44 |   impl< T1, T2 > Pair< T1, T2 >
[INFO] [stdout]    |   ^^^^^^^^^^^^^^^^^^^^^^^^^^^^^ impl for type defined outside of crate.
[INFO] [stdout]    |
[INFO] [stdout]    = note: define and implement a trait or new type instead
[INFO] [stdout] 
[INFO] [stdout] 
[INFO] [stdout] error[E0116]: cannot define inherent `impl` for a type outside of the crate where the type is defined
[INFO] [stdout]   --> /opt/rustwide/cargo-home/registry/src/github.com-1ecc6299db9ec823/proc_macro_tools-0.1.17/rust/impl/proc_macro/quantifier.rs:91:3
[INFO] [stdout]    |
[INFO] [stdout] 91 |   impl< T > Many< T >
[INFO] [stdout]    |   ^^^^^^^^^^^^^^^^^^^ impl for type defined outside of crate.
[INFO] [stdout]    |
[INFO] [stdout]    = note: define and implement a trait or new type instead
[INFO] [stdout] 
[INFO] [stdout] 
[INFO] [stdout] error: aborting due to 14 previous errors
[INFO] [stdout] 
[INFO] [stdout] 
[INFO] [stdout] Some errors have detailed explanations: E0116, E0117, E0432, E0603.
[INFO] [stdout] 
[INFO] [stdout] For more information about an error, try `rustc --explain E0116`.
[INFO] [stdout] 
[INFO] [stderr] error: could not compile `proc_macro_tools` due to 15 previous errors
[INFO] [stderr] warning: build failed, waiting for other jobs to finish...
[INFO] running `Command { std: "docker" "inspect" "57a6bb7da50ec183a6ec0539ad4d47c0351533477d057d6b55c5bbb54b226729", kill_on_drop: false }`
[INFO] running `Command { std: "docker" "rm" "-f" "57a6bb7da50ec183a6ec0539ad4d47c0351533477d057d6b55c5bbb54b226729", kill_on_drop: false }`
[INFO] [stdout] 57a6bb7da50ec183a6ec0539ad4d47c0351533477d057d6b55c5bbb54b226729
