[INFO] fetching crate fuel-core-poa 0.18.0...
[INFO] testing fuel-core-poa-0.18.0 against 1.69.0 for beta-1.70-1
[INFO] extracting crate fuel-core-poa 0.18.0 into /workspace/builds/worker-5-tc1/source
[INFO] validating manifest of crates.io crate fuel-core-poa 0.18.0 on toolchain 1.69.0
[INFO] running `Command { std: CARGO_HOME="/workspace/cargo-home" RUSTUP_HOME="/workspace/rustup-home" "/workspace/cargo-home/bin/cargo" "+1.69.0" "metadata" "--manifest-path" "Cargo.toml" "--no-deps", kill_on_drop: false }`
[INFO] started tweaking crates.io crate fuel-core-poa 0.18.0
[INFO] finished tweaking crates.io crate fuel-core-poa 0.18.0
[INFO] tweaked toml for crates.io crate fuel-core-poa 0.18.0 written to /workspace/builds/worker-5-tc1/source/Cargo.toml
[INFO] running `Command { std: CARGO_HOME="/workspace/cargo-home" RUSTUP_HOME="/workspace/rustup-home" __CARGO_TEST_CHANNEL_OVERRIDE_DO_NOT_USE_THIS="nightly" "/workspace/cargo-home/bin/cargo" "+1.69.0" "generate-lockfile" "--manifest-path" "Cargo.toml" "-Zno-index-update", kill_on_drop: false }`
[INFO] [stderr]     Blocking waiting for file lock on package cache
[INFO] running `Command { std: CARGO_HOME="/workspace/cargo-home" RUSTUP_HOME="/workspace/rustup-home" "/workspace/cargo-home/bin/cargo" "+1.69.0" "fetch" "--manifest-path" "Cargo.toml", kill_on_drop: false }`
[INFO] [stderr]  Downloading crates ...
[INFO] [stderr]   Downloaded fuel-tx v0.31.0
[INFO] [stderr]   Downloaded fuel-merkle v0.31.0
[INFO] [stderr]   Downloaded fuel-storage v0.31.0
[INFO] [stderr]   Downloaded fuel-core-chain-config v0.18.0
[INFO] [stderr]   Downloaded fuel-core-services v0.18.0
[INFO] [stderr]   Downloaded test-case v2.2.2
[INFO] [stderr]   Downloaded borrown v0.1.0
[INFO] [stderr]   Downloaded tai64 v4.0.0
[INFO] [stderr]   Downloaded fuel-core-types v0.18.0
[INFO] [stderr]   Downloaded fuel-core-storage v0.18.0
[INFO] [stderr]   Downloaded fuel-types v0.31.0
[INFO] [stderr]   Downloaded fuel-crypto v0.31.0
[INFO] [stderr]   Downloaded fuel-asm v0.31.0
[INFO] [stderr]   Downloaded secrecy v0.8.0
[INFO] [stderr]   Downloaded secp256k1 v0.26.0
[INFO] [stderr]   Downloaded fuel-vm v0.31.0
[INFO] [stderr]   Downloaded test-case-macros v2.2.2
[INFO] running `Command { std: "docker" "create" "-v" "/var/lib/crater-agent-workspace/builds/worker-5-tc1/target:/opt/rustwide/target:rw,Z" "-v" "/var/lib/crater-agent-workspace/builds/worker-5-tc1/source:/opt/rustwide/workdir:ro,Z" "-v" "/var/lib/crater-agent-workspace/cargo-home:/opt/rustwide/cargo-home:ro,Z" "-v" "/var/lib/crater-agent-workspace/rustup-home:/opt/rustwide/rustup-home:ro,Z" "-e" "SOURCE_DIR=/opt/rustwide/workdir" "-e" "CARGO_TARGET_DIR=/opt/rustwide/target" "-e" "CARGO_HOME=/opt/rustwide/cargo-home" "-e" "RUSTUP_HOME=/opt/rustwide/rustup-home" "-w" "/opt/rustwide/workdir" "-m" "1610612736" "--user" "0:0" "--network" "none" "ghcr.io/rust-lang/crates-build-env/linux@sha256:5ff2268d62e97bff2cde7d5815dd6ed5b47097566f13b8d0ca110b04b60e07ed" "/opt/rustwide/cargo-home/bin/cargo" "+1.69.0" "metadata" "--no-deps" "--format-version=1", kill_on_drop: false }`
[INFO] [stdout] 13dc72cca6b13a0b53fea7fd5e68242127483a88e4ca1f9df308298db745c302
[INFO] running `Command { std: "docker" "start" "-a" "13dc72cca6b13a0b53fea7fd5e68242127483a88e4ca1f9df308298db745c302", kill_on_drop: false }`
[INFO] running `Command { std: "docker" "inspect" "13dc72cca6b13a0b53fea7fd5e68242127483a88e4ca1f9df308298db745c302", kill_on_drop: false }`
[INFO] running `Command { std: "docker" "rm" "-f" "13dc72cca6b13a0b53fea7fd5e68242127483a88e4ca1f9df308298db745c302", kill_on_drop: false }`
[INFO] [stdout] 13dc72cca6b13a0b53fea7fd5e68242127483a88e4ca1f9df308298db745c302
[INFO] running `Command { std: "docker" "create" "-v" "/var/lib/crater-agent-workspace/builds/worker-5-tc1/target:/opt/rustwide/target:rw,Z" "-v" "/var/lib/crater-agent-workspace/builds/worker-5-tc1/source:/opt/rustwide/workdir:ro,Z" "-v" "/var/lib/crater-agent-workspace/cargo-home:/opt/rustwide/cargo-home:ro,Z" "-v" "/var/lib/crater-agent-workspace/rustup-home:/opt/rustwide/rustup-home:ro,Z" "-e" "SOURCE_DIR=/opt/rustwide/workdir" "-e" "CARGO_TARGET_DIR=/opt/rustwide/target" "-e" "CARGO_INCREMENTAL=0" "-e" "RUST_BACKTRACE=full" "-e" "RUSTFLAGS=--cap-lints=warn" "-e" "RUSTDOCFLAGS=--cap-lints=warn" "-e" "CARGO_HOME=/opt/rustwide/cargo-home" "-e" "RUSTUP_HOME=/opt/rustwide/rustup-home" "-w" "/opt/rustwide/workdir" "-m" "1610612736" "--user" "0:0" "--network" "none" "ghcr.io/rust-lang/crates-build-env/linux@sha256:5ff2268d62e97bff2cde7d5815dd6ed5b47097566f13b8d0ca110b04b60e07ed" "/opt/rustwide/cargo-home/bin/cargo" "+1.69.0" "build" "--frozen" "--message-format=json", kill_on_drop: false }`
[INFO] [stdout] 8f12cabc23aa8db8d3e317865b35f2cb1d688a9ad91fda0c904c4039b6878997
[INFO] running `Command { std: "docker" "start" "-a" "8f12cabc23aa8db8d3e317865b35f2cb1d688a9ad91fda0c904c4039b6878997", kill_on_drop: false }`
[INFO] [stderr]    Compiling const-oid v0.9.2
[INFO] [stderr]    Compiling serde v1.0.160
[INFO] [stderr]    Compiling once_cell v1.17.1
[INFO] [stderr]    Compiling ppv-lite86 v0.2.17
[INFO] [stderr]    Compiling generic-array v0.14.7
[INFO] [stderr]    Compiling base16ct v0.2.0
[INFO] [stderr]    Compiling keccak v0.1.3
[INFO] [stderr]    Compiling rustversion v1.0.12
[INFO] [stderr]    Compiling ahash v0.8.3
[INFO] [stderr]    Compiling syn v2.0.15
[INFO] [stderr]    Compiling getrandom v0.2.9
[INFO] [stderr]    Compiling syn v1.0.109
[INFO] [stderr]    Compiling secp256k1-sys v0.8.1
[INFO] [stderr]    Compiling base64 v0.21.0
[INFO] [stderr]    Compiling bech32 v0.7.3
[INFO] [stderr]    Compiling num-traits v0.2.15
[INFO] [stderr]    Compiling futures-core v0.3.28
[INFO] [stderr]    Compiling rand_core v0.6.4
[INFO] [stderr]    Compiling radium v0.3.0
[INFO] [stderr]    Compiling serde_json v1.0.96
[INFO] [stderr]    Compiling fuel-storage v0.31.0
[INFO] [stderr]    Compiling fnv v1.0.7
[INFO] [stderr]    Compiling anyhow v1.0.71
[INFO] [stderr]    Compiling ident_case v1.0.1
[INFO] [stderr]    Compiling strsim v0.10.0
[INFO] [stderr]    Compiling borrown v0.1.0
[INFO] [stderr]    Compiling heapless v0.7.16
[INFO] [stderr]    Compiling ff v0.13.0
[INFO] [stderr]    Compiling rand_chacha v0.3.1
[INFO] [stderr]    Compiling bitvec v0.17.4
[INFO] [stderr]    Compiling byteorder v1.4.3
[INFO] [stderr]    Compiling convert_case v0.4.0
[INFO] [stderr]    Compiling rand v0.8.5
[INFO] [stderr]    Compiling group v0.13.0
[INFO] [stderr]    Compiling tracing-core v0.1.30
[INFO] [stderr]    Compiling hashbrown v0.13.2
[INFO] [stderr]    Compiling futures-channel v0.3.28
[INFO] [stderr]    Compiling hash32 v0.2.1
[INFO] [stderr]    Compiling spin v0.9.8
[INFO] [stderr]    Compiling stable_deref_trait v1.2.0
[INFO] [stderr]    Compiling cobs v0.2.3
[INFO] [stderr]    Compiling bech32 v0.9.1
[INFO] [stderr]    Compiling num-integer v0.1.45
[INFO] [stderr]    Compiling secp256k1 v0.26.0
[INFO] [stderr]    Compiling darling_core v0.13.4
[INFO] [stderr]    Compiling strum_macros v0.24.3
[INFO] [stderr]    Compiling derivative v2.2.0
[INFO] [stderr]    Compiling derive_more v0.99.17
[INFO] [stderr]    Compiling zeroize_derive v1.4.2
[INFO] [stderr]    Compiling serde_derive v1.0.160
[INFO] [stderr]    Compiling thiserror-impl v1.0.40
[INFO] [stderr]    Compiling futures-macro v0.3.28
[INFO] [stderr]    Compiling tracing-attributes v0.1.24
[INFO] [stderr]    Compiling tokio-macros v2.1.0
[INFO] [stderr]    Compiling async-trait v0.1.68
[INFO] [stderr]    Compiling darling_macro v0.13.4
[INFO] [stderr]    Compiling futures-util v0.3.28
[INFO] [stderr]    Compiling tokio v1.28.0
[INFO] [stderr]    Compiling zeroize v1.6.0
[INFO] [stderr]    Compiling darling v0.13.4
[INFO] [stderr]    Compiling der v0.7.5
[INFO] [stderr]    Compiling secrecy v0.8.0
[INFO] [stderr]    Compiling thiserror v1.0.40
[INFO] [stderr]    Compiling strum v0.24.1
[INFO] [stderr]    Compiling serde_with_macros v1.5.2
[INFO] [stderr]    Compiling tracing v0.1.37
[INFO] [stderr]    Compiling block-buffer v0.10.4
[INFO] [stderr]    Compiling crypto-common v0.1.6
[INFO] [stderr]    Compiling crypto-bigint v0.5.2
[INFO] [stderr]    Compiling block-buffer v0.9.0
[INFO] [stderr]    Compiling digest v0.9.0
[INFO] [stderr]    Compiling sha2 v0.9.9
[INFO] [stderr]    Compiling digest v0.10.6
[INFO] [stderr]    Compiling hmac v0.12.1
[INFO] [stderr]    Compiling sha2 v0.10.6
[INFO] [stderr]    Compiling signature v2.1.0
[INFO] [stderr]    Compiling sha3 v0.10.7
[INFO] [stderr]    Compiling ripemd v0.1.3
[INFO] [stderr]    Compiling rfc6979 v0.4.0
[INFO] [stderr]    Compiling pbkdf2 v0.12.1
[INFO] [stderr]    Compiling spki v0.7.1
[INFO] [stderr]    Compiling sec1 v0.7.2
[INFO] [stderr]    Compiling bs58 v0.4.0
[INFO] [stderr]    Compiling pkcs8 v0.10.2
[INFO] [stderr]    Compiling elliptic-curve v0.13.4
[INFO] [stderr]    Compiling ecdsa v0.16.6
[INFO] [stderr]    Compiling k256 v0.13.1
[INFO] [stderr]    Compiling futures-executor v0.3.28
[INFO] [stderr]    Compiling futures v0.3.28
[INFO] [stderr]    Compiling fuel-core-services v0.18.0
[INFO] [stderr]    Compiling tokio-stream v0.1.14
[INFO] [stderr]    Compiling hex v0.4.3
[INFO] [stderr]    Compiling bincode v1.3.3
[INFO] [stderr]    Compiling tai64 v4.0.0
[INFO] [stderr]    Compiling serde_with v1.14.0
[INFO] [stderr]    Compiling coins-core v0.8.3
[INFO] [stderr]    Compiling fuel-types v0.31.0
[INFO] [stderr]    Compiling fuel-merkle v0.31.0
[INFO] [stderr]    Compiling postcard v1.0.4
[INFO] [stderr]    Compiling coins-bip32 v0.8.3
[INFO] [stderr]    Compiling fuel-asm v0.31.0
[INFO] [stderr]    Compiling coins-bip39 v0.8.6
[INFO] [stderr]    Compiling fuel-crypto v0.31.0
[INFO] [stderr]    Compiling fuel-tx v0.31.0
[INFO] [stderr]    Compiling fuel-vm v0.31.0
[INFO] [stderr]    Compiling fuel-core-types v0.18.0
[INFO] [stderr]    Compiling fuel-core-storage v0.18.0
[INFO] [stderr]    Compiling fuel-core-chain-config v0.18.0
[INFO] [stderr]    Compiling fuel-core-poa v0.18.0 (/opt/rustwide/workdir)
[INFO] [stderr]     Finished dev [unoptimized + debuginfo] target(s) in 24.79s
[INFO] running `Command { std: "docker" "inspect" "8f12cabc23aa8db8d3e317865b35f2cb1d688a9ad91fda0c904c4039b6878997", kill_on_drop: false }`
[INFO] running `Command { std: "docker" "rm" "-f" "8f12cabc23aa8db8d3e317865b35f2cb1d688a9ad91fda0c904c4039b6878997", kill_on_drop: false }`
[INFO] [stdout] 8f12cabc23aa8db8d3e317865b35f2cb1d688a9ad91fda0c904c4039b6878997
[INFO] running `Command { std: "docker" "create" "-v" "/var/lib/crater-agent-workspace/builds/worker-5-tc1/target:/opt/rustwide/target:rw,Z" "-v" "/var/lib/crater-agent-workspace/builds/worker-5-tc1/source:/opt/rustwide/workdir:ro,Z" "-v" "/var/lib/crater-agent-workspace/cargo-home:/opt/rustwide/cargo-home:ro,Z" "-v" "/var/lib/crater-agent-workspace/rustup-home:/opt/rustwide/rustup-home:ro,Z" "-e" "SOURCE_DIR=/opt/rustwide/workdir" "-e" "CARGO_TARGET_DIR=/opt/rustwide/target" "-e" "CARGO_INCREMENTAL=0" "-e" "RUST_BACKTRACE=full" "-e" "RUSTFLAGS=--cap-lints=warn" "-e" "RUSTDOCFLAGS=--cap-lints=warn" "-e" "CARGO_HOME=/opt/rustwide/cargo-home" "-e" "RUSTUP_HOME=/opt/rustwide/rustup-home" "-w" "/opt/rustwide/workdir" "-m" "1610612736" "--user" "0:0" "--network" "none" "ghcr.io/rust-lang/crates-build-env/linux@sha256:5ff2268d62e97bff2cde7d5815dd6ed5b47097566f13b8d0ca110b04b60e07ed" "/opt/rustwide/cargo-home/bin/cargo" "+1.69.0" "test" "--frozen" "--no-run" "--message-format=json", kill_on_drop: false }`
[INFO] [stdout] a95aea9e27eb322404f0011364340593f03a1c1e86dfec2729c3244db47e5ef1
[INFO] running `Command { std: "docker" "start" "-a" "a95aea9e27eb322404f0011364340593f03a1c1e86dfec2729c3244db47e5ef1", kill_on_drop: false }`
[INFO] [stderr]    Compiling proc-macro-error-attr v1.0.4
[INFO] [stderr]    Compiling tokio v1.28.0
[INFO] [stderr]    Compiling proc-macro-error v1.0.4
[INFO] [stderr]    Compiling predicates-core v1.0.6
[INFO] [stderr]    Compiling float-cmp v0.9.0
[INFO] [stderr]    Compiling normalize-line-endings v0.3.0
[INFO] [stderr]    Compiling termtree v0.4.1
[INFO] [stderr]    Compiling mockall_derive v0.11.4
[INFO] [stderr]    Compiling downcast v0.11.0
[INFO] [stderr]    Compiling fragile v2.0.0
[INFO] [stderr]    Compiling predicates v2.1.5
[INFO] [stderr]    Compiling predicates-tree v1.0.9
[INFO] [stderr]    Compiling test-case-macros v2.2.2
[INFO] [stderr]    Compiling test-case v2.2.2
[INFO] [stderr]    Compiling mockall v0.11.4
[INFO] [stderr]    Compiling tokio-stream v0.1.14
[INFO] [stderr]    Compiling fuel-core-services v0.18.0
[INFO] [stderr]    Compiling fuel-core-poa v0.18.0 (/opt/rustwide/workdir)
[INFO] [stdout] error[E0432]: unresolved import `fuel_core_storage::test_helpers`
[INFO] [stdout]   --> src/service_test.rs:19:5
[INFO] [stdout]    |
[INFO] [stdout] 19 |     test_helpers::EmptyStorage,
[INFO] [stdout]    |     ^^^^^^^^^^^^ could not find `test_helpers` in `fuel_core_storage`
[INFO] [stdout] 
[INFO] [stdout] 
[INFO] [stdout] error[E0432]: unresolved import `fuel_core_storage::test_helpers`
[INFO] [stdout]   --> src/ports.rs:41:24
[INFO] [stdout]    |
[INFO] [stdout] 41 | use fuel_core_storage::test_helpers::EmptyStorage;
[INFO] [stdout]    |                        ^^^^^^^^^^^^ could not find `test_helpers` in `fuel_core_storage`
[INFO] [stdout] 
[INFO] [stdout] 
[INFO] [stdout] error[E0282]: type annotations needed
[INFO] [stdout]   --> src/service_test/manually_produce_tests.rs:63:53
[INFO] [stdout]    |
[INFO] [stdout] 63 |     importer.expect_commit_result().returning(move |r| {
[INFO] [stdout]    |                                                     ^
[INFO] [stdout] 64 |         tx.try_send(r.into_result().sealed_block.entity.header().time())
[INFO] [stdout]    |                     - type must be known at this point
[INFO] [stdout]    |
[INFO] [stdout] help: consider giving this closure parameter an explicit type
[INFO] [stdout]    |
[INFO] [stdout] 63 |     importer.expect_commit_result().returning(move |r: /* Type */| {
[INFO] [stdout]    |                                                      ++++++++++++
[INFO] [stdout] 
[INFO] [stdout] 
[INFO] [stdout] error[E0599]: no function or associated item named `default` found for struct `fuel_core_types::blockchain::block::Block` in the current scope
[INFO] [stdout]   --> src/service_test/manually_produce_tests.rs:72:36
[INFO] [stdout]    |
[INFO] [stdout] 72 |             let mut block = Block::default();
[INFO] [stdout]    |                                    ^^^^^^^ function or associated item not found in `Block<_>`
[INFO] [stdout] 
[INFO] [stdout] 
[INFO] [stdout] warning: impl method assumes more implied bounds than the corresponding trait method
[INFO] [stdout]   --> src/ports.rs:43:18
[INFO] [stdout]    |
[INFO] [stdout] 43 | #[cfg_attr(test, mockall::automock(type Database=EmptyStorage;))]
[INFO] [stdout]    |                  ^^^^^^^^^^^^^^^^^^^^^^^^^^^^^^^^^^^^^^^^^^^^^^
[INFO] [stdout]    |
[INFO] [stdout]    = warning: this was previously accepted by the compiler but is being phased out; it will become a hard error in a future release!
[INFO] [stdout]    = note: for more information, see issue #105572 <https://github.com/rust-lang/rust/issues/105572>
[INFO] [stdout]    = note: `#[warn(implied_bounds_entailment)]` on by default
[INFO] [stdout]    = note: this warning originates in the attribute macro `mockall::automock` (in Nightly builds, run with -Z macro-backtrace for more info)
[INFO] [stdout] 
[INFO] [stdout] 
[INFO] [stdout] error[E0282]: type annotations needed
[INFO] [stdout]   --> src/service_test/trigger_tests.rs:97:57
[INFO] [stdout]    |
[INFO] [stdout] 97 |         importer.expect_commit_result().returning(move |result| {
[INFO] [stdout]    |                                                         ^^^^^^
[INFO] [stdout] 98 |             let (result, _) = result.into();
[INFO] [stdout]    |                               ------ type must be known at this point
[INFO] [stdout]    |
[INFO] [stdout] help: consider giving this closure parameter an explicit type
[INFO] [stdout]    |
[INFO] [stdout] 97 |         importer.expect_commit_result().returning(move |result: /* Type */| {
[INFO] [stdout]    |                                                               ++++++++++++
[INFO] [stdout] 
[INFO] [stdout] 
[INFO] [stdout] error[E0277]: the trait bound `fuel_core_types::blockchain::block::Block: Default` is not satisfied
[INFO] [stdout]    --> src/service_test.rs:120:36
[INFO] [stdout]     |
[INFO] [stdout] 120 | ...                   block: Default::default(),
[INFO] [stdout]     |                              ^^^^^^^^^^^^^^^^ the trait `Default` is not implemented for `fuel_core_types::blockchain::block::Block`
[INFO] [stdout] 
[INFO] [stdout] 
[INFO] [stdout] error[E0599]: no function or associated item named `new_block` found for struct `fuel_core_types::blockchain::header::BlockHeader` in the current scope
[INFO] [stdout]    --> src/service_test.rs:141:27
[INFO] [stdout]     |
[INFO] [stdout] 141 |             &BlockHeader::new_block(BlockHeight::from(1u32), Tai64::now()),
[INFO] [stdout]     |                           ^^^^^^^^^ function or associated item not found in `BlockHeader`
[INFO] [stdout] 
[INFO] [stdout] 
[INFO] [stdout] error[E0277]: the trait bound `fuel_core_types::blockchain::block::Block: Default` is not satisfied
[INFO] [stdout]    --> src/service_test.rs:263:28
[INFO] [stdout]     |
[INFO] [stdout] 263 |                     block: Default::default(),
[INFO] [stdout]     |                            ^^^^^^^^^^^^^^^^ the trait `Default` is not implemented for `fuel_core_types::blockchain::block::Block`
[INFO] [stdout] 
[INFO] [stdout] 
[INFO] [stdout] error[E0599]: no function or associated item named `new_block` found for struct `fuel_core_types::blockchain::header::BlockHeader` in the current scope
[INFO] [stdout]    --> src/service_test.rs:311:23
[INFO] [stdout]     |
[INFO] [stdout] 311 |         &BlockHeader::new_block(BlockHeight::from(1u32), Tai64::now()),
[INFO] [stdout]     |                       ^^^^^^^^^ function or associated item not found in `BlockHeader`
[INFO] [stdout] 
[INFO] [stdout] 
[INFO] [stdout] error[E0599]: no function or associated item named `new_block` found for struct `fuel_core_types::blockchain::header::BlockHeader` in the current scope
[INFO] [stdout]    --> src/service_test.rs:352:23
[INFO] [stdout]     |
[INFO] [stdout] 352 |         &BlockHeader::new_block(BlockHeight::from(1u32), Tai64::now()),
[INFO] [stdout]     |                       ^^^^^^^^^ function or associated item not found in `BlockHeader`
[INFO] [stdout] 
[INFO] [stdout] 
[INFO] [stdout] error[E0599]: no function or associated item named `new_block` found for struct `fuel_core_types::blockchain::header::BlockHeader` in the current scope
[INFO] [stdout]    --> src/service_test.rs:408:23
[INFO] [stdout]     |
[INFO] [stdout] 408 |         &BlockHeader::new_block(BlockHeight::from(1u32), Tai64::now()),
[INFO] [stdout]     |                       ^^^^^^^^^ function or associated item not found in `BlockHeader`
[INFO] [stdout] 
[INFO] [stdout] 
[INFO] [stdout] error[E0277]: the trait bound `ApplicationHeader<_>: Default` is not satisfied
[INFO] [stdout]   --> src/verifier/tests.rs:27:11
[INFO] [stdout]    |
[INFO] [stdout] 27 |         ..Default::default()
[INFO] [stdout]    |           ^^^^^^^^^^^^^^^^ the trait `Default` is not implemented for `ApplicationHeader<_>`
[INFO] [stdout] 
[INFO] [stdout] 
[INFO] [stdout] error[E0277]: the trait bound `ApplicationHeader<GeneratedApplicationFields>: Default` is not satisfied
[INFO] [stdout]   --> src/verifier/tests.rs:50:15
[INFO] [stdout]    |
[INFO] [stdout] 50 |             ..Default::default()
[INFO] [stdout]    |               ^^^^^^^^^^^^^^^^ the trait `Default` is not implemented for `ApplicationHeader<GeneratedApplicationFields>`
[INFO] [stdout] 
[INFO] [stdout] 
[INFO] [stdout] error[E0599]: no function or associated item named `default` found for struct `fuel_core_types::blockchain::header::BlockHeader` in the current scope
[INFO] [stdout]    --> src/verifier/tests.rs:104:34
[INFO] [stdout]     |
[INFO] [stdout] 104 |         let mut h = BlockHeader::default();
[INFO] [stdout]     |                                  ^^^^^^^ function or associated item not found in `BlockHeader`
[INFO] [stdout] 
[INFO] [stdout] 
[INFO] [stdout] error[E0599]: no function or associated item named `default` found for struct `fuel_core_types::blockchain::block::Block` in the current scope
[INFO] [stdout]    --> src/verifier/tests.rs:109:24
[INFO] [stdout]     |
[INFO] [stdout] 109 |     let mut b = Block::default();
[INFO] [stdout]     |                        ^^^^^^^ function or associated item not found in `Block<_>`
[INFO] [stdout] 
[INFO] [stdout] 
[INFO] [stdout] error: aborting due to 15 previous errors; 1 warning emitted
[INFO] [stdout] 
[INFO] [stdout] 
[INFO] [stdout] Some errors have detailed explanations: E0277, E0282, E0432, E0599.
[INFO] [stdout] 
[INFO] [stdout] For more information about an error, try `rustc --explain E0277`.
[INFO] [stdout] 
[INFO] [stderr] error: could not compile `fuel-core-poa` due to 16 previous errors; 2 warnings emitted
[INFO] running `Command { std: "docker" "inspect" "a95aea9e27eb322404f0011364340593f03a1c1e86dfec2729c3244db47e5ef1", kill_on_drop: false }`
[INFO] running `Command { std: "docker" "rm" "-f" "a95aea9e27eb322404f0011364340593f03a1c1e86dfec2729c3244db47e5ef1", kill_on_drop: false }`
[INFO] [stdout] a95aea9e27eb322404f0011364340593f03a1c1e86dfec2729c3244db47e5ef1
