[INFO] fetching crate fudge 0.0.0...
[INFO] testing fudge-0.0.0 against 1.69.0 for beta-1.70-1
[INFO] extracting crate fudge 0.0.0 into /workspace/builds/worker-5-tc1/source
[INFO] validating manifest of crates.io crate fudge 0.0.0 on toolchain 1.69.0
[INFO] running `Command { std: CARGO_HOME="/workspace/cargo-home" RUSTUP_HOME="/workspace/rustup-home" "/workspace/cargo-home/bin/cargo" "+1.69.0" "metadata" "--manifest-path" "Cargo.toml" "--no-deps", kill_on_drop: false }`
[INFO] started tweaking crates.io crate fudge 0.0.0
[INFO] finished tweaking crates.io crate fudge 0.0.0
[INFO] tweaked toml for crates.io crate fudge 0.0.0 written to /workspace/builds/worker-5-tc1/source/Cargo.toml
[INFO] running `Command { std: CARGO_HOME="/workspace/cargo-home" RUSTUP_HOME="/workspace/rustup-home" __CARGO_TEST_CHANNEL_OVERRIDE_DO_NOT_USE_THIS="nightly" "/workspace/cargo-home/bin/cargo" "+1.69.0" "generate-lockfile" "--manifest-path" "Cargo.toml" "-Zno-index-update", kill_on_drop: false }`
[INFO] [stderr]     Blocking waiting for file lock on package cache
[INFO] running `Command { std: CARGO_HOME="/workspace/cargo-home" RUSTUP_HOME="/workspace/rustup-home" "/workspace/cargo-home/bin/cargo" "+1.69.0" "fetch" "--manifest-path" "Cargo.toml", kill_on_drop: false }`
[INFO] [stderr]  Downloading crates ...
[INFO] [stderr]   Downloaded derive_utils v0.11.2
[INFO] [stderr]   Downloaded io-enum v0.2.6
[INFO] [stderr]   Downloaded lru v0.4.3
[INFO] [stderr]   Downloaded bigdecimal v0.1.2
[INFO] [stderr]   Downloaded lexical v4.2.1
[INFO] [stderr]   Downloaded lexical-core v0.6.8
[INFO] [stderr]   Downloaded mysql_common v0.20.2
[INFO] [stderr]   Downloaded mysql v18.2.0
[INFO] running `Command { std: "docker" "create" "-v" "/var/lib/crater-agent-workspace/builds/worker-5-tc1/target:/opt/rustwide/target:rw,Z" "-v" "/var/lib/crater-agent-workspace/builds/worker-5-tc1/source:/opt/rustwide/workdir:ro,Z" "-v" "/var/lib/crater-agent-workspace/cargo-home:/opt/rustwide/cargo-home:ro,Z" "-v" "/var/lib/crater-agent-workspace/rustup-home:/opt/rustwide/rustup-home:ro,Z" "-e" "SOURCE_DIR=/opt/rustwide/workdir" "-e" "CARGO_TARGET_DIR=/opt/rustwide/target" "-e" "CARGO_HOME=/opt/rustwide/cargo-home" "-e" "RUSTUP_HOME=/opt/rustwide/rustup-home" "-w" "/opt/rustwide/workdir" "-m" "1610612736" "--user" "0:0" "--network" "none" "ghcr.io/rust-lang/crates-build-env/linux@sha256:5ff2268d62e97bff2cde7d5815dd6ed5b47097566f13b8d0ca110b04b60e07ed" "/opt/rustwide/cargo-home/bin/cargo" "+1.69.0" "metadata" "--no-deps" "--format-version=1", kill_on_drop: false }`
[INFO] [stdout] b6d2bfa740b33861700fd723c9bf4133483d8a4b1e7315764a60977824f02426
[INFO] running `Command { std: "docker" "start" "-a" "b6d2bfa740b33861700fd723c9bf4133483d8a4b1e7315764a60977824f02426", kill_on_drop: false }`
[INFO] running `Command { std: "docker" "inspect" "b6d2bfa740b33861700fd723c9bf4133483d8a4b1e7315764a60977824f02426", kill_on_drop: false }`
[INFO] running `Command { std: "docker" "rm" "-f" "b6d2bfa740b33861700fd723c9bf4133483d8a4b1e7315764a60977824f02426", kill_on_drop: false }`
[INFO] [stdout] b6d2bfa740b33861700fd723c9bf4133483d8a4b1e7315764a60977824f02426
[INFO] running `Command { std: "docker" "create" "-v" "/var/lib/crater-agent-workspace/builds/worker-5-tc1/target:/opt/rustwide/target:rw,Z" "-v" "/var/lib/crater-agent-workspace/builds/worker-5-tc1/source:/opt/rustwide/workdir:ro,Z" "-v" "/var/lib/crater-agent-workspace/cargo-home:/opt/rustwide/cargo-home:ro,Z" "-v" "/var/lib/crater-agent-workspace/rustup-home:/opt/rustwide/rustup-home:ro,Z" "-e" "SOURCE_DIR=/opt/rustwide/workdir" "-e" "CARGO_TARGET_DIR=/opt/rustwide/target" "-e" "CARGO_INCREMENTAL=0" "-e" "RUST_BACKTRACE=full" "-e" "RUSTFLAGS=--cap-lints=warn" "-e" "RUSTDOCFLAGS=--cap-lints=warn" "-e" "CARGO_HOME=/opt/rustwide/cargo-home" "-e" "RUSTUP_HOME=/opt/rustwide/rustup-home" "-w" "/opt/rustwide/workdir" "-m" "1610612736" "--user" "0:0" "--network" "none" "ghcr.io/rust-lang/crates-build-env/linux@sha256:5ff2268d62e97bff2cde7d5815dd6ed5b47097566f13b8d0ca110b04b60e07ed" "/opt/rustwide/cargo-home/bin/cargo" "+1.69.0" "build" "--frozen" "--message-format=json", kill_on_drop: false }`
[INFO] [stdout] 7c5fb3fed0b09205b9df578c0809a94887a0c7cdd3b83432a27874806966619e
[INFO] running `Command { std: "docker" "start" "-a" "7c5fb3fed0b09205b9df578c0809a94887a0c7cdd3b83432a27874806966619e", kill_on_drop: false }`
[INFO] [stderr]    Compiling libc v0.2.142
[INFO] [stderr]    Compiling cfg-if v1.0.0
[INFO] [stderr]    Compiling autocfg v1.1.0
[INFO] [stderr]    Compiling cc v1.0.79
[INFO] [stderr]    Compiling proc-macro2 v1.0.56
[INFO] [stderr]    Compiling quote v1.0.26
[INFO] [stderr]    Compiling unicode-ident v1.0.8
[INFO] [stderr]    Compiling pkg-config v0.3.26
[INFO] [stderr]    Compiling semver-parser v0.7.0
[INFO] [stderr]    Compiling syn v1.0.109
[INFO] [stderr]    Compiling crunchy v0.2.2
[INFO] [stderr]    Compiling memchr v2.5.0
[INFO] [stderr]    Compiling once_cell v1.17.1
[INFO] [stderr]    Compiling typenum v1.16.0
[INFO] [stderr]    Compiling proc-macro-hack v0.5.20+deprecated
[INFO] [stderr]    Compiling tiny-keccak v2.0.2
[INFO] [stderr]    Compiling serde v1.0.160
[INFO] [stderr]    Compiling bitflags v1.3.2
[INFO] [stderr]    Compiling semver v0.9.0
[INFO] [stderr]    Compiling getrandom v0.1.16
[INFO] [stderr]    Compiling ppv-lite86 v0.2.17
[INFO] [stderr]    Compiling cfg-if v0.1.10
[INFO] [stderr]    Compiling arrayvec v0.4.12
[INFO] [stderr]    Compiling autocfg v0.1.8
[INFO] [stderr]    Compiling rustc_version v0.2.3
[INFO] [stderr]    Compiling num-traits v0.2.15
[INFO] [stderr]    Compiling num-integer v0.1.45
[INFO] [stderr]    Compiling num-bigint v0.2.6
[INFO] [stderr]    Compiling unicode-xid v0.2.4
[INFO] [stderr]    Compiling ryu v1.0.13
[INFO] [stderr]    Compiling lexical-core v0.6.8
[INFO] [stderr]    Compiling crc32fast v1.3.2
[INFO] [stderr]    Compiling gimli v0.27.2
[INFO] [stderr]    Compiling adler v1.0.2
[INFO] [stderr]    Compiling nodrop v0.1.14
[INFO] [stderr]    Compiling tinyvec_macros v0.1.1
[INFO] [stderr]    Compiling failure_derive v0.1.8
[INFO] [stderr]    Compiling byte-tools v0.3.1
[INFO] [stderr]    Compiling block-padding v0.1.5
[INFO] [stderr]    Compiling tinyvec v1.6.0
[INFO] [stderr]    Compiling syn v2.0.15
[INFO] [stderr]    Compiling openssl-sys v0.9.87
[INFO] [stderr]    Compiling libz-sys v1.1.9
[INFO] [stderr]    Compiling backtrace v0.3.67
[INFO] [stderr]    Compiling miniz_oxide v0.6.2
[INFO] [stderr]    Compiling object v0.30.3
[INFO] [stderr]    Compiling generic-array v0.12.4
[INFO] [stderr]    Compiling lexical v4.2.1
[INFO] [stderr]    Compiling hashbrown v0.6.3
[INFO] [stderr]    Compiling serde_json v1.0.96
[INFO] [stderr]    Compiling foreign-types-shared v0.1.1
[INFO] [stderr]    Compiling log v0.4.17
[INFO] [stderr]    Compiling byteorder v1.4.3
[INFO] [stderr]    Compiling rust_decimal v1.29.1
[INFO] [stderr]    Compiling openssl v0.10.52
[INFO] [stderr]    Compiling getrandom v0.2.9
[INFO] [stderr]    Compiling static_assertions v0.3.4
[INFO] [stderr]    Compiling rand_core v0.6.4
[INFO] [stderr]    Compiling rustc-demangle v0.1.23
[INFO] [stderr]    Compiling rand_core v0.5.1
[INFO] [stderr]    Compiling block-buffer v0.7.3
[INFO] [stderr]    Compiling rand_chacha v0.3.1
[INFO] [stderr]    Compiling unicode-normalization v0.1.22
[INFO] [stderr]    Compiling rand_chacha v0.2.2
[INFO] [stderr]    Compiling time v0.1.45
[INFO] [stderr]    Compiling const-random-macro v0.1.15
[INFO] [stderr]    Compiling rand v0.8.5
[INFO] [stderr]    Compiling foreign-types v0.3.2
[INFO] [stderr]    Compiling digest v0.8.1
[INFO] [stderr]    Compiling aho-corasick v1.0.1
[INFO] [stderr]    Compiling addr2line v0.19.0
[INFO] [stderr]    Compiling io-enum v0.2.6
[INFO] [stderr]    Compiling const-random v0.1.15
[INFO] [stderr]    Compiling iana-time-zone v0.1.56
[INFO] [stderr]    Compiling itoa v1.0.6
[INFO] [stderr]    Compiling ahash v0.2.19
[INFO] [stderr]    Compiling regex-syntax v0.7.1
[INFO] [stderr]    Compiling sha1_smol v1.0.0
[INFO] [stderr]    Compiling arrayvec v0.7.2
[INFO] [stderr]    Compiling fake-simd v0.1.2
[INFO] [stderr]    Compiling unicode-bidi v0.3.13
[INFO] [stderr]    Compiling percent-encoding v2.2.0
[INFO] [stderr]    Compiling static_assertions v1.1.0
[INFO] [stderr]    Compiling native-tls v0.2.11
[INFO] [stderr]    Compiling opaque-debug v0.2.3
[INFO] [stderr]    Compiling nix v0.17.0
[INFO] [stderr]    Compiling twox-hash v1.6.3
[INFO] [stderr]    Compiling bigdecimal v0.1.2
[INFO] [stderr]    Compiling sha2 v0.8.2
[INFO] [stderr]    Compiling chrono v0.4.24
[INFO] [stderr]    Compiling form_urlencoded v1.1.0
[INFO] [stderr]    Compiling sha1 v0.6.1
[INFO] [stderr]    Compiling idna v0.3.0
[INFO] [stderr]    Compiling flate2 v1.0.26
[INFO] [stderr]    Compiling rand v0.7.3
[INFO] [stderr]    Compiling uuid v0.8.2
[INFO] [stderr]    Compiling void v1.0.2
[INFO] [stderr]    Compiling mysql v18.2.0
[INFO] [stderr]    Compiling base64 v0.11.0
[INFO] [stderr]    Compiling bytes v0.5.6
[INFO] [stderr]    Compiling lazy_static v1.4.0
[INFO] [stderr]    Compiling openssl-probe v0.1.5
[INFO] [stderr]    Compiling lru v0.4.3
[INFO] [stderr]    Compiling url v2.3.1
[INFO] [stderr]    Compiling net2 v0.2.38
[INFO] [stderr]    Compiling synstructure v0.12.6
[INFO] [stderr]    Compiling derive_utils v0.11.2
[INFO] [stderr]    Compiling bufstream v0.1.4
[INFO] [stderr]    Compiling openssl-macros v0.1.1
[INFO] [stderr]    Compiling regex v1.8.1
[INFO] [stderr]    Compiling failure v0.1.8
[INFO] [stderr]    Compiling mysql_common v0.20.2
[INFO] [stderr]    Compiling fudge v0.0.0 (/opt/rustwide/workdir)
[INFO] [stdout] warning: variant `inner` should have an upper camel case name
[INFO] [stdout]  --> src/query_join.rs:2:5
[INFO] [stdout]   |
[INFO] [stdout] 2 |     inner = 1,
[INFO] [stdout]   |     ^^^^^ help: convert the identifier to upper camel case (notice the capitalization): `Inner`
[INFO] [stdout]   |
[INFO] [stdout]   = note: `#[warn(non_camel_case_types)]` on by default
[INFO] [stdout] 
[INFO] [stdout] 
[INFO] [stdout] warning: variant `right` should have an upper camel case name
[INFO] [stdout]  --> src/query_join.rs:3:5
[INFO] [stdout]   |
[INFO] [stdout] 3 |     right = 2,
[INFO] [stdout]   |     ^^^^^ help: convert the identifier to upper camel case: `Right`
[INFO] [stdout] 
[INFO] [stdout] 
[INFO] [stdout] warning: variant `left` should have an upper camel case name
[INFO] [stdout]  --> src/query_join.rs:4:5
[INFO] [stdout]   |
[INFO] [stdout] 4 |     left = 3,
[INFO] [stdout]   |     ^^^^ help: convert the identifier to upper camel case: `Left`
[INFO] [stdout] 
[INFO] [stdout] 
[INFO] [stdout] warning: variant `full` should have an upper camel case name
[INFO] [stdout]  --> src/query_join.rs:5:5
[INFO] [stdout]   |
[INFO] [stdout] 5 |     full = 4,
[INFO] [stdout]   |     ^^^^ help: convert the identifier to upper camel case (notice the capitalization): `Full`
[INFO] [stdout] 
[INFO] [stdout] 
[INFO] [stdout] warning: enum `QueryMode` is never used
[INFO] [stdout]  --> src/query_constructor.rs:3:10
[INFO] [stdout]   |
[INFO] [stdout] 3 | pub enum QueryMode {
[INFO] [stdout]   |          ^^^^^^^^^
[INFO] [stdout]   |
[INFO] [stdout]   = note: `#[warn(dead_code)]` on by default
[INFO] [stdout] 
[INFO] [stdout] 
[INFO] [stdout] warning: struct `QueryConstructor` is never constructed
[INFO] [stdout]   --> src/query_constructor.rs:10:12
[INFO] [stdout]    |
[INFO] [stdout] 10 | pub struct QueryConstructor {
[INFO] [stdout]    |            ^^^^^^^^^^^^^^^^
[INFO] [stdout] 
[INFO] [stdout] 
[INFO] [stdout] warning: associated function `new` is never used
[INFO] [stdout]   --> src/query_constructor.rs:21:12
[INFO] [stdout]    |
[INFO] [stdout] 21 |     pub fn new() -> QueryConstructor {
[INFO] [stdout]    |            ^^^
[INFO] [stdout] 
[INFO] [stdout] 
[INFO] [stdout] warning: method `select` is never used
[INFO] [stdout]   --> src/query_constructor.rs:42:12
[INFO] [stdout]    |
[INFO] [stdout] 42 |     pub fn select(&mut self, fields: Vec<&str>) -> &mut Self {
[INFO] [stdout]    |            ^^^^^^
[INFO] [stdout] 
[INFO] [stdout] 
[INFO] [stdout] warning: method `from` is never used
[INFO] [stdout]   --> src/query_constructor.rs:61:12
[INFO] [stdout]    |
[INFO] [stdout] 61 |     pub fn from(&mut self, table: &str) -> &mut Self {
[INFO] [stdout]    |            ^^^^
[INFO] [stdout] 
[INFO] [stdout] 
[INFO] [stdout] warning: method `limit` is never used
[INFO] [stdout]   --> src/query_constructor.rs:75:12
[INFO] [stdout]    |
[INFO] [stdout] 75 |     pub fn limit(&mut self, amount: usize) -> &mut Self {
[INFO] [stdout]    |            ^^^^^
[INFO] [stdout] 
[INFO] [stdout] 
[INFO] [stdout] warning: method `serialize` is never used
[INFO] [stdout]   --> src/query_constructor.rs:89:12
[INFO] [stdout]    |
[INFO] [stdout] 89 |     pub fn serialize(&mut self) -> &Vec<String> {
[INFO] [stdout]    |            ^^^^^^^^^
[INFO] [stdout] 
[INFO] [stdout] 
[INFO] [stdout] warning: enum `JoinType` is never used
[INFO] [stdout]  --> src/query_join.rs:1:10
[INFO] [stdout]   |
[INFO] [stdout] 1 | pub enum JoinType {
[INFO] [stdout]   |          ^^^^^^^^
[INFO] [stdout] 
[INFO] [stdout] 
[INFO] [stdout] warning: struct `QueryJoin` is never constructed
[INFO] [stdout]  --> src/query_join.rs:8:12
[INFO] [stdout]   |
[INFO] [stdout] 8 | pub struct QueryJoin {
[INFO] [stdout]   |            ^^^^^^^^^
[INFO] [stdout] 
[INFO] [stdout] 
[INFO] [stdout] warning: associated function `new` is never used
[INFO] [stdout]   --> src/query_join.rs:16:12
[INFO] [stdout]    |
[INFO] [stdout] 16 |     pub fn new(
[INFO] [stdout]    |            ^^^
[INFO] [stdout] 
[INFO] [stdout] 
[INFO] [stdout] warning: 14 warnings emitted
[INFO] [stdout] 
[INFO] [stdout] 
[INFO] [stderr]     Finished dev [unoptimized + debuginfo] target(s) in 23.13s
[INFO] running `Command { std: "docker" "inspect" "7c5fb3fed0b09205b9df578c0809a94887a0c7cdd3b83432a27874806966619e", kill_on_drop: false }`
[INFO] running `Command { std: "docker" "rm" "-f" "7c5fb3fed0b09205b9df578c0809a94887a0c7cdd3b83432a27874806966619e", kill_on_drop: false }`
[INFO] [stdout] 7c5fb3fed0b09205b9df578c0809a94887a0c7cdd3b83432a27874806966619e
[INFO] running `Command { std: "docker" "create" "-v" "/var/lib/crater-agent-workspace/builds/worker-5-tc1/target:/opt/rustwide/target:rw,Z" "-v" "/var/lib/crater-agent-workspace/builds/worker-5-tc1/source:/opt/rustwide/workdir:ro,Z" "-v" "/var/lib/crater-agent-workspace/cargo-home:/opt/rustwide/cargo-home:ro,Z" "-v" "/var/lib/crater-agent-workspace/rustup-home:/opt/rustwide/rustup-home:ro,Z" "-e" "SOURCE_DIR=/opt/rustwide/workdir" "-e" "CARGO_TARGET_DIR=/opt/rustwide/target" "-e" "CARGO_INCREMENTAL=0" "-e" "RUST_BACKTRACE=full" "-e" "RUSTFLAGS=--cap-lints=warn" "-e" "RUSTDOCFLAGS=--cap-lints=warn" "-e" "CARGO_HOME=/opt/rustwide/cargo-home" "-e" "RUSTUP_HOME=/opt/rustwide/rustup-home" "-w" "/opt/rustwide/workdir" "-m" "1610612736" "--user" "0:0" "--network" "none" "ghcr.io/rust-lang/crates-build-env/linux@sha256:5ff2268d62e97bff2cde7d5815dd6ed5b47097566f13b8d0ca110b04b60e07ed" "/opt/rustwide/cargo-home/bin/cargo" "+1.69.0" "test" "--frozen" "--no-run" "--message-format=json", kill_on_drop: false }`
[INFO] [stdout] b920b4dbed69ce5b8c7628763261a1a828eb74e81fb327c0e881b9274f59531b
[INFO] running `Command { std: "docker" "start" "-a" "b920b4dbed69ce5b8c7628763261a1a828eb74e81fb327c0e881b9274f59531b", kill_on_drop: false }`
[INFO] [stderr]    Compiling fudge v0.0.0 (/opt/rustwide/workdir)
[INFO] [stdout] warning: variant `inner` should have an upper camel case name
[INFO] [stdout]  --> src/query_join.rs:2:5
[INFO] [stdout]   |
[INFO] [stdout] 2 |     inner = 1,
[INFO] [stdout]   |     ^^^^^ help: convert the identifier to upper camel case (notice the capitalization): `Inner`
[INFO] [stdout]   |
[INFO] [stdout]   = note: `#[warn(non_camel_case_types)]` on by default
[INFO] [stdout] 
[INFO] [stdout] 
[INFO] [stdout] warning: variant `right` should have an upper camel case name
[INFO] [stdout]  --> src/query_join.rs:3:5
[INFO] [stdout]   |
[INFO] [stdout] 3 |     right = 2,
[INFO] [stdout]   |     ^^^^^ help: convert the identifier to upper camel case: `Right`
[INFO] [stdout] 
[INFO] [stdout] 
[INFO] [stdout] warning: variant `left` should have an upper camel case name
[INFO] [stdout]  --> src/query_join.rs:4:5
[INFO] [stdout]   |
[INFO] [stdout] 4 |     left = 3,
[INFO] [stdout]   |     ^^^^ help: convert the identifier to upper camel case: `Left`
[INFO] [stdout] 
[INFO] [stdout] 
[INFO] [stdout] warning: variant `full` should have an upper camel case name
[INFO] [stdout]  --> src/query_join.rs:5:5
[INFO] [stdout]   |
[INFO] [stdout] 5 |     full = 4,
[INFO] [stdout]   |     ^^^^ help: convert the identifier to upper camel case (notice the capitalization): `Full`
[INFO] [stdout] 
[INFO] [stdout] 
[INFO] [stdout] warning: enum `QueryMode` is never used
[INFO] [stdout]  --> src/query_constructor.rs:3:10
[INFO] [stdout]   |
[INFO] [stdout] 3 | pub enum QueryMode {
[INFO] [stdout]   |          ^^^^^^^^^
[INFO] [stdout]   |
[INFO] [stdout]   = note: `#[warn(dead_code)]` on by default
[INFO] [stdout] 
[INFO] [stdout] 
[INFO] [stdout] warning: struct `QueryConstructor` is never constructed
[INFO] [stdout]   --> src/query_constructor.rs:10:12
[INFO] [stdout]    |
[INFO] [stdout] 10 | pub struct QueryConstructor {
[INFO] [stdout]    |            ^^^^^^^^^^^^^^^^
[INFO] [stdout] 
[INFO] [stdout] 
[INFO] [stdout] warning: associated function `new` is never used
[INFO] [stdout]   --> src/query_constructor.rs:21:12
[INFO] [stdout]    |
[INFO] [stdout] 21 |     pub fn new() -> QueryConstructor {
[INFO] [stdout]    |            ^^^
[INFO] [stdout] 
[INFO] [stdout] 
[INFO] [stdout] warning: method `select` is never used
[INFO] [stdout]   --> src/query_constructor.rs:42:12
[INFO] [stdout]    |
[INFO] [stdout] 42 |     pub fn select(&mut self, fields: Vec<&str>) -> &mut Self {
[INFO] [stdout]    |            ^^^^^^
[INFO] [stdout] 
[INFO] [stdout] 
[INFO] [stdout] warning: method `from` is never used
[INFO] [stdout]   --> src/query_constructor.rs:61:12
[INFO] [stdout]    |
[INFO] [stdout] 61 |     pub fn from(&mut self, table: &str) -> &mut Self {
[INFO] [stdout]    |            ^^^^
[INFO] [stdout] 
[INFO] [stdout] 
[INFO] [stdout] warning: method `limit` is never used
[INFO] [stdout]   --> src/query_constructor.rs:75:12
[INFO] [stdout]    |
[INFO] [stdout] 75 |     pub fn limit(&mut self, amount: usize) -> &mut Self {
[INFO] [stdout]    |            ^^^^^
[INFO] [stdout] 
[INFO] [stdout] 
[INFO] [stdout] warning: method `serialize` is never used
[INFO] [stdout]   --> src/query_constructor.rs:89:12
[INFO] [stdout]    |
[INFO] [stdout] 89 |     pub fn serialize(&mut self) -> &Vec<String> {
[INFO] [stdout]    |            ^^^^^^^^^
[INFO] [stdout] 
[INFO] [stdout] 
[INFO] [stdout] warning: enum `JoinType` is never used
[INFO] [stdout]  --> src/query_join.rs:1:10
[INFO] [stdout]   |
[INFO] [stdout] 1 | pub enum JoinType {
[INFO] [stdout]   |          ^^^^^^^^
[INFO] [stdout] 
[INFO] [stdout] 
[INFO] [stdout] warning: struct `QueryJoin` is never constructed
[INFO] [stdout]  --> src/query_join.rs:8:12
[INFO] [stdout]   |
[INFO] [stdout] 8 | pub struct QueryJoin {
[INFO] [stdout]   |            ^^^^^^^^^
[INFO] [stdout] 
[INFO] [stdout] 
[INFO] [stdout] warning: associated function `new` is never used
[INFO] [stdout]   --> src/query_join.rs:16:12
[INFO] [stdout]    |
[INFO] [stdout] 16 |     pub fn new(
[INFO] [stdout]    |            ^^^
[INFO] [stdout] 
[INFO] [stdout] 
[INFO] [stdout] warning: 14 warnings emitted
[INFO] [stdout] 
[INFO] [stdout] 
[INFO] [stdout] warning: variant `inner` should have an upper camel case name
[INFO] [stdout]  --> src/query_join.rs:2:5
[INFO] [stdout]   |
[INFO] [stdout] 2 |     inner = 1,
[INFO] [stdout]   |     ^^^^^ help: convert the identifier to upper camel case (notice the capitalization): `Inner`
[INFO] [stdout]   |
[INFO] [stdout]   = note: `#[warn(non_camel_case_types)]` on by default
[INFO] [stdout] 
[INFO] [stdout] 
[INFO] [stdout] warning: variant `right` should have an upper camel case name
[INFO] [stdout]  --> src/query_join.rs:3:5
[INFO] [stdout]   |
[INFO] [stdout] 3 |     right = 2,
[INFO] [stdout]   |     ^^^^^ help: convert the identifier to upper camel case: `Right`
[INFO] [stdout] 
[INFO] [stdout] 
[INFO] [stdout] warning: variant `left` should have an upper camel case name
[INFO] [stdout]  --> src/query_join.rs:4:5
[INFO] [stdout]   |
[INFO] [stdout] 4 |     left = 3,
[INFO] [stdout]   |     ^^^^ help: convert the identifier to upper camel case: `Left`
[INFO] [stdout] 
[INFO] [stdout] 
[INFO] [stdout] warning: variant `full` should have an upper camel case name
[INFO] [stdout]  --> src/query_join.rs:5:5
[INFO] [stdout]   |
[INFO] [stdout] 5 |     full = 4,
[INFO] [stdout]   |     ^^^^ help: convert the identifier to upper camel case (notice the capitalization): `Full`
[INFO] [stdout] 
[INFO] [stdout] 
[INFO] [stdout] warning: variants `UPDATE`, `DELETE`, and `INSERT` are never constructed
[INFO] [stdout]  --> src/query_constructor.rs:5:5
[INFO] [stdout]   |
[INFO] [stdout] 3 | pub enum QueryMode {
[INFO] [stdout]   |          --------- variants in this enum
[INFO] [stdout] 4 |     SELECT = 1,
[INFO] [stdout] 5 |     UPDATE = 2,
[INFO] [stdout]   |     ^^^^^^
[INFO] [stdout] 6 |     DELETE = 3,
[INFO] [stdout]   |     ^^^^^^
[INFO] [stdout] 7 |     INSERT = 4,
[INFO] [stdout]   |     ^^^^^^
[INFO] [stdout]   |
[INFO] [stdout]   = note: `#[warn(dead_code)]` on by default
[INFO] [stdout] 
[INFO] [stdout] 
[INFO] [stdout] warning: method `limit` is never used
[INFO] [stdout]   --> src/query_constructor.rs:75:12
[INFO] [stdout]    |
[INFO] [stdout] 75 |     pub fn limit(&mut self, amount: usize) -> &mut Self {
[INFO] [stdout]    |            ^^^^^
[INFO] [stdout] 
[INFO] [stdout] 
[INFO] [stdout] warning: variants `inner`, `right`, `left`, and `full` are never constructed
[INFO] [stdout]  --> src/query_join.rs:2:5
[INFO] [stdout]   |
[INFO] [stdout] 1 | pub enum JoinType {
[INFO] [stdout]   |          -------- variants in this enum
[INFO] [stdout] 2 |     inner = 1,
[INFO] [stdout]   |     ^^^^^
[INFO] [stdout] 3 |     right = 2,
[INFO] [stdout]   |     ^^^^^
[INFO] [stdout] 4 |     left = 3,
[INFO] [stdout]   |     ^^^^
[INFO] [stdout] 5 |     full = 4,
[INFO] [stdout]   |     ^^^^
[INFO] [stdout] 
[INFO] [stdout] 
[INFO] [stdout] warning: associated function `new` is never used
[INFO] [stdout]   --> src/query_join.rs:16:12
[INFO] [stdout]    |
[INFO] [stdout] 16 |     pub fn new(
[INFO] [stdout]    |            ^^^
[INFO] [stdout] 
[INFO] [stdout] 
[INFO] [stdout] warning: 8 warnings emitted
[INFO] [stdout] 
[INFO] [stdout] 
[INFO] [stderr]     Finished test [unoptimized + debuginfo] target(s) in 3.01s
[INFO] running `Command { std: "docker" "inspect" "b920b4dbed69ce5b8c7628763261a1a828eb74e81fb327c0e881b9274f59531b", kill_on_drop: false }`
[INFO] running `Command { std: "docker" "rm" "-f" "b920b4dbed69ce5b8c7628763261a1a828eb74e81fb327c0e881b9274f59531b", kill_on_drop: false }`
[INFO] [stdout] b920b4dbed69ce5b8c7628763261a1a828eb74e81fb327c0e881b9274f59531b
[INFO] running `Command { std: "docker" "create" "-v" "/var/lib/crater-agent-workspace/builds/worker-5-tc1/target:/opt/rustwide/target:rw,Z" "-v" "/var/lib/crater-agent-workspace/builds/worker-5-tc1/source:/opt/rustwide/workdir:ro,Z" "-v" "/var/lib/crater-agent-workspace/cargo-home:/opt/rustwide/cargo-home:ro,Z" "-v" "/var/lib/crater-agent-workspace/rustup-home:/opt/rustwide/rustup-home:ro,Z" "-e" "SOURCE_DIR=/opt/rustwide/workdir" "-e" "CARGO_TARGET_DIR=/opt/rustwide/target" "-e" "CARGO_INCREMENTAL=0" "-e" "RUST_BACKTRACE=full" "-e" "RUSTFLAGS=--cap-lints=warn" "-e" "RUSTDOCFLAGS=--cap-lints=warn" "-e" "CARGO_HOME=/opt/rustwide/cargo-home" "-e" "RUSTUP_HOME=/opt/rustwide/rustup-home" "-w" "/opt/rustwide/workdir" "-m" "1610612736" "--user" "0:0" "--network" "none" "ghcr.io/rust-lang/crates-build-env/linux@sha256:5ff2268d62e97bff2cde7d5815dd6ed5b47097566f13b8d0ca110b04b60e07ed" "/opt/rustwide/cargo-home/bin/cargo" "+1.69.0" "test" "--frozen", kill_on_drop: false }`
[INFO] [stdout] df441c26a1df77c499b384500ee9451254bf73f2f62476a30909fe508eabbd07
[INFO] running `Command { std: "docker" "start" "-a" "df441c26a1df77c499b384500ee9451254bf73f2f62476a30909fe508eabbd07", kill_on_drop: false }`
[INFO] [stderr] warning: variant `inner` should have an upper camel case name
[INFO] [stderr]  --> src/query_join.rs:2:5
[INFO] [stderr]   |
[INFO] [stderr] 2 |     inner = 1,
[INFO] [stderr]   |     ^^^^^ help: convert the identifier to upper camel case (notice the capitalization): `Inner`
[INFO] [stderr]   |
[INFO] [stderr]   = note: `#[warn(non_camel_case_types)]` on by default
[INFO] [stderr] 
[INFO] [stderr] warning: variant `right` should have an upper camel case name
[INFO] [stderr]  --> src/query_join.rs:3:5
[INFO] [stderr]   |
[INFO] [stderr] 3 |     right = 2,
[INFO] [stderr]   |     ^^^^^ help: convert the identifier to upper camel case: `Right`
[INFO] [stderr] 
[INFO] [stderr] warning: variant `left` should have an upper camel case name
[INFO] [stderr]  --> src/query_join.rs:4:5
[INFO] [stderr]   |
[INFO] [stderr] 4 |     left = 3,
[INFO] [stderr]   |     ^^^^ help: convert the identifier to upper camel case: `Left`
[INFO] [stderr] 
[INFO] [stderr] warning: variant `full` should have an upper camel case name
[INFO] [stderr]  --> src/query_join.rs:5:5
[INFO] [stderr]   |
[INFO] [stderr] 5 |     full = 4,
[INFO] [stderr]   |     ^^^^ help: convert the identifier to upper camel case (notice the capitalization): `Full`
[INFO] [stderr] 
[INFO] [stderr] warning: enum `QueryMode` is never used
[INFO] [stderr]  --> src/query_constructor.rs:3:10
[INFO] [stderr]   |
[INFO] [stderr] 3 | pub enum QueryMode {
[INFO] [stderr]   |          ^^^^^^^^^
[INFO] [stderr]   |
[INFO] [stderr]   = note: `#[warn(dead_code)]` on by default
[INFO] [stderr] 
[INFO] [stderr] warning: struct `QueryConstructor` is never constructed
[INFO] [stderr]   --> src/query_constructor.rs:10:12
[INFO] [stderr]    |
[INFO] [stderr] 10 | pub struct QueryConstructor {
[INFO] [stderr]    |            ^^^^^^^^^^^^^^^^
[INFO] [stderr] 
[INFO] [stderr] warning: associated function `new` is never used
[INFO] [stderr]   --> src/query_constructor.rs:21:12
[INFO] [stderr]    |
[INFO] [stderr] 21 |     pub fn new() -> QueryConstructor {
[INFO] [stderr]    |            ^^^
[INFO] [stderr] 
[INFO] [stderr] warning: method `select` is never used
[INFO] [stderr]   --> src/query_constructor.rs:42:12
[INFO] [stderr]    |
[INFO] [stderr] 42 |     pub fn select(&mut self, fields: Vec<&str>) -> &mut Self {
[INFO] [stderr]    |            ^^^^^^
[INFO] [stderr] 
[INFO] [stderr] warning: method `from` is never used
[INFO] [stderr]   --> src/query_constructor.rs:61:12
[INFO] [stderr]    |
[INFO] [stderr] 61 |     pub fn from(&mut self, table: &str) -> &mut Self {
[INFO] [stderr]    |            ^^^^
[INFO] [stderr] 
[INFO] [stderr] warning: method `limit` is never used
[INFO] [stderr]   --> src/query_constructor.rs:75:12
[INFO] [stderr]    |
[INFO] [stderr] 75 |     pub fn limit(&mut self, amount: usize) -> &mut Self {
[INFO] [stderr]    |            ^^^^^
[INFO] [stderr] 
[INFO] [stderr] warning: method `serialize` is never used
[INFO] [stderr]   --> src/query_constructor.rs:89:12
[INFO] [stderr]    |
[INFO] [stderr] 89 |     pub fn serialize(&mut self) -> &Vec<String> {
[INFO] [stderr]    |            ^^^^^^^^^
[INFO] [stderr] 
[INFO] [stderr] warning: enum `JoinType` is never used
[INFO] [stderr]  --> src/query_join.rs:1:10
[INFO] [stderr]   |
[INFO] [stderr] 1 | pub enum JoinType {
[INFO] [stderr]   |          ^^^^^^^^
[INFO] [stderr] 
[INFO] [stderr] warning: struct `QueryJoin` is never constructed
[INFO] [stderr]  --> src/query_join.rs:8:12
[INFO] [stderr]   |
[INFO] [stderr] 8 | pub struct QueryJoin {
[INFO] [stderr]   |            ^^^^^^^^^
[INFO] [stderr] 
[INFO] [stderr] warning: associated function `new` is never used
[INFO] [stderr]   --> src/query_join.rs:16:12
[INFO] [stderr]    |
[INFO] [stderr] 16 |     pub fn new(
[INFO] [stderr]    |            ^^^
[INFO] [stderr] 
[INFO] [stderr] warning: variants `UPDATE`, `DELETE`, and `INSERT` are never constructed
[INFO] [stderr]  --> src/query_constructor.rs:5:5
[INFO] [stderr]   |
[INFO] [stderr] 3 | pub enum QueryMode {
[INFO] [stderr]   |          --------- variants in this enum
[INFO] [stderr] 4 |     SELECT = 1,
[INFO] [stderr] 5 |     UPDATE = 2,
[INFO] [stderr]   |     ^^^^^^
[INFO] [stderr] 6 |     DELETE = 3,
[INFO] [stderr]   |     ^^^^^^
[INFO] [stderr] 7 |     INSERT = 4,
[INFO] [stderr]   |     ^^^^^^
[INFO] [stderr]   |
[INFO] [stderr]   = note: `#[warn(dead_code)]` on by default
[INFO] [stderr] 
[INFO] [stderr] warning: variants `inner`, `right`, `left`, and `full` are never constructed
[INFO] [stderr]  --> src/query_join.rs:2:5
[INFO] [stderr]   |
[INFO] [stderr] 1 | pub enum JoinType {
[INFO] [stderr]   |          -------- variants in this enum
[INFO] [stderr] 2 |     inner = 1,
[INFO] [stderr]   |     ^^^^^
[INFO] [stderr] 3 |     right = 2,
[INFO] [stderr]   |     ^^^^^
[INFO] [stderr] 4 |     left = 3,
[INFO] [stderr]   |     ^^^^
[INFO] [stderr] 5 |     full = 4,
[INFO] [stderr]   |     ^^^^
[INFO] [stderr] 
[INFO] [stderr] warning: `fudge` (lib) generated 14 warnings
[INFO] [stderr] warning: `fudge` (lib test) generated 8 warnings (6 duplicates)
[INFO] [stderr]     Finished test [unoptimized + debuginfo] target(s) in 0.15s
[INFO] [stderr]      Running unittests src/lib.rs (/opt/rustwide/target/debug/deps/fudge-c6631c88feb015b9)
[INFO] [stdout] 
[INFO] [stdout] running 4 tests
[INFO] [stdout] test test::test_from_table_query_constructor ... ok
[INFO] [stdout] test test::test_serialize_query_constructor ... ok
[INFO] [stdout] test test::test_new_query_constructor ... ok
[INFO] [stderr]    Doc-tests fudge
[INFO] [stdout] test test::test_select_fields_query_constructor ... ok
[INFO] [stdout] 
[INFO] [stdout] test result: ok. 4 passed; 0 failed; 0 ignored; 0 measured; 0 filtered out; finished in 0.00s
[INFO] [stdout] 
[INFO] [stderr] warning: variant `inner` should have an upper camel case name
[INFO] [stderr]  --> /opt/rustwide/workdir/src/query_join.rs:2:5
[INFO] [stderr]   |
[INFO] [stderr] 2 |     inner = 1,
[INFO] [stderr]   |     ^^^^^ help: convert the identifier to upper camel case (notice the capitalization): `Inner`
[INFO] [stderr]   |
[INFO] [stderr]   = note: `#[warn(non_camel_case_types)]` on by default
[INFO] [stderr] 
[INFO] [stderr] warning: variant `right` should have an upper camel case name
[INFO] [stderr]  --> /opt/rustwide/workdir/src/query_join.rs:3:5
[INFO] [stderr]   |
[INFO] [stderr] 3 |     right = 2,
[INFO] [stderr]   |     ^^^^^ help: convert the identifier to upper camel case: `Right`
[INFO] [stderr] 
[INFO] [stderr] warning: variant `left` should have an upper camel case name
[INFO] [stderr]  --> /opt/rustwide/workdir/src/query_join.rs:4:5
[INFO] [stderr]   |
[INFO] [stderr] 4 |     left = 3,
[INFO] [stderr]   |     ^^^^ help: convert the identifier to upper camel case: `Left`
[INFO] [stderr] 
[INFO] [stderr] warning: variant `full` should have an upper camel case name
[INFO] [stderr]  --> /opt/rustwide/workdir/src/query_join.rs:5:5
[INFO] [stderr]   |
[INFO] [stderr] 5 |     full = 4,
[INFO] [stderr]   |     ^^^^ help: convert the identifier to upper camel case (notice the capitalization): `Full`
[INFO] [stderr] 
[INFO] [stderr] warning: 4 warnings emitted
[INFO] [stdout] 
[INFO] [stderr] 
[INFO] [stdout] running 6 tests
[INFO] [stdout] test src/query_constructor.rs - query_constructor::QueryConstructor::serialize (line 81) ... FAILED
[INFO] [stdout] test src/query_constructor.rs - query_constructor::QueryConstructor::limit (line 67) ... FAILED
[INFO] [stdout] test src/query_constructor.rs - query_constructor::QueryConstructor::select (line 34) ... FAILED
[INFO] [stdout] test src/query_constructor.rs - query_constructor::QueryConstructor::from (line 53) ... FAILED
[INFO] [stdout] test src/lib.rs - Fudge::query_raw (line 30) ... FAILED
[INFO] [stdout] test src/lib.rs - Fudge::new (line 15) ... FAILED
[INFO] [stderr] error: doctest failed, to rerun pass `--doc`
[INFO] [stdout] 
[INFO] [stdout] failures:
[INFO] [stdout] 
[INFO] [stdout] ---- src/query_constructor.rs - query_constructor::QueryConstructor::serialize (line 81) stdout ----
[INFO] [stdout] error[E0603]: module `query_constructor` is private
[INFO] [stdout]  --> src/query_constructor.rs:84:12
[INFO] [stdout]   |
[INFO] [stdout] 6 | use fudge::query_constructor::QueryConstructor;
[INFO] [stdout]   |            ^^^^^^^^^^^^^^^^^ private module
[INFO] [stdout]   |
[INFO] [stdout] note: the module `query_constructor` is defined here
[INFO] [stdout]  --> /opt/rustwide/workdir/src/lib.rs:6:1
[INFO] [stdout]   |
[INFO] [stdout] 6 | mod query_constructor;
[INFO] [stdout]   | ^^^^^^^^^^^^^^^^^^^^^
[INFO] [stdout] 
[INFO] [stdout] error: aborting due to previous error
[INFO] [stdout] 
[INFO] [stdout] For more information about this error, try `rustc --explain E0603`.
[INFO] [stdout] Couldn't compile the test.
[INFO] [stdout] ---- src/query_constructor.rs - query_constructor::QueryConstructor::limit (line 67) stdout ----
[INFO] [stdout] error[E0603]: module `query_constructor` is private
[INFO] [stdout]  --> src/query_constructor.rs:70:12
[INFO] [stdout]   |
[INFO] [stdout] 6 | use fudge::query_constructor::QueryConstructor;
[INFO] [stdout]   |            ^^^^^^^^^^^^^^^^^ private module
[INFO] [stdout]   |
[INFO] [stdout] note: the module `query_constructor` is defined here
[INFO] [stdout]  --> /opt/rustwide/workdir/src/lib.rs:6:1
[INFO] [stdout]   |
[INFO] [stdout] 6 | mod query_constructor;
[INFO] [stdout]   | ^^^^^^^^^^^^^^^^^^^^^
[INFO] [stdout] 
[INFO] [stdout] error: aborting due to previous error
[INFO] [stdout] 
[INFO] [stdout] For more information about this error, try `rustc --explain E0603`.
[INFO] [stdout] Couldn't compile the test.
[INFO] [stdout] ---- src/query_constructor.rs - query_constructor::QueryConstructor::select (line 34) stdout ----
[INFO] [stdout] error[E0603]: module `query_constructor` is private
[INFO] [stdout]  --> src/query_constructor.rs:37:12
[INFO] [stdout]   |
[INFO] [stdout] 6 | use fudge::query_constructor::QueryConstructor;
[INFO] [stdout]   |            ^^^^^^^^^^^^^^^^^ private module
[INFO] [stdout]   |
[INFO] [stdout] note: the module `query_constructor` is defined here
[INFO] [stdout]  --> /opt/rustwide/workdir/src/lib.rs:6:1
[INFO] [stdout]   |
[INFO] [stdout] 6 | mod query_constructor;
[INFO] [stdout]   | ^^^^^^^^^^^^^^^^^^^^^
[INFO] [stdout] 
[INFO] [stdout] error: aborting due to previous error
[INFO] [stdout] 
[INFO] [stdout] For more information about this error, try `rustc --explain E0603`.
[INFO] [stdout] Couldn't compile the test.
[INFO] [stdout] ---- src/query_constructor.rs - query_constructor::QueryConstructor::from (line 53) stdout ----
[INFO] [stdout] error[E0603]: module `query_constructor` is private
[INFO] [stdout]  --> src/query_constructor.rs:56:12
[INFO] [stdout]   |
[INFO] [stdout] 6 | use fudge::query_constructor::QueryConstructor;
[INFO] [stdout]   |            ^^^^^^^^^^^^^^^^^ private module
[INFO] [stdout]   |
[INFO] [stdout] note: the module `query_constructor` is defined here
[INFO] [stdout]  --> /opt/rustwide/workdir/src/lib.rs:6:1
[INFO] [stdout]   |
[INFO] [stdout] 6 | mod query_constructor;
[INFO] [stdout]   | ^^^^^^^^^^^^^^^^^^^^^
[INFO] [stdout] 
[INFO] [stdout] error: aborting due to previous error
[INFO] [stdout] 
[INFO] [stdout] For more information about this error, try `rustc --explain E0603`.
[INFO] [stdout] Couldn't compile the test.
[INFO] [stdout] ---- src/lib.rs - Fudge::query_raw (line 30) stdout ----
[INFO] [stdout] error[E0277]: the `?` operator can only be used in a function that returns `Result` or `Option` (or another type that implements `FromResidual`)
[INFO] [stdout]  --> src/lib.rs:33:76
[INFO] [stdout]   |
[INFO] [stdout] 3 | fn main() { #[allow(non_snake_case)] fn _doctest_main_src_lib_rs_30_0() {
[INFO] [stdout]   |                                      ---------------------------------- this function should return `Result` or `Option` to accept `?`
[INFO] [stdout] ...
[INFO] [stdout] 6 | let query_result = fudge_db.query_raw("SELECT column_name FROM table_name")?;
[INFO] [stdout]   |                                                                            ^ cannot use the `?` operator in a function that returns `()`
[INFO] [stdout]   |
[INFO] [stdout]   = help: the trait `FromResidual<Result<Infallible, mysql::error::Error>>` is not implemented for `()`
[INFO] [stdout] 
[INFO] [stdout] error: aborting due to previous error
[INFO] [stdout] 
[INFO] [stdout] For more information about this error, try `rustc --explain E0277`.
[INFO] [stdout] Couldn't compile the test.
[INFO] [stdout] ---- src/lib.rs - Fudge::new (line 15) stdout ----
[INFO] [stdout] Test executable failed (exit status: 101).
[INFO] [stdout] 
[INFO] [stdout] stdout:
[INFO] [stdout] mysql://user:pass@localhost:3306/database_1
[INFO] [stdout] 
[INFO] [stdout] stderr:
[INFO] [stdout] thread 'main' panicked at 'called `Result::unwrap()` on an `Err` value: DriverError { Could not connect to address `localhost:3306': Cannot assign requested address (os error 99) }', src/lib.rs:25:35
[INFO] [stdout] stack backtrace:
[INFO] [stdout]    0:     0x5617d708f6fa - std::backtrace_rs::backtrace::libunwind::trace::ha9053a9a07ca49cb
[INFO] [stdout]                                at /rustc/84c898d65adf2f39a5a98507f1fe0ce10a2b8dbc/library/std/src/../../backtrace/src/backtrace/libunwind.rs:93:5
[INFO] [stdout]    1:     0x5617d708f6fa - std::backtrace_rs::backtrace::trace_unsynchronized::h9c2852a457ad564e
[INFO] [stdout]                                at /rustc/84c898d65adf2f39a5a98507f1fe0ce10a2b8dbc/library/std/src/../../backtrace/src/backtrace/mod.rs:66:5
[INFO] [stdout]    2:     0x5617d708f6fa - std::sys_common::backtrace::_print_fmt::h457936fbfaa0070f
[INFO] [stdout]                                at /rustc/84c898d65adf2f39a5a98507f1fe0ce10a2b8dbc/library/std/src/sys_common/backtrace.rs:65:5
[INFO] [stdout]    3:     0x5617d708f6fa - <std::sys_common::backtrace::_print::DisplayBacktrace as core::fmt::Display>::fmt::h5779d7bf7f70cb0c
[INFO] [stdout]                                at /rustc/84c898d65adf2f39a5a98507f1fe0ce10a2b8dbc/library/std/src/sys_common/backtrace.rs:44:22
[INFO] [stdout]    4:     0x5617d70b15ce - core::fmt::write::h5a4baaff1bcd3eb5
[INFO] [stdout]                                at /rustc/84c898d65adf2f39a5a98507f1fe0ce10a2b8dbc/library/core/src/fmt/mod.rs:1232:17
[INFO] [stdout]    5:     0x5617d708cc55 - std::io::Write::write_fmt::h4bc1f301cb9e9cce
[INFO] [stdout]                                at /rustc/84c898d65adf2f39a5a98507f1fe0ce10a2b8dbc/library/std/src/io/mod.rs:1684:15
[INFO] [stdout]    6:     0x5617d708f4c5 - std::sys_common::backtrace::_print::h5fcdc36060f177e8
[INFO] [stdout]                                at /rustc/84c898d65adf2f39a5a98507f1fe0ce10a2b8dbc/library/std/src/sys_common/backtrace.rs:47:5
[INFO] [stdout]    7:     0x5617d708f4c5 - std::sys_common::backtrace::print::h54ca9458b876c8bf
[INFO] [stdout]                                at /rustc/84c898d65adf2f39a5a98507f1fe0ce10a2b8dbc/library/std/src/sys_common/backtrace.rs:34:9
[INFO] [stdout]    8:     0x5617d7090b1f - std::panicking::default_hook::{{closure}}::hbe471161c7664ed6
[INFO] [stdout]                                at /rustc/84c898d65adf2f39a5a98507f1fe0ce10a2b8dbc/library/std/src/panicking.rs:271:22
[INFO] [stdout]    9:     0x5617d709085b - std::panicking::default_hook::ha3500da57aa4ac4f
[INFO] [stdout]                                at /rustc/84c898d65adf2f39a5a98507f1fe0ce10a2b8dbc/library/std/src/panicking.rs:290:9
[INFO] [stdout]   10:     0x5617d70910c8 - std::panicking::rust_panic_with_hook::h50c09d000dc561d2
[INFO] [stdout]                                at /rustc/84c898d65adf2f39a5a98507f1fe0ce10a2b8dbc/library/std/src/panicking.rs:692:13
[INFO] [stdout]   11:     0x5617d7090fc9 - std::panicking::begin_panic_handler::{{closure}}::h9e2b2176e00e0d9c
[INFO] [stdout]                                at /rustc/84c898d65adf2f39a5a98507f1fe0ce10a2b8dbc/library/std/src/panicking.rs:583:13
[INFO] [stdout]   12:     0x5617d708fb66 - std::sys_common::backtrace::__rust_end_short_backtrace::h5739b8e512c09d02
[INFO] [stdout]                                at /rustc/84c898d65adf2f39a5a98507f1fe0ce10a2b8dbc/library/std/src/sys_common/backtrace.rs:150:18
[INFO] [stdout]   13:     0x5617d7090cd2 - rust_begin_unwind
[INFO] [stdout]                                at /rustc/84c898d65adf2f39a5a98507f1fe0ce10a2b8dbc/library/std/src/panicking.rs:579:5
[INFO] [stdout]   14:     0x5617d6d68d33 - core::panicking::panic_fmt::hf33a1475b4dc5c3e
[INFO] [stdout]                                at /rustc/84c898d65adf2f39a5a98507f1fe0ce10a2b8dbc/library/core/src/panicking.rs:64:14
[INFO] [stdout]   15:     0x5617d6d691e3 - core::result::unwrap_failed::hdff5465d74574b44
[INFO] [stdout]                                at /rustc/84c898d65adf2f39a5a98507f1fe0ce10a2b8dbc/library/core/src/result.rs:1750:5
[INFO] [stdout]   16:     0x5617d6d69cfb - core::result::Result<T,E>::unwrap::h2017498dee5ac733
[INFO] [stdout]                                at /rustc/84c898d65adf2f39a5a98507f1fe0ce10a2b8dbc/library/core/src/result.rs:1090:23
[INFO] [stdout]   17:     0x5617d6d6996a - fudge::Fudge::new::haaaea60c74821053
[INFO] [stdout]                                at /opt/rustwide/workdir/src/lib.rs:25:20
[INFO] [stdout]   18:     0x5617d6d695f3 - rust_out::main::_doctest_main_src_lib_rs_15_0::h0553a055ea4fd0dc
[INFO] [stdout]   19:     0x5617d6d69596 - rust_out::main::h045d0fd74ed7290e
[INFO] [stdout]   20:     0x5617d6d69513 - core::ops::function::FnOnce::call_once::h5b89dea722ea21ad
[INFO] [stdout]   21:     0x5617d6d69499 - std::sys_common::backtrace::__rust_begin_short_backtrace::hc178e4cfacf1803d
[INFO] [stdout]   22:     0x5617d6d694e9 - std::rt::lang_start::{{closure}}::he8c5d60628d06093
[INFO] [stdout]   23:     0x5617d708932c - core::ops::function::impls::<impl core::ops::function::FnOnce<A> for &F>::call_once::hd6efcd3bec896f2c
[INFO] [stdout]                                at /rustc/84c898d65adf2f39a5a98507f1fe0ce10a2b8dbc/library/core/src/ops/function.rs:287:13
[INFO] [stdout]   24:     0x5617d708932c - std::panicking::try::do_call::hce04e543bb1f4cbb
[INFO] [stdout]                                at /rustc/84c898d65adf2f39a5a98507f1fe0ce10a2b8dbc/library/std/src/panicking.rs:487:40
[INFO] [stdout]   25:     0x5617d708932c - std::panicking::try::h3342dd4e1f680968
[INFO] [stdout]                                at /rustc/84c898d65adf2f39a5a98507f1fe0ce10a2b8dbc/library/std/src/panicking.rs:451:19
[INFO] [stdout]   26:     0x5617d708932c - std::panic::catch_unwind::h148ce1e59ac0cee7
[INFO] [stdout]                                at /rustc/84c898d65adf2f39a5a98507f1fe0ce10a2b8dbc/library/std/src/panic.rs:140:14
[INFO] [stdout]   27:     0x5617d708932c - std::rt::lang_start_internal::{{closure}}::h25f9dda2057a67fe
[INFO] [stdout]                                at /rustc/84c898d65adf2f39a5a98507f1fe0ce10a2b8dbc/library/std/src/rt.rs:148:48
[INFO] [stdout]   28:     0x5617d708932c - std::panicking::try::do_call::h7caaaeaf9401650b
[INFO] [stdout]                                at /rustc/84c898d65adf2f39a5a98507f1fe0ce10a2b8dbc/library/std/src/panicking.rs:487:40
[INFO] [stdout]   29:     0x5617d708932c - std::panicking::try::he7d15285746cbbc2
[INFO] [stdout]                                at /rustc/84c898d65adf2f39a5a98507f1fe0ce10a2b8dbc/library/std/src/panicking.rs:451:19
[INFO] [stdout]   30:     0x5617d708932c - std::panic::catch_unwind::h89fb4f50c0301fe0
[INFO] [stdout]                                at /rustc/84c898d65adf2f39a5a98507f1fe0ce10a2b8dbc/library/std/src/panic.rs:140:14
[INFO] [stdout]   31:     0x5617d708932c - std::rt::lang_start_internal::h078acd489417d3c1
[INFO] [stdout]                                at /rustc/84c898d65adf2f39a5a98507f1fe0ce10a2b8dbc/library/std/src/rt.rs:148:20
[INFO] [stdout]   32:     0x5617d6d694c7 - std::rt::lang_start::h335d6166ecad8ac7
[INFO] [stdout]   33:     0x5617d6d69625 - main
[INFO] [stdout]   34:     0x7f4bfd76fd90 - <unknown>
[INFO] [stdout]   35:     0x7f4bfd76fe40 - __libc_start_main
[INFO] [stdout]   36:     0x5617d6d693c5 - _start
[INFO] [stdout]   37:                0x0 - <unknown>
[INFO] [stdout] 
[INFO] [stdout] 
[INFO] [stdout] 
[INFO] [stdout] failures:
[INFO] [stdout]     src/lib.rs - Fudge::new (line 15)
[INFO] [stdout]     src/lib.rs - Fudge::query_raw (line 30)
[INFO] [stdout]     src/query_constructor.rs - query_constructor::QueryConstructor::from (line 53)
[INFO] [stdout]     src/query_constructor.rs - query_constructor::QueryConstructor::limit (line 67)
[INFO] [stdout]     src/query_constructor.rs - query_constructor::QueryConstructor::select (line 34)
[INFO] [stdout]     src/query_constructor.rs - query_constructor::QueryConstructor::serialize (line 81)
[INFO] [stdout] 
[INFO] [stdout] test result: FAILED. 0 passed; 6 failed; 0 ignored; 0 measured; 0 filtered out; finished in 3.12s
[INFO] [stdout] 
[INFO] running `Command { std: "docker" "inspect" "df441c26a1df77c499b384500ee9451254bf73f2f62476a30909fe508eabbd07", kill_on_drop: false }`
[INFO] running `Command { std: "docker" "rm" "-f" "df441c26a1df77c499b384500ee9451254bf73f2f62476a30909fe508eabbd07", kill_on_drop: false }`
[INFO] [stdout] df441c26a1df77c499b384500ee9451254bf73f2f62476a30909fe508eabbd07
