[INFO] fetching crate fruit-salad_proc-macro-definitions 0.0.1...
[INFO] testing fruit-salad_proc-macro-definitions-0.0.1 against 1.69.0 for beta-1.70-1
[INFO] extracting crate fruit-salad_proc-macro-definitions 0.0.1 into /workspace/builds/worker-3-tc1/source
[INFO] validating manifest of crates.io crate fruit-salad_proc-macro-definitions 0.0.1 on toolchain 1.69.0
[INFO] running `Command { std: CARGO_HOME="/workspace/cargo-home" RUSTUP_HOME="/workspace/rustup-home" "/workspace/cargo-home/bin/cargo" "+1.69.0" "metadata" "--manifest-path" "Cargo.toml" "--no-deps", kill_on_drop: false }`
[INFO] started tweaking crates.io crate fruit-salad_proc-macro-definitions 0.0.1
[INFO] finished tweaking crates.io crate fruit-salad_proc-macro-definitions 0.0.1
[INFO] tweaked toml for crates.io crate fruit-salad_proc-macro-definitions 0.0.1 written to /workspace/builds/worker-3-tc1/source/Cargo.toml
[INFO] running `Command { std: CARGO_HOME="/workspace/cargo-home" RUSTUP_HOME="/workspace/rustup-home" __CARGO_TEST_CHANNEL_OVERRIDE_DO_NOT_USE_THIS="nightly" "/workspace/cargo-home/bin/cargo" "+1.69.0" "generate-lockfile" "--manifest-path" "Cargo.toml" "-Zno-index-update", kill_on_drop: false }`
[INFO] running `Command { std: CARGO_HOME="/workspace/cargo-home" RUSTUP_HOME="/workspace/rustup-home" "/workspace/cargo-home/bin/cargo" "+1.69.0" "fetch" "--manifest-path" "Cargo.toml", kill_on_drop: false }`
[INFO] [stderr]  Downloading crates ...
[INFO] [stderr]   Downloaded debugless-unwrap v0.0.4
[INFO] [stderr]   Downloaded call2-for-syn v2.0.3
[INFO] [stderr]   Downloaded version-sync v0.9.4
[INFO] [stderr]   Downloaded pulldown-cmark v0.8.0
[INFO] [stderr]   Downloaded unquote v0.0.6
[INFO] running `Command { std: "docker" "create" "-v" "/var/lib/crater-agent-workspace/builds/worker-3-tc1/target:/opt/rustwide/target:rw,Z" "-v" "/var/lib/crater-agent-workspace/builds/worker-3-tc1/source:/opt/rustwide/workdir:ro,Z" "-v" "/var/lib/crater-agent-workspace/cargo-home:/opt/rustwide/cargo-home:ro,Z" "-v" "/var/lib/crater-agent-workspace/rustup-home:/opt/rustwide/rustup-home:ro,Z" "-e" "SOURCE_DIR=/opt/rustwide/workdir" "-e" "CARGO_TARGET_DIR=/opt/rustwide/target" "-e" "CARGO_HOME=/opt/rustwide/cargo-home" "-e" "RUSTUP_HOME=/opt/rustwide/rustup-home" "-w" "/opt/rustwide/workdir" "-m" "1610612736" "--user" "0:0" "--network" "none" "ghcr.io/rust-lang/crates-build-env/linux@sha256:5ff2268d62e97bff2cde7d5815dd6ed5b47097566f13b8d0ca110b04b60e07ed" "/opt/rustwide/cargo-home/bin/cargo" "+1.69.0" "metadata" "--no-deps" "--format-version=1", kill_on_drop: false }`
[INFO] [stdout] 8812fac118ce7bfa6b87aea5d8b02b0f966d82a3a1c54f6aa6655b56411487ea
[INFO] running `Command { std: "docker" "start" "-a" "8812fac118ce7bfa6b87aea5d8b02b0f966d82a3a1c54f6aa6655b56411487ea", kill_on_drop: false }`
[INFO] running `Command { std: "docker" "inspect" "8812fac118ce7bfa6b87aea5d8b02b0f966d82a3a1c54f6aa6655b56411487ea", kill_on_drop: false }`
[INFO] running `Command { std: "docker" "rm" "-f" "8812fac118ce7bfa6b87aea5d8b02b0f966d82a3a1c54f6aa6655b56411487ea", kill_on_drop: false }`
[INFO] [stdout] 8812fac118ce7bfa6b87aea5d8b02b0f966d82a3a1c54f6aa6655b56411487ea
[INFO] running `Command { std: "docker" "create" "-v" "/var/lib/crater-agent-workspace/builds/worker-3-tc1/target:/opt/rustwide/target:rw,Z" "-v" "/var/lib/crater-agent-workspace/builds/worker-3-tc1/source:/opt/rustwide/workdir:ro,Z" "-v" "/var/lib/crater-agent-workspace/cargo-home:/opt/rustwide/cargo-home:ro,Z" "-v" "/var/lib/crater-agent-workspace/rustup-home:/opt/rustwide/rustup-home:ro,Z" "-e" "SOURCE_DIR=/opt/rustwide/workdir" "-e" "CARGO_TARGET_DIR=/opt/rustwide/target" "-e" "CARGO_INCREMENTAL=0" "-e" "RUST_BACKTRACE=full" "-e" "RUSTFLAGS=--cap-lints=warn" "-e" "RUSTDOCFLAGS=--cap-lints=warn" "-e" "CARGO_HOME=/opt/rustwide/cargo-home" "-e" "RUSTUP_HOME=/opt/rustwide/rustup-home" "-w" "/opt/rustwide/workdir" "-m" "1610612736" "--user" "0:0" "--network" "none" "ghcr.io/rust-lang/crates-build-env/linux@sha256:5ff2268d62e97bff2cde7d5815dd6ed5b47097566f13b8d0ca110b04b60e07ed" "/opt/rustwide/cargo-home/bin/cargo" "+1.69.0" "build" "--frozen" "--message-format=json", kill_on_drop: false }`
[INFO] [stdout] 17e6b6cc4c0c878c596a3d77dd6916212d85861e0b8ffc1120be2372db9f188d
[INFO] running `Command { std: "docker" "start" "-a" "17e6b6cc4c0c878c596a3d77dd6916212d85861e0b8ffc1120be2372db9f188d", kill_on_drop: false }`
[INFO] [stderr]    Compiling syn v1.0.109
[INFO] [stderr]    Compiling rustversion v1.0.12
[INFO] [stderr]    Compiling once_cell v1.17.1
[INFO] [stderr]    Compiling lazy_static v1.4.0
[INFO] [stderr]    Compiling debugless-unwrap v0.0.4
[INFO] [stderr]    Compiling tap v1.0.1
[INFO] [stderr]    Compiling indexmap v1.9.3
[INFO] [stderr]    Compiling toml_edit v0.19.8
[INFO] [stderr]    Compiling proc-macro-crate v1.3.1
[INFO] [stderr]    Compiling call2-for-syn v2.0.3
[INFO] [stderr]    Compiling syn-mid v0.5.3
[INFO] [stderr]    Compiling unquote v0.0.6
[INFO] [stderr]    Compiling fruit-salad_proc-macro-definitions v0.0.1 (/opt/rustwide/workdir)
[INFO] [stderr]     Finished dev [unoptimized + debuginfo] target(s) in 5.20s
[INFO] [stderr] warning: the following packages contain code that will be rejected by a future version of Rust: unquote v0.0.6
[INFO] [stderr] note: to see what the problems were, use the option `--future-incompat-report`, or run `cargo report future-incompatibilities --id 2`
[INFO] running `Command { std: "docker" "inspect" "17e6b6cc4c0c878c596a3d77dd6916212d85861e0b8ffc1120be2372db9f188d", kill_on_drop: false }`
[INFO] running `Command { std: "docker" "rm" "-f" "17e6b6cc4c0c878c596a3d77dd6916212d85861e0b8ffc1120be2372db9f188d", kill_on_drop: false }`
[INFO] [stdout] 17e6b6cc4c0c878c596a3d77dd6916212d85861e0b8ffc1120be2372db9f188d
[INFO] running `Command { std: "docker" "create" "-v" "/var/lib/crater-agent-workspace/builds/worker-3-tc1/target:/opt/rustwide/target:rw,Z" "-v" "/var/lib/crater-agent-workspace/builds/worker-3-tc1/source:/opt/rustwide/workdir:ro,Z" "-v" "/var/lib/crater-agent-workspace/cargo-home:/opt/rustwide/cargo-home:ro,Z" "-v" "/var/lib/crater-agent-workspace/rustup-home:/opt/rustwide/rustup-home:ro,Z" "-e" "SOURCE_DIR=/opt/rustwide/workdir" "-e" "CARGO_TARGET_DIR=/opt/rustwide/target" "-e" "CARGO_INCREMENTAL=0" "-e" "RUST_BACKTRACE=full" "-e" "RUSTFLAGS=--cap-lints=warn" "-e" "RUSTDOCFLAGS=--cap-lints=warn" "-e" "CARGO_HOME=/opt/rustwide/cargo-home" "-e" "RUSTUP_HOME=/opt/rustwide/rustup-home" "-w" "/opt/rustwide/workdir" "-m" "1610612736" "--user" "0:0" "--network" "none" "ghcr.io/rust-lang/crates-build-env/linux@sha256:5ff2268d62e97bff2cde7d5815dd6ed5b47097566f13b8d0ca110b04b60e07ed" "/opt/rustwide/cargo-home/bin/cargo" "+1.69.0" "test" "--frozen" "--no-run" "--message-format=json", kill_on_drop: false }`
[INFO] [stdout] efbadc0e3335547981640e4f626c71ae7e6f28cd2882f4d121e2f49ee79e99cc
[INFO] running `Command { std: "docker" "start" "-a" "efbadc0e3335547981640e4f626c71ae7e6f28cd2882f4d121e2f49ee79e99cc", kill_on_drop: false }`
[INFO] [stderr]    Compiling proc-macro2 v1.0.56
[INFO] [stderr]    Compiling unicode-ident v1.0.8
[INFO] [stderr]    Compiling pulldown-cmark v0.8.0
[INFO] [stderr]    Compiling toml_datetime v0.6.1
[INFO] [stderr]    Compiling quote v1.0.26
[INFO] [stderr]    Compiling unicase v2.6.0
[INFO] [stderr]    Compiling serde v1.0.160
[INFO] [stderr]    Compiling semver v1.0.17
[INFO] [stderr]    Compiling winnow v0.4.4
[INFO] [stderr]    Compiling regex-syntax v0.7.1
[INFO] [stderr]    Compiling syn v1.0.109
[INFO] [stderr]    Compiling debugless-unwrap v0.0.4
[INFO] [stderr]    Compiling toml_edit v0.19.8
[INFO] [stderr]    Compiling regex v1.8.1
[INFO] [stderr]    Compiling toml v0.5.11
[INFO] [stderr]    Compiling proc-macro-crate v1.3.1
[INFO] [stderr]    Compiling call2-for-syn v2.0.3
[INFO] [stderr]    Compiling syn-mid v0.5.3
[INFO] [stderr]    Compiling version-sync v0.9.4
[INFO] [stderr]    Compiling unquote v0.0.6
[INFO] [stderr]    Compiling fruit-salad_proc-macro-definitions v0.0.1 (/opt/rustwide/workdir)
[INFO] [stderr]     Finished test [unoptimized + debuginfo] target(s) in 7.58s
[INFO] [stderr] warning: the following packages contain code that will be rejected by a future version of Rust: unquote v0.0.6
[INFO] [stderr] note: to see what the problems were, use the option `--future-incompat-report`, or run `cargo report future-incompatibilities --id 2`
[INFO] running `Command { std: "docker" "inspect" "efbadc0e3335547981640e4f626c71ae7e6f28cd2882f4d121e2f49ee79e99cc", kill_on_drop: false }`
[INFO] running `Command { std: "docker" "rm" "-f" "efbadc0e3335547981640e4f626c71ae7e6f28cd2882f4d121e2f49ee79e99cc", kill_on_drop: false }`
[INFO] [stdout] efbadc0e3335547981640e4f626c71ae7e6f28cd2882f4d121e2f49ee79e99cc
[INFO] running `Command { std: "docker" "create" "-v" "/var/lib/crater-agent-workspace/builds/worker-3-tc1/target:/opt/rustwide/target:rw,Z" "-v" "/var/lib/crater-agent-workspace/builds/worker-3-tc1/source:/opt/rustwide/workdir:ro,Z" "-v" "/var/lib/crater-agent-workspace/cargo-home:/opt/rustwide/cargo-home:ro,Z" "-v" "/var/lib/crater-agent-workspace/rustup-home:/opt/rustwide/rustup-home:ro,Z" "-e" "SOURCE_DIR=/opt/rustwide/workdir" "-e" "CARGO_TARGET_DIR=/opt/rustwide/target" "-e" "CARGO_INCREMENTAL=0" "-e" "RUST_BACKTRACE=full" "-e" "RUSTFLAGS=--cap-lints=warn" "-e" "RUSTDOCFLAGS=--cap-lints=warn" "-e" "CARGO_HOME=/opt/rustwide/cargo-home" "-e" "RUSTUP_HOME=/opt/rustwide/rustup-home" "-w" "/opt/rustwide/workdir" "-m" "1610612736" "--user" "0:0" "--network" "none" "ghcr.io/rust-lang/crates-build-env/linux@sha256:5ff2268d62e97bff2cde7d5815dd6ed5b47097566f13b8d0ca110b04b60e07ed" "/opt/rustwide/cargo-home/bin/cargo" "+1.69.0" "test" "--frozen", kill_on_drop: false }`
[INFO] [stdout] fb9c2b375223e19da2d6bb076fc28159be06efcab29cab9b069b09d736a07a61
[INFO] running `Command { std: "docker" "start" "-a" "fb9c2b375223e19da2d6bb076fc28159be06efcab29cab9b069b09d736a07a61", kill_on_drop: false }`
[INFO] [stderr]     Finished test [unoptimized + debuginfo] target(s) in 0.03s
[INFO] [stderr] warning: the following packages contain code that will be rejected by a future version of Rust: unquote v0.0.6
[INFO] [stderr] note: to see what the problems were, use the option `--future-incompat-report`, or run `cargo report future-incompatibilities --id 2`
[INFO] [stderr]      Running unittests src/lib.rs (/opt/rustwide/target/debug/deps/fruit_salad_proc_macro_definitions-3223fa5729443127)
[INFO] [stdout] 
[INFO] [stdout] running 0 tests
[INFO] [stdout] 
[INFO] [stdout] test result: ok. 0 passed; 0 failed; 0 ignored; 0 measured; 0 filtered out; finished in 0.00s
[INFO] [stdout] 
[INFO] [stderr]      Running tests/meta_version_numbers.rs (/opt/rustwide/target/debug/deps/meta_version_numbers-95956fda450dea58)
[INFO] [stdout] 
[INFO] [stdout] running 2 tests
[INFO] [stdout] test documentation ... ok
[INFO] [stdout] test html_root_url ... ok
[INFO] [stdout] 
[INFO] [stdout] test result: ok. 2 passed; 0 failed; 0 ignored; 0 measured; 0 filtered out; finished in 0.00s
[INFO] [stdout] 
[INFO] [stderr]    Doc-tests fruit-salad_proc-macro-definitions
[INFO] [stdout] 
[INFO] [stdout] running 4 tests
[INFO] [stdout] test src/lib.rs - dyncast_derive (line 65) - compile fail ... ok
[INFO] [stdout] test src/lib.rs - dyncast_derive (line 73) ... FAILED
[INFO] [stdout] test src/lib.rs - dyncast_derive (line 81) - compile fail ... ok
[INFO] [stdout] test src/lib.rs - dyncast_derive (line 131) ... FAILED
[INFO] [stdout] 
[INFO] [stdout] failures:
[INFO] [stdout] 
[INFO] [stdout] ---- src/lib.rs - dyncast_derive (line 73) stdout ----
[INFO] [stdout] error[E0432]: unresolved import `fruit_salad`
[INFO] [stdout]  --> src/lib.rs:74:5
[INFO] [stdout]   |
[INFO] [stdout] 3 | use fruit_salad::Dyncast;
[INFO] [stdout]   |     ^^^^^^^^^^^ use of undeclared crate or module `fruit_salad`
[INFO] [stdout] 
[INFO] [stdout] error: cannot determine resolution for the derive macro `Dyncast`
[INFO] [stdout]  --> src/lib.rs:76:10
[INFO] [stdout]   |
[INFO] [stdout] 5 | #[derive(Dyncast)]
[INFO] [stdout]   |          ^^^^^^^
[INFO] [stdout]   |
[INFO] [stdout]   = note: import resolution is stuck, try simplifying macro imports
[INFO] [stdout] 
[INFO] [stdout] error: cannot find attribute `dyncast` in this scope
[INFO] [stdout]  --> src/lib.rs:77:3
[INFO] [stdout]   |
[INFO] [stdout] 6 | #[dyncast(unsafe A)]
[INFO] [stdout]   |   ^^^^^^^
[INFO] [stdout] 
[INFO] [stdout] error: aborting due to 3 previous errors
[INFO] [stdout] 
[INFO] [stdout] For more information about this error, try `rustc --explain E0432`.
[INFO] [stdout] Couldn't compile the test.
[INFO] [stdout] ---- src/lib.rs - dyncast_derive (line 131) stdout ----
[INFO] [stdout] error[E0432]: unresolved import `fruit_salad`
[INFO] [stdout]  --> src/lib.rs:132:5
[INFO] [stdout]   |
[INFO] [stdout] 3 | use fruit_salad::Dyncast; // Import macro and trait.
[INFO] [stdout]   |     ^^^^^^^^^^^ use of undeclared crate or module `fruit_salad`
[INFO] [stdout] 
[INFO] [stdout] error: cannot determine resolution for the derive macro `Dyncast`
[INFO] [stdout]  --> src/lib.rs:134:46
[INFO] [stdout]   |
[INFO] [stdout] 5 | #[derive(Debug, PartialEq, PartialOrd, Hash, Dyncast)]
[INFO] [stdout]   |                                              ^^^^^^^
[INFO] [stdout]   |
[INFO] [stdout]   = note: import resolution is stuck, try simplifying macro imports
[INFO] [stdout] 
[INFO] [stdout] error: cannot find attribute `dyncast` in this scope
[INFO] [stdout]  --> src/lib.rs:135:3
[INFO] [stdout]   |
[INFO] [stdout] 6 | #[dyncast(Self)] // Works like `Any`.
[INFO] [stdout]   |   ^^^^^^^
[INFO] [stdout] 
[INFO] [stdout] error: cannot find attribute `dyncast` in this scope
[INFO] [stdout]  --> src/lib.rs:136:3
[INFO] [stdout]   |
[INFO] [stdout] 7 | #[dyncast(dyn core::fmt::Debug)] // Must be in scope or qualified.
[INFO] [stdout]   |   ^^^^^^^
[INFO] [stdout] 
[INFO] [stdout] error: cannot find attribute `dyncast` in this scope
[INFO] [stdout]  --> src/lib.rs:137:3
[INFO] [stdout]   |
[INFO] [stdout] 8 | #[dyncast(impl dyn DynHash)] // As `Hash` isn't object-safe.
[INFO] [stdout]   |   ^^^^^^^
[INFO] [stdout] 
[INFO] [stdout] error: cannot find attribute `dyncast` in this scope
[INFO] [stdout]   --> src/lib.rs:140:3
[INFO] [stdout]    |
[INFO] [stdout] 11 | #[dyncast(impl dyn PartialEq<dyn Dyncast>, impl dyn PartialOrd<dyn Dyncast>)]
[INFO] [stdout]    |   ^^^^^^^
[INFO] [stdout] 
[INFO] [stdout] error: aborting due to 6 previous errors
[INFO] [stdout] 
[INFO] [stdout] For more information about this error, try `rustc --explain E0432`.
[INFO] [stdout] Couldn't compile the test.
[INFO] [stdout] 
[INFO] [stdout] failures:
[INFO] [stdout]     src/lib.rs - dyncast_derive (line 131)
[INFO] [stdout]     src/lib.rs - dyncast_derive (line 73)
[INFO] [stdout] 
[INFO] [stdout] test result: FAILED. 2 passed; 2 failed; 0 ignored; 0 measured; 0 filtered out; finished in 0.06s
[INFO] [stdout] 
[INFO] [stderr] error: doctest failed, to rerun pass `--doc`
[INFO] running `Command { std: "docker" "inspect" "fb9c2b375223e19da2d6bb076fc28159be06efcab29cab9b069b09d736a07a61", kill_on_drop: false }`
[INFO] running `Command { std: "docker" "rm" "-f" "fb9c2b375223e19da2d6bb076fc28159be06efcab29cab9b069b09d736a07a61", kill_on_drop: false }`
[INFO] [stdout] fb9c2b375223e19da2d6bb076fc28159be06efcab29cab9b069b09d736a07a61
