[INFO] fetching crate front-api 0.0.2...
[INFO] testing front-api-0.0.2 against 1.69.0 for beta-1.70-1
[INFO] extracting crate front-api 0.0.2 into /workspace/builds/worker-6-tc1/source
[INFO] validating manifest of crates.io crate front-api 0.0.2 on toolchain 1.69.0
[INFO] running `Command { std: CARGO_HOME="/workspace/cargo-home" RUSTUP_HOME="/workspace/rustup-home" "/workspace/cargo-home/bin/cargo" "+1.69.0" "metadata" "--manifest-path" "Cargo.toml" "--no-deps", kill_on_drop: false }`
[INFO] started tweaking crates.io crate front-api 0.0.2
[INFO] finished tweaking crates.io crate front-api 0.0.2
[INFO] tweaked toml for crates.io crate front-api 0.0.2 written to /workspace/builds/worker-6-tc1/source/Cargo.toml
[INFO] running `Command { std: CARGO_HOME="/workspace/cargo-home" RUSTUP_HOME="/workspace/rustup-home" __CARGO_TEST_CHANNEL_OVERRIDE_DO_NOT_USE_THIS="nightly" "/workspace/cargo-home/bin/cargo" "+1.69.0" "generate-lockfile" "--manifest-path" "Cargo.toml" "-Zno-index-update", kill_on_drop: false }`
[INFO] running `Command { std: CARGO_HOME="/workspace/cargo-home" RUSTUP_HOME="/workspace/rustup-home" "/workspace/cargo-home/bin/cargo" "+1.69.0" "fetch" "--manifest-path" "Cargo.toml", kill_on_drop: false }`
[INFO] [stderr]  Downloading crates ...
[INFO] [stderr]   Downloaded reqwest-conditional-middleware v0.1.0
[INFO] [stderr]   Downloaded retry-policies v0.1.2
[INFO] [stderr]   Downloaded parse-display v0.5.5
[INFO] [stderr]   Downloaded newline-converter v0.3.0
[INFO] [stderr]   Downloaded reqwest-tracing v0.3.1
[INFO] [stderr]   Downloaded structmeta-derive v0.1.6
[INFO] [stderr]   Downloaded ansitok v0.1.0
[INFO] [stderr]   Downloaded reqwest-retry v0.1.5
[INFO] [stderr]   Downloaded regex-cache v0.2.1
[INFO] [stderr]   Downloaded reqwest-middleware v0.1.6
[INFO] [stderr]   Downloaded task-local-extensions v0.1.4
[INFO] [stderr]   Downloaded parse-display-derive v0.5.5
[INFO] [stderr]   Downloaded chrono-humanize v0.2.2
[INFO] [stderr]   Downloaded ansi-str v0.3.0
[INFO] [stderr]   Downloaded hyper v0.14.5
[INFO] [stderr]   Downloaded url v2.3.0
[INFO] [stderr]   Downloaded structmeta v0.1.6
[INFO] [stderr]   Downloaded httparse v1.3.6
[INFO] [stderr]   Downloaded tracing-opentelemetry v0.17.4
[INFO] [stderr]   Downloaded expectorate v1.0.7
[INFO] [stderr]   Downloaded opentelemetry v0.17.0
[INFO] [stderr]   Downloaded quick-xml v0.28.2
[INFO] [stderr]   Downloaded format_serde_error v0.3.0
[INFO] [stderr]   Downloaded phonenumber v0.3.2+8.13.9
[INFO] [stderr]   Downloaded hyperx v1.2.0
[INFO] running `Command { std: "docker" "create" "-v" "/var/lib/crater-agent-workspace/builds/worker-6-tc1/target:/opt/rustwide/target:rw,Z" "-v" "/var/lib/crater-agent-workspace/builds/worker-6-tc1/source:/opt/rustwide/workdir:ro,Z" "-v" "/var/lib/crater-agent-workspace/cargo-home:/opt/rustwide/cargo-home:ro,Z" "-v" "/var/lib/crater-agent-workspace/rustup-home:/opt/rustwide/rustup-home:ro,Z" "-e" "SOURCE_DIR=/opt/rustwide/workdir" "-e" "CARGO_TARGET_DIR=/opt/rustwide/target" "-e" "CARGO_HOME=/opt/rustwide/cargo-home" "-e" "RUSTUP_HOME=/opt/rustwide/rustup-home" "-w" "/opt/rustwide/workdir" "-m" "1610612736" "--user" "0:0" "--network" "none" "ghcr.io/rust-lang/crates-build-env/linux@sha256:97d61d7686bf65f8ecb15491ab51835e82dc9176a96a831f143a431b191fc501" "/opt/rustwide/cargo-home/bin/cargo" "+1.69.0" "metadata" "--no-deps" "--format-version=1", kill_on_drop: false }`
[INFO] [stdout] e879e4bddf7ded39ddd31f016dca16a26698348a275f244d81d9778339891b22
[INFO] running `Command { std: "docker" "start" "-a" "e879e4bddf7ded39ddd31f016dca16a26698348a275f244d81d9778339891b22", kill_on_drop: false }`
[INFO] running `Command { std: "docker" "inspect" "e879e4bddf7ded39ddd31f016dca16a26698348a275f244d81d9778339891b22", kill_on_drop: false }`
[INFO] running `Command { std: "docker" "rm" "-f" "e879e4bddf7ded39ddd31f016dca16a26698348a275f244d81d9778339891b22", kill_on_drop: false }`
[INFO] [stdout] e879e4bddf7ded39ddd31f016dca16a26698348a275f244d81d9778339891b22
[INFO] running `Command { std: "docker" "create" "-v" "/var/lib/crater-agent-workspace/builds/worker-6-tc1/target:/opt/rustwide/target:rw,Z" "-v" "/var/lib/crater-agent-workspace/builds/worker-6-tc1/source:/opt/rustwide/workdir:ro,Z" "-v" "/var/lib/crater-agent-workspace/cargo-home:/opt/rustwide/cargo-home:ro,Z" "-v" "/var/lib/crater-agent-workspace/rustup-home:/opt/rustwide/rustup-home:ro,Z" "-e" "SOURCE_DIR=/opt/rustwide/workdir" "-e" "CARGO_TARGET_DIR=/opt/rustwide/target" "-e" "CARGO_INCREMENTAL=0" "-e" "RUST_BACKTRACE=full" "-e" "RUSTFLAGS=--cap-lints=warn" "-e" "RUSTDOCFLAGS=--cap-lints=warn" "-e" "CARGO_HOME=/opt/rustwide/cargo-home" "-e" "RUSTUP_HOME=/opt/rustwide/rustup-home" "-w" "/opt/rustwide/workdir" "-m" "1610612736" "--user" "0:0" "--network" "none" "ghcr.io/rust-lang/crates-build-env/linux@sha256:97d61d7686bf65f8ecb15491ab51835e82dc9176a96a831f143a431b191fc501" "/opt/rustwide/cargo-home/bin/cargo" "+1.69.0" "build" "--frozen" "--message-format=json", kill_on_drop: false }`
[INFO] [stdout] fa14189512aef67b5270eac89b442c63bae7ac866f3b063e141535dabc3e9cb3
[INFO] running `Command { std: "docker" "start" "-a" "fa14189512aef67b5270eac89b442c63bae7ac866f3b063e141535dabc3e9cb3", kill_on_drop: false }`
[INFO] [stderr]    Compiling syn v1.0.109
[INFO] [stderr]    Compiling log v0.4.17
[INFO] [stderr]    Compiling ring v0.16.20
[INFO] [stderr]    Compiling futures-util v0.3.28
[INFO] [stderr]    Compiling syn v2.0.15
[INFO] [stderr]    Compiling tokio v1.28.0
[INFO] [stderr]    Compiling untrusted v0.7.1
[INFO] [stderr]    Compiling spin v0.5.2
[INFO] [stderr]    Compiling percent-encoding v2.1.0
[INFO] [stderr]    Compiling socket2 v0.4.9
[INFO] [stderr]    Compiling signal-hook-registry v1.4.1
[INFO] [stderr]    Compiling httparse v1.3.6
[INFO] [stderr]    Compiling rustls v0.20.8
[INFO] [stderr]    Compiling httpdate v0.3.2
[INFO] [stderr]    Compiling idna v0.2.3
[INFO] [stderr]    Compiling mime_guess v2.0.4
[INFO] [stderr]    Compiling form_urlencoded v1.0.1
[INFO] [stderr]    Compiling itoa v0.4.8
[INFO] [stderr]    Compiling rustls-pemfile v0.3.0
[INFO] [stderr]    Compiling vte_generate_state_changes v0.1.1
[INFO] [stderr]    Compiling task-local-extensions v0.1.4
[INFO] [stderr]    Compiling arrayvec v0.5.2
[INFO] [stderr]    Compiling ansitok v0.1.0
[INFO] [stderr]    Compiling quick-xml v0.28.2
[INFO] [stderr]    Compiling atty v0.2.14
[INFO] [stderr]    Compiling tracing-subscriber v0.3.17
[INFO] [stderr]    Compiling lru-cache v0.1.2
[INFO] [stderr]    Compiling schemars v0.8.12
[INFO] [stderr]    Compiling oncemutex v0.1.1
[INFO] [stderr]    Compiling bytecount v0.6.3
[INFO] [stderr]    Compiling hyperx v1.2.0
[INFO] [stderr]    Compiling regex-cache v0.2.1
[INFO] [stderr]    Compiling itertools v0.10.5
[INFO] [stderr]    Compiling ansi-str v0.3.0
[INFO] [stderr]    Compiling vte v0.10.1
[INFO] [stderr]    Compiling colored v2.0.0
[INFO] [stderr]    Compiling textwrap v0.16.0
[INFO] [stderr]    Compiling bytes v0.5.6
[INFO] [stderr]    Compiling unicode-segmentation v1.10.1
[INFO] [stderr]    Compiling language-tags v0.2.2
[INFO] [stderr]    Compiling data-encoding v2.3.3
[INFO] [stderr]    Compiling strip-ansi-escapes v0.1.1
[INFO] [stderr]    Compiling papergrid v0.5.1
[INFO] [stderr]    Compiling webpki v0.22.0
[INFO] [stderr]    Compiling sct v0.7.0
[INFO] [stderr]    Compiling darling_core v0.20.0
[INFO] [stderr]    Compiling webpki-roots v0.22.6
[INFO] [stderr]    Compiling serde_derive v1.0.160
[INFO] [stderr]    Compiling futures-macro v0.3.28
[INFO] [stderr]    Compiling tracing-attributes v0.1.24
[INFO] [stderr]    Compiling tokio-macros v2.1.0
[INFO] [stderr]    Compiling thiserror-impl v1.0.40
[INFO] [stderr]    Compiling async-trait v0.1.68
[INFO] [stderr]    Compiling proc-macro-error v1.0.4
[INFO] [stderr]    Compiling serde_derive_internals v0.26.0
[INFO] [stderr]    Compiling darling_macro v0.20.0
[INFO] [stderr]    Compiling pin-project-internal v1.0.12
[INFO] [stderr]    Compiling structmeta-derive v0.1.6
[INFO] [stderr]    Compiling schemars_derive v0.8.12
[INFO] [stderr]    Compiling tabled_derive v0.4.0
[INFO] [stderr]    Compiling clap_derive v3.2.25
[INFO] [stderr]    Compiling thiserror v1.0.40
[INFO] [stderr]    Compiling tracing v0.1.37
[INFO] [stderr]    Compiling darling v0.20.0
[INFO] [stderr]    Compiling serde_with_macros v2.3.3
[INFO] [stderr]    Compiling tabled v0.8.0
[INFO] [stderr]    Compiling structmeta v0.1.6
[INFO] [stderr]    Compiling pin-project v1.0.12
[INFO] [stderr]    Compiling parse-display-derive v0.5.5
[INFO] [stderr]    Compiling clap v3.2.25
[INFO] [stderr]    Compiling serde v1.0.160
[INFO] [stderr]    Compiling futures-executor v0.3.28
[INFO] [stderr]    Compiling futures v0.3.28
[INFO] [stderr]    Compiling opentelemetry v0.17.0
[INFO] [stderr]    Compiling parse-display v0.5.5
[INFO] [stderr]    Compiling bytes v1.4.0
[INFO] [stderr]    Compiling serde_json v1.0.96
[INFO] [stderr]    Compiling url v2.3.0
[INFO] [stderr]    Compiling serde_urlencoded v0.7.1
[INFO] [stderr]    Compiling chrono v0.4.24
[INFO] [stderr]    Compiling bincode v1.3.3
[INFO] [stderr]    Compiling serde_yaml v0.8.26
[INFO] [stderr]    Compiling uuid v1.3.2
[INFO] [stderr]    Compiling serde_with v2.3.3
[INFO] [stderr]    Compiling mio v0.8.6
[INFO] [stderr]    Compiling want v0.3.0
[INFO] [stderr]    Compiling tracing-log v0.1.3
[INFO] [stderr]    Compiling http v0.2.9
[INFO] [stderr]    Compiling phonenumber v0.3.2+8.13.9
[INFO] [stderr]    Compiling tracing-opentelemetry v0.17.4
[INFO] [stderr]    Compiling format_serde_error v0.3.0
[INFO] [stderr]    Compiling http-body v0.4.5
[INFO] [stderr]    Compiling retry-policies v0.1.2
[INFO] [stderr]    Compiling chrono-humanize v0.2.2
[INFO] [stderr]    Compiling tokio-util v0.7.8
[INFO] [stderr]    Compiling tokio-rustls v0.23.4
[INFO] [stderr]    Compiling h2 v0.3.18
[INFO] [stderr]    Compiling hyper v0.14.5
[INFO] [stderr]    Compiling hyper-rustls v0.23.2
[INFO] [stderr]    Compiling reqwest v0.11.10
[INFO] [stderr]    Compiling reqwest-middleware v0.1.6
[INFO] [stderr]    Compiling reqwest-tracing v0.3.1
[INFO] [stderr]    Compiling reqwest-retry v0.1.5
[INFO] [stderr]    Compiling reqwest-conditional-middleware v0.1.0
[INFO] [stderr]    Compiling front-api v0.0.2 (/opt/rustwide/workdir)
[INFO] [stderr]     Finished dev [unoptimized + debuginfo] target(s) in 54.32s
[INFO] running `Command { std: "docker" "inspect" "fa14189512aef67b5270eac89b442c63bae7ac866f3b063e141535dabc3e9cb3", kill_on_drop: false }`
[INFO] running `Command { std: "docker" "rm" "-f" "fa14189512aef67b5270eac89b442c63bae7ac866f3b063e141535dabc3e9cb3", kill_on_drop: false }`
[INFO] [stdout] fa14189512aef67b5270eac89b442c63bae7ac866f3b063e141535dabc3e9cb3
[INFO] running `Command { std: "docker" "create" "-v" "/var/lib/crater-agent-workspace/builds/worker-6-tc1/target:/opt/rustwide/target:rw,Z" "-v" "/var/lib/crater-agent-workspace/builds/worker-6-tc1/source:/opt/rustwide/workdir:ro,Z" "-v" "/var/lib/crater-agent-workspace/cargo-home:/opt/rustwide/cargo-home:ro,Z" "-v" "/var/lib/crater-agent-workspace/rustup-home:/opt/rustwide/rustup-home:ro,Z" "-e" "SOURCE_DIR=/opt/rustwide/workdir" "-e" "CARGO_TARGET_DIR=/opt/rustwide/target" "-e" "CARGO_INCREMENTAL=0" "-e" "RUST_BACKTRACE=full" "-e" "RUSTFLAGS=--cap-lints=warn" "-e" "RUSTDOCFLAGS=--cap-lints=warn" "-e" "CARGO_HOME=/opt/rustwide/cargo-home" "-e" "RUSTUP_HOME=/opt/rustwide/rustup-home" "-w" "/opt/rustwide/workdir" "-m" "1610612736" "--user" "0:0" "--network" "none" "ghcr.io/rust-lang/crates-build-env/linux@sha256:97d61d7686bf65f8ecb15491ab51835e82dc9176a96a831f143a431b191fc501" "/opt/rustwide/cargo-home/bin/cargo" "+1.69.0" "test" "--frozen" "--no-run" "--message-format=json", kill_on_drop: false }`
[INFO] [stdout] 3ed27759d903f5d0c6d8874bfd56b6a2f43c15188ebc3f10a31bc4a3d489f906
[INFO] running `Command { std: "docker" "start" "-a" "3ed27759d903f5d0c6d8874bfd56b6a2f43c15188ebc3f10a31bc4a3d489f906", kill_on_drop: false }`
[INFO] [stderr]    Compiling newline-converter v0.3.0
[INFO] [stderr]    Compiling console v0.15.5
[INFO] [stderr]    Compiling diff v0.1.13
[INFO] [stderr]    Compiling similar v2.2.1
[INFO] [stderr]    Compiling yansi v0.5.1
[INFO] [stderr]    Compiling pretty_assertions v1.3.0
[INFO] [stderr]    Compiling expectorate v1.0.7
[INFO] [stderr]    Compiling front-api v0.0.2 (/opt/rustwide/workdir)
[INFO] [stderr]     Finished test [unoptimized + debuginfo] target(s) in 24.49s
[INFO] running `Command { std: "docker" "inspect" "3ed27759d903f5d0c6d8874bfd56b6a2f43c15188ebc3f10a31bc4a3d489f906", kill_on_drop: false }`
[INFO] running `Command { std: "docker" "rm" "-f" "3ed27759d903f5d0c6d8874bfd56b6a2f43c15188ebc3f10a31bc4a3d489f906", kill_on_drop: false }`
[INFO] [stdout] 3ed27759d903f5d0c6d8874bfd56b6a2f43c15188ebc3f10a31bc4a3d489f906
[INFO] running `Command { std: "docker" "create" "-v" "/var/lib/crater-agent-workspace/builds/worker-6-tc1/target:/opt/rustwide/target:rw,Z" "-v" "/var/lib/crater-agent-workspace/builds/worker-6-tc1/source:/opt/rustwide/workdir:ro,Z" "-v" "/var/lib/crater-agent-workspace/cargo-home:/opt/rustwide/cargo-home:ro,Z" "-v" "/var/lib/crater-agent-workspace/rustup-home:/opt/rustwide/rustup-home:ro,Z" "-e" "SOURCE_DIR=/opt/rustwide/workdir" "-e" "CARGO_TARGET_DIR=/opt/rustwide/target" "-e" "CARGO_INCREMENTAL=0" "-e" "RUST_BACKTRACE=full" "-e" "RUSTFLAGS=--cap-lints=warn" "-e" "RUSTDOCFLAGS=--cap-lints=warn" "-e" "CARGO_HOME=/opt/rustwide/cargo-home" "-e" "RUSTUP_HOME=/opt/rustwide/rustup-home" "-w" "/opt/rustwide/workdir" "-m" "1610612736" "--user" "0:0" "--network" "none" "ghcr.io/rust-lang/crates-build-env/linux@sha256:97d61d7686bf65f8ecb15491ab51835e82dc9176a96a831f143a431b191fc501" "/opt/rustwide/cargo-home/bin/cargo" "+1.69.0" "test" "--frozen", kill_on_drop: false }`
[INFO] [stdout] 80aaeac22390b098c2ffd688a55753df421dbb31d84d875f840b05f7471dc8c2
[INFO] running `Command { std: "docker" "start" "-a" "80aaeac22390b098c2ffd688a55753df421dbb31d84d875f840b05f7471dc8c2", kill_on_drop: false }`
[INFO] [stderr]     Finished test [unoptimized + debuginfo] target(s) in 0.29s
[INFO] [stderr]      Running unittests src/lib.rs (/opt/rustwide/target/debug/deps/front_api-c826ebaf7e73272b)
[INFO] [stdout] 
[INFO] [stdout] running 2 tests
[INFO] [stdout] test types::base64::tests::test_base64_try_from ... ok
[INFO] [stderr]    Doc-tests front-api
[INFO] [stdout] test types::phone_number::test::test_parse_phone_number ... ok
[INFO] [stdout] 
[INFO] [stdout] test result: ok. 2 passed; 0 failed; 0 ignored; 0 measured; 0 filtered out; finished in 1.30s
[INFO] [stdout] 
[INFO] [stdout] 
[INFO] [stdout] running 164 tests
[INFO] [stdout] test src/accounts.rs - accounts::Accounts::delete (line 127) - compile ... ok
[INFO] [stdout] test src/accounts.rs - accounts::Accounts::create (line 66) - compile ... ok
[INFO] [stdout] test src/accounts.rs - accounts::Accounts::remove_contacts_from (line 261) - compile ... ok
[INFO] [stdout] test src/channels.rs - channels::Channels::get (line 124) - compile ... ok
[INFO] [stdout] test src/accounts.rs - accounts::Accounts::list (line 26) - compile ... ok
[INFO] [stdout] test src/accounts.rs - accounts::Accounts::add_contacts_to (line 228) - compile ... ok
[INFO] [stdout] test src/channels.rs - channels::Channels::create (line 221) - compile ... FAILED
[INFO] [stdout] test src/attachments.rs - attachments::Attachments::download (line 23) - compile ... ok
[INFO] [stdout] test src/analytics.rs - analytics::Analytics::create_report (line 22) - compile ... FAILED
[INFO] [stdout] test src/channels.rs - channels::Channels::list (line 19) - compile ... ok
[INFO] [stdout] test src/analytics.rs - analytics::Analytics::create_export (line 84) - compile ... FAILED
[INFO] [stdout] test src/accounts.rs - accounts::Accounts::fetch (line 97) - compile ... ok
[INFO] [stdout] test src/analytics.rs - analytics::Analytics::get_report (line 48) - compile ... ok
[INFO] [stdout] test src/accounts.rs - accounts::Accounts::update (line 154) - compile ... ok
[INFO] [stdout] test src/channels.rs - channels::Channels::validate (line 185) - compile ... ok
[INFO] [stdout] test src/comments.rs - comments::Comments::list_conversation (line 23) - compile ... ok
[INFO] [stdout] test src/analytics.rs - analytics::Analytics::get_export (line 110) - compile ... ok
[INFO] [stdout] test src/accounts.rs - accounts::Accounts::list_contacts (line 188) - compile ... ok
[INFO] [stdout] test src/channels.rs - channels::Channels::list_team (line 52) - compile ... ok
[INFO] [stdout] test src/channels.rs - channels::Channels::list_teammate (line 88) - compile ... ok
[INFO] [stdout] test src/contact_groups.rs - contact_groups::ContactGroups::create_team_group (line 115) - compile ... ok
[INFO] [stdout] test src/channels.rs - channels::Channels::update (line 159) - compile ... FAILED
[INFO] [stdout] test src/comments.rs - comments::Comments::get (line 94) - compile ... ok
[INFO] [stdout] test src/contact_groups.rs - contact_groups::ContactGroups::create_group (line 49) - compile ... ok
[INFO] [stdout] test src/contact_groups.rs - contact_groups::ContactGroups::delete_group (line 197) - compile ... ok
[INFO] [stdout] test src/contact_groups.rs - contact_groups::ContactGroups::list_group_contacts (line 228) - compile ... ok
[INFO] [stdout] test src/comments.rs - comments::Comments::list_mentions (line 129) - compile ... ok
[INFO] [stdout] test src/contact_groups.rs - contact_groups::ContactGroups::list_teammate_groups (line 141) - compile ... ok
[INFO] [stdout] test src/contact_groups.rs - contact_groups::ContactGroups::add_contacts_to_group (line 269) - compile ... FAILED
[INFO] [stdout] test src/contact_groups.rs - contact_groups::ContactGroups::list_groups (line 19) - compile ... ok
[INFO] [stdout] test src/comments.rs - comments::Comments::create (line 61) - compile ... FAILED
[INFO] [stdout] test src/contact_handles.rs - contact_handles::ContactHandles::add (line 23) - compile ... ok
[INFO] [stdout] test src/contact_groups.rs - contact_groups::ContactGroups::create_teammate_group (line 171) - compile ... ok
[INFO] [stdout] test src/contact_handles.rs - contact_handles::ContactHandles::delete (line 49) - compile ... ok
[INFO] [stdout] test src/contact_groups.rs - contact_groups::ContactGroups::list_team_groups (line 79) - compile ... ok
[INFO] [stdout] test src/contact_notes.rs - contact_notes::ContactNotes::add_note (line 59) - compile ... ok
[INFO] [stdout] test src/contacts.rs - contacts::Contacts::create_teammate (line 248) - compile ... ok
[INFO] [stdout] test src/contacts.rs - contacts::Contacts::create (line 71) - compile ... ok
[INFO] [stdout] test src/contacts.rs - contacts::Contacts::get (line 280) - compile ... ok
[INFO] [stdout] test src/contacts.rs - contacts::Contacts::create_team (line 159) - compile ... ok
[INFO] [stdout] test src/contacts.rs - contacts::Contacts::delete (line 315) - compile ... ok
[INFO] [stdout] test src/contact_notes.rs - contact_notes::ContactNotes::list_notes (line 23) - compile ... ok
[INFO] [stdout] test src/contacts.rs - contacts::Contacts::list_teammate (line 196) - compile ... ok
[INFO] [stdout] test src/contacts.rs - contacts::Contacts::merge (line 373) - compile ... FAILED
[INFO] [stdout] test src/contacts.rs - contacts::Contacts::list (line 27) - compile ... ok
[INFO] [stdout] test src/conversations.rs - conversations::Conversations::add_followers (line 385) - compile ... ok
[INFO] [stdout] test src/conversations.rs - conversations::Conversations::list_followers (line 348) - compile ... ok
[INFO] [stdout] test src/conversations.rs - conversations::Conversations::add_tag (line 196) - compile ... ok
[INFO] [stdout] test src/conversations.rs - conversations::Conversations::add_link (line 257) - compile ... ok
[INFO] [stdout] test src/conversations.rs - conversations::Conversations::delete_followers (line 412) - compile ... ok
[INFO] [stdout] test src/contacts.rs - contacts::Contacts::list_conversations (line 403) - compile ... ok
[INFO] [stdout] test src/conversations.rs - conversations::Conversations::remove_link (line 284) - compile ... ok
[INFO] [stdout] test src/contacts.rs - contacts::Contacts::list_team (line 107) - compile ... ok
[INFO] [stdout] test src/conversations.rs - conversations::Conversations::get_by_id (line 97) - compile ... ok
[INFO] [stdout] test src/conversations.rs - conversations::Conversations::list_inboxes (line 311) - compile ... ok
[INFO] [stdout] test src/contacts.rs - contacts::Contacts::update (line 342) - compile ... ok
[INFO] [stdout] test src/conversations.rs - conversations::Conversations::search (line 596) - compile ... ok
[INFO] [stdout] test src/conversations.rs - conversations::Conversations::list_events (line 501) - compile ... ok
[INFO] [stdout] test src/conversations.rs - conversations::Conversations::update (line 130) - compile ... FAILED
[INFO] [stdout] test src/conversations.rs - conversations::Conversations::list_messages (line 449) - compile ... ok
[INFO] [stdout] test src/conversations.rs - conversations::Conversations::list (line 30) - compile ... ok
[INFO] [stdout] test src/conversations.rs - conversations::Conversations::create (line 63) - compile ... FAILED
[INFO] [stdout] test src/custom_fields.rs - custom_fields::CustomFields::list (line 56) - compile ... ok
[INFO] [stdout] test src/conversations.rs - conversations::Conversations::remove_tag (line 223) - compile ... ok
[INFO] [stdout] test src/drafts.rs - drafts::Drafts::create (line 93) - compile ... ok
[INFO] [stdout] test src/drafts.rs - drafts::Drafts::create_reply (line 60) - compile ... ok
[INFO] [stdout] test src/conversations.rs - conversations::Conversations::update_assignee (line 162) - compile ... FAILED
[INFO] [stdout] test src/drafts.rs - drafts::Drafts::edit (line 125) - compile ... FAILED
[INFO] [stdout] test src/custom_fields.rs - custom_fields::CustomFields::list_contact (line 19) - compile ... ok
[INFO] [stdout] test src/custom_fields.rs - custom_fields::CustomFields::update (line 89) - compile ... FAILED
[INFO] [stdout] test src/events.rs - events::Events::get (line 71) - compile ... ok
[INFO] [stdout] test src/conversations.rs - conversations::Conversations::update_reminders (line 554) - compile ... FAILED
[INFO] [stdout] test src/events.rs - events::Events::list (line 31) - compile ... ok
[INFO] [stdout] test src/inboxes.rs - inboxes::Inboxes::create_inbox (line 84) - compile ... ok
[INFO] [stdout] test src/inboxes.rs - inboxes::Inboxes::get_inbox (line 185) - compile ... ok
[INFO] [stdout] test src/inboxes.rs - inboxes::Inboxes::create_team_inbox (line 151) - compile ... ok
[INFO] [stdout] test src/inboxes.rs - inboxes::Inboxes::list (line 55) - compile ... ok
[INFO] [stdout] test src/inboxes.rs - inboxes::Inboxes::list_inbox_channels (line 23) - compile ... ok
[INFO] [stdout] test src/inboxes.rs - inboxes::Inboxes::add_inbox_teammates (line 303) - compile ... ok
[INFO] [stdout] test src/drafts.rs - drafts::Drafts::delete (line 164) - compile ... FAILED
[INFO] [stdout] test src/drafts.rs - drafts::Drafts::list_conversation (line 23) - compile ... ok
[INFO] [stdout] test src/inboxes.rs - inboxes::Inboxes::list_team (line 115) - compile ... ok
[INFO] [stdout] test src/inboxes.rs - inboxes::Inboxes::list_inbox_teammates (line 267) - compile ... ok
[INFO] [stdout] test src/links.rs - links::Links::get (line 147) - compile ... ok
[INFO] [stdout] test src/lib.rs - (line 53) - compile ... ok
[INFO] [stdout] test src/lib.rs - (line 40) - compile ... ok
[INFO] [stdout] test src/links.rs - links::Links::create (line 108) - compile ... ok
[INFO] [stdout] test src/inboxes.rs - inboxes::Inboxes::list_inbox_conversations (line 228) - compile ... ok
[INFO] [stdout] test src/inboxes.rs - inboxes::Inboxes::remove_inbox_teammates (line 336) - compile ... ok
[INFO] [stdout] test src/message_template_folders.rs - message_template_folders::MessageTemplateFolders::create_child_folder (line 266) - compile ... ok
[INFO] [stdout] test src/links.rs - links::Links::update (line 177) - compile ... FAILED
[INFO] [stdout] test src/message_template_folders.rs - message_template_folders::MessageTemplateFolders::delete_folder (line 330) - compile ... ok
[INFO] [stdout] test src/links.rs - links::Links::list (line 72) - compile ... ok
[INFO] [stdout] test src/message_template_folders.rs - message_template_folders::MessageTemplateFolders::create_teammate_folder (line 195) - compile ... ok
[INFO] [stdout] test src/message_template_folders.rs - message_template_folders::MessageTemplateFolders::get_folder (line 299) - compile ... ok
[INFO] [stdout] test src/message_template_folders.rs - message_template_folders::MessageTemplateFolders::list_teammate_folders (line 157) - compile ... ok
[INFO] [stdout] test src/message_templates.rs - message_templates::MessageTemplates::create_child_template (line 54) - compile ... ok
[INFO] [stdout] test src/message_template_folders.rs - message_template_folders::MessageTemplateFolders::update_folder (line 368) - compile ... ok
[INFO] [stdout] test src/message_template_folders.rs - message_template_folders::MessageTemplateFolders::create_folder (line 49) - compile ... ok
[INFO] [stdout] test src/message_template_folders.rs - message_template_folders::MessageTemplateFolders::list_team_folders (line 88) - compile ... ok
[INFO] [stdout] test src/message_templates.rs - message_templates::MessageTemplates::get_child_templates (line 23) - compile ... ok
[INFO] [stdout] test src/links.rs - links::Links::list_conversations (line 31) - compile ... ok
[INFO] [stdout] test src/message_template_folders.rs - message_template_folders::MessageTemplateFolders::create_team_folder (line 125) - compile ... ok
[INFO] [stdout] test src/message_templates.rs - message_templates::MessageTemplates::list (line 83) - compile ... ok
[INFO] [stdout] test src/message_templates.rs - message_templates::MessageTemplates::delete (line 318) - compile ... ok
[INFO] [stdout] test src/message_template_folders.rs - message_template_folders::MessageTemplateFolders::get_child_folders (line 228) - compile ... ok
[INFO] [stdout] test src/message_templates.rs - message_templates::MessageTemplates::list_teammate (line 212) - compile ... ok
[INFO] [stdout] test src/message_templates.rs - message_templates::MessageTemplates::create (line 113) - compile ... ok
[INFO] [stdout] test src/message_templates.rs - message_templates::MessageTemplates::create_teammate (line 249) - compile ... ok
[INFO] [stdout] test src/message_template_folders.rs - message_template_folders::MessageTemplateFolders::list_folders (line 19) - compile ... ok
[INFO] [stdout] test src/message_templates.rs - message_templates::MessageTemplates::get (line 281) - compile ... ok
[INFO] [stdout] test src/messages.rs - messages::Messages::get_seen_status (line 99) - compile ... ok
[INFO] [stdout] test src/message_templates.rs - message_templates::MessageTemplates::list_team (line 144) - compile ... ok
[INFO] [stdout] test src/messages.rs - messages::Messages::mark_seen (line 138) - compile ... ok
[INFO] [stdout] test src/rules.rs - rules::Rules::list (line 19) - compile ... ok
[INFO] [stdout] test src/message_templates.rs - message_templates::MessageTemplates::update (line 347) - compile ... FAILED
[INFO] [stdout] test src/message_templates.rs - message_templates::MessageTemplates::create_team (line 180) - compile ... ok
[INFO] [stdout] test src/shifts.rs - shifts::Shifts::add_teammates_to (line 242) - compile ... ok
[INFO] [stdout] test src/messages.rs - messages::Messages::reply_to_conversation (line 23) - compile ... FAILED
[INFO] [stdout] test src/messages.rs - messages::Messages::get (line 64) - compile ... ok
[INFO] [stdout] test src/rules.rs - rules::Rules::list_team (line 52) - compile ... ok
[INFO] [stdout] test src/messages.rs - messages::Messages::receive_custom (line 211) - compile ... FAILED
[INFO] [stdout] test src/shifts.rs - shifts::Shifts::get (line 176) - compile ... ok
[INFO] [stdout] test src/messages.rs - messages::Messages::import_inbox (line 251) - compile ... FAILED
[INFO] [stdout] test src/rules.rs - rules::Rules::get (line 118) - compile ... ok
[INFO] [stdout] test src/shifts.rs - shifts::Shifts::list_teammates (line 206) - compile ... ok
[INFO] [stdout] test src/shifts.rs - shifts::Shifts::list (line 19) - compile ... ok
[INFO] [stdout] test src/messages.rs - messages::Messages::create_conversation (line 172) - compile ... FAILED
[INFO] [stdout] test src/shifts.rs - shifts::Shifts::list_team (line 78) - compile ... ok
[INFO] [stdout] test src/shifts.rs - shifts::Shifts::create (line 47) - compile ... FAILED
[INFO] [stdout] test src/shifts.rs - shifts::Shifts::update (line 301) - compile ... ok
[INFO] [stdout] test src/shifts.rs - shifts::Shifts::create_team (line 108) - compile ... FAILED
[INFO] [stdout] test src/signatures.rs - signatures::Signatures::create_team (line 127) - compile ... ok
[INFO] [stdout] test src/signatures.rs - signatures::Signatures::get (line 171) - compile ... ok
[INFO] [stdout] test src/rules.rs - rules::Rules::list_teammate (line 82) - compile ... ok
[INFO] [stdout] test src/signatures.rs - signatures::Signatures::list_team (line 91) - compile ... ok
[INFO] [stdout] test src/signatures.rs - signatures::Signatures::create_teammate (line 59) - compile ... ok
[INFO] [stdout] test src/signatures.rs - signatures::Signatures::delete (line 201) - compile ... ok
[INFO] [stdout] test src/shifts.rs - shifts::Shifts::remove_teammates_from (line 268) - compile ... ok
[INFO] [stdout] test src/tags.rs - tags::Tags::create (line 48) - compile ... ok
[INFO] [stdout] test src/signatures.rs - signatures::Signatures::update (line 228) - compile ... ok
[INFO] [stdout] test src/shifts.rs - shifts::Shifts::list_teammate (line 140) - compile ... ok
[INFO] [stdout] test src/tags.rs - tags::Tags::delete (line 314) - compile ... ok
[INFO] [stdout] test src/tags.rs - tags::Tags::create_team (line 116) - compile ... ok
[INFO] [stdout] test src/tags.rs - tags::Tags::get (line 284) - compile ... ok
[INFO] [stdout] test src/signatures.rs - signatures::Signatures::list_teammate (line 23) - compile ... ok
[INFO] [stdout] test src/tags.rs - tags::Tags::create_child (line 252) - compile ... ok
[INFO] [stdout] test src/teammates.rs - teammates::Teammates::list_assigned_conversations (line 121) - compile ... ok
[INFO] [stdout] test src/teammates.rs - teammates::Teammates::list (line 19) - compile ... ok
[INFO] [stdout] test src/tags.rs - tags::Tags::create_teammate (line 184) - compile ... ok
[INFO] [stdout] test src/teammates.rs - teammates::Teammates::list_inboxes (line 162) - compile ... ok
[INFO] [stdout] test src/tags.rs - tags::Tags::list (line 19) - compile ... ok
[INFO] [stdout] test src/teammates.rs - teammates::Teammates::get (line 52) - compile ... ok
[INFO] [stdout] test src/tags.rs - tags::Tags::list_team (line 86) - compile ... ok
[INFO] [stdout] test src/tags.rs - tags::Tags::list_children (line 216) - compile ... ok
[INFO] [stdout] test src/tags.rs - tags::Tags::update (line 338) - compile ... FAILED
[INFO] [stdout] test src/tags.rs - tags::Tags::list_tagged_conversations (line 372) - compile ... ok
[INFO] [stdout] test src/tags.rs - tags::Tags::list_teammate (line 148) - compile ... ok
[INFO] [stdout] test src/teammates.rs - teammates::Teammates::update (line 87) - compile ... FAILED
[INFO] [stdout] test src/teams.rs - teams::Teams::remove_teammates_from (line 115) - compile ... ok
[INFO] [stdout] test src/teams.rs - teams::Teams::add_teammates_to (line 82) - compile ... ok
[INFO] [stdout] test src/teams.rs - teams::Teams::get (line 52) - compile ... ok
[INFO] [stdout] test src/token_identity.rs - token_identity::TokenIdentity::get (line 19) - compile ... ok
[INFO] [stdout] test src/teams.rs - teams::Teams::list (line 19) - compile ... ok
[INFO] [stderr] error: doctest failed, to rerun pass `--doc`
[INFO] [stdout] 
[INFO] [stdout] failures:
[INFO] [stdout] 
[INFO] [stdout] ---- src/channels.rs - channels::Channels::create (line 221) stdout ----
[INFO] [stdout] error[E0308]: mismatched types
[INFO] [stdout]    --> src/channels.rs:228:13
[INFO] [stdout]     |
[INFO] [stdout] 8   |         .create(
[INFO] [stdout]     |          ------ arguments to this method are incorrect
[INFO] [stdout] 9   |             "some-string",
[INFO] [stdout] 10  |             &serde_json::Value::String("some-string".to_string()),
[INFO] [stdout]     |             ^^^^^^^^^^^^^^^^^^^^^^^^^^^^^^^^^^^^^^^^^^^^^^^^^^^^^ expected `&CreateChannel`, found `&Value`
[INFO] [stdout]     |
[INFO] [stdout]     = note: expected reference `&CreateChannel`
[INFO] [stdout]                found reference `&serde_json::Value`
[INFO] [stdout] note: method defined here
[INFO] [stdout]    --> /opt/rustwide/workdir/src/channels.rs:221:18
[INFO] [stdout]     |
[INFO] [stdout] 221 |     pub async fn create<'a>(
[INFO] [stdout]     |                  ^^^^^^
[INFO] [stdout] 
[INFO] [stdout] error: aborting due to previous error
[INFO] [stdout] 
[INFO] [stdout] For more information about this error, try `rustc --explain E0308`.
[INFO] [stdout] Couldn't compile the test.
[INFO] [stdout] ---- src/analytics.rs - analytics::Analytics::create_report (line 22) stdout ----
[INFO] [stdout] error[E0308]: mismatched types
[INFO] [stdout]   --> src/analytics.rs:27:24
[INFO] [stdout]    |
[INFO] [stdout] 8  |         .create_report(&serde_json::Value::String("some-string".to_string()))
[INFO] [stdout]    |          ------------- ^^^^^^^^^^^^^^^^^^^^^^^^^^^^^^^^^^^^^^^^^^^^^^^^^^^^^ expected `&AnalyticsReportRequest2`, found `&Value`
[INFO] [stdout]    |          |
[INFO] [stdout]    |          arguments to this method are incorrect
[INFO] [stdout]    |
[INFO] [stdout]    = note: expected reference `&AnalyticsReportRequest2`
[INFO] [stdout]               found reference `&serde_json::Value`
[INFO] [stdout] note: method defined here
[INFO] [stdout]   --> /opt/rustwide/workdir/src/analytics.rs:17:18
[INFO] [stdout]    |
[INFO] [stdout] 17 |     pub async fn create_report<'a>(
[INFO] [stdout]    |                  ^^^^^^^^^^^^^
[INFO] [stdout] 
[INFO] [stdout] error: aborting due to previous error
[INFO] [stdout] 
[INFO] [stdout] For more information about this error, try `rustc --explain E0308`.
[INFO] [stdout] Couldn't compile the test.
[INFO] [stdout] ---- src/analytics.rs - analytics::Analytics::create_export (line 84) stdout ----
[INFO] [stdout] error[E0308]: mismatched types
[INFO] [stdout]   --> src/analytics.rs:89:24
[INFO] [stdout]    |
[INFO] [stdout] 8  |         .create_export(&serde_json::Value::String("some-string".to_string()))
[INFO] [stdout]    |          ------------- ^^^^^^^^^^^^^^^^^^^^^^^^^^^^^^^^^^^^^^^^^^^^^^^^^^^^^ expected `&AnalyticsExportRequest2`, found `&Value`
[INFO] [stdout]    |          |
[INFO] [stdout]    |          arguments to this method are incorrect
[INFO] [stdout]    |
[INFO] [stdout]    = note: expected reference `&AnalyticsExportRequest2`
[INFO] [stdout]               found reference `&serde_json::Value`
[INFO] [stdout] note: method defined here
[INFO] [stdout]   --> /opt/rustwide/workdir/src/analytics.rs:79:18
[INFO] [stdout]    |
[INFO] [stdout] 79 |     pub async fn create_export<'a>(
[INFO] [stdout]    |                  ^^^^^^^^^^^^^
[INFO] [stdout] 
[INFO] [stdout] error: aborting due to previous error
[INFO] [stdout] 
[INFO] [stdout] For more information about this error, try `rustc --explain E0308`.
[INFO] [stdout] Couldn't compile the test.
[INFO] [stdout] ---- src/channels.rs - channels::Channels::update (line 159) stdout ----
[INFO] [stdout] error[E0308]: mismatched types
[INFO] [stdout]    --> src/channels.rs:166:13
[INFO] [stdout]     |
[INFO] [stdout] 8   |         .update(
[INFO] [stdout]     |          ------ arguments to this method are incorrect
[INFO] [stdout] 9   |             "some-string",
[INFO] [stdout] 10  |             &serde_json::Value::String("some-string".to_string()),
[INFO] [stdout]     |             ^^^^^^^^^^^^^^^^^^^^^^^^^^^^^^^^^^^^^^^^^^^^^^^^^^^^^ expected `&UpdateChannel`, found `&Value`
[INFO] [stdout]     |
[INFO] [stdout]     = note: expected reference `&UpdateChannel`
[INFO] [stdout]                found reference `&serde_json::Value`
[INFO] [stdout] note: method defined here
[INFO] [stdout]    --> /opt/rustwide/workdir/src/channels.rs:153:18
[INFO] [stdout]     |
[INFO] [stdout] 153 |     pub async fn update<'a>(
[INFO] [stdout]     |                  ^^^^^^
[INFO] [stdout] 
[INFO] [stdout] error: aborting due to previous error
[INFO] [stdout] 
[INFO] [stdout] For more information about this error, try `rustc --explain E0308`.
[INFO] [stdout] Couldn't compile the test.
[INFO] [stdout] ---- src/contact_groups.rs - contact_groups::ContactGroups::add_contacts_to_group (line 269) stdout ----
[INFO] [stdout] error[E0308]: mismatched types
[INFO] [stdout]    --> src/contact_groups.rs:276:13
[INFO] [stdout]     |
[INFO] [stdout] 8   |         .add_contacts_to_group(
[INFO] [stdout]     |          --------------------- arguments to this method are incorrect
[INFO] [stdout] 9   |             "some-string",
[INFO] [stdout] 10  |             &serde_json::Value::String("some-string".to_string()),
[INFO] [stdout]     |             ^^^^^^^^^^^^^^^^^^^^^^^^^^^^^^^^^^^^^^^^^^^^^^^^^^^^^ expected `&AddContactsToGroup`, found `&Value`
[INFO] [stdout]     |
[INFO] [stdout]     = note: expected reference `&AddContactsToGroup`
[INFO] [stdout]                found reference `&serde_json::Value`
[INFO] [stdout] note: method defined here
[INFO] [stdout]    --> /opt/rustwide/workdir/src/contact_groups.rs:263:18
[INFO] [stdout]     |
[INFO] [stdout] 263 |     pub async fn add_contacts_to_group<'a>(
[INFO] [stdout]     |                  ^^^^^^^^^^^^^^^^^^^^^
[INFO] [stdout] 
[INFO] [stdout] error: aborting due to previous error
[INFO] [stdout] 
[INFO] [stdout] For more information about this error, try `rustc --explain E0308`.
[INFO] [stdout] Couldn't compile the test.
[INFO] [stdout] ---- src/comments.rs - comments::Comments::create (line 61) stdout ----
[INFO] [stdout] error[E0308]: mismatched types
[INFO] [stdout]   --> src/comments.rs:68:13
[INFO] [stdout]    |
[INFO] [stdout] 8  |         .create(
[INFO] [stdout]    |          ------ arguments to this method are incorrect
[INFO] [stdout] 9  |             "some-string",
[INFO] [stdout] 10 |             &serde_json::Value::String("some-string".to_string()),
[INFO] [stdout]    |             ^^^^^^^^^^^^^^^^^^^^^^^^^^^^^^^^^^^^^^^^^^^^^^^^^^^^^ expected `&CreateComment`, found `&Value`
[INFO] [stdout]    |
[INFO] [stdout]    = note: expected reference `&CreateComment`
[INFO] [stdout]               found reference `&serde_json::Value`
[INFO] [stdout] note: method defined here
[INFO] [stdout]   --> /opt/rustwide/workdir/src/comments.rs:55:18
[INFO] [stdout]    |
[INFO] [stdout] 55 |     pub async fn create<'a>(
[INFO] [stdout]    |                  ^^^^^^
[INFO] [stdout] 
[INFO] [stdout] error: aborting due to previous error
[INFO] [stdout] 
[INFO] [stdout] For more information about this error, try `rustc --explain E0308`.
[INFO] [stdout] Couldn't compile the test.
[INFO] [stdout] ---- src/contacts.rs - contacts::Contacts::merge (line 373) stdout ----
[INFO] [stdout] error[E0308]: mismatched types
[INFO] [stdout]    --> src/contacts.rs:378:16
[INFO] [stdout]     |
[INFO] [stdout] 8   |         .merge(&serde_json::Value::String("some-string".to_string()))
[INFO] [stdout]     |          ----- ^^^^^^^^^^^^^^^^^^^^^^^^^^^^^^^^^^^^^^^^^^^^^^^^^^^^^ expected `&MergeContacts`, found `&Value`
[INFO] [stdout]     |          |
[INFO] [stdout]     |          arguments to this method are incorrect
[INFO] [stdout]     |
[INFO] [stdout]     = note: expected reference `&MergeContacts`
[INFO] [stdout]                found reference `&serde_json::Value`
[INFO] [stdout] note: method defined here
[INFO] [stdout]    --> /opt/rustwide/workdir/src/contacts.rs:362:18
[INFO] [stdout]     |
[INFO] [stdout] 362 |     pub async fn merge<'a>(
[INFO] [stdout]     |                  ^^^^^
[INFO] [stdout] 
[INFO] [stdout] error: aborting due to previous error
[INFO] [stdout] 
[INFO] [stdout] For more information about this error, try `rustc --explain E0308`.
[INFO] [stdout] Couldn't compile the test.
[INFO] [stdout] ---- src/conversations.rs - conversations::Conversations::update (line 130) stdout ----
[INFO] [stdout] error[E0308]: mismatched types
[INFO] [stdout]    --> src/conversations.rs:137:13
[INFO] [stdout]     |
[INFO] [stdout] 8   |         .update(
[INFO] [stdout]     |          ------ arguments to this method are incorrect
[INFO] [stdout] 9   |             "some-string",
[INFO] [stdout] 10  |             &serde_json::Value::String("some-string".to_string()),
[INFO] [stdout]     |             ^^^^^^^^^^^^^^^^^^^^^^^^^^^^^^^^^^^^^^^^^^^^^^^^^^^^^ expected `&UpdateConversation`, found `&Value`
[INFO] [stdout]     |
[INFO] [stdout]     = note: expected reference `&UpdateConversation`
[INFO] [stdout]                found reference `&serde_json::Value`
[INFO] [stdout] note: method defined here
[INFO] [stdout]    --> /opt/rustwide/workdir/src/conversations.rs:130:18
[INFO] [stdout]     |
[INFO] [stdout] 130 |     pub async fn update<'a>(
[INFO] [stdout]     |                  ^^^^^^
[INFO] [stdout] 
[INFO] [stdout] error: aborting due to previous error
[INFO] [stdout] 
[INFO] [stdout] For more information about this error, try `rustc --explain E0308`.
[INFO] [stdout] Couldn't compile the test.
[INFO] [stdout] ---- src/conversations.rs - conversations::Conversations::create (line 63) stdout ----
[INFO] [stdout] error[E0308]: mismatched types
[INFO] [stdout]   --> src/conversations.rs:68:17
[INFO] [stdout]    |
[INFO] [stdout] 8  |         .create(&serde_json::Value::String("some-string".to_string()))
[INFO] [stdout]    |          ------ ^^^^^^^^^^^^^^^^^^^^^^^^^^^^^^^^^^^^^^^^^^^^^^^^^^^^^ expected `&CreateConversation`, found `&Value`
[INFO] [stdout]    |          |
[INFO] [stdout]    |          arguments to this method are incorrect
[INFO] [stdout]    |
[INFO] [stdout]    = note: expected reference `&CreateConversation`
[INFO] [stdout]               found reference `&serde_json::Value`
[INFO] [stdout] note: method defined here
[INFO] [stdout]   --> /opt/rustwide/workdir/src/conversations.rs:59:18
[INFO] [stdout]    |
[INFO] [stdout] 59 |     pub async fn create<'a>(
[INFO] [stdout]    |                  ^^^^^^
[INFO] [stdout] 
[INFO] [stdout] error: aborting due to previous error
[INFO] [stdout] 
[INFO] [stdout] For more information about this error, try `rustc --explain E0308`.
[INFO] [stdout] Couldn't compile the test.
[INFO] [stdout] ---- src/conversations.rs - conversations::Conversations::update_assignee (line 162) stdout ----
[INFO] [stdout] error[E0308]: mismatched types
[INFO] [stdout]    --> src/conversations.rs:169:13
[INFO] [stdout]     |
[INFO] [stdout] 8   |         .update_assignee(
[INFO] [stdout]     |          --------------- arguments to this method are incorrect
[INFO] [stdout] 9   |             "some-string",
[INFO] [stdout] 10  |             &serde_json::Value::String("some-string".to_string()),
[INFO] [stdout]     |             ^^^^^^^^^^^^^^^^^^^^^^^^^^^^^^^^^^^^^^^^^^^^^^^^^^^^^ expected `&UpdateConversationAssignee`, found `&Value`
[INFO] [stdout]     |
[INFO] [stdout]     = note: expected reference `&UpdateConversationAssignee`
[INFO] [stdout]                found reference `&serde_json::Value`
[INFO] [stdout] note: method defined here
[INFO] [stdout]    --> /opt/rustwide/workdir/src/conversations.rs:163:18
[INFO] [stdout]     |
[INFO] [stdout] 163 |     pub async fn update_assignee<'a>(
[INFO] [stdout]     |                  ^^^^^^^^^^^^^^^
[INFO] [stdout] 
[INFO] [stdout] error: aborting due to previous error
[INFO] [stdout] 
[INFO] [stdout] For more information about this error, try `rustc --explain E0308`.
[INFO] [stdout] Couldn't compile the test.
[INFO] [stdout] ---- src/drafts.rs - drafts::Drafts::edit (line 125) stdout ----
[INFO] [stdout] error[E0223]: ambiguous associated type
[INFO] [stdout]   --> src/drafts.rs:132:14
[INFO] [stdout]    |
[INFO] [stdout] 10 |             &front_api::types::EditDraft::Shared {
[INFO] [stdout]    |              ^^^^^^^^^^^^^^^^^^^^^^^^^^^^^^^^^^^
[INFO] [stdout]    |
[INFO] [stdout] help: if there were a trait named `Example` with associated type `Shared` implemented for `EditDraft`, you could use the fully-qualified path
[INFO] [stdout]    |
[INFO] [stdout] 10 |             &<EditDraft as Example>::Shared {
[INFO] [stdout]    |              ~~~~~~~~~~~~~~~~~~~~~~~~~~~~~~
[INFO] [stdout] 
[INFO] [stdout] error: aborting due to previous error
[INFO] [stdout] 
[INFO] [stdout] For more information about this error, try `rustc --explain E0223`.
[INFO] [stdout] Couldn't compile the test.
[INFO] [stdout] ---- src/custom_fields.rs - custom_fields::CustomFields::update (line 89) stdout ----
[INFO] [stdout] error[E0308]: mismatched types
[INFO] [stdout]   --> src/custom_fields.rs:96:13
[INFO] [stdout]    |
[INFO] [stdout] 8  |         .update(
[INFO] [stdout]    |          ------ arguments to this method are incorrect
[INFO] [stdout] 9  |             "some-string",
[INFO] [stdout] 10 |             &serde_json::Value::String("some-string".to_string()),
[INFO] [stdout]    |             ^^^^^^^^^^^^^^^^^^^^^^^^^^^^^^^^^^^^^^^^^^^^^^^^^^^^^ expected `&UpdateCustomField`, found `&Value`
[INFO] [stdout]    |
[INFO] [stdout]    = note: expected reference `&UpdateCustomField`
[INFO] [stdout]               found reference `&serde_json::Value`
[INFO] [stdout] note: method defined here
[INFO] [stdout]   --> /opt/rustwide/workdir/src/custom_fields.rs:81:18
[INFO] [stdout]    |
[INFO] [stdout] 81 |     pub async fn update<'a>(
[INFO] [stdout]    |                  ^^^^^^
[INFO] [stdout] 
[INFO] [stdout] error: aborting due to previous error
[INFO] [stdout] 
[INFO] [stdout] For more information about this error, try `rustc --explain E0308`.
[INFO] [stdout] Couldn't compile the test.
[INFO] [stdout] ---- src/conversations.rs - conversations::Conversations::update_reminders (line 554) stdout ----
[INFO] [stdout] error[E0308]: mismatched types
[INFO] [stdout]    --> src/conversations.rs:561:13
[INFO] [stdout]     |
[INFO] [stdout] 8   |         .update_reminders(
[INFO] [stdout]     |          ---------------- arguments to this method are incorrect
[INFO] [stdout] 9   |             "some-string",
[INFO] [stdout] 10  |             &serde_json::Value::String("some-string".to_string()),
[INFO] [stdout]     |             ^^^^^^^^^^^^^^^^^^^^^^^^^^^^^^^^^^^^^^^^^^^^^^^^^^^^^ expected `&UpdateConversationReminders`, found `&Value`
[INFO] [stdout]     |
[INFO] [stdout]     = note: expected reference `&UpdateConversationReminders`
[INFO] [stdout]                found reference `&serde_json::Value`
[INFO] [stdout] note: method defined here
[INFO] [stdout]    --> /opt/rustwide/workdir/src/conversations.rs:555:18
[INFO] [stdout]     |
[INFO] [stdout] 555 |     pub async fn update_reminders<'a>(
[INFO] [stdout]     |                  ^^^^^^^^^^^^^^^^
[INFO] [stdout] 
[INFO] [stdout] error: aborting due to previous error
[INFO] [stdout] 
[INFO] [stdout] For more information about this error, try `rustc --explain E0308`.
[INFO] [stdout] Couldn't compile the test.
[INFO] [stdout] ---- src/drafts.rs - drafts::Drafts::delete (line 164) stdout ----
[INFO] [stdout] error[E0308]: mismatched types
[INFO] [stdout]    --> src/drafts.rs:171:13
[INFO] [stdout]     |
[INFO] [stdout] 8   |         .delete(
[INFO] [stdout]     |          ------ arguments to this method are incorrect
[INFO] [stdout] 9   |             "some-string",
[INFO] [stdout] 10  |             &serde_json::Value::String("some-string".to_string()),
[INFO] [stdout]     |             ^^^^^^^^^^^^^^^^^^^^^^^^^^^^^^^^^^^^^^^^^^^^^^^^^^^^^ expected `&DeleteDraft`, found `&Value`
[INFO] [stdout]     |
[INFO] [stdout]     = note: expected reference `&DeleteDraft`
[INFO] [stdout]                found reference `&serde_json::Value`
[INFO] [stdout] note: method defined here
[INFO] [stdout]    --> /opt/rustwide/workdir/src/drafts.rs:158:18
[INFO] [stdout]     |
[INFO] [stdout] 158 |     pub async fn delete<'a>(
[INFO] [stdout]     |                  ^^^^^^
[INFO] [stdout] 
[INFO] [stdout] error: aborting due to previous error
[INFO] [stdout] 
[INFO] [stdout] For more information about this error, try `rustc --explain E0308`.
[INFO] [stdout] Couldn't compile the test.
[INFO] [stdout] ---- src/links.rs - links::Links::update (line 177) stdout ----
[INFO] [stdout] error[E0308]: mismatched types
[INFO] [stdout]    --> src/links.rs:184:13
[INFO] [stdout]     |
[INFO] [stdout] 8   |         .update(
[INFO] [stdout]     |          ------ arguments to this method are incorrect
[INFO] [stdout] 9   |             "some-string",
[INFO] [stdout] 10  |             &serde_json::Value::String("some-string".to_string()),
[INFO] [stdout]     |             ^^^^^^^^^^^^^^^^^^^^^^^^^^^^^^^^^^^^^^^^^^^^^^^^^^^^^ expected `&UpdateLink`, found `&Value`
[INFO] [stdout]     |
[INFO] [stdout]     = note: expected reference `&UpdateLink`
[INFO] [stdout]                found reference `&serde_json::Value`
[INFO] [stdout] note: method defined here
[INFO] [stdout]    --> /opt/rustwide/workdir/src/links.rs:176:18
[INFO] [stdout]     |
[INFO] [stdout] 176 |     pub async fn update<'a>(
[INFO] [stdout]     |                  ^^^^^^
[INFO] [stdout] 
[INFO] [stdout] error: aborting due to previous error
[INFO] [stdout] 
[INFO] [stdout] For more information about this error, try `rustc --explain E0308`.
[INFO] [stdout] Couldn't compile the test.
[INFO] [stdout] ---- src/message_templates.rs - message_templates::MessageTemplates::update (line 347) stdout ----
[INFO] [stdout] error[E0308]: mismatched types
[INFO] [stdout]    --> src/message_templates.rs:354:13
[INFO] [stdout]     |
[INFO] [stdout] 8   |         .update(
[INFO] [stdout]     |          ------ arguments to this method are incorrect
[INFO] [stdout] 9   |             "some-string",
[INFO] [stdout] 10  |             &serde_json::Value::String("some-string".to_string()),
[INFO] [stdout]     |             ^^^^^^^^^^^^^^^^^^^^^^^^^^^^^^^^^^^^^^^^^^^^^^^^^^^^^ expected `&UpdateMessageTemplate`, found `&Value`
[INFO] [stdout]     |
[INFO] [stdout]     = note: expected reference `&UpdateMessageTemplate`
[INFO] [stdout]                found reference `&serde_json::Value`
[INFO] [stdout] note: method defined here
[INFO] [stdout]    --> /opt/rustwide/workdir/src/message_templates.rs:348:18
[INFO] [stdout]     |
[INFO] [stdout] 348 |     pub async fn update<'a>(
[INFO] [stdout]     |                  ^^^^^^
[INFO] [stdout] 
[INFO] [stdout] error: aborting due to previous error
[INFO] [stdout] 
[INFO] [stdout] For more information about this error, try `rustc --explain E0308`.
[INFO] [stdout] Couldn't compile the test.
[INFO] [stdout] ---- src/messages.rs - messages::Messages::reply_to_conversation (line 23) stdout ----
[INFO] [stdout] error[E0308]: mismatched types
[INFO] [stdout]   --> src/messages.rs:30:13
[INFO] [stdout]    |
[INFO] [stdout] 8  |         .reply_to_conversation(
[INFO] [stdout]    |          --------------------- arguments to this method are incorrect
[INFO] [stdout] 9  |             "some-string",
[INFO] [stdout] 10 |             &serde_json::Value::String("some-string".to_string()),
[INFO] [stdout]    |             ^^^^^^^^^^^^^^^^^^^^^^^^^^^^^^^^^^^^^^^^^^^^^^^^^^^^^ expected `&OutboundReplyMessage`, found `&Value`
[INFO] [stdout]    |
[INFO] [stdout]    = note: expected reference `&OutboundReplyMessage`
[INFO] [stdout]               found reference `&serde_json::Value`
[INFO] [stdout] note: method defined here
[INFO] [stdout]   --> /opt/rustwide/workdir/src/messages.rs:25:18
[INFO] [stdout]    |
[INFO] [stdout] 25 |     pub async fn reply_to_conversation<'a>(
[INFO] [stdout]    |                  ^^^^^^^^^^^^^^^^^^^^^
[INFO] [stdout] 
[INFO] [stdout] error: aborting due to previous error
[INFO] [stdout] 
[INFO] [stdout] For more information about this error, try `rustc --explain E0308`.
[INFO] [stdout] Couldn't compile the test.
[INFO] [stdout] ---- src/messages.rs - messages::Messages::receive_custom (line 211) stdout ----
[INFO] [stdout] error[E0308]: mismatched types
[INFO] [stdout]    --> src/messages.rs:218:13
[INFO] [stdout]     |
[INFO] [stdout] 8   |         .receive_custom(
[INFO] [stdout]     |          -------------- arguments to this method are incorrect
[INFO] [stdout] 9   |             "some-string",
[INFO] [stdout] 10  |             &serde_json::Value::String("some-string".to_string()),
[INFO] [stdout]     |             ^^^^^^^^^^^^^^^^^^^^^^^^^^^^^^^^^^^^^^^^^^^^^^^^^^^^^ expected `&CustomMessage`, found `&Value`
[INFO] [stdout]     |
[INFO] [stdout]     = note: expected reference `&CustomMessage`
[INFO] [stdout]                found reference `&serde_json::Value`
[INFO] [stdout] note: method defined here
[INFO] [stdout]    --> /opt/rustwide/workdir/src/messages.rs:213:18
[INFO] [stdout]     |
[INFO] [stdout] 213 |     pub async fn receive_custom<'a>(
[INFO] [stdout]     |                  ^^^^^^^^^^^^^^
[INFO] [stdout] 
[INFO] [stdout] error: aborting due to previous error
[INFO] [stdout] 
[INFO] [stdout] For more information about this error, try `rustc --explain E0308`.
[INFO] [stdout] Couldn't compile the test.
[INFO] [stdout] ---- src/messages.rs - messages::Messages::import_inbox (line 251) stdout ----
[INFO] [stdout] error[E0308]: mismatched types
[INFO] [stdout]    --> src/messages.rs:258:13
[INFO] [stdout]     |
[INFO] [stdout] 8   |         .import_inbox(
[INFO] [stdout]     |          ------------ arguments to this method are incorrect
[INFO] [stdout] 9   |             "some-string",
[INFO] [stdout] 10  |             &serde_json::Value::String("some-string".to_string()),
[INFO] [stdout]     |             ^^^^^^^^^^^^^^^^^^^^^^^^^^^^^^^^^^^^^^^^^^^^^^^^^^^^^ expected `&ImportMessage`, found `&Value`
[INFO] [stdout]     |
[INFO] [stdout]     = note: expected reference `&ImportMessage`
[INFO] [stdout]                found reference `&serde_json::Value`
[INFO] [stdout] note: method defined here
[INFO] [stdout]    --> /opt/rustwide/workdir/src/messages.rs:252:18
[INFO] [stdout]     |
[INFO] [stdout] 252 |     pub async fn import_inbox<'a>(
[INFO] [stdout]     |                  ^^^^^^^^^^^^
[INFO] [stdout] 
[INFO] [stdout] error: aborting due to previous error
[INFO] [stdout] 
[INFO] [stdout] For more information about this error, try `rustc --explain E0308`.
[INFO] [stdout] Couldn't compile the test.
[INFO] [stdout] ---- src/messages.rs - messages::Messages::create_conversation (line 172) stdout ----
[INFO] [stdout] error[E0308]: mismatched types
[INFO] [stdout]    --> src/messages.rs:179:13
[INFO] [stdout]     |
[INFO] [stdout] 8   |         .create_conversation(
[INFO] [stdout]     |          ------------------- arguments to this method are incorrect
[INFO] [stdout] 9   |             "some-string",
[INFO] [stdout] 10  |             &serde_json::Value::String("some-string".to_string()),
[INFO] [stdout]     |             ^^^^^^^^^^^^^^^^^^^^^^^^^^^^^^^^^^^^^^^^^^^^^^^^^^^^^ expected `&OutboundMessage`, found `&Value`
[INFO] [stdout]     |
[INFO] [stdout]     = note: expected reference `&OutboundMessage`
[INFO] [stdout]                found reference `&serde_json::Value`
[INFO] [stdout] note: method defined here
[INFO] [stdout]    --> /opt/rustwide/workdir/src/messages.rs:173:18
[INFO] [stdout]     |
[INFO] [stdout] 173 |     pub async fn create_conversation<'a>(
[INFO] [stdout]     |                  ^^^^^^^^^^^^^^^^^^^
[INFO] [stdout] 
[INFO] [stdout] error: aborting due to previous error
[INFO] [stdout] 
[INFO] [stdout] For more information about this error, try `rustc --explain E0308`.
[INFO] [stdout] Couldn't compile the test.
[INFO] [stdout] ---- src/shifts.rs - shifts::Shifts::create (line 47) stdout ----
[INFO] [stdout] error[E0308]: mismatched types
[INFO] [stdout]   --> src/shifts.rs:52:17
[INFO] [stdout]    |
[INFO] [stdout] 8  |         .create(&serde_json::Value::String("some-string".to_string()))
[INFO] [stdout]    |          ------ ^^^^^^^^^^^^^^^^^^^^^^^^^^^^^^^^^^^^^^^^^^^^^^^^^^^^^ expected `&CreateShift`, found `&Value`
[INFO] [stdout]    |          |
[INFO] [stdout]    |          arguments to this method are incorrect
[INFO] [stdout]    |
[INFO] [stdout]    = note: expected reference `&CreateShift`
[INFO] [stdout]               found reference `&serde_json::Value`
[INFO] [stdout] note: method defined here
[INFO] [stdout]   --> /opt/rustwide/workdir/src/shifts.rs:45:18
[INFO] [stdout]    |
[INFO] [stdout] 45 |     pub async fn create<'a>(
[INFO] [stdout]    |                  ^^^^^^
[INFO] [stdout] 
[INFO] [stdout] error: aborting due to previous error
[INFO] [stdout] 
[INFO] [stdout] For more information about this error, try `rustc --explain E0308`.
[INFO] [stdout] Couldn't compile the test.
[INFO] [stdout] ---- src/shifts.rs - shifts::Shifts::create_team (line 108) stdout ----
[INFO] [stdout] error[E0308]: mismatched types
[INFO] [stdout]    --> src/shifts.rs:115:13
[INFO] [stdout]     |
[INFO] [stdout] 8   |         .create_team(
[INFO] [stdout]     |          ----------- arguments to this method are incorrect
[INFO] [stdout] 9   |             "some-string",
[INFO] [stdout] 10  |             &serde_json::Value::String("some-string".to_string()),
[INFO] [stdout]     |             ^^^^^^^^^^^^^^^^^^^^^^^^^^^^^^^^^^^^^^^^^^^^^^^^^^^^^ expected `&CreateShift`, found `&Value`
[INFO] [stdout]     |
[INFO] [stdout]     = note: expected reference `&CreateShift`
[INFO] [stdout]                found reference `&serde_json::Value`
[INFO] [stdout] note: method defined here
[INFO] [stdout]    --> /opt/rustwide/workdir/src/shifts.rs:102:18
[INFO] [stdout]     |
[INFO] [stdout] 102 |     pub async fn create_team<'a>(
[INFO] [stdout]     |                  ^^^^^^^^^^^
[INFO] [stdout] 
[INFO] [stdout] error: aborting due to previous error
[INFO] [stdout] 
[INFO] [stdout] For more information about this error, try `rustc --explain E0308`.
[INFO] [stdout] Couldn't compile the test.
[INFO] [stdout] ---- src/tags.rs - tags::Tags::update (line 338) stdout ----
[INFO] [stdout] error[E0308]: mismatched types
[INFO] [stdout]    --> src/tags.rs:345:13
[INFO] [stdout]     |
[INFO] [stdout] 8   |         .update(
[INFO] [stdout]     |          ------ arguments to this method are incorrect
[INFO] [stdout] 9   |             "some-string",
[INFO] [stdout] 10  |             &serde_json::Value::String("some-string".to_string()),
[INFO] [stdout]     |             ^^^^^^^^^^^^^^^^^^^^^^^^^^^^^^^^^^^^^^^^^^^^^^^^^^^^^ expected `&UpdateTag`, found `&Value`
[INFO] [stdout]     |
[INFO] [stdout]     = note: expected reference `&UpdateTag`
[INFO] [stdout]                found reference `&serde_json::Value`
[INFO] [stdout] note: method defined here
[INFO] [stdout]    --> /opt/rustwide/workdir/src/tags.rs:332:18
[INFO] [stdout]     |
[INFO] [stdout] 332 |     pub async fn update<'a>(
[INFO] [stdout]     |                  ^^^^^^
[INFO] [stdout] 
[INFO] [stdout] error: aborting due to previous error
[INFO] [stdout] 
[INFO] [stdout] For more information about this error, try `rustc --explain E0308`.
[INFO] [stdout] Couldn't compile the test.
[INFO] [stdout] ---- src/teammates.rs - teammates::Teammates::update (line 87) stdout ----
[INFO] [stdout] error[E0308]: mismatched types
[INFO] [stdout]   --> src/teammates.rs:94:13
[INFO] [stdout]    |
[INFO] [stdout] 8  |         .update(
[INFO] [stdout]    |          ------ arguments to this method are incorrect
[INFO] [stdout] 9  |             "some-string",
[INFO] [stdout] 10 |             &serde_json::Value::String("some-string".to_string()),
[INFO] [stdout]    |             ^^^^^^^^^^^^^^^^^^^^^^^^^^^^^^^^^^^^^^^^^^^^^^^^^^^^^ expected `&UpdateTeammate`, found `&Value`
[INFO] [stdout]    |
[INFO] [stdout]    = note: expected reference `&UpdateTeammate`
[INFO] [stdout]               found reference `&serde_json::Value`
[INFO] [stdout] note: method defined here
[INFO] [stdout]   --> /opt/rustwide/workdir/src/teammates.rs:81:18
[INFO] [stdout]    |
[INFO] [stdout] 81 |     pub async fn update<'a>(
[INFO] [stdout]    |                  ^^^^^^
[INFO] [stdout] 
[INFO] [stdout] error: aborting due to previous error
[INFO] [stdout] 
[INFO] [stdout] For more information about this error, try `rustc --explain E0308`.
[INFO] [stdout] Couldn't compile the test.
[INFO] [stdout] 
[INFO] [stdout] failures:
[INFO] [stdout]     src/analytics.rs - analytics::Analytics::create_export (line 84)
[INFO] [stdout]     src/analytics.rs - analytics::Analytics::create_report (line 22)
[INFO] [stdout]     src/channels.rs - channels::Channels::create (line 221)
[INFO] [stdout]     src/channels.rs - channels::Channels::update (line 159)
[INFO] [stdout]     src/comments.rs - comments::Comments::create (line 61)
[INFO] [stdout]     src/contact_groups.rs - contact_groups::ContactGroups::add_contacts_to_group (line 269)
[INFO] [stdout]     src/contacts.rs - contacts::Contacts::merge (line 373)
[INFO] [stdout]     src/conversations.rs - conversations::Conversations::create (line 63)
[INFO] [stdout]     src/conversations.rs - conversations::Conversations::update (line 130)
[INFO] [stdout]     src/conversations.rs - conversations::Conversations::update_assignee (line 162)
[INFO] [stdout]     src/conversations.rs - conversations::Conversations::update_reminders (line 554)
[INFO] [stdout]     src/custom_fields.rs - custom_fields::CustomFields::update (line 89)
[INFO] [stdout]     src/drafts.rs - drafts::Drafts::delete (line 164)
[INFO] [stdout]     src/drafts.rs - drafts::Drafts::edit (line 125)
[INFO] [stdout]     src/links.rs - links::Links::update (line 177)
[INFO] [stdout]     src/message_templates.rs - message_templates::MessageTemplates::update (line 347)
[INFO] [stdout]     src/messages.rs - messages::Messages::create_conversation (line 172)
[INFO] [stdout]     src/messages.rs - messages::Messages::import_inbox (line 251)
[INFO] [stdout]     src/messages.rs - messages::Messages::receive_custom (line 211)
[INFO] [stdout]     src/messages.rs - messages::Messages::reply_to_conversation (line 23)
[INFO] [stdout]     src/shifts.rs - shifts::Shifts::create (line 47)
[INFO] [stdout]     src/shifts.rs - shifts::Shifts::create_team (line 108)
[INFO] [stdout]     src/tags.rs - tags::Tags::update (line 338)
[INFO] [stdout]     src/teammates.rs - teammates::Teammates::update (line 87)
[INFO] [stdout] 
[INFO] [stdout] test result: FAILED. 140 passed; 24 failed; 0 ignored; 0 measured; 0 filtered out; finished in 4.01s
[INFO] [stdout] 
[INFO] running `Command { std: "docker" "inspect" "80aaeac22390b098c2ffd688a55753df421dbb31d84d875f840b05f7471dc8c2", kill_on_drop: false }`
[INFO] running `Command { std: "docker" "rm" "-f" "80aaeac22390b098c2ffd688a55753df421dbb31d84d875f840b05f7471dc8c2", kill_on_drop: false }`
[INFO] [stdout] 80aaeac22390b098c2ffd688a55753df421dbb31d84d875f840b05f7471dc8c2
