[INFO] fetching crate froggy-rand 0.2.1...
[INFO] testing froggy-rand-0.2.1 against 1.69.0 for beta-1.70-1
[INFO] extracting crate froggy-rand 0.2.1 into /workspace/builds/worker-2-tc1/source
[INFO] validating manifest of crates.io crate froggy-rand 0.2.1 on toolchain 1.69.0
[INFO] running `Command { std: CARGO_HOME="/workspace/cargo-home" RUSTUP_HOME="/workspace/rustup-home" "/workspace/cargo-home/bin/cargo" "+1.69.0" "metadata" "--manifest-path" "Cargo.toml" "--no-deps", kill_on_drop: false }`
[INFO] started tweaking crates.io crate froggy-rand 0.2.1
[INFO] finished tweaking crates.io crate froggy-rand 0.2.1
[INFO] tweaked toml for crates.io crate froggy-rand 0.2.1 written to /workspace/builds/worker-2-tc1/source/Cargo.toml
[INFO] running `Command { std: CARGO_HOME="/workspace/cargo-home" RUSTUP_HOME="/workspace/rustup-home" __CARGO_TEST_CHANNEL_OVERRIDE_DO_NOT_USE_THIS="nightly" "/workspace/cargo-home/bin/cargo" "+1.69.0" "generate-lockfile" "--manifest-path" "Cargo.toml" "-Zno-index-update", kill_on_drop: false }`
[INFO] running `Command { std: CARGO_HOME="/workspace/cargo-home" RUSTUP_HOME="/workspace/rustup-home" "/workspace/cargo-home/bin/cargo" "+1.69.0" "fetch" "--manifest-path" "Cargo.toml", kill_on_drop: false }`
[INFO] [stderr]  Downloading crates ...
[INFO] [stderr]   Downloaded deterministic-hash v1.0.1
[INFO] [stderr]   Downloaded hashers v1.0.1
[INFO] running `Command { std: "docker" "create" "-v" "/var/lib/crater-agent-workspace/builds/worker-2-tc1/target:/opt/rustwide/target:rw,Z" "-v" "/var/lib/crater-agent-workspace/builds/worker-2-tc1/source:/opt/rustwide/workdir:ro,Z" "-v" "/var/lib/crater-agent-workspace/cargo-home:/opt/rustwide/cargo-home:ro,Z" "-v" "/var/lib/crater-agent-workspace/rustup-home:/opt/rustwide/rustup-home:ro,Z" "-e" "SOURCE_DIR=/opt/rustwide/workdir" "-e" "CARGO_TARGET_DIR=/opt/rustwide/target" "-e" "CARGO_HOME=/opt/rustwide/cargo-home" "-e" "RUSTUP_HOME=/opt/rustwide/rustup-home" "-w" "/opt/rustwide/workdir" "-m" "1610612736" "--user" "0:0" "--network" "none" "ghcr.io/rust-lang/crates-build-env/linux@sha256:5ff2268d62e97bff2cde7d5815dd6ed5b47097566f13b8d0ca110b04b60e07ed" "/opt/rustwide/cargo-home/bin/cargo" "+1.69.0" "metadata" "--no-deps" "--format-version=1", kill_on_drop: false }`
[INFO] [stdout] ebf3fa6d668f3c0ea4af6f2e4468c6ce66fd0357dfaa5fbf53d5ee46156e4971
[INFO] running `Command { std: "docker" "start" "-a" "ebf3fa6d668f3c0ea4af6f2e4468c6ce66fd0357dfaa5fbf53d5ee46156e4971", kill_on_drop: false }`
[INFO] running `Command { std: "docker" "inspect" "ebf3fa6d668f3c0ea4af6f2e4468c6ce66fd0357dfaa5fbf53d5ee46156e4971", kill_on_drop: false }`
[INFO] running `Command { std: "docker" "rm" "-f" "ebf3fa6d668f3c0ea4af6f2e4468c6ce66fd0357dfaa5fbf53d5ee46156e4971", kill_on_drop: false }`
[INFO] [stdout] ebf3fa6d668f3c0ea4af6f2e4468c6ce66fd0357dfaa5fbf53d5ee46156e4971
[INFO] running `Command { std: "docker" "create" "-v" "/var/lib/crater-agent-workspace/builds/worker-2-tc1/target:/opt/rustwide/target:rw,Z" "-v" "/var/lib/crater-agent-workspace/builds/worker-2-tc1/source:/opt/rustwide/workdir:ro,Z" "-v" "/var/lib/crater-agent-workspace/cargo-home:/opt/rustwide/cargo-home:ro,Z" "-v" "/var/lib/crater-agent-workspace/rustup-home:/opt/rustwide/rustup-home:ro,Z" "-e" "SOURCE_DIR=/opt/rustwide/workdir" "-e" "CARGO_TARGET_DIR=/opt/rustwide/target" "-e" "CARGO_INCREMENTAL=0" "-e" "RUST_BACKTRACE=full" "-e" "RUSTFLAGS=--cap-lints=warn" "-e" "RUSTDOCFLAGS=--cap-lints=warn" "-e" "CARGO_HOME=/opt/rustwide/cargo-home" "-e" "RUSTUP_HOME=/opt/rustwide/rustup-home" "-w" "/opt/rustwide/workdir" "-m" "1610612736" "--user" "0:0" "--network" "none" "ghcr.io/rust-lang/crates-build-env/linux@sha256:5ff2268d62e97bff2cde7d5815dd6ed5b47097566f13b8d0ca110b04b60e07ed" "/opt/rustwide/cargo-home/bin/cargo" "+1.69.0" "build" "--frozen" "--message-format=json", kill_on_drop: false }`
[INFO] [stdout] d124e85c1adbb4d47d35edebb48fee4e88b98945732dece7a4e9883e503bf194
[INFO] running `Command { std: "docker" "start" "-a" "d124e85c1adbb4d47d35edebb48fee4e88b98945732dece7a4e9883e503bf194", kill_on_drop: false }`
[INFO] [stderr]    Compiling fxhash v0.2.1
[INFO] [stderr]    Compiling deterministic-hash v1.0.1
[INFO] [stderr]    Compiling hashers v1.0.1
[INFO] [stderr]    Compiling froggy-rand v0.2.1 (/opt/rustwide/workdir)
[INFO] [stderr]     Finished dev [unoptimized + debuginfo] target(s) in 0.30s
[INFO] running `Command { std: "docker" "inspect" "d124e85c1adbb4d47d35edebb48fee4e88b98945732dece7a4e9883e503bf194", kill_on_drop: false }`
[INFO] running `Command { std: "docker" "rm" "-f" "d124e85c1adbb4d47d35edebb48fee4e88b98945732dece7a4e9883e503bf194", kill_on_drop: false }`
[INFO] [stdout] d124e85c1adbb4d47d35edebb48fee4e88b98945732dece7a4e9883e503bf194
[INFO] running `Command { std: "docker" "create" "-v" "/var/lib/crater-agent-workspace/builds/worker-2-tc1/target:/opt/rustwide/target:rw,Z" "-v" "/var/lib/crater-agent-workspace/builds/worker-2-tc1/source:/opt/rustwide/workdir:ro,Z" "-v" "/var/lib/crater-agent-workspace/cargo-home:/opt/rustwide/cargo-home:ro,Z" "-v" "/var/lib/crater-agent-workspace/rustup-home:/opt/rustwide/rustup-home:ro,Z" "-e" "SOURCE_DIR=/opt/rustwide/workdir" "-e" "CARGO_TARGET_DIR=/opt/rustwide/target" "-e" "CARGO_INCREMENTAL=0" "-e" "RUST_BACKTRACE=full" "-e" "RUSTFLAGS=--cap-lints=warn" "-e" "RUSTDOCFLAGS=--cap-lints=warn" "-e" "CARGO_HOME=/opt/rustwide/cargo-home" "-e" "RUSTUP_HOME=/opt/rustwide/rustup-home" "-w" "/opt/rustwide/workdir" "-m" "1610612736" "--user" "0:0" "--network" "none" "ghcr.io/rust-lang/crates-build-env/linux@sha256:5ff2268d62e97bff2cde7d5815dd6ed5b47097566f13b8d0ca110b04b60e07ed" "/opt/rustwide/cargo-home/bin/cargo" "+1.69.0" "test" "--frozen" "--no-run" "--message-format=json", kill_on_drop: false }`
[INFO] [stdout] 43dd8ae73e35e5caf3f7679bf01cfae94aa04dbba7eaa738138df2932a25bb3b
[INFO] running `Command { std: "docker" "start" "-a" "43dd8ae73e35e5caf3f7679bf01cfae94aa04dbba7eaa738138df2932a25bb3b", kill_on_drop: false }`
[INFO] [stderr]    Compiling froggy-rand v0.2.1 (/opt/rustwide/workdir)
[INFO] [stderr]     Finished test [unoptimized + debuginfo] target(s) in 0.26s
[INFO] running `Command { std: "docker" "inspect" "43dd8ae73e35e5caf3f7679bf01cfae94aa04dbba7eaa738138df2932a25bb3b", kill_on_drop: false }`
[INFO] running `Command { std: "docker" "rm" "-f" "43dd8ae73e35e5caf3f7679bf01cfae94aa04dbba7eaa738138df2932a25bb3b", kill_on_drop: false }`
[INFO] [stdout] 43dd8ae73e35e5caf3f7679bf01cfae94aa04dbba7eaa738138df2932a25bb3b
[INFO] running `Command { std: "docker" "create" "-v" "/var/lib/crater-agent-workspace/builds/worker-2-tc1/target:/opt/rustwide/target:rw,Z" "-v" "/var/lib/crater-agent-workspace/builds/worker-2-tc1/source:/opt/rustwide/workdir:ro,Z" "-v" "/var/lib/crater-agent-workspace/cargo-home:/opt/rustwide/cargo-home:ro,Z" "-v" "/var/lib/crater-agent-workspace/rustup-home:/opt/rustwide/rustup-home:ro,Z" "-e" "SOURCE_DIR=/opt/rustwide/workdir" "-e" "CARGO_TARGET_DIR=/opt/rustwide/target" "-e" "CARGO_INCREMENTAL=0" "-e" "RUST_BACKTRACE=full" "-e" "RUSTFLAGS=--cap-lints=warn" "-e" "RUSTDOCFLAGS=--cap-lints=warn" "-e" "CARGO_HOME=/opt/rustwide/cargo-home" "-e" "RUSTUP_HOME=/opt/rustwide/rustup-home" "-w" "/opt/rustwide/workdir" "-m" "1610612736" "--user" "0:0" "--network" "none" "ghcr.io/rust-lang/crates-build-env/linux@sha256:5ff2268d62e97bff2cde7d5815dd6ed5b47097566f13b8d0ca110b04b60e07ed" "/opt/rustwide/cargo-home/bin/cargo" "+1.69.0" "test" "--frozen", kill_on_drop: false }`
[INFO] [stdout] 59f811dc1493c59ed628f968d30cddd8ac17361dade0be9e323e30f5c9e807f4
[INFO] running `Command { std: "docker" "start" "-a" "59f811dc1493c59ed628f968d30cddd8ac17361dade0be9e323e30f5c9e807f4", kill_on_drop: false }`
[INFO] [stderr]     Finished test [unoptimized + debuginfo] target(s) in 0.00s
[INFO] [stderr]      Running unittests src/lib.rs (/opt/rustwide/target/debug/deps/froggy_rand-0e10fe5b2eea7328)
[INFO] [stdout] 
[INFO] [stdout] running 1 test
[INFO] [stdout] test tests::different_hashes ... ok
[INFO] [stdout] 
[INFO] [stdout] test result: ok. 1 passed; 0 failed; 0 ignored; 0 measured; 0 filtered out; finished in 0.00s
[INFO] [stdout] 
[INFO] [stderr]    Doc-tests froggy-rand
[INFO] [stdout] 
[INFO] [stdout] running 4 tests
[INFO] [stdout] test src/lib.rs - (line 27) ... FAILED
[INFO] [stdout] test src/lib.rs - (line 14) ... FAILED
[INFO] [stdout] test src/lib.rs - (line 56) ... FAILED
[INFO] [stdout] test src/lib.rs - (line 45) ... FAILED
[INFO] [stdout] 
[INFO] [stdout] failures:
[INFO] [stdout] 
[INFO] [stdout] ---- src/lib.rs - (line 27) stdout ----
[INFO] [stdout] error[E0425]: cannot find value `seed` in this scope
[INFO] [stdout]  --> src/lib.rs:28:37
[INFO] [stdout]   |
[INFO] [stdout] 3 | let mut rng = ExampleRng::from_seed(seed);
[INFO] [stdout]   |                                     ^^^^ not found in this scope
[INFO] [stdout] 
[INFO] [stdout] error[E0433]: failed to resolve: use of undeclared type `ExampleRng`
[INFO] [stdout]  --> src/lib.rs:28:15
[INFO] [stdout]   |
[INFO] [stdout] 3 | let mut rng = ExampleRng::from_seed(seed);
[INFO] [stdout]   |               ^^^^^^^^^^ use of undeclared type `ExampleRng`
[INFO] [stdout] 
[INFO] [stdout] error[E0433]: failed to resolve: use of undeclared type `Enemy`
[INFO] [stdout]  --> src/lib.rs:34:16
[INFO] [stdout]   |
[INFO] [stdout] 9 |   enemies.push(Enemy::new(id, x, y, weapon_type));
[INFO] [stdout]   |                ^^^^^ use of undeclared type `Enemy`
[INFO] [stdout] 
[INFO] [stdout] error: aborting due to 3 previous errors
[INFO] [stdout] 
[INFO] [stdout] Some errors have detailed explanations: E0425, E0433.
[INFO] [stdout] For more information about an error, try `rustc --explain E0425`.
[INFO] [stdout] Couldn't compile the test.
[INFO] [stdout] ---- src/lib.rs - (line 14) stdout ----
[INFO] [stdout] error[E0425]: cannot find value `seed` in this scope
[INFO] [stdout]  --> src/lib.rs:15:37
[INFO] [stdout]   |
[INFO] [stdout] 3 | let mut rng = ExampleRng::from_seed(seed);
[INFO] [stdout]   |                                     ^^^^ not found in this scope
[INFO] [stdout] 
[INFO] [stdout] error[E0433]: failed to resolve: use of undeclared type `ExampleRng`
[INFO] [stdout]  --> src/lib.rs:15:15
[INFO] [stdout]   |
[INFO] [stdout] 3 | let mut rng = ExampleRng::from_seed(seed);
[INFO] [stdout]   |               ^^^^^^^^^^ use of undeclared type `ExampleRng`
[INFO] [stdout] 
[INFO] [stdout] error[E0433]: failed to resolve: use of undeclared type `Enemy`
[INFO] [stdout]  --> src/lib.rs:20:16
[INFO] [stdout]   |
[INFO] [stdout] 8 |   enemies.push(Enemy::new(id, x, y));
[INFO] [stdout]   |                ^^^^^ use of undeclared type `Enemy`
[INFO] [stdout] 
[INFO] [stdout] error: aborting due to 3 previous errors
[INFO] [stdout] 
[INFO] [stdout] Some errors have detailed explanations: E0425, E0433.
[INFO] [stdout] For more information about an error, try `rustc --explain E0425`.
[INFO] [stdout] Couldn't compile the test.
[INFO] [stdout] ---- src/lib.rs - (line 56) stdout ----
[INFO] [stdout] error[E0433]: failed to resolve: use of undeclared type `FroggyRand`
[INFO] [stdout]  --> src/lib.rs:57:19
[INFO] [stdout]   |
[INFO] [stdout] 4 | let froggy_rand = FroggyRand::new(seed);
[INFO] [stdout]   |                   ^^^^^^^^^^ use of undeclared type `FroggyRand`
[INFO] [stdout]   |
[INFO] [stdout] help: consider importing this struct
[INFO] [stdout]   |
[INFO] [stdout] 2 | use froggy_rand::FroggyRand;
[INFO] [stdout]   |
[INFO] [stdout] 
[INFO] [stdout] error[E0425]: cannot find value `seed` in this scope
[INFO] [stdout]  --> src/lib.rs:57:35
[INFO] [stdout]   |
[INFO] [stdout] 4 | let froggy_rand = FroggyRand::new(seed);
[INFO] [stdout]   |                                   ^^^^ not found in this scope
[INFO] [stdout] 
[INFO] [stdout] error[E0433]: failed to resolve: use of undeclared type `Enemy`
[INFO] [stdout]   --> src/lib.rs:66:16
[INFO] [stdout]    |
[INFO] [stdout] 13 |   enemies.push(Enemy::new(id, x, y, weapon_type));
[INFO] [stdout]    |                ^^^^^ use of undeclared type `Enemy`
[INFO] [stdout] 
[INFO] [stdout] error: aborting due to 3 previous errors
[INFO] [stdout] 
[INFO] [stdout] Some errors have detailed explanations: E0425, E0433.
[INFO] [stdout] For more information about an error, try `rustc --explain E0425`.
[INFO] [stdout] Couldn't compile the test.
[INFO] [stdout] ---- src/lib.rs - (line 45) stdout ----
[INFO] [stdout] error: unexpected token: `...`
[INFO] [stdout]  --> src/lib.rs:47:3
[INFO] [stdout]   |
[INFO] [stdout] 4 | { ... }
[INFO] [stdout]   |   ^^^
[INFO] [stdout]   |
[INFO] [stdout] help: use `..` for an exclusive range
[INFO] [stdout]   |
[INFO] [stdout] 4 | { .. }
[INFO] [stdout]   |   ~~
[INFO] [stdout] help: or `..=` for an inclusive range
[INFO] [stdout]   |
[INFO] [stdout] 4 | { ..= }
[INFO] [stdout]   |   ~~~
[INFO] [stdout] 
[INFO] [stdout] error[E0586]: inclusive range with no end
[INFO] [stdout]  --> src/lib.rs:47:3
[INFO] [stdout]   |
[INFO] [stdout] 4 | { ... }
[INFO] [stdout]   |   ^^^ help: use `..` instead
[INFO] [stdout]   |
[INFO] [stdout]   = note: inclusive ranges must be bounded at the end (`..=b` or `a..=b`)
[INFO] [stdout] 
[INFO] [stdout] error[E0412]: cannot find type `SeedValue` in this scope
[INFO] [stdout]  --> src/lib.rs:46:18
[INFO] [stdout]   |
[INFO] [stdout] 3 | fn random(seed : SeedValue, i : usize) -> RandomValue
[INFO] [stdout]   |                  ^^^^^^^^^ not found in this scope
[INFO] [stdout] 
[INFO] [stdout] error[E0412]: cannot find type `RandomValue` in this scope
[INFO] [stdout]  --> src/lib.rs:46:43
[INFO] [stdout]   |
[INFO] [stdout] 3 | fn random(seed : SeedValue, i : usize) -> RandomValue
[INFO] [stdout]   |                                           ^^^^^^^^^^^ not found in this scope
[INFO] [stdout] 
[INFO] [stdout] error: aborting due to 4 previous errors
[INFO] [stdout] 
[INFO] [stdout] Some errors have detailed explanations: E0412, E0586.
[INFO] [stdout] For more information about an error, try `rustc --explain E0412`.
[INFO] [stdout] Couldn't compile the test.
[INFO] [stdout] 
[INFO] [stdout] failures:
[INFO] [stdout]     src/lib.rs - (line 14)
[INFO] [stdout]     src/lib.rs - (line 27)
[INFO] [stdout]     src/lib.rs - (line 45)
[INFO] [stdout]     src/lib.rs - (line 56)
[INFO] [stdout] 
[INFO] [stdout] test result: FAILED. 0 passed; 4 failed; 0 ignored; 0 measured; 0 filtered out; finished in 0.05s
[INFO] [stdout] 
[INFO] [stderr] error: doctest failed, to rerun pass `--doc`
[INFO] running `Command { std: "docker" "inspect" "59f811dc1493c59ed628f968d30cddd8ac17361dade0be9e323e30f5c9e807f4", kill_on_drop: false }`
[INFO] running `Command { std: "docker" "rm" "-f" "59f811dc1493c59ed628f968d30cddd8ac17361dade0be9e323e30f5c9e807f4", kill_on_drop: false }`
[INFO] [stdout] 59f811dc1493c59ed628f968d30cddd8ac17361dade0be9e323e30f5c9e807f4
