[INFO] fetching crate fribidi 0.1.2...
[INFO] testing fribidi-0.1.2 against 1.69.0 for beta-1.70-1
[INFO] extracting crate fribidi 0.1.2 into /workspace/builds/worker-6-tc1/source
[INFO] validating manifest of crates.io crate fribidi 0.1.2 on toolchain 1.69.0
[INFO] running `Command { std: CARGO_HOME="/workspace/cargo-home" RUSTUP_HOME="/workspace/rustup-home" "/workspace/cargo-home/bin/cargo" "+1.69.0" "metadata" "--manifest-path" "Cargo.toml" "--no-deps", kill_on_drop: false }`
[INFO] started tweaking crates.io crate fribidi 0.1.2
[INFO] finished tweaking crates.io crate fribidi 0.1.2
[INFO] tweaked toml for crates.io crate fribidi 0.1.2 written to /workspace/builds/worker-6-tc1/source/Cargo.toml
[INFO] running `Command { std: CARGO_HOME="/workspace/cargo-home" RUSTUP_HOME="/workspace/rustup-home" __CARGO_TEST_CHANNEL_OVERRIDE_DO_NOT_USE_THIS="nightly" "/workspace/cargo-home/bin/cargo" "+1.69.0" "generate-lockfile" "--manifest-path" "Cargo.toml" "-Zno-index-update", kill_on_drop: false }`
[INFO] running `Command { std: CARGO_HOME="/workspace/cargo-home" RUSTUP_HOME="/workspace/rustup-home" "/workspace/cargo-home/bin/cargo" "+1.69.0" "fetch" "--manifest-path" "Cargo.toml", kill_on_drop: false }`
[INFO] [stderr]  Downloading crates ...
[INFO] [stderr]   Downloaded fribidi-sys v0.1.0
[INFO] running `Command { std: "docker" "create" "-v" "/var/lib/crater-agent-workspace/builds/worker-6-tc1/target:/opt/rustwide/target:rw,Z" "-v" "/var/lib/crater-agent-workspace/builds/worker-6-tc1/source:/opt/rustwide/workdir:ro,Z" "-v" "/var/lib/crater-agent-workspace/cargo-home:/opt/rustwide/cargo-home:ro,Z" "-v" "/var/lib/crater-agent-workspace/rustup-home:/opt/rustwide/rustup-home:ro,Z" "-e" "SOURCE_DIR=/opt/rustwide/workdir" "-e" "CARGO_TARGET_DIR=/opt/rustwide/target" "-e" "CARGO_HOME=/opt/rustwide/cargo-home" "-e" "RUSTUP_HOME=/opt/rustwide/rustup-home" "-w" "/opt/rustwide/workdir" "-m" "1610612736" "--user" "0:0" "--network" "none" "ghcr.io/rust-lang/crates-build-env/linux@sha256:5ff2268d62e97bff2cde7d5815dd6ed5b47097566f13b8d0ca110b04b60e07ed" "/opt/rustwide/cargo-home/bin/cargo" "+1.69.0" "metadata" "--no-deps" "--format-version=1", kill_on_drop: false }`
[INFO] [stdout] 898a2e281fc5266a841329e33903c33297dd792d0eaee265fc6fb66ccb24d4d4
[INFO] running `Command { std: "docker" "start" "-a" "898a2e281fc5266a841329e33903c33297dd792d0eaee265fc6fb66ccb24d4d4", kill_on_drop: false }`
[INFO] running `Command { std: "docker" "inspect" "898a2e281fc5266a841329e33903c33297dd792d0eaee265fc6fb66ccb24d4d4", kill_on_drop: false }`
[INFO] running `Command { std: "docker" "rm" "-f" "898a2e281fc5266a841329e33903c33297dd792d0eaee265fc6fb66ccb24d4d4", kill_on_drop: false }`
[INFO] [stdout] 898a2e281fc5266a841329e33903c33297dd792d0eaee265fc6fb66ccb24d4d4
[INFO] running `Command { std: "docker" "create" "-v" "/var/lib/crater-agent-workspace/builds/worker-6-tc1/target:/opt/rustwide/target:rw,Z" "-v" "/var/lib/crater-agent-workspace/builds/worker-6-tc1/source:/opt/rustwide/workdir:ro,Z" "-v" "/var/lib/crater-agent-workspace/cargo-home:/opt/rustwide/cargo-home:ro,Z" "-v" "/var/lib/crater-agent-workspace/rustup-home:/opt/rustwide/rustup-home:ro,Z" "-e" "SOURCE_DIR=/opt/rustwide/workdir" "-e" "CARGO_TARGET_DIR=/opt/rustwide/target" "-e" "CARGO_INCREMENTAL=0" "-e" "RUST_BACKTRACE=full" "-e" "RUSTFLAGS=--cap-lints=warn" "-e" "RUSTDOCFLAGS=--cap-lints=warn" "-e" "CARGO_HOME=/opt/rustwide/cargo-home" "-e" "RUSTUP_HOME=/opt/rustwide/rustup-home" "-w" "/opt/rustwide/workdir" "-m" "1610612736" "--user" "0:0" "--network" "none" "ghcr.io/rust-lang/crates-build-env/linux@sha256:5ff2268d62e97bff2cde7d5815dd6ed5b47097566f13b8d0ca110b04b60e07ed" "/opt/rustwide/cargo-home/bin/cargo" "+1.69.0" "build" "--frozen" "--message-format=json", kill_on_drop: false }`
[INFO] [stdout] 905779e1a73b6df8a475b20ecfd718cd45fe1c0053161fa819697dd464f61857
[INFO] running `Command { std: "docker" "start" "-a" "905779e1a73b6df8a475b20ecfd718cd45fe1c0053161fa819697dd464f61857", kill_on_drop: false }`
[INFO] [stderr]    Compiling libc v0.2.142
[INFO] [stderr]    Compiling proc-macro2 v1.0.56
[INFO] [stderr]    Compiling cfg-if v1.0.0
[INFO] [stderr]    Compiling unicode-width v0.1.10
[INFO] [stderr]    Compiling regex-syntax v0.7.1
[INFO] [stderr]    Compiling quote v1.0.26
[INFO] [stderr]    Compiling quick-error v1.2.3
[INFO] [stderr]    Compiling bindgen v0.53.3
[INFO] [stderr]    Compiling ansi_term v0.12.1
[INFO] [stderr]    Compiling termcolor v1.2.0
[INFO] [stderr]    Compiling memchr v2.5.0
[INFO] [stderr]    Compiling clang-sys v0.29.3
[INFO] [stderr]    Compiling libloading v0.5.2
[INFO] [stderr]    Compiling nom v5.1.3
[INFO] [stderr]    Compiling log v0.4.17
[INFO] [stderr]    Compiling strsim v0.8.0
[INFO] [stderr]    Compiling bitflags v1.3.2
[INFO] [stderr]    Compiling humantime v1.3.0
[INFO] [stderr]    Compiling textwrap v0.11.0
[INFO] [stderr]    Compiling vec_map v0.8.2
[INFO] [stderr]    Compiling cfg-if v0.1.10
[INFO] [stderr]    Compiling peeking_take_while v0.1.2
[INFO] [stderr]    Compiling lazycell v1.3.0
[INFO] [stderr]    Compiling shlex v0.1.1
[INFO] [stderr]    Compiling rustc-hash v1.1.0
[INFO] [stderr]    Compiling lazy_static v1.4.0
[INFO] [stderr]    Compiling widestring v1.0.2
[INFO] [stderr]    Compiling aho-corasick v1.0.1
[INFO] [stderr]    Compiling atty v0.2.14
[INFO] [stderr]    Compiling which v3.1.1
[INFO] [stderr]    Compiling clap v2.34.0
[INFO] [stderr]    Compiling cexpr v0.4.0
[INFO] [stderr]    Compiling regex v1.8.1
[INFO] [stderr]    Compiling env_logger v0.7.1
[INFO] [stderr]    Compiling fribidi-sys v0.1.0
[INFO] [stderr]    Compiling fribidi v0.1.2 (/opt/rustwide/workdir)
[INFO] [stderr]     Finished dev [unoptimized + debuginfo] target(s) in 10.47s
[INFO] running `Command { std: "docker" "inspect" "905779e1a73b6df8a475b20ecfd718cd45fe1c0053161fa819697dd464f61857", kill_on_drop: false }`
[INFO] running `Command { std: "docker" "rm" "-f" "905779e1a73b6df8a475b20ecfd718cd45fe1c0053161fa819697dd464f61857", kill_on_drop: false }`
[INFO] [stdout] 905779e1a73b6df8a475b20ecfd718cd45fe1c0053161fa819697dd464f61857
[INFO] running `Command { std: "docker" "create" "-v" "/var/lib/crater-agent-workspace/builds/worker-6-tc1/target:/opt/rustwide/target:rw,Z" "-v" "/var/lib/crater-agent-workspace/builds/worker-6-tc1/source:/opt/rustwide/workdir:ro,Z" "-v" "/var/lib/crater-agent-workspace/cargo-home:/opt/rustwide/cargo-home:ro,Z" "-v" "/var/lib/crater-agent-workspace/rustup-home:/opt/rustwide/rustup-home:ro,Z" "-e" "SOURCE_DIR=/opt/rustwide/workdir" "-e" "CARGO_TARGET_DIR=/opt/rustwide/target" "-e" "CARGO_INCREMENTAL=0" "-e" "RUST_BACKTRACE=full" "-e" "RUSTFLAGS=--cap-lints=warn" "-e" "RUSTDOCFLAGS=--cap-lints=warn" "-e" "CARGO_HOME=/opt/rustwide/cargo-home" "-e" "RUSTUP_HOME=/opt/rustwide/rustup-home" "-w" "/opt/rustwide/workdir" "-m" "1610612736" "--user" "0:0" "--network" "none" "ghcr.io/rust-lang/crates-build-env/linux@sha256:5ff2268d62e97bff2cde7d5815dd6ed5b47097566f13b8d0ca110b04b60e07ed" "/opt/rustwide/cargo-home/bin/cargo" "+1.69.0" "test" "--frozen" "--no-run" "--message-format=json", kill_on_drop: false }`
[INFO] [stdout] 00aa8aa528064340a6c8540b0c07262e7fbbfc357b94c2f7367b23e4876a63a6
[INFO] running `Command { std: "docker" "start" "-a" "00aa8aa528064340a6c8540b0c07262e7fbbfc357b94c2f7367b23e4876a63a6", kill_on_drop: false }`
[INFO] [stderr]    Compiling fribidi v0.1.2 (/opt/rustwide/workdir)
[INFO] [stderr]     Finished test [unoptimized + debuginfo] target(s) in 0.56s
[INFO] running `Command { std: "docker" "inspect" "00aa8aa528064340a6c8540b0c07262e7fbbfc357b94c2f7367b23e4876a63a6", kill_on_drop: false }`
[INFO] running `Command { std: "docker" "rm" "-f" "00aa8aa528064340a6c8540b0c07262e7fbbfc357b94c2f7367b23e4876a63a6", kill_on_drop: false }`
[INFO] [stdout] 00aa8aa528064340a6c8540b0c07262e7fbbfc357b94c2f7367b23e4876a63a6
[INFO] running `Command { std: "docker" "create" "-v" "/var/lib/crater-agent-workspace/builds/worker-6-tc1/target:/opt/rustwide/target:rw,Z" "-v" "/var/lib/crater-agent-workspace/builds/worker-6-tc1/source:/opt/rustwide/workdir:ro,Z" "-v" "/var/lib/crater-agent-workspace/cargo-home:/opt/rustwide/cargo-home:ro,Z" "-v" "/var/lib/crater-agent-workspace/rustup-home:/opt/rustwide/rustup-home:ro,Z" "-e" "SOURCE_DIR=/opt/rustwide/workdir" "-e" "CARGO_TARGET_DIR=/opt/rustwide/target" "-e" "CARGO_INCREMENTAL=0" "-e" "RUST_BACKTRACE=full" "-e" "RUSTFLAGS=--cap-lints=warn" "-e" "RUSTDOCFLAGS=--cap-lints=warn" "-e" "CARGO_HOME=/opt/rustwide/cargo-home" "-e" "RUSTUP_HOME=/opt/rustwide/rustup-home" "-w" "/opt/rustwide/workdir" "-m" "1610612736" "--user" "0:0" "--network" "none" "ghcr.io/rust-lang/crates-build-env/linux@sha256:5ff2268d62e97bff2cde7d5815dd6ed5b47097566f13b8d0ca110b04b60e07ed" "/opt/rustwide/cargo-home/bin/cargo" "+1.69.0" "test" "--frozen", kill_on_drop: false }`
[INFO] [stdout] 6698012cfbd8f4e34f2e7f85466c98f3bcdd87ba669a5e7797eee158bd82968b
[INFO] running `Command { std: "docker" "start" "-a" "6698012cfbd8f4e34f2e7f85466c98f3bcdd87ba669a5e7797eee158bd82968b", kill_on_drop: false }`
[INFO] [stderr]     Finished test [unoptimized + debuginfo] target(s) in 0.04s
[INFO] [stderr]      Running unittests src/lib.rs (/opt/rustwide/target/debug/deps/fribidi-41fff6339cdcd513)
[INFO] [stdout] 
[INFO] [stdout] running 10 tests
[INFO] [stdout] test paragraph::test::test_direction ... ok
[INFO] [stdout] test char::test::test_type ... ok
[INFO] [stdout] test test::test_remove_bidi_marks ... ok
[INFO] [stdout] test char::test::test_get_bidi_type_name ... ok
[INFO] [stdout] test bracket::test::test_get_bracket ... ok
[INFO] [stdout] test bracket::test::test_get_bracket_types ... ok
[INFO] [stdout] test test::test_reorder_line ... ok
[INFO] [stdout] test test::test_get_paragraph_embedding_levels_ex ... ok
[INFO] [stdout] test char::test::test_get_bidi_types ... ok
[INFO] [stdout] test test::test_log2vis ... ok
[INFO] [stderr]    Doc-tests fribidi
[INFO] [stdout] 
[INFO] [stdout] test result: ok. 10 passed; 0 failed; 0 ignored; 0 measured; 0 filtered out; finished in 0.00s
[INFO] [stdout] 
[INFO] [stdout] 
[INFO] [stdout] running 1 test
[INFO] [stdout] test src/lib.rs - (line 3) - compile ... FAILED
[INFO] [stdout] 
[INFO] [stdout] failures:
[INFO] [stdout] 
[INFO] [stdout] ---- src/lib.rs - (line 3) stdout ----
[INFO] [stdout] error[E0433]: failed to resolve: use of undeclared type `ParagraphType`
[INFO] [stdout]   --> src/lib.rs:18:5
[INFO] [stdout]    |
[INFO] [stdout] 18 |     ParagraphType::OtherNeutral,    // let fribidi detect the type
[INFO] [stdout]    |     ^^^^^^^^^^^^^ use of undeclared type `ParagraphType`
[INFO] [stdout] 
[INFO] [stdout] error[E0433]: failed to resolve: use of undeclared type `U32String`
[INFO] [stdout]  --> src/lib.rs:4:12
[INFO] [stdout]   |
[INFO] [stdout] 4 | let text = U32String::from("چرمهين");
[INFO] [stdout]   |            ^^^^^^^^^ use of undeclared type `U32String`
[INFO] [stdout]   |
[INFO] [stdout] help: a struct with a similar name exists
[INFO] [stdout]   |
[INFO] [stdout] 4 | let text = String::from("چرمهين");
[INFO] [stdout]   |            ~~~~~~
[INFO] [stdout] help: consider importing this struct
[INFO] [stdout]   |
[INFO] [stdout] 2 | use widestring::U32String;
[INFO] [stdout]   |
[INFO] [stdout] 
[INFO] [stdout] error[E0433]: failed to resolve: use of undeclared type `U32String`
[INFO] [stdout]  --> src/lib.rs:6:10
[INFO] [stdout]   |
[INFO] [stdout] 6 | let gt = U32String::from("ﻦﻴﻬﻣﺮﭼ");
[INFO] [stdout]   |          ^^^^^^^^^ use of undeclared type `U32String`
[INFO] [stdout]   |
[INFO] [stdout] help: a struct with a similar name exists
[INFO] [stdout]   |
[INFO] [stdout] 6 | let gt = String::from("ﻦﻴﻬﻣﺮﭼ");
[INFO] [stdout]   |          ~~~~~~
[INFO] [stdout] help: consider importing this struct
[INFO] [stdout]   |
[INFO] [stdout] 2 | use widestring::U32String;
[INFO] [stdout]   |
[INFO] [stdout] 
[INFO] [stdout] error[E0425]: cannot find function, tuple struct or tuple variant `LevelType` in this scope
[INFO] [stdout]   --> src/lib.rs:10:32
[INFO] [stdout]    |
[INFO] [stdout] 10 | let gt_embedding_levels = vec![LevelType(1); 6];
[INFO] [stdout]    |                                ^^^^^^^^^ not found in this scope
[INFO] [stdout]    |
[INFO] [stdout] help: consider importing this tuple struct
[INFO] [stdout]    |
[INFO] [stdout] 2  | use fribidi::level::LevelType;
[INFO] [stdout]    |
[INFO] [stdout] 
[INFO] [stdout] error[E0412]: cannot find type `LevelType` in this scope
[INFO] [stdout]   --> src/lib.rs:14:31
[INFO] [stdout]    |
[INFO] [stdout] 14 | let mut embedding_levels: Vec<LevelType> = vec![LevelType(1); text.len()];
[INFO] [stdout]    |                               ^^^^^^^^^ not found in this scope
[INFO] [stdout]    |
[INFO] [stdout] help: consider importing this struct
[INFO] [stdout]    |
[INFO] [stdout] 2  | use fribidi::level::LevelType;
[INFO] [stdout]    |
[INFO] [stdout] 
[INFO] [stdout] error[E0425]: cannot find function, tuple struct or tuple variant `LevelType` in this scope
[INFO] [stdout]   --> src/lib.rs:14:49
[INFO] [stdout]    |
[INFO] [stdout] 14 | let mut embedding_levels: Vec<LevelType> = vec![LevelType(1); text.len()];
[INFO] [stdout]    |                                                 ^^^^^^^^^ not found in this scope
[INFO] [stdout]    |
[INFO] [stdout] help: consider importing this tuple struct
[INFO] [stdout]    |
[INFO] [stdout] 2  | use fribidi::level::LevelType;
[INFO] [stdout]    |
[INFO] [stdout] 
[INFO] [stdout] error[E0433]: failed to resolve: use of undeclared type `Fribidi`
[INFO] [stdout]   --> src/lib.rs:16:28
[INFO] [stdout]    |
[INFO] [stdout] 16 | let (res, maximum_level) = Fribidi::logic_to_visual(
[INFO] [stdout]    |                            ^^^^^^^ use of undeclared type `Fribidi`
[INFO] [stdout]    |
[INFO] [stdout] help: consider importing this struct
[INFO] [stdout]    |
[INFO] [stdout] 2  | use fribidi::Fribidi;
[INFO] [stdout]    |
[INFO] [stdout] 
[INFO] [stdout] error: aborting due to 7 previous errors
[INFO] [stdout] 
[INFO] [stdout] Some errors have detailed explanations: E0412, E0425, E0433.
[INFO] [stdout] For more information about an error, try `rustc --explain E0412`.
[INFO] [stdout] Couldn't compile the test.
[INFO] [stdout] 
[INFO] [stdout] failures:
[INFO] [stdout]     src/lib.rs - (line 3)
[INFO] [stdout] 
[INFO] [stdout] test result: FAILED. 0 passed; 1 failed; 0 ignored; 0 measured; 0 filtered out; finished in 0.06s
[INFO] [stdout] 
[INFO] [stderr] error: doctest failed, to rerun pass `--doc`
[INFO] running `Command { std: "docker" "inspect" "6698012cfbd8f4e34f2e7f85466c98f3bcdd87ba669a5e7797eee158bd82968b", kill_on_drop: false }`
[INFO] running `Command { std: "docker" "rm" "-f" "6698012cfbd8f4e34f2e7f85466c98f3bcdd87ba669a5e7797eee158bd82968b", kill_on_drop: false }`
[INFO] [stdout] 6698012cfbd8f4e34f2e7f85466c98f3bcdd87ba669a5e7797eee158bd82968b
