[INFO] fetching crate fluvio_ws_stream_wasm 0.7.0...
[INFO] testing fluvio_ws_stream_wasm-0.7.0 against 1.69.0 for beta-1.70-1
[INFO] extracting crate fluvio_ws_stream_wasm 0.7.0 into /workspace/builds/worker-6-tc1/source
[INFO] validating manifest of crates.io crate fluvio_ws_stream_wasm 0.7.0 on toolchain 1.69.0
[INFO] running `Command { std: CARGO_HOME="/workspace/cargo-home" RUSTUP_HOME="/workspace/rustup-home" "/workspace/cargo-home/bin/cargo" "+1.69.0" "metadata" "--manifest-path" "Cargo.toml" "--no-deps", kill_on_drop: false }`
[INFO] started tweaking crates.io crate fluvio_ws_stream_wasm 0.7.0
[INFO] finished tweaking crates.io crate fluvio_ws_stream_wasm 0.7.0
[INFO] tweaked toml for crates.io crate fluvio_ws_stream_wasm 0.7.0 written to /workspace/builds/worker-6-tc1/source/Cargo.toml
[INFO] running `Command { std: CARGO_HOME="/workspace/cargo-home" RUSTUP_HOME="/workspace/rustup-home" __CARGO_TEST_CHANNEL_OVERRIDE_DO_NOT_USE_THIS="nightly" "/workspace/cargo-home/bin/cargo" "+1.69.0" "generate-lockfile" "--manifest-path" "Cargo.toml" "-Zno-index-update", kill_on_drop: false }`
[INFO] running `Command { std: CARGO_HOME="/workspace/cargo-home" RUSTUP_HOME="/workspace/rustup-home" "/workspace/cargo-home/bin/cargo" "+1.69.0" "fetch" "--manifest-path" "Cargo.toml", kill_on_drop: false }`
[INFO] [stderr]  Downloading crates ...
[INFO] [stderr]   Downloaded send_wrapper v0.5.0
[INFO] [stderr]   Downloaded futures_codec v0.4.1
[INFO] [stderr]   Downloaded async_io_stream v0.3.3
[INFO] [stderr]   Downloaded pharos v0.5.3
[INFO] [stderr]   Downloaded tokio-serde-cbor v0.6.0
[INFO] running `Command { std: "docker" "create" "-v" "/var/lib/crater-agent-workspace/builds/worker-6-tc1/target:/opt/rustwide/target:rw,Z" "-v" "/var/lib/crater-agent-workspace/builds/worker-6-tc1/source:/opt/rustwide/workdir:ro,Z" "-v" "/var/lib/crater-agent-workspace/cargo-home:/opt/rustwide/cargo-home:ro,Z" "-v" "/var/lib/crater-agent-workspace/rustup-home:/opt/rustwide/rustup-home:ro,Z" "-e" "SOURCE_DIR=/opt/rustwide/workdir" "-e" "CARGO_TARGET_DIR=/opt/rustwide/target" "-e" "CARGO_HOME=/opt/rustwide/cargo-home" "-e" "RUSTUP_HOME=/opt/rustwide/rustup-home" "-w" "/opt/rustwide/workdir" "-m" "1610612736" "--user" "0:0" "--network" "none" "ghcr.io/rust-lang/crates-build-env/linux@sha256:5ff2268d62e97bff2cde7d5815dd6ed5b47097566f13b8d0ca110b04b60e07ed" "/opt/rustwide/cargo-home/bin/cargo" "+1.69.0" "metadata" "--no-deps" "--format-version=1", kill_on_drop: false }`
[INFO] [stdout] 01083a763618d8825d299840a33447a02db16b84f344bcdb32354efbb1b81252
[INFO] running `Command { std: "docker" "start" "-a" "01083a763618d8825d299840a33447a02db16b84f344bcdb32354efbb1b81252", kill_on_drop: false }`
[INFO] running `Command { std: "docker" "inspect" "01083a763618d8825d299840a33447a02db16b84f344bcdb32354efbb1b81252", kill_on_drop: false }`
[INFO] running `Command { std: "docker" "rm" "-f" "01083a763618d8825d299840a33447a02db16b84f344bcdb32354efbb1b81252", kill_on_drop: false }`
[INFO] [stdout] 01083a763618d8825d299840a33447a02db16b84f344bcdb32354efbb1b81252
[INFO] running `Command { std: "docker" "create" "-v" "/var/lib/crater-agent-workspace/builds/worker-6-tc1/target:/opt/rustwide/target:rw,Z" "-v" "/var/lib/crater-agent-workspace/builds/worker-6-tc1/source:/opt/rustwide/workdir:ro,Z" "-v" "/var/lib/crater-agent-workspace/cargo-home:/opt/rustwide/cargo-home:ro,Z" "-v" "/var/lib/crater-agent-workspace/rustup-home:/opt/rustwide/rustup-home:ro,Z" "-e" "SOURCE_DIR=/opt/rustwide/workdir" "-e" "CARGO_TARGET_DIR=/opt/rustwide/target" "-e" "CARGO_INCREMENTAL=0" "-e" "RUST_BACKTRACE=full" "-e" "RUSTFLAGS=--cap-lints=warn" "-e" "RUSTDOCFLAGS=--cap-lints=warn" "-e" "CARGO_HOME=/opt/rustwide/cargo-home" "-e" "RUSTUP_HOME=/opt/rustwide/rustup-home" "-w" "/opt/rustwide/workdir" "-m" "1610612736" "--user" "0:0" "--network" "none" "ghcr.io/rust-lang/crates-build-env/linux@sha256:5ff2268d62e97bff2cde7d5815dd6ed5b47097566f13b8d0ca110b04b60e07ed" "/opt/rustwide/cargo-home/bin/cargo" "+1.69.0" "build" "--frozen" "--message-format=json", kill_on_drop: false }`
[INFO] [stdout] 32a8542c6ac7071e8b47c7b981ab4c00812d54a2d457bf977964c97f31e7677b
[INFO] running `Command { std: "docker" "start" "-a" "32a8542c6ac7071e8b47c7b981ab4c00812d54a2d457bf977964c97f31e7677b", kill_on_drop: false }`
[INFO] [stderr]    Compiling semver v1.0.17
[INFO] [stderr]    Compiling syn v1.0.109
[INFO] [stderr]    Compiling wasm-bindgen-shared v0.2.84
[INFO] [stderr]    Compiling log v0.4.17
[INFO] [stderr]    Compiling futures-core v0.3.28
[INFO] [stderr]    Compiling thiserror v1.0.40
[INFO] [stderr]    Compiling futures-channel v0.3.28
[INFO] [stderr]    Compiling futures-task v0.3.28
[INFO] [stderr]    Compiling memchr v2.5.0
[INFO] [stderr]    Compiling bumpalo v3.12.1
[INFO] [stderr]    Compiling once_cell v1.17.1
[INFO] [stderr]    Compiling slab v0.4.8
[INFO] [stderr]    Compiling pin-project-lite v0.2.9
[INFO] [stderr]    Compiling futures-sink v0.3.28
[INFO] [stderr]    Compiling ucd-trie v0.1.5
[INFO] [stderr]    Compiling syn v2.0.15
[INFO] [stderr]    Compiling futures-util v0.3.28
[INFO] [stderr]    Compiling futures-io v0.3.28
[INFO] [stderr]    Compiling wasm-bindgen v0.2.84
[INFO] [stderr]    Compiling pin-utils v0.1.0
[INFO] [stderr]    Compiling tokio v1.28.0
[INFO] [stderr]    Compiling send_wrapper v0.5.0
[INFO] [stderr]    Compiling rustc_version v0.4.0
[INFO] [stderr]    Compiling pharos v0.5.3
[INFO] [stderr]    Compiling async_io_stream v0.3.3
[INFO] [stderr]    Compiling thiserror-impl v1.0.40
[INFO] [stderr]    Compiling futures-macro v0.3.28
[INFO] [stderr]    Compiling wasm-bindgen-backend v0.2.84
[INFO] [stderr]    Compiling pest v2.6.0
[INFO] [stderr]    Compiling wasm-bindgen-macro-support v0.2.84
[INFO] [stderr]    Compiling wasm-bindgen-macro v0.2.84
[INFO] [stderr]    Compiling semver-parser v0.10.2
[INFO] [stderr]    Compiling semver v0.11.0
[INFO] [stderr]    Compiling rustc_version v0.3.3
[INFO] [stderr]    Compiling fluvio_ws_stream_wasm v0.7.0 (/opt/rustwide/workdir)
[INFO] [stderr]    Compiling js-sys v0.3.61
[INFO] [stderr]    Compiling futures-executor v0.3.28
[INFO] [stderr]    Compiling futures v0.3.28
[INFO] [stderr]    Compiling wasm-bindgen-futures v0.4.34
[INFO] [stderr]    Compiling web-sys v0.3.61
[INFO] [stderr]     Finished dev [unoptimized + debuginfo] target(s) in 16.14s
[INFO] running `Command { std: "docker" "inspect" "32a8542c6ac7071e8b47c7b981ab4c00812d54a2d457bf977964c97f31e7677b", kill_on_drop: false }`
[INFO] running `Command { std: "docker" "rm" "-f" "32a8542c6ac7071e8b47c7b981ab4c00812d54a2d457bf977964c97f31e7677b", kill_on_drop: false }`
[INFO] [stdout] 32a8542c6ac7071e8b47c7b981ab4c00812d54a2d457bf977964c97f31e7677b
[INFO] running `Command { std: "docker" "create" "-v" "/var/lib/crater-agent-workspace/builds/worker-6-tc1/target:/opt/rustwide/target:rw,Z" "-v" "/var/lib/crater-agent-workspace/builds/worker-6-tc1/source:/opt/rustwide/workdir:ro,Z" "-v" "/var/lib/crater-agent-workspace/cargo-home:/opt/rustwide/cargo-home:ro,Z" "-v" "/var/lib/crater-agent-workspace/rustup-home:/opt/rustwide/rustup-home:ro,Z" "-e" "SOURCE_DIR=/opt/rustwide/workdir" "-e" "CARGO_TARGET_DIR=/opt/rustwide/target" "-e" "CARGO_INCREMENTAL=0" "-e" "RUST_BACKTRACE=full" "-e" "RUSTFLAGS=--cap-lints=warn" "-e" "RUSTDOCFLAGS=--cap-lints=warn" "-e" "CARGO_HOME=/opt/rustwide/cargo-home" "-e" "RUSTUP_HOME=/opt/rustwide/rustup-home" "-w" "/opt/rustwide/workdir" "-m" "1610612736" "--user" "0:0" "--network" "none" "ghcr.io/rust-lang/crates-build-env/linux@sha256:5ff2268d62e97bff2cde7d5815dd6ed5b47097566f13b8d0ca110b04b60e07ed" "/opt/rustwide/cargo-home/bin/cargo" "+1.69.0" "test" "--frozen" "--no-run" "--message-format=json", kill_on_drop: false }`
[INFO] [stdout] 02a53fe0e6946360bda6f2470345d99bc0ac25085ac7e896bba9d6760f35b31a
[INFO] running `Command { std: "docker" "start" "-a" "02a53fe0e6946360bda6f2470345d99bc0ac25085ac7e896bba9d6760f35b31a", kill_on_drop: false }`
[INFO] [stderr]    Compiling log v0.4.17
[INFO] [stderr]    Compiling serde_derive v1.0.160
[INFO] [stderr]    Compiling pin-project-internal v0.4.30
[INFO] [stderr]    Compiling serde v1.0.160
[INFO] [stderr]    Compiling half v1.8.2
[INFO] [stderr]    Compiling bytes v1.4.0
[INFO] [stderr]    Compiling ppv-lite86 v0.2.17
[INFO] [stderr]    Compiling wasm-bindgen-test-macro v0.3.34
[INFO] [stderr]    Compiling scoped-tls v1.0.1
[INFO] [stderr]    Compiling getrandom v0.2.9
[INFO] [stderr]    Compiling bytes v0.5.6
[INFO] [stderr]    Compiling wasm-bindgen-backend v0.2.84
[INFO] [stderr]    Compiling rand_core v0.6.4
[INFO] [stderr]    Compiling rand_chacha v0.3.1
[INFO] [stderr]    Compiling rand_xoshiro v0.6.0
[INFO] [stderr]    Compiling tokio-util v0.6.10
[INFO] [stderr]    Compiling rand v0.8.5
[INFO] [stderr]    Compiling wasm-bindgen-macro-support v0.2.84
[INFO] [stderr]    Compiling pin-project v0.4.30
[INFO] [stderr]    Compiling wasm-bindgen-macro v0.2.84
[INFO] [stderr]    Compiling futures_codec v0.4.1
[INFO] [stderr]    Compiling wasm-bindgen v0.2.84
[INFO] [stderr]    Compiling js-sys v0.3.61
[INFO] [stderr]    Compiling console_error_panic_hook v0.1.7
[INFO] [stderr]    Compiling web-sys v0.3.61
[INFO] [stderr]    Compiling wasm-bindgen-futures v0.4.34
[INFO] [stderr]    Compiling wasm-bindgen-test v0.3.34
[INFO] [stderr]    Compiling console_log v0.2.2
[INFO] [stderr]    Compiling fluvio_ws_stream_wasm v0.7.0 (/opt/rustwide/workdir)
[INFO] [stderr]    Compiling serde_cbor v0.11.2
[INFO] [stderr]    Compiling tokio-serde-cbor v0.6.0
[INFO] [stderr]     Finished test [unoptimized + debuginfo] target(s) in 8.85s
[INFO] running `Command { std: "docker" "inspect" "02a53fe0e6946360bda6f2470345d99bc0ac25085ac7e896bba9d6760f35b31a", kill_on_drop: false }`
[INFO] running `Command { std: "docker" "rm" "-f" "02a53fe0e6946360bda6f2470345d99bc0ac25085ac7e896bba9d6760f35b31a", kill_on_drop: false }`
[INFO] [stdout] 02a53fe0e6946360bda6f2470345d99bc0ac25085ac7e896bba9d6760f35b31a
[INFO] running `Command { std: "docker" "create" "-v" "/var/lib/crater-agent-workspace/builds/worker-6-tc1/target:/opt/rustwide/target:rw,Z" "-v" "/var/lib/crater-agent-workspace/builds/worker-6-tc1/source:/opt/rustwide/workdir:ro,Z" "-v" "/var/lib/crater-agent-workspace/cargo-home:/opt/rustwide/cargo-home:ro,Z" "-v" "/var/lib/crater-agent-workspace/rustup-home:/opt/rustwide/rustup-home:ro,Z" "-e" "SOURCE_DIR=/opt/rustwide/workdir" "-e" "CARGO_TARGET_DIR=/opt/rustwide/target" "-e" "CARGO_INCREMENTAL=0" "-e" "RUST_BACKTRACE=full" "-e" "RUSTFLAGS=--cap-lints=warn" "-e" "RUSTDOCFLAGS=--cap-lints=warn" "-e" "CARGO_HOME=/opt/rustwide/cargo-home" "-e" "RUSTUP_HOME=/opt/rustwide/rustup-home" "-w" "/opt/rustwide/workdir" "-m" "1610612736" "--user" "0:0" "--network" "none" "ghcr.io/rust-lang/crates-build-env/linux@sha256:5ff2268d62e97bff2cde7d5815dd6ed5b47097566f13b8d0ca110b04b60e07ed" "/opt/rustwide/cargo-home/bin/cargo" "+1.69.0" "test" "--frozen", kill_on_drop: false }`
[INFO] [stdout] 85450e894f52a61c088d9bf3f82e3f3e271a9c1ca7556e5c55186449911b2ac2
[INFO] running `Command { std: "docker" "start" "-a" "85450e894f52a61c088d9bf3f82e3f3e271a9c1ca7556e5c55186449911b2ac2", kill_on_drop: false }`
[INFO] [stderr]     Finished test [unoptimized + debuginfo] target(s) in 0.09s
[INFO] [stderr]      Running unittests src/lib.rs (/opt/rustwide/target/debug/deps/fluvio_ws_stream_wasm-e843c772cea4bc1b)
[INFO] [stdout] 
[INFO] [stdout] running 0 tests
[INFO] [stdout] 
[INFO] [stdout] test result: ok. 0 passed; 0 failed; 0 ignored; 0 measured; 0 filtered out; finished in 0.00s
[INFO] [stdout] 
[INFO] [stderr]    Doc-tests fluvio_ws_stream_wasm
[INFO] [stdout] 
[INFO] [stdout] running 1 test
[INFO] [stdout] test src/ws_event.rs - ws_event::WsEvent (line 5) ... FAILED
[INFO] [stdout] 
[INFO] [stdout] failures:
[INFO] [stdout] 
[INFO] [stdout] ---- src/ws_event.rs - ws_event::WsEvent (line 5) stdout ----
[INFO] [stdout] error[E0432]: unresolved imports `wasm_bindgen_futures::futures_0_3`, `ws_stream_wasm`
[INFO] [stdout]  --> src/ws_event.rs:8:3
[INFO] [stdout]   |
[INFO] [stdout] 5 |   ws_stream_wasm       :: *                        ,
[INFO] [stdout]   |   ^^^^^^^^^^^^^^ use of undeclared crate or module `ws_stream_wasm`
[INFO] [stdout] ...
[INFO] [stdout] 8 |   wasm_bindgen_futures :: futures_0_3::spawn_local ,
[INFO] [stdout]   |                           ^^^^^^^^^^^ could not find `futures_0_3` in `wasm_bindgen_futures`
[INFO] [stdout] 
[INFO] [stdout] error[E0433]: failed to resolve: use of undeclared type `WsEvent`
[INFO] [stdout]   --> src/ws_event.rs:23:47
[INFO] [stdout]    |
[INFO] [stdout] 20 |   let mut evts = ws.observe( Filter::Pointer( WsEvent::is_closed ).into() );
[INFO] [stdout]    |                                               ^^^^^^^ use of undeclared type `WsEvent`
[INFO] [stdout] 
[INFO] [stdout] error[E0433]: failed to resolve: use of undeclared type `WsMeta`
[INFO] [stdout]   --> src/ws_event.rs:17:25
[INFO] [stdout]    |
[INFO] [stdout] 14 |   let (mut ws, _wsio) = WsMeta::connect( "127.0.0.1:3012", None ).await
[INFO] [stdout]    |                         ^^^^^^ use of undeclared type `WsMeta`
[INFO] [stdout]    |
[INFO] [stdout] help: consider importing this struct
[INFO] [stdout]    |
[INFO] [stdout] 2  | use fluvio_ws_stream_wasm::WsMeta;
[INFO] [stdout]    |
[INFO] [stdout] 
[INFO] [stdout] error: aborting due to 3 previous errors
[INFO] [stdout] 
[INFO] [stdout] Some errors have detailed explanations: E0432, E0433.
[INFO] [stdout] For more information about an error, try `rustc --explain E0432`.
[INFO] [stdout] Couldn't compile the test.
[INFO] [stdout] 
[INFO] [stdout] failures:
[INFO] [stdout]     src/ws_event.rs - ws_event::WsEvent (line 5)
[INFO] [stdout] 
[INFO] [stdout] test result: FAILED. 0 passed; 1 failed; 0 ignored; 0 measured; 0 filtered out; finished in 0.05s
[INFO] [stdout] 
[INFO] [stderr] error: doctest failed, to rerun pass `--doc`
[INFO] running `Command { std: "docker" "inspect" "85450e894f52a61c088d9bf3f82e3f3e271a9c1ca7556e5c55186449911b2ac2", kill_on_drop: false }`
[INFO] running `Command { std: "docker" "rm" "-f" "85450e894f52a61c088d9bf3f82e3f3e271a9c1ca7556e5c55186449911b2ac2", kill_on_drop: false }`
[INFO] [stdout] 85450e894f52a61c088d9bf3f82e3f3e271a9c1ca7556e5c55186449911b2ac2
