[INFO] fetching crate fluvio-spu-schema 0.13.1...
[INFO] testing fluvio-spu-schema-0.13.1 against 1.69.0 for beta-1.70-1
[INFO] extracting crate fluvio-spu-schema 0.13.1 into /workspace/builds/worker-0-tc1/source
[INFO] validating manifest of crates.io crate fluvio-spu-schema 0.13.1 on toolchain 1.69.0
[INFO] running `Command { std: CARGO_HOME="/workspace/cargo-home" RUSTUP_HOME="/workspace/rustup-home" "/workspace/cargo-home/bin/cargo" "+1.69.0" "metadata" "--manifest-path" "Cargo.toml" "--no-deps", kill_on_drop: false }`
[INFO] started tweaking crates.io crate fluvio-spu-schema 0.13.1
[INFO] finished tweaking crates.io crate fluvio-spu-schema 0.13.1
[INFO] tweaked toml for crates.io crate fluvio-spu-schema 0.13.1 written to /workspace/builds/worker-0-tc1/source/Cargo.toml
[INFO] running `Command { std: CARGO_HOME="/workspace/cargo-home" RUSTUP_HOME="/workspace/rustup-home" __CARGO_TEST_CHANNEL_OVERRIDE_DO_NOT_USE_THIS="nightly" "/workspace/cargo-home/bin/cargo" "+1.69.0" "generate-lockfile" "--manifest-path" "Cargo.toml" "-Zno-index-update", kill_on_drop: false }`
[INFO] running `Command { std: CARGO_HOME="/workspace/cargo-home" RUSTUP_HOME="/workspace/rustup-home" "/workspace/cargo-home/bin/cargo" "+1.69.0" "fetch" "--manifest-path" "Cargo.toml", kill_on_drop: false }`
[INFO] [stderr]  Downloading crates ...
[INFO] [stderr]   Downloaded fluvio-smartmodule-derive v0.4.0
[INFO] [stderr]   Downloaded educe v0.4.22
[INFO] [stderr]   Downloaded fluvio-smartmodule v0.5.0
[INFO] [stderr]   Downloaded async-fs v1.6.0
[INFO] [stderr]   Downloaded fluvio-test-derive v0.1.1
[INFO] running `Command { std: "docker" "create" "-v" "/var/lib/crater-agent-workspace/builds/worker-0-tc1/target:/opt/rustwide/target:rw,Z" "-v" "/var/lib/crater-agent-workspace/builds/worker-0-tc1/source:/opt/rustwide/workdir:ro,Z" "-v" "/var/lib/crater-agent-workspace/cargo-home:/opt/rustwide/cargo-home:ro,Z" "-v" "/var/lib/crater-agent-workspace/rustup-home:/opt/rustwide/rustup-home:ro,Z" "-e" "SOURCE_DIR=/opt/rustwide/workdir" "-e" "CARGO_TARGET_DIR=/opt/rustwide/target" "-e" "CARGO_HOME=/opt/rustwide/cargo-home" "-e" "RUSTUP_HOME=/opt/rustwide/rustup-home" "-w" "/opt/rustwide/workdir" "-m" "1610612736" "--user" "0:0" "--network" "none" "ghcr.io/rust-lang/crates-build-env/linux@sha256:5ff2268d62e97bff2cde7d5815dd6ed5b47097566f13b8d0ca110b04b60e07ed" "/opt/rustwide/cargo-home/bin/cargo" "+1.69.0" "metadata" "--no-deps" "--format-version=1", kill_on_drop: false }`
[INFO] [stdout] 9e650164ef6fd5f30d1deab269ec6b461125fabba57c490457f8db530574cc4a
[INFO] running `Command { std: "docker" "start" "-a" "9e650164ef6fd5f30d1deab269ec6b461125fabba57c490457f8db530574cc4a", kill_on_drop: false }`
[INFO] running `Command { std: "docker" "inspect" "9e650164ef6fd5f30d1deab269ec6b461125fabba57c490457f8db530574cc4a", kill_on_drop: false }`
[INFO] running `Command { std: "docker" "rm" "-f" "9e650164ef6fd5f30d1deab269ec6b461125fabba57c490457f8db530574cc4a", kill_on_drop: false }`
[INFO] [stdout] 9e650164ef6fd5f30d1deab269ec6b461125fabba57c490457f8db530574cc4a
[INFO] running `Command { std: "docker" "create" "-v" "/var/lib/crater-agent-workspace/builds/worker-0-tc1/target:/opt/rustwide/target:rw,Z" "-v" "/var/lib/crater-agent-workspace/builds/worker-0-tc1/source:/opt/rustwide/workdir:ro,Z" "-v" "/var/lib/crater-agent-workspace/cargo-home:/opt/rustwide/cargo-home:ro,Z" "-v" "/var/lib/crater-agent-workspace/rustup-home:/opt/rustwide/rustup-home:ro,Z" "-e" "SOURCE_DIR=/opt/rustwide/workdir" "-e" "CARGO_TARGET_DIR=/opt/rustwide/target" "-e" "CARGO_INCREMENTAL=0" "-e" "RUST_BACKTRACE=full" "-e" "RUSTFLAGS=--cap-lints=warn" "-e" "RUSTDOCFLAGS=--cap-lints=warn" "-e" "CARGO_HOME=/opt/rustwide/cargo-home" "-e" "RUSTUP_HOME=/opt/rustwide/rustup-home" "-w" "/opt/rustwide/workdir" "-m" "1610612736" "--user" "0:0" "--network" "none" "ghcr.io/rust-lang/crates-build-env/linux@sha256:5ff2268d62e97bff2cde7d5815dd6ed5b47097566f13b8d0ca110b04b60e07ed" "/opt/rustwide/cargo-home/bin/cargo" "+1.69.0" "build" "--frozen" "--message-format=json", kill_on_drop: false }`
[INFO] [stdout] d627943e8a3d2870118b2d661d54740027161a01c9ec69469987d982fe836384
[INFO] running `Command { std: "docker" "start" "-a" "d627943e8a3d2870118b2d661d54740027161a01c9ec69469987d982fe836384", kill_on_drop: false }`
[INFO] [stderr]    Compiling syn v1.0.109
[INFO] [stderr]    Compiling crc32fast v1.3.2
[INFO] [stderr]    Compiling semver v1.0.17
[INFO] [stderr]    Compiling num-traits v0.2.15
[INFO] [stderr]    Compiling thiserror-impl v1.0.40
[INFO] [stderr]    Compiling snap v1.1.0
[INFO] [stderr]    Compiling adler v1.0.2
[INFO] [stderr]    Compiling twox-hash v1.6.3
[INFO] [stderr]    Compiling miniz_oxide v0.7.1
[INFO] [stderr]    Compiling rustc_version v0.4.0
[INFO] [stderr]    Compiling num-integer v0.1.45
[INFO] [stderr]    Compiling num-bigint v0.4.3
[INFO] [stderr]    Compiling eyre v0.6.8
[INFO] [stderr]    Compiling flate2 v1.0.26
[INFO] [stderr]    Compiling crc32c v0.6.3
[INFO] [stderr]    Compiling serde v1.0.160
[INFO] [stderr]    Compiling lz4_flex v0.10.0
[INFO] [stderr]    Compiling indenter v0.3.3
[INFO] [stderr]    Compiling flv-util v0.5.2
[INFO] [stderr]    Compiling content_inspector v0.2.4
[INFO] [stderr]    Compiling thiserror v1.0.40
[INFO] [stderr]    Compiling fluvio-types v0.4.1
[INFO] [stderr]    Compiling fluvio-protocol-derive v0.5.0
[INFO] [stderr]    Compiling enum-ordinalize v3.1.12
[INFO] [stderr]    Compiling fluvio-smartmodule-derive v0.4.0
[INFO] [stderr]    Compiling fluvio-compression v0.2.4
[INFO] [stderr]    Compiling educe v0.4.22
[INFO] [stderr]    Compiling fluvio-protocol v0.9.1
[INFO] [stderr]    Compiling fluvio-smartmodule v0.5.0
[INFO] [stderr]    Compiling fluvio-spu-schema v0.13.1 (/opt/rustwide/workdir)
[INFO] [stderr]     Finished dev [unoptimized + debuginfo] target(s) in 10.51s
[INFO] running `Command { std: "docker" "inspect" "d627943e8a3d2870118b2d661d54740027161a01c9ec69469987d982fe836384", kill_on_drop: false }`
[INFO] running `Command { std: "docker" "rm" "-f" "d627943e8a3d2870118b2d661d54740027161a01c9ec69469987d982fe836384", kill_on_drop: false }`
[INFO] [stdout] d627943e8a3d2870118b2d661d54740027161a01c9ec69469987d982fe836384
[INFO] running `Command { std: "docker" "create" "-v" "/var/lib/crater-agent-workspace/builds/worker-0-tc1/target:/opt/rustwide/target:rw,Z" "-v" "/var/lib/crater-agent-workspace/builds/worker-0-tc1/source:/opt/rustwide/workdir:ro,Z" "-v" "/var/lib/crater-agent-workspace/cargo-home:/opt/rustwide/cargo-home:ro,Z" "-v" "/var/lib/crater-agent-workspace/rustup-home:/opt/rustwide/rustup-home:ro,Z" "-e" "SOURCE_DIR=/opt/rustwide/workdir" "-e" "CARGO_TARGET_DIR=/opt/rustwide/target" "-e" "CARGO_INCREMENTAL=0" "-e" "RUST_BACKTRACE=full" "-e" "RUSTFLAGS=--cap-lints=warn" "-e" "RUSTDOCFLAGS=--cap-lints=warn" "-e" "CARGO_HOME=/opt/rustwide/cargo-home" "-e" "RUSTUP_HOME=/opt/rustwide/rustup-home" "-w" "/opt/rustwide/workdir" "-m" "1610612736" "--user" "0:0" "--network" "none" "ghcr.io/rust-lang/crates-build-env/linux@sha256:5ff2268d62e97bff2cde7d5815dd6ed5b47097566f13b8d0ca110b04b60e07ed" "/opt/rustwide/cargo-home/bin/cargo" "+1.69.0" "test" "--frozen" "--no-run" "--message-format=json", kill_on_drop: false }`
[INFO] [stdout] c74694ce1788d867665c7ab2963ee2f79b373b65d6971e63e66ae6ca84986060
[INFO] running `Command { std: "docker" "start" "-a" "c74694ce1788d867665c7ab2963ee2f79b373b65d6971e63e66ae6ca84986060", kill_on_drop: false }`
[INFO] [stderr]    Compiling value-bag v1.0.0-alpha.9
[INFO] [stderr]    Compiling log v0.4.17
[INFO] [stderr]    Compiling tracing-core v0.1.30
[INFO] [stderr]    Compiling ctor v0.1.26
[INFO] [stderr]    Compiling event-listener v2.5.3
[INFO] [stderr]    Compiling concurrent-queue v2.2.0
[INFO] [stderr]    Compiling parking v2.1.0
[INFO] [stderr]    Compiling waker-fn v1.1.0
[INFO] [stderr]    Compiling io-lifetimes v1.0.10
[INFO] [stderr]    Compiling futures-lite v1.13.0
[INFO] [stderr]    Compiling async-lock v2.7.0
[INFO] [stderr]    Compiling polling v2.8.0
[INFO] [stderr]    Compiling rustix v0.37.18
[INFO] [stderr]    Compiling tracing v0.1.37
[INFO] [stderr]    Compiling async-task v4.4.0
[INFO] [stderr]    Compiling async-channel v1.8.0
[INFO] [stderr]    Compiling async-io v1.13.0
[INFO] [stderr]    Compiling atomic-waker v1.1.1
[INFO] [stderr]    Compiling regex-syntax v0.6.29
[INFO] [stderr]    Compiling fluvio-types v0.4.1
[INFO] [stderr]    Compiling async-executor v1.5.1
[INFO] [stderr]    Compiling async-fs v1.6.0
[INFO] [stderr]    Compiling overload v0.1.1
[INFO] [stderr]    Compiling blocking v1.3.1
[INFO] [stderr]    Compiling fluvio-protocol-derive v0.5.0
[INFO] [stderr]    Compiling flv-util v0.5.2
[INFO] [stderr]    Compiling regex-syntax v0.7.1
[INFO] [stderr]    Compiling nu-ansi-term v0.46.0
[INFO] [stderr]    Compiling tracing-log v0.1.3
[INFO] [stderr]    Compiling kv-log-macro v1.0.7
[INFO] [stderr]    Compiling enum-ordinalize v3.1.12
[INFO] [stderr]    Compiling sharded-slab v0.1.4
[INFO] [stderr]    Compiling fluvio-smartmodule-derive v0.4.0
[INFO] [stderr]    Compiling thread_local v1.1.7
[INFO] [stderr]    Compiling regex-automata v0.1.10
[INFO] [stderr]    Compiling regex v1.8.1
[INFO] [stderr]    Compiling fluvio-protocol v0.9.1
[INFO] [stderr]    Compiling futures-util v0.3.28
[INFO] [stderr]    Compiling educe v0.4.22
[INFO] [stderr]    Compiling matchers v0.1.0
[INFO] [stderr]    Compiling async-global-executor v2.3.1
[INFO] [stderr]    Compiling tracing-subscriber v0.3.17
[INFO] [stderr]    Compiling async-std v1.12.0
[INFO] [stderr]    Compiling fluvio-smartmodule v0.5.0
[INFO] [stderr]    Compiling async-trait v0.1.68
[INFO] [stderr]    Compiling futures-macro v0.3.28
[INFO] [stderr]    Compiling fluvio-test-derive v0.1.1
[INFO] [stderr]    Compiling fluvio-spu-schema v0.13.1 (/opt/rustwide/workdir)
[INFO] [stderr]    Compiling fluvio-future v0.4.5
[INFO] [stdout] error[E0432]: unresolved import `futures_util::io`
[INFO] [stdout]  --> tests/file_fetch.rs:6:19
[INFO] [stdout]   |
[INFO] [stdout] 6 | use futures_util::io::AsyncWriteExt;
[INFO] [stdout]   |                   ^^ could not find `io` in `futures_util`
[INFO] [stdout] 
[INFO] [stdout] 
[INFO] [stdout] error[E0432]: unresolved import `fluvio_future::net`
[INFO] [stdout]   --> tests/file_fetch.rs:13:20
[INFO] [stdout]    |
[INFO] [stdout] 13 | use fluvio_future::net::TcpListener;
[INFO] [stdout]    |                    ^^^ could not find `net` in `fluvio_future`
[INFO] [stdout] 
[INFO] [stdout] 
[INFO] [stdout] error[E0432]: unresolved imports `fluvio_spu_schema::fetch::FileFetchResponse`, `fluvio_spu_schema::fetch::FileFetchRequest`, `fluvio_spu_schema::fetch::FilePartitionResponse`, `fluvio_spu_schema::fetch::FileTopicResponse`
[INFO] [stdout]   --> tests/file_fetch.rs:19:26
[INFO] [stdout]    |
[INFO] [stdout] 19 |     DefaultFetchRequest, FileFetchResponse, FileFetchRequest, FilePartitionResponse,
[INFO] [stdout]    |                          ^^^^^^^^^^^^^^^^^  ^^^^^^^^^^^^^^^^  ^^^^^^^^^^^^^^^^^^^^^ no `FilePartitionResponse` in `fetch`
[INFO] [stdout]    |                          |                  |
[INFO] [stdout]    |                          |                  no `FileFetchRequest` in `fetch`
[INFO] [stdout]    |                          no `FileFetchResponse` in `fetch`
[INFO] [stdout] 20 |     FileTopicResponse,
[INFO] [stdout]    |     ^^^^^^^^^^^^^^^^^ no `FileTopicResponse` in `fetch`
[INFO] [stdout]    |
[INFO] [stdout] help: a similar name exists in the module
[INFO] [stdout]    |
[INFO] [stdout] 19 |     DefaultFetchRequest, FetchResponse, FileFetchRequest, FilePartitionResponse,
[INFO] [stdout]    |                          ~~~~~~~~~~~~~
[INFO] [stdout] help: a similar name exists in the module
[INFO] [stdout]    |
[INFO] [stdout] 19 |     DefaultFetchRequest, FileFetchResponse, FetchRequest, FilePartitionResponse,
[INFO] [stdout]    |                                             ~~~~~~~~~~~~
[INFO] [stdout] help: a similar name exists in the module
[INFO] [stdout]    |
[INFO] [stdout] 19 |     DefaultFetchRequest, FileFetchResponse, FileFetchRequest, FetchablePartitionResponse,
[INFO] [stdout]    |                                                               ~~~~~~~~~~~~~~~~~~~~~~~~~~
[INFO] [stdout] 
[INFO] [stdout] 
[INFO] [stdout] error[E0432]: unresolved import `fluvio_socket`
[INFO] [stdout]   --> tests/file_fetch.rs:22:5
[INFO] [stdout]    |
[INFO] [stdout] 22 | use fluvio_socket::SocketError;
[INFO] [stdout]    |     ^^^^^^^^^^^^^ use of undeclared crate or module `fluvio_socket`
[INFO] [stdout] 
[INFO] [stdout] 
[INFO] [stdout] error[E0432]: unresolved import `fluvio_socket`
[INFO] [stdout]   --> tests/file_fetch.rs:25:5
[INFO] [stdout]    |
[INFO] [stdout] 25 | use fluvio_socket::FluvioSocket;
[INFO] [stdout]    |     ^^^^^^^^^^^^^ use of undeclared crate or module `fluvio_socket`
[INFO] [stdout] 
[INFO] [stdout] 
[INFO] [stdout] warning: unused import: `Request`
[INFO] [stdout]   --> tests/file_fetch.rs:15:28
[INFO] [stdout]    |
[INFO] [stdout] 15 | use fluvio_protocol::api::{Request, ResponseMessage, RequestMessage};
[INFO] [stdout]    |                            ^^^^^^^
[INFO] [stdout]    |
[INFO] [stdout]    = note: `#[warn(unused_imports)]` on by default
[INFO] [stdout] 
[INFO] [stdout] 
[INFO] [stdout] error[E0599]: no method named `write_all` found for struct `fluvio_future::fs::File` in the current scope
[INFO] [stdout]   --> tests/file_fetch.rs:51:10
[INFO] [stdout]    |
[INFO] [stdout] 51 |     file.write_all(bytes.as_ref()).await?;
[INFO] [stdout]    |          ^^^^^^^^^ method not found in `File`
[INFO] [stdout]    |
[INFO] [stdout]    = help: items from traits can only be used if the trait is in scope
[INFO] [stdout] help: the following traits are implemented but not in scope; perhaps add a `use` for one of them:
[INFO] [stdout]    |
[INFO] [stdout] 1  | use async_std::io::write::WriteExt;
[INFO] [stdout]    |
[INFO] [stdout] 1  | use futures_lite::io::AsyncWriteExt;
[INFO] [stdout]    |
[INFO] [stdout] 1  | use std::io::Write;
[INFO] [stdout]    |
[INFO] [stdout] 
[INFO] [stdout] 
[INFO] [stdout] warning: unused import: `futures_util::stream::StreamExt`
[INFO] [stdout]  --> tests/file_fetch.rs:8:5
[INFO] [stdout]   |
[INFO] [stdout] 8 | use futures_util::stream::StreamExt;
[INFO] [stdout]   |     ^^^^^^^^^^^^^^^^^^^^^^^^^^^^^^^
[INFO] [stdout] 
[INFO] [stdout] 
[INFO] [stdout] error: aborting due to 6 previous errors; 2 warnings emitted
[INFO] [stdout] 
[INFO] [stdout] 
[INFO] [stdout] Some errors have detailed explanations: E0432, E0599.
[INFO] [stdout] 
[INFO] [stdout] For more information about an error, try `rustc --explain E0432`.
[INFO] [stdout] 
[INFO] [stderr] error: could not compile `fluvio-spu-schema` due to 7 previous errors; 2 warnings emitted
[INFO] [stderr] warning: build failed, waiting for other jobs to finish...
[INFO] running `Command { std: "docker" "inspect" "c74694ce1788d867665c7ab2963ee2f79b373b65d6971e63e66ae6ca84986060", kill_on_drop: false }`
[INFO] running `Command { std: "docker" "rm" "-f" "c74694ce1788d867665c7ab2963ee2f79b373b65d6971e63e66ae6ca84986060", kill_on_drop: false }`
[INFO] [stdout] c74694ce1788d867665c7ab2963ee2f79b373b65d6971e63e66ae6ca84986060
