[INFO] fetching crate fluid 0.4.1...
[INFO] testing fluid-0.4.1 against 1.69.0 for beta-1.70-1
[INFO] extracting crate fluid 0.4.1 into /workspace/builds/worker-1-tc1/source
[INFO] validating manifest of crates.io crate fluid 0.4.1 on toolchain 1.69.0
[INFO] running `Command { std: CARGO_HOME="/workspace/cargo-home" RUSTUP_HOME="/workspace/rustup-home" "/workspace/cargo-home/bin/cargo" "+1.69.0" "metadata" "--manifest-path" "Cargo.toml" "--no-deps", kill_on_drop: false }`
[INFO] started tweaking crates.io crate fluid 0.4.1
[INFO] finished tweaking crates.io crate fluid 0.4.1
[INFO] tweaked toml for crates.io crate fluid 0.4.1 written to /workspace/builds/worker-1-tc1/source/Cargo.toml
[INFO] running `Command { std: CARGO_HOME="/workspace/cargo-home" RUSTUP_HOME="/workspace/rustup-home" __CARGO_TEST_CHANNEL_OVERRIDE_DO_NOT_USE_THIS="nightly" "/workspace/cargo-home/bin/cargo" "+1.69.0" "generate-lockfile" "--manifest-path" "Cargo.toml" "-Zno-index-update", kill_on_drop: false }`
[INFO] running `Command { std: CARGO_HOME="/workspace/cargo-home" RUSTUP_HOME="/workspace/rustup-home" "/workspace/cargo-home/bin/cargo" "+1.69.0" "fetch" "--manifest-path" "Cargo.toml", kill_on_drop: false }`
[INFO] [stderr]  Downloading crates ...
[INFO] [stderr]   Downloaded fluid_attributes v0.4.0
[INFO] running `Command { std: "docker" "create" "-v" "/var/lib/crater-agent-workspace/builds/worker-1-tc1/target:/opt/rustwide/target:rw,Z" "-v" "/var/lib/crater-agent-workspace/builds/worker-1-tc1/source:/opt/rustwide/workdir:ro,Z" "-v" "/var/lib/crater-agent-workspace/cargo-home:/opt/rustwide/cargo-home:ro,Z" "-v" "/var/lib/crater-agent-workspace/rustup-home:/opt/rustwide/rustup-home:ro,Z" "-e" "SOURCE_DIR=/opt/rustwide/workdir" "-e" "CARGO_TARGET_DIR=/opt/rustwide/target" "-e" "CARGO_HOME=/opt/rustwide/cargo-home" "-e" "RUSTUP_HOME=/opt/rustwide/rustup-home" "-w" "/opt/rustwide/workdir" "-m" "1610612736" "--user" "0:0" "--network" "none" "ghcr.io/rust-lang/crates-build-env/linux@sha256:5ff2268d62e97bff2cde7d5815dd6ed5b47097566f13b8d0ca110b04b60e07ed" "/opt/rustwide/cargo-home/bin/cargo" "+1.69.0" "metadata" "--no-deps" "--format-version=1", kill_on_drop: false }`
[INFO] [stdout] ff8dc7ba9bbbe77ac7e259697bd7f3ba108bea3ffa1ce7d6de766526c71cc4ed
[INFO] running `Command { std: "docker" "start" "-a" "ff8dc7ba9bbbe77ac7e259697bd7f3ba108bea3ffa1ce7d6de766526c71cc4ed", kill_on_drop: false }`
[INFO] running `Command { std: "docker" "inspect" "ff8dc7ba9bbbe77ac7e259697bd7f3ba108bea3ffa1ce7d6de766526c71cc4ed", kill_on_drop: false }`
[INFO] running `Command { std: "docker" "rm" "-f" "ff8dc7ba9bbbe77ac7e259697bd7f3ba108bea3ffa1ce7d6de766526c71cc4ed", kill_on_drop: false }`
[INFO] [stdout] ff8dc7ba9bbbe77ac7e259697bd7f3ba108bea3ffa1ce7d6de766526c71cc4ed
[INFO] running `Command { std: "docker" "create" "-v" "/var/lib/crater-agent-workspace/builds/worker-1-tc1/target:/opt/rustwide/target:rw,Z" "-v" "/var/lib/crater-agent-workspace/builds/worker-1-tc1/source:/opt/rustwide/workdir:ro,Z" "-v" "/var/lib/crater-agent-workspace/cargo-home:/opt/rustwide/cargo-home:ro,Z" "-v" "/var/lib/crater-agent-workspace/rustup-home:/opt/rustwide/rustup-home:ro,Z" "-e" "SOURCE_DIR=/opt/rustwide/workdir" "-e" "CARGO_TARGET_DIR=/opt/rustwide/target" "-e" "CARGO_INCREMENTAL=0" "-e" "RUST_BACKTRACE=full" "-e" "RUSTFLAGS=--cap-lints=warn" "-e" "RUSTDOCFLAGS=--cap-lints=warn" "-e" "CARGO_HOME=/opt/rustwide/cargo-home" "-e" "RUSTUP_HOME=/opt/rustwide/rustup-home" "-w" "/opt/rustwide/workdir" "-m" "1610612736" "--user" "0:0" "--network" "none" "ghcr.io/rust-lang/crates-build-env/linux@sha256:5ff2268d62e97bff2cde7d5815dd6ed5b47097566f13b8d0ca110b04b60e07ed" "/opt/rustwide/cargo-home/bin/cargo" "+1.69.0" "build" "--frozen" "--message-format=json", kill_on_drop: false }`
[INFO] [stdout] 499f3ef451098c859f433d979a2e11e3bf71bc1274a9ebf4e3cd387e432876e6
[INFO] running `Command { std: "docker" "start" "-a" "499f3ef451098c859f433d979a2e11e3bf71bc1274a9ebf4e3cd387e432876e6", kill_on_drop: false }`
[INFO] [stderr]    Compiling autocfg v1.1.0
[INFO] [stderr]    Compiling rand_core v0.4.2
[INFO] [stderr]    Compiling libc v0.2.142
[INFO] [stderr]    Compiling proc-macro2 v0.4.30
[INFO] [stderr]    Compiling unicode-xid v0.1.0
[INFO] [stderr]    Compiling syn v0.15.44
[INFO] [stderr]    Compiling lazy_static v1.4.0
[INFO] [stderr]    Compiling rand_core v0.3.1
[INFO] [stderr]    Compiling rand_jitter v0.1.4
[INFO] [stderr]    Compiling rand_hc v0.1.0
[INFO] [stderr]    Compiling autocfg v0.1.8
[INFO] [stderr]    Compiling rand_xorshift v0.1.1
[INFO] [stderr]    Compiling rand_isaac v0.1.1
[INFO] [stderr]    Compiling rand_pcg v0.1.2
[INFO] [stderr]    Compiling rand_chacha v0.1.1
[INFO] [stderr]    Compiling rand v0.6.5
[INFO] [stderr]    Compiling quote v0.6.13
[INFO] [stderr]    Compiling rand_os v0.1.3
[INFO] [stderr]    Compiling atty v0.2.14
[INFO] [stderr]    Compiling colored v1.9.3
[INFO] [stderr]    Compiling uuid v0.7.4
[INFO] [stderr]    Compiling fluid_attributes v0.4.0
[INFO] [stderr]    Compiling fluid v0.4.1 (/opt/rustwide/workdir)
[INFO] [stdout] warning: field `containing_truthness` is never read
[INFO] [stdout]   --> src/assertions/result/be_an_error.rs:9:31
[INFO] [stdout]    |
[INFO] [stdout] 7  | pub struct BeAnError<O: Debug, E: Debug> {
[INFO] [stdout]    |            --------- field in this struct
[INFO] [stdout] 8  |     pub(in crate::assertions) should: ShouldImpl<Result<O, E>>,
[INFO] [stdout] 9  |     pub(in crate::assertions) containing_truthness: bool,
[INFO] [stdout]    |                               ^^^^^^^^^^^^^^^^^^^^
[INFO] [stdout]    |
[INFO] [stdout]    = note: `BeAnError` has a derived impl for the trait `Debug`, but this is intentionally ignored during dead code analysis
[INFO] [stdout] note: the lint level is defined here
[INFO] [stdout]   --> src/lib.rs:57:9
[INFO] [stdout]    |
[INFO] [stdout] 57 | #![deny(unused)]
[INFO] [stdout]    |         ^^^^^^
[INFO] [stdout]    = note: `#[warn(dead_code)]` implied by `#[warn(unused)]`
[INFO] [stdout] 
[INFO] [stdout] 
[INFO] [stdout] warning: field `containing_truthness` is never read
[INFO] [stdout]  --> src/assertions/result/be_ok.rs:9:31
[INFO] [stdout]   |
[INFO] [stdout] 7 | pub struct BeOk<O: Debug, E: Debug> {
[INFO] [stdout]   |            ---- field in this struct
[INFO] [stdout] 8 |     pub(in crate::assertions) should: ShouldImpl<Result<O, E>>,
[INFO] [stdout] 9 |     pub(in crate::assertions) containing_truthness: bool,
[INFO] [stdout]   |                               ^^^^^^^^^^^^^^^^^^^^
[INFO] [stdout]   |
[INFO] [stdout]   = note: `BeOk` has a derived impl for the trait `Debug`, but this is intentionally ignored during dead code analysis
[INFO] [stdout] 
[INFO] [stdout] 
[INFO] [stdout] warning: panic message is not a string literal
[INFO] [stdout]   --> src/core/information.rs:57:16
[INFO] [stdout]    |
[INFO] [stdout] 57 |         panic!(FluidPanic(msg))
[INFO] [stdout]    |         ------ ^^^^^^^^^^^^^^^
[INFO] [stdout]    |         |
[INFO] [stdout]    |         help: use std::panic::panic_any instead: `std::panic::panic_any`
[INFO] [stdout]    |
[INFO] [stdout]    = note: this usage of `panic!()` is deprecated; it will be a hard error in Rust 2021
[INFO] [stdout]    = note: for more information, see <https://doc.rust-lang.org/nightly/edition-guide/rust-2021/panic-macro-consistency.html>
[INFO] [stdout]    = note: `#[warn(non_fmt_panics)]` on by default
[INFO] [stdout] 
[INFO] [stdout] 
[INFO] [stdout] warning: 3 warnings emitted
[INFO] [stdout] 
[INFO] [stdout] 
[INFO] [stderr]     Finished dev [unoptimized + debuginfo] target(s) in 14.55s
[INFO] running `Command { std: "docker" "inspect" "499f3ef451098c859f433d979a2e11e3bf71bc1274a9ebf4e3cd387e432876e6", kill_on_drop: false }`
[INFO] running `Command { std: "docker" "rm" "-f" "499f3ef451098c859f433d979a2e11e3bf71bc1274a9ebf4e3cd387e432876e6", kill_on_drop: false }`
[INFO] [stdout] 499f3ef451098c859f433d979a2e11e3bf71bc1274a9ebf4e3cd387e432876e6
[INFO] running `Command { std: "docker" "create" "-v" "/var/lib/crater-agent-workspace/builds/worker-1-tc1/target:/opt/rustwide/target:rw,Z" "-v" "/var/lib/crater-agent-workspace/builds/worker-1-tc1/source:/opt/rustwide/workdir:ro,Z" "-v" "/var/lib/crater-agent-workspace/cargo-home:/opt/rustwide/cargo-home:ro,Z" "-v" "/var/lib/crater-agent-workspace/rustup-home:/opt/rustwide/rustup-home:ro,Z" "-e" "SOURCE_DIR=/opt/rustwide/workdir" "-e" "CARGO_TARGET_DIR=/opt/rustwide/target" "-e" "CARGO_INCREMENTAL=0" "-e" "RUST_BACKTRACE=full" "-e" "RUSTFLAGS=--cap-lints=warn" "-e" "RUSTDOCFLAGS=--cap-lints=warn" "-e" "CARGO_HOME=/opt/rustwide/cargo-home" "-e" "RUSTUP_HOME=/opt/rustwide/rustup-home" "-w" "/opt/rustwide/workdir" "-m" "1610612736" "--user" "0:0" "--network" "none" "ghcr.io/rust-lang/crates-build-env/linux@sha256:5ff2268d62e97bff2cde7d5815dd6ed5b47097566f13b8d0ca110b04b60e07ed" "/opt/rustwide/cargo-home/bin/cargo" "+1.69.0" "test" "--frozen" "--no-run" "--message-format=json", kill_on_drop: false }`
[INFO] [stdout] 7647fbeae8bc2f9357d050504c5208a87b69eb91995b8e2dcf6f893b576f3f6b
[INFO] running `Command { std: "docker" "start" "-a" "7647fbeae8bc2f9357d050504c5208a87b69eb91995b8e2dcf6f893b576f3f6b", kill_on_drop: false }`
[INFO] [stdout] warning: field `containing_truthness` is never read
[INFO] [stdout]   --> src/assertions/result/be_an_error.rs:9:31
[INFO] [stdout]    |
[INFO] [stdout] 7  | pub struct BeAnError<O: Debug, E: Debug> {
[INFO] [stdout]    |            --------- field in this struct
[INFO] [stdout] 8  |     pub(in crate::assertions) should: ShouldImpl<Result<O, E>>,
[INFO] [stdout] 9  |     pub(in crate::assertions) containing_truthness: bool,
[INFO] [stdout]    |                               ^^^^^^^^^^^^^^^^^^^^
[INFO] [stdout]    |
[INFO] [stdout]    = note: `BeAnError` has a derived impl for the trait `Debug`, but this is intentionally ignored during dead code analysis
[INFO] [stdout] note: the lint level is defined here
[INFO] [stdout]   --> src/lib.rs:57:9
[INFO] [stdout]    |
[INFO] [stdout] 57 | #![deny(unused)]
[INFO] [stdout]    |         ^^^^^^
[INFO] [stdout]    = note: `#[warn(dead_code)]` implied by `#[warn(unused)]`
[INFO] [stdout] 
[INFO] [stdout] 
[INFO] [stdout] warning: field `containing_truthness` is never read
[INFO] [stdout]  --> src/assertions/result/be_ok.rs:9:31
[INFO] [stdout]   |
[INFO] [stdout] 7 | pub struct BeOk<O: Debug, E: Debug> {
[INFO] [stdout]   |            ---- field in this struct
[INFO] [stdout] 8 |     pub(in crate::assertions) should: ShouldImpl<Result<O, E>>,
[INFO] [stdout] 9 |     pub(in crate::assertions) containing_truthness: bool,
[INFO] [stdout]   |                               ^^^^^^^^^^^^^^^^^^^^
[INFO] [stdout]   |
[INFO] [stdout]   = note: `BeOk` has a derived impl for the trait `Debug`, but this is intentionally ignored during dead code analysis
[INFO] [stdout] 
[INFO] [stdout] 
[INFO] [stderr]    Compiling fluid v0.4.1 (/opt/rustwide/workdir)
[INFO] [stdout] warning: panic message is not a string literal
[INFO] [stdout]   --> src/core/information.rs:57:16
[INFO] [stdout]    |
[INFO] [stdout] 57 |         panic!(FluidPanic(msg))
[INFO] [stdout]    |         ------ ^^^^^^^^^^^^^^^
[INFO] [stdout]    |         |
[INFO] [stdout]    |         help: use std::panic::panic_any instead: `std::panic::panic_any`
[INFO] [stdout]    |
[INFO] [stdout]    = note: this usage of `panic!()` is deprecated; it will be a hard error in Rust 2021
[INFO] [stdout]    = note: for more information, see <https://doc.rust-lang.org/nightly/edition-guide/rust-2021/panic-macro-consistency.html>
[INFO] [stdout]    = note: `#[warn(non_fmt_panics)]` on by default
[INFO] [stdout] 
[INFO] [stdout] 
[INFO] [stdout] warning: 3 warnings emitted
[INFO] [stdout] 
[INFO] [stdout] 
[INFO] [stdout] warning: field `containing_truthness` is never read
[INFO] [stdout]   --> src/assertions/result/be_an_error.rs:9:31
[INFO] [stdout]    |
[INFO] [stdout] 7  | pub struct BeAnError<O: Debug, E: Debug> {
[INFO] [stdout]    |            --------- field in this struct
[INFO] [stdout] 8  |     pub(in crate::assertions) should: ShouldImpl<Result<O, E>>,
[INFO] [stdout] 9  |     pub(in crate::assertions) containing_truthness: bool,
[INFO] [stdout]    |                               ^^^^^^^^^^^^^^^^^^^^
[INFO] [stdout]    |
[INFO] [stdout]    = note: `BeAnError` has a derived impl for the trait `Debug`, but this is intentionally ignored during dead code analysis
[INFO] [stdout] note: the lint level is defined here
[INFO] [stdout]   --> src/lib.rs:57:9
[INFO] [stdout]    |
[INFO] [stdout] 57 | #![deny(unused)]
[INFO] [stdout]    |         ^^^^^^
[INFO] [stdout]    = note: `#[warn(dead_code)]` implied by `#[warn(unused)]`
[INFO] [stdout] 
[INFO] [stdout] 
[INFO] [stdout] warning: field `containing_truthness` is never read
[INFO] [stdout]  --> src/assertions/result/be_ok.rs:9:31
[INFO] [stdout]   |
[INFO] [stdout] 7 | pub struct BeOk<O: Debug, E: Debug> {
[INFO] [stdout]   |            ---- field in this struct
[INFO] [stdout] 8 |     pub(in crate::assertions) should: ShouldImpl<Result<O, E>>,
[INFO] [stdout] 9 |     pub(in crate::assertions) containing_truthness: bool,
[INFO] [stdout]   |                               ^^^^^^^^^^^^^^^^^^^^
[INFO] [stdout]   |
[INFO] [stdout]   = note: `BeOk` has a derived impl for the trait `Debug`, but this is intentionally ignored during dead code analysis
[INFO] [stdout] 
[INFO] [stdout] 
[INFO] [stdout] warning: panic message is not a string literal
[INFO] [stdout]   --> src/core/information.rs:57:16
[INFO] [stdout]    |
[INFO] [stdout] 57 |         panic!(FluidPanic(msg))
[INFO] [stdout]    |         ------ ^^^^^^^^^^^^^^^
[INFO] [stdout]    |         |
[INFO] [stdout]    |         help: use std::panic::panic_any instead: `std::panic::panic_any`
[INFO] [stdout]    |
[INFO] [stdout]    = note: this usage of `panic!()` is deprecated; it will be a hard error in Rust 2021
[INFO] [stdout]    = note: for more information, see <https://doc.rust-lang.org/nightly/edition-guide/rust-2021/panic-macro-consistency.html>
[INFO] [stdout]    = note: `#[warn(non_fmt_panics)]` on by default
[INFO] [stdout] 
[INFO] [stdout] 
[INFO] [stdout] warning: 3 warnings emitted
[INFO] [stdout] 
[INFO] [stdout] 
[INFO] [stderr]     Finished test [unoptimized + debuginfo] target(s) in 1.39s
[INFO] running `Command { std: "docker" "inspect" "7647fbeae8bc2f9357d050504c5208a87b69eb91995b8e2dcf6f893b576f3f6b", kill_on_drop: false }`
[INFO] running `Command { std: "docker" "rm" "-f" "7647fbeae8bc2f9357d050504c5208a87b69eb91995b8e2dcf6f893b576f3f6b", kill_on_drop: false }`
[INFO] [stdout] 7647fbeae8bc2f9357d050504c5208a87b69eb91995b8e2dcf6f893b576f3f6b
[INFO] running `Command { std: "docker" "create" "-v" "/var/lib/crater-agent-workspace/builds/worker-1-tc1/target:/opt/rustwide/target:rw,Z" "-v" "/var/lib/crater-agent-workspace/builds/worker-1-tc1/source:/opt/rustwide/workdir:ro,Z" "-v" "/var/lib/crater-agent-workspace/cargo-home:/opt/rustwide/cargo-home:ro,Z" "-v" "/var/lib/crater-agent-workspace/rustup-home:/opt/rustwide/rustup-home:ro,Z" "-e" "SOURCE_DIR=/opt/rustwide/workdir" "-e" "CARGO_TARGET_DIR=/opt/rustwide/target" "-e" "CARGO_INCREMENTAL=0" "-e" "RUST_BACKTRACE=full" "-e" "RUSTFLAGS=--cap-lints=warn" "-e" "RUSTDOCFLAGS=--cap-lints=warn" "-e" "CARGO_HOME=/opt/rustwide/cargo-home" "-e" "RUSTUP_HOME=/opt/rustwide/rustup-home" "-w" "/opt/rustwide/workdir" "-m" "1610612736" "--user" "0:0" "--network" "none" "ghcr.io/rust-lang/crates-build-env/linux@sha256:5ff2268d62e97bff2cde7d5815dd6ed5b47097566f13b8d0ca110b04b60e07ed" "/opt/rustwide/cargo-home/bin/cargo" "+1.69.0" "test" "--frozen", kill_on_drop: false }`
[INFO] [stdout] 3aaac3b0e5ae22218db0ebc4f39985f8eb84ff99b84c926da96e7bfe25f98c6f
[INFO] running `Command { std: "docker" "start" "-a" "3aaac3b0e5ae22218db0ebc4f39985f8eb84ff99b84c926da96e7bfe25f98c6f", kill_on_drop: false }`
[INFO] [stderr] warning: field `containing_truthness` is never read
[INFO] [stderr]   --> src/assertions/result/be_an_error.rs:9:31
[INFO] [stderr]    |
[INFO] [stderr] 7  | pub struct BeAnError<O: Debug, E: Debug> {
[INFO] [stderr]    |            --------- field in this struct
[INFO] [stderr] 8  |     pub(in crate::assertions) should: ShouldImpl<Result<O, E>>,
[INFO] [stderr] 9  |     pub(in crate::assertions) containing_truthness: bool,
[INFO] [stderr]    |                               ^^^^^^^^^^^^^^^^^^^^
[INFO] [stderr]    |
[INFO] [stderr]    = note: `BeAnError` has a derived impl for the trait `Debug`, but this is intentionally ignored during dead code analysis
[INFO] [stderr] note: the lint level is defined here
[INFO] [stderr]   --> src/lib.rs:57:9
[INFO] [stderr]    |
[INFO] [stderr] 57 | #![deny(unused)]
[INFO] [stderr]    |         ^^^^^^
[INFO] [stderr]    = note: `#[warn(dead_code)]` implied by `#[warn(unused)]`
[INFO] [stderr] 
[INFO] [stderr] warning: field `containing_truthness` is never read
[INFO] [stderr]  --> src/assertions/result/be_ok.rs:9:31
[INFO] [stderr]   |
[INFO] [stderr] 7 | pub struct BeOk<O: Debug, E: Debug> {
[INFO] [stderr]   |            ---- field in this struct
[INFO] [stderr] 8 |     pub(in crate::assertions) should: ShouldImpl<Result<O, E>>,
[INFO] [stderr] 9 |     pub(in crate::assertions) containing_truthness: bool,
[INFO] [stderr]   |                               ^^^^^^^^^^^^^^^^^^^^
[INFO] [stderr]   |
[INFO] [stderr]   = note: `BeOk` has a derived impl for the trait `Debug`, but this is intentionally ignored during dead code analysis
[INFO] [stderr] 
[INFO] [stderr] warning: panic message is not a string literal
[INFO] [stderr]   --> src/core/information.rs:57:16
[INFO] [stderr]    |
[INFO] [stderr] 57 |         panic!(FluidPanic(msg))
[INFO] [stderr]    |         ------ ^^^^^^^^^^^^^^^
[INFO] [stderr]    |         |
[INFO] [stderr]    |         help: use std::panic::panic_any instead: `std::panic::panic_any`
[INFO] [stderr]    |
[INFO] [stderr]    = note: this usage of `panic!()` is deprecated; it will be a hard error in Rust 2021
[INFO] [stderr]    = note: for more information, see <https://doc.rust-lang.org/nightly/edition-guide/rust-2021/panic-macro-consistency.html>
[INFO] [stderr]    = note: `#[warn(non_fmt_panics)]` on by default
[INFO] [stderr] 
[INFO] [stderr] warning: `fluid` (lib) generated 3 warnings (run `cargo fix --lib -p fluid` to apply 1 suggestion)
[INFO] [stderr] warning: `fluid` (lib test) generated 3 warnings (3 duplicates)
[INFO] [stderr]     Finished test [unoptimized + debuginfo] target(s) in 0.03s
[INFO] [stderr]      Running unittests src/lib.rs (/opt/rustwide/target/debug/deps/fluid-994645575aa32e40)
[INFO] [stdout] 
[INFO] [stdout] running 31 tests
[INFO] [stdout] test assertions::collection::be_empty::test::empty - should panic ... ok
[INFO] [stdout] test assertions::iterator::tests::result_yield_assertion ... ok
[INFO] [stdout] test assertions::iterator::tests::option_yield_assertion ... ok
[INFO] [stdout] test assertions::iterator::tests::slice_yield_assertion ... ok
[INFO] [stdout] test tests::chained_both_negated_test ... ok
[INFO] [stdout] test tests::chained_second_negated_test ... ok
[INFO] [stdout] test tests::chained_negated_test_second_fails - should panic ... ok
[INFO] [stdout] test tests::chained_test_second_fails - should panic ... ok
[INFO] [stdout] test tests::chained_test ... ok
[INFO] [stdout] test tests::chained_first_negated_test ... ok
[INFO] [stdout] test tests::is_even::case_4 ... ok
[INFO] [stdout] test tests::is_even::case_0 ... ok
[INFO] [stdout] test tests::session::content::case_bar ... FAILED
[INFO] [stdout] test tests::chained_negated_test_first_fails - should panic ... ok
[INFO] [stdout] test tests::is_even::case_2 ... ok
[INFO] [stdout] test tests::session::content::case_qux ... FAILED
[INFO] [stdout] test tests::session::dummy ... FAILED
[INFO] [stdout] test tests::session::first_test ... ok
[INFO] [stdout] test tests::session::theory_test::case_0 ... ok
[INFO] [stdout] test tests::simple_negated_test ... ok
[INFO] [stdout] test tests::simple_negated_test_fails - should panic ... ok
[INFO] [stdout] test tests::simple_test ... ok
[INFO] [stdout] test tests::simple_test_fails - should panic ... ok
[INFO] [stdout] test tests::test_with_explanation ... ok
[INFO] [stdout] test tests::test_with_explanation_fails - should panic ... ok
[INFO] [stdout] test wiki::theory::test::each_creature_has_a_correct_number_of_faces::case_cerberus_3 ... ok
[INFO] [stdout] test wiki::theory::test::each_creature_has_a_correct_number_of_faces::case_hydra_7 ... ok
[INFO] [stdout] test wiki::theory::test::each_creature_has_a_correct_number_of_faces::case_janus_2 ... ok
[INFO] [stdout] test wiki::theory::test::each_creature_has_a_correct_number_of_faces::case_normal_guy_1 ... ok
[INFO] [stderr] error: test failed, to rerun pass `--lib`
[INFO] [stdout] test tests::session::content::case_foo ... FAILED
[INFO] [stdout] test tests::chained_test_first_fails - should panic ... ok
[INFO] [stdout] 
[INFO] [stdout] failures:
[INFO] [stdout] 
[INFO] [stdout] ---- tests::session::content::case_bar stdout ----
[INFO] [stdout] panicked at 'called `Result::unwrap()` on an `Err` value: Os { code: 30, kind: ReadOnlyFilesystem, message: "Read-only file system" }', src/tests/session.rs:47:10
[INFO] [stdout] 
[INFO] [stdout] ---- tests::session::content::case_qux stdout ----
[INFO] [stdout] panicked at 'called `Result::unwrap()` on an `Err` value: Os { code: 30, kind: ReadOnlyFilesystem, message: "Read-only file system" }', src/tests/session.rs:47:10
[INFO] [stdout] 
[INFO] [stdout] ---- tests::session::dummy stdout ----
[INFO] [stdout] panicked at 'called `Result::unwrap()` on an `Err` value: Os { code: 30, kind: ReadOnlyFilesystem, message: "Read-only file system" }', src/tests/session.rs:47:10
[INFO] [stdout] 
[INFO] [stdout] ---- tests::session::content::case_foo stdout ----
[INFO] [stdout] panicked at 'called `Result::unwrap()` on an `Err` value: Os { code: 30, kind: ReadOnlyFilesystem, message: "Read-only file system" }', src/tests/session.rs:47:10
[INFO] [stdout] 
[INFO] [stdout] 
[INFO] [stdout] failures:
[INFO] [stdout]     tests::session::content::case_bar
[INFO] [stdout]     tests::session::content::case_foo
[INFO] [stdout]     tests::session::content::case_qux
[INFO] [stdout]     tests::session::dummy
[INFO] [stdout] 
[INFO] [stdout] test result: FAILED. 27 passed; 4 failed; 0 ignored; 0 measured; 0 filtered out; finished in 0.02s
[INFO] [stdout] 
[INFO] running `Command { std: "docker" "inspect" "3aaac3b0e5ae22218db0ebc4f39985f8eb84ff99b84c926da96e7bfe25f98c6f", kill_on_drop: false }`
[INFO] running `Command { std: "docker" "rm" "-f" "3aaac3b0e5ae22218db0ebc4f39985f8eb84ff99b84c926da96e7bfe25f98c6f", kill_on_drop: false }`
[INFO] [stdout] 3aaac3b0e5ae22218db0ebc4f39985f8eb84ff99b84c926da96e7bfe25f98c6f
