[INFO] fetching crate fluent-impl 0.2.0...
[INFO] testing fluent-impl-0.2.0 against 1.69.0 for beta-1.70-1
[INFO] extracting crate fluent-impl 0.2.0 into /workspace/builds/worker-3-tc1/source
[INFO] validating manifest of crates.io crate fluent-impl 0.2.0 on toolchain 1.69.0
[INFO] running `Command { std: CARGO_HOME="/workspace/cargo-home" RUSTUP_HOME="/workspace/rustup-home" "/workspace/cargo-home/bin/cargo" "+1.69.0" "metadata" "--manifest-path" "Cargo.toml" "--no-deps", kill_on_drop: false }`
[INFO] started tweaking crates.io crate fluent-impl 0.2.0
[INFO] finished tweaking crates.io crate fluent-impl 0.2.0
[INFO] tweaked toml for crates.io crate fluent-impl 0.2.0 written to /workspace/builds/worker-3-tc1/source/Cargo.toml
[INFO] running `Command { std: CARGO_HOME="/workspace/cargo-home" RUSTUP_HOME="/workspace/rustup-home" __CARGO_TEST_CHANNEL_OVERRIDE_DO_NOT_USE_THIS="nightly" "/workspace/cargo-home/bin/cargo" "+1.69.0" "generate-lockfile" "--manifest-path" "Cargo.toml" "-Zno-index-update", kill_on_drop: false }`
[INFO] running `Command { std: CARGO_HOME="/workspace/cargo-home" RUSTUP_HOME="/workspace/rustup-home" "/workspace/cargo-home/bin/cargo" "+1.69.0" "fetch" "--manifest-path" "Cargo.toml", kill_on_drop: false }`
[INFO] [stderr]     Blocking waiting for file lock on package cache
[INFO] [stderr]  Downloading crates ...
[INFO] [stderr]   Downloaded rustfix v0.4.6
[INFO] [stderr]   Downloaded term v0.6.1
[INFO] [stderr]   Downloaded tester v0.6.0
[INFO] [stderr]   Downloaded compiletest_rs v0.3.26
[INFO] running `Command { std: "docker" "create" "-v" "/var/lib/crater-agent-workspace/builds/worker-3-tc1/target:/opt/rustwide/target:rw,Z" "-v" "/var/lib/crater-agent-workspace/builds/worker-3-tc1/source:/opt/rustwide/workdir:ro,Z" "-v" "/var/lib/crater-agent-workspace/cargo-home:/opt/rustwide/cargo-home:ro,Z" "-v" "/var/lib/crater-agent-workspace/rustup-home:/opt/rustwide/rustup-home:ro,Z" "-e" "SOURCE_DIR=/opt/rustwide/workdir" "-e" "CARGO_TARGET_DIR=/opt/rustwide/target" "-e" "CARGO_HOME=/opt/rustwide/cargo-home" "-e" "RUSTUP_HOME=/opt/rustwide/rustup-home" "-w" "/opt/rustwide/workdir" "-m" "1610612736" "--user" "0:0" "--network" "none" "ghcr.io/rust-lang/crates-build-env/linux@sha256:5ff2268d62e97bff2cde7d5815dd6ed5b47097566f13b8d0ca110b04b60e07ed" "/opt/rustwide/cargo-home/bin/cargo" "+1.69.0" "metadata" "--no-deps" "--format-version=1", kill_on_drop: false }`
[INFO] [stdout] 2a5d475e76c045d228f28a6e58b619b9a28490dcbb0c2f069cd3399cebff7c89
[INFO] running `Command { std: "docker" "start" "-a" "2a5d475e76c045d228f28a6e58b619b9a28490dcbb0c2f069cd3399cebff7c89", kill_on_drop: false }`
[INFO] running `Command { std: "docker" "inspect" "2a5d475e76c045d228f28a6e58b619b9a28490dcbb0c2f069cd3399cebff7c89", kill_on_drop: false }`
[INFO] running `Command { std: "docker" "rm" "-f" "2a5d475e76c045d228f28a6e58b619b9a28490dcbb0c2f069cd3399cebff7c89", kill_on_drop: false }`
[INFO] [stdout] 2a5d475e76c045d228f28a6e58b619b9a28490dcbb0c2f069cd3399cebff7c89
[INFO] running `Command { std: "docker" "create" "-v" "/var/lib/crater-agent-workspace/builds/worker-3-tc1/target:/opt/rustwide/target:rw,Z" "-v" "/var/lib/crater-agent-workspace/builds/worker-3-tc1/source:/opt/rustwide/workdir:ro,Z" "-v" "/var/lib/crater-agent-workspace/cargo-home:/opt/rustwide/cargo-home:ro,Z" "-v" "/var/lib/crater-agent-workspace/rustup-home:/opt/rustwide/rustup-home:ro,Z" "-e" "SOURCE_DIR=/opt/rustwide/workdir" "-e" "CARGO_TARGET_DIR=/opt/rustwide/target" "-e" "CARGO_INCREMENTAL=0" "-e" "RUST_BACKTRACE=full" "-e" "RUSTFLAGS=--cap-lints=warn" "-e" "RUSTDOCFLAGS=--cap-lints=warn" "-e" "CARGO_HOME=/opt/rustwide/cargo-home" "-e" "RUSTUP_HOME=/opt/rustwide/rustup-home" "-w" "/opt/rustwide/workdir" "-m" "1610612736" "--user" "0:0" "--network" "none" "ghcr.io/rust-lang/crates-build-env/linux@sha256:5ff2268d62e97bff2cde7d5815dd6ed5b47097566f13b8d0ca110b04b60e07ed" "/opt/rustwide/cargo-home/bin/cargo" "+1.69.0" "build" "--frozen" "--message-format=json", kill_on_drop: false }`
[INFO] [stdout] 657650547eb475b8bf4337b2514fbeffbf6fe645d88f514f769015f6855ef1ed
[INFO] running `Command { std: "docker" "start" "-a" "657650547eb475b8bf4337b2514fbeffbf6fe645d88f514f769015f6855ef1ed", kill_on_drop: false }`
[INFO] [stderr]    Compiling proc-macro2 v0.4.30
[INFO] [stderr]    Compiling unicode-xid v0.1.0
[INFO] [stderr]    Compiling syn v0.15.44
[INFO] [stderr]    Compiling quote v0.6.13
[INFO] [stderr]    Compiling fluent-impl v0.2.0 (/opt/rustwide/workdir)
[INFO] [stderr]     Finished dev [unoptimized + debuginfo] target(s) in 5.48s
[INFO] running `Command { std: "docker" "inspect" "657650547eb475b8bf4337b2514fbeffbf6fe645d88f514f769015f6855ef1ed", kill_on_drop: false }`
[INFO] running `Command { std: "docker" "rm" "-f" "657650547eb475b8bf4337b2514fbeffbf6fe645d88f514f769015f6855ef1ed", kill_on_drop: false }`
[INFO] [stdout] 657650547eb475b8bf4337b2514fbeffbf6fe645d88f514f769015f6855ef1ed
[INFO] running `Command { std: "docker" "create" "-v" "/var/lib/crater-agent-workspace/builds/worker-3-tc1/target:/opt/rustwide/target:rw,Z" "-v" "/var/lib/crater-agent-workspace/builds/worker-3-tc1/source:/opt/rustwide/workdir:ro,Z" "-v" "/var/lib/crater-agent-workspace/cargo-home:/opt/rustwide/cargo-home:ro,Z" "-v" "/var/lib/crater-agent-workspace/rustup-home:/opt/rustwide/rustup-home:ro,Z" "-e" "SOURCE_DIR=/opt/rustwide/workdir" "-e" "CARGO_TARGET_DIR=/opt/rustwide/target" "-e" "CARGO_INCREMENTAL=0" "-e" "RUST_BACKTRACE=full" "-e" "RUSTFLAGS=--cap-lints=warn" "-e" "RUSTDOCFLAGS=--cap-lints=warn" "-e" "CARGO_HOME=/opt/rustwide/cargo-home" "-e" "RUSTUP_HOME=/opt/rustwide/rustup-home" "-w" "/opt/rustwide/workdir" "-m" "1610612736" "--user" "0:0" "--network" "none" "ghcr.io/rust-lang/crates-build-env/linux@sha256:5ff2268d62e97bff2cde7d5815dd6ed5b47097566f13b8d0ca110b04b60e07ed" "/opt/rustwide/cargo-home/bin/cargo" "+1.69.0" "test" "--frozen" "--no-run" "--message-format=json", kill_on_drop: false }`
[INFO] [stdout] 3c5f0584dcb09fea5ccafa98751f21659b58fc5ef3912ed771da5e75bd0d7a32
[INFO] running `Command { std: "docker" "start" "-a" "3c5f0584dcb09fea5ccafa98751f21659b58fc5ef3912ed771da5e75bd0d7a32", kill_on_drop: false }`
[INFO] [stderr]    Compiling syn v1.0.109
[INFO] [stderr]    Compiling gimli v0.27.2
[INFO] [stderr]    Compiling failure_derive v0.1.8
[INFO] [stderr]    Compiling backtrace v0.3.67
[INFO] [stderr]    Compiling proc-macro2 v0.4.30
[INFO] [stderr]    Compiling miniz_oxide v0.6.2
[INFO] [stderr]    Compiling unicode-xid v0.1.0
[INFO] [stderr]    Compiling rustc-demangle v0.1.23
[INFO] [stderr]    Compiling dirs-sys v0.3.7
[INFO] [stderr]    Compiling object v0.30.3
[INFO] [stderr]    Compiling syn v0.15.44
[INFO] [stderr]    Compiling getopts v0.2.21
[INFO] [stderr]    Compiling compiletest_rs v0.3.26
[INFO] [stderr]    Compiling filetime v0.2.21
[INFO] [stderr]    Compiling serde_json v1.0.96
[INFO] [stderr]    Compiling dirs v2.0.2
[INFO] [stderr]    Compiling term v0.6.1
[INFO] [stderr]    Compiling quote v0.6.13
[INFO] [stderr]    Compiling tester v0.6.0
[INFO] [stderr]    Compiling addr2line v0.19.0
[INFO] [stderr]    Compiling synstructure v0.12.6
[INFO] [stderr]    Compiling failure v0.1.8
[INFO] [stderr]    Compiling rustfix v0.4.6
[INFO] [stderr]    Compiling fluent-impl v0.2.0 (/opt/rustwide/workdir)
[INFO] [stderr]     Finished test [unoptimized + debuginfo] target(s) in 8.66s
[INFO] running `Command { std: "docker" "inspect" "3c5f0584dcb09fea5ccafa98751f21659b58fc5ef3912ed771da5e75bd0d7a32", kill_on_drop: false }`
[INFO] running `Command { std: "docker" "rm" "-f" "3c5f0584dcb09fea5ccafa98751f21659b58fc5ef3912ed771da5e75bd0d7a32", kill_on_drop: false }`
[INFO] [stdout] 3c5f0584dcb09fea5ccafa98751f21659b58fc5ef3912ed771da5e75bd0d7a32
[INFO] running `Command { std: "docker" "create" "-v" "/var/lib/crater-agent-workspace/builds/worker-3-tc1/target:/opt/rustwide/target:rw,Z" "-v" "/var/lib/crater-agent-workspace/builds/worker-3-tc1/source:/opt/rustwide/workdir:ro,Z" "-v" "/var/lib/crater-agent-workspace/cargo-home:/opt/rustwide/cargo-home:ro,Z" "-v" "/var/lib/crater-agent-workspace/rustup-home:/opt/rustwide/rustup-home:ro,Z" "-e" "SOURCE_DIR=/opt/rustwide/workdir" "-e" "CARGO_TARGET_DIR=/opt/rustwide/target" "-e" "CARGO_INCREMENTAL=0" "-e" "RUST_BACKTRACE=full" "-e" "RUSTFLAGS=--cap-lints=warn" "-e" "RUSTDOCFLAGS=--cap-lints=warn" "-e" "CARGO_HOME=/opt/rustwide/cargo-home" "-e" "RUSTUP_HOME=/opt/rustwide/rustup-home" "-w" "/opt/rustwide/workdir" "-m" "1610612736" "--user" "0:0" "--network" "none" "ghcr.io/rust-lang/crates-build-env/linux@sha256:5ff2268d62e97bff2cde7d5815dd6ed5b47097566f13b8d0ca110b04b60e07ed" "/opt/rustwide/cargo-home/bin/cargo" "+1.69.0" "test" "--frozen", kill_on_drop: false }`
[INFO] [stdout] ccba588fab1be1bd8055858306edd3d55c08cf975a8e8b6fc30c7cff861d6c92
[INFO] running `Command { std: "docker" "start" "-a" "ccba588fab1be1bd8055858306edd3d55c08cf975a8e8b6fc30c7cff861d6c92", kill_on_drop: false }`
[INFO] [stderr]     Finished test [unoptimized + debuginfo] target(s) in 0.05s
[INFO] [stderr]      Running unittests src/lib.rs (/opt/rustwide/target/debug/deps/fluent_impl-e42b2f2792cff078)
[INFO] [stdout] 
[INFO] [stdout] running 0 tests
[INFO] [stdout] 
[INFO] [stdout] test result: ok. 0 passed; 0 failed; 0 ignored; 0 measured; 0 filtered out; finished in 0.00s
[INFO] [stdout] 
[INFO] [stderr]      Running tests/compiletest.rs (/opt/rustwide/target/debug/deps/compiletest-e3ae5b8a90419087)
[INFO] [stdout] 
[INFO] [stdout] running 2 tests
[INFO] [stdout] test compile_test_compile_fail ... ignored
[INFO] [stdout] 
[INFO] [stdout] running 18 tests
[INFO] [stdout] test [run-pass] run-pass/simple_both_inblock.rs ... FAILED
[INFO] [stdout] test [run-pass] run-pass/impl_trait.rs ... FAILED
[INFO] [stdout] test [run-pass] run-pass/simple.rs ... FAILED
[INFO] [stdout] test [run-pass] run-pass/pattern_fn_arg_generic_type_arg.rs ... FAILED
[INFO] [stdout] test [run-pass] run-pass/simple_name.rs ... FAILED
[INFO] [stdout] test [run-pass] run-pass/simple_pub_crate_from_macro.rs ... FAILED
[INFO] [stdout] test [run-pass] run-pass/simple_method_inblock.rs ... FAILED
[INFO] [stdout] test [run-pass] run-pass/simple_pub_crate_from_both.rs ... FAILED
[INFO] [stdout] test [run-pass] run-pass/generic_arg.rs ... FAILED
[INFO] [stdout] test [run-pass] run-pass/pattern_args.rs ... FAILED
[INFO] [stdout] test [run-pass] run-pass/simple_pub_crate_from_method.rs ... FAILED
[INFO] [stdout] test [run-pass] run-pass/simple_all_opts.rs ... FAILED
[INFO] [stdout] test [run-pass] run-pass/simple_rename.rs ... FAILED
[INFO] [stdout] test [run-pass] run-pass/simple_empty_attrs.rs ... FAILED
[INFO] [stdout] test [run-pass] run-pass/simple_macro_inblock.rs ... FAILED
[INFO] [stdout] test [run-pass] run-pass/mutref_arg.rs ... FAILED
[INFO] [stdout] test [run-pass] run-pass/trait_bound.rs ... FAILED
[INFO] [stdout] test [run-pass] run-pass/where_clause.rs ... FAILED
[INFO] [stdout] 
[INFO] [stdout] failures:
[INFO] [stdout] 
[INFO] [stdout] failures:
[INFO] [stdout]     [run-pass] run-pass/generic_arg.rs
[INFO] [stdout]     [run-pass] run-pass/impl_trait.rs
[INFO] [stdout]     [run-pass] run-pass/mutref_arg.rs
[INFO] [stdout]     [run-pass] run-pass/pattern_args.rs
[INFO] [stdout]     [run-pass] run-pass/pattern_fn_arg_generic_type_arg.rs
[INFO] [stdout]     [run-pass] run-pass/simple.rs
[INFO] [stdout]     [run-pass] run-pass/simple_all_opts.rs
[INFO] [stdout]     [run-pass] run-pass/simple_both_inblock.rs
[INFO] [stdout]     [run-pass] run-pass/simple_empty_attrs.rs
[INFO] [stdout]     [run-pass] run-pass/simple_macro_inblock.rs
[INFO] [stdout]     [run-pass] run-pass/simple_method_inblock.rs
[INFO] [stdout]     [run-pass] run-pass/simple_name.rs
[INFO] [stdout]     [run-pass] run-pass/simple_pub_crate_from_both.rs
[INFO] [stdout]     [run-pass] run-pass/simple_pub_crate_from_macro.rs
[INFO] [stdout]     [run-pass] run-pass/simple_pub_crate_from_method.rs
[INFO] [stdout]     [run-pass] run-pass/simple_rename.rs
[INFO] [stdout]     [run-pass] run-pass/trait_bound.rs
[INFO] [stdout]     [run-pass] run-pass/where_clause.rs
[INFO] [stdout] 
[INFO] [stdout] test result: FAILED. 0 passed; 18 failed; 0 ignored; 0 measured; 0 filtered out
[INFO] [stdout] 
[INFO] [stdout] test compile_test_run_pass ... FAILED
[INFO] [stdout] 
[INFO] [stdout] failures:
[INFO] [stdout] 
[INFO] [stdout] ---- compile_test_run_pass stdout ----
[INFO] [stdout] 
[INFO] [stdout] error: compilation failed!
[INFO] [stdout] status: exit status: 1
[INFO] [stdout] command: "rustc" "tests/run-pass/simple_both_inblock.rs" "-L" "/tmp" "--target=x86_64-unknown-linux-gnu" "--error-format" "json" "-C" "prefer-dynamic" "-o" "/tmp/simple_both_inblock.stage-id" "-L" "target/debug" "-L" "target/debug/deps" "-L" "/tmp/simple_both_inblock.stage-id.aux"
[INFO] [stdout] stdout:
[INFO] [stdout] ------------------------------------------
[INFO] [stdout] 
[INFO] [stdout] ------------------------------------------
[INFO] [stdout] stderr:
[INFO] [stdout] ------------------------------------------
[INFO] [stdout] {"message":"can't find crate for `fluent_impl`","code":{"code":"E0463","explanation":"A plugin/crate was declared but cannot be found.\n\nErroneous code example:\n\n```compile_fail,E0463\n#![feature(plugin)]\n#![plugin(cookie_monster)] // error: can't find crate for `cookie_monster`\nextern crate cake_is_a_lie; // error: can't find crate for `cake_is_a_lie`\n```\n\nYou need to link your code to the relevant crate in order to be able to use it\n(through Cargo or the `-L` option of rustc example). Plugins are crates as\nwell, and you link to them the same way.\n\n## Common causes\n\n- The crate is not present at all. If using Cargo, add it to `[dependencies]`\n  in Cargo.toml.\n- The crate is present, but under a different name. If using Cargo, look for\n  `package = ` under `[dependencies]` in Cargo.toml.\n\n## Common causes for missing `std` or `core`\n\n- You are cross-compiling for a target which doesn't have `std` prepackaged.\n  Consider one of the following:\n  + Adding a pre-compiled version of std with `rustup target add`\n  + Building std from source with `cargo build -Z build-std`\n  + Using `#![no_std]` at the crate root, so you won't need `std` in the first\n    place.\n- You are developing the compiler itself and haven't built libstd from source.\n  You can usually build it with `x.py build library/std`. More information\n  about x.py is available in the [rustc-dev-guide].\n\n[rustc-dev-guide]: https://rustc-dev-guide.rust-lang.org/building/how-to-build-and-run.html#building-the-compiler\n"},"level":"error","spans":[{"file_name":"tests/run-pass/simple_both_inblock.rs","byte_start":0,"byte_end":25,"line_start":1,"line_end":1,"column_start":1,"column_end":26,"is_primary":true,"text":[{"text":"extern crate fluent_impl;","highlight_start":1,"highlight_end":26}],"label":"can't find crate","suggested_replacement":null,"suggestion_applicability":null,"expansion":null}],"children":[],"rendered":"error[E0463]: can't find crate for `fluent_impl`\n --> tests/run-pass/simple_both_inblock.rs:1:1\n  |\n1 | extern crate fluent_impl;\n  | ^^^^^^^^^^^^^^^^^^^^^^^^^ can't find crate\n\n"}
[INFO] [stdout] {"message":"cannot determine resolution for the attribute macro `fluent_impl`","code":null,"level":"error","spans":[{"file_name":"tests/run-pass/simple_both_inblock.rs","byte_start":195,"byte_end":206,"line_start":11,"line_end":11,"column_start":7,"column_end":18,"is_primary":true,"text":[{"text":"    #[fluent_impl(inblock)]","highlight_start":7,"highlight_end":18}],"label":null,"suggested_replacement":null,"suggestion_applicability":null,"expansion":null}],"children":[{"message":"import resolution is stuck, try simplifying macro imports","code":null,"level":"note","spans":[],"children":[],"rendered":null}],"rendered":"error: cannot determine resolution for the attribute macro `fluent_impl`\n  --> tests/run-pass/simple_both_inblock.rs:11:7\n   |\n11 |     #[fluent_impl(inblock)]\n   |       ^^^^^^^^^^^\n   |\n   = note: import resolution is stuck, try simplifying macro imports\n\n"}
[INFO] [stdout] {"message":"cannot determine resolution for the attribute macro `fluent_impl_opts`","code":null,"level":"error","spans":[{"file_name":"tests/run-pass/simple_both_inblock.rs","byte_start":392,"byte_end":408,"line_start":21,"line_end":21,"column_start":11,"column_end":27,"is_primary":true,"text":[{"text":"        #[fluent_impl_opts(inblock)]","highlight_start":11,"highlight_end":27}],"label":null,"suggested_replacement":null,"suggestion_applicability":null,"expansion":null}],"children":[{"message":"import resolution is stuck, try simplifying macro imports","code":null,"level":"note","spans":[],"children":[],"rendered":null}],"rendered":"error: cannot determine resolution for the attribute macro `fluent_impl_opts`\n  --> tests/run-pass/simple_both_inblock.rs:21:11\n   |\n21 |         #[fluent_impl_opts(inblock)]\n   |           ^^^^^^^^^^^^^^^^\n   |\n   = note: import resolution is stuck, try simplifying macro imports\n\n"}
[INFO] [stdout] {"message":"no method named `with_add_1` found for struct `Simple` in the current scope","code":{"code":"E0599","explanation":"This error occurs when a method is used on a type which doesn't implement it:\n\nErroneous code example:\n\n```compile_fail,E0599\nstruct Mouth;\n\nlet x = Mouth;\nx.chocolate(); // error: no method named `chocolate` found for type `Mouth`\n               //        in the current scope\n```\n\nIn this case, you need to implement the `chocolate` method to fix the error:\n\n```\nstruct Mouth;\n\nimpl Mouth {\n    fn chocolate(&self) { // We implement the `chocolate` method here.\n        println!(\"Hmmm! I love chocolate!\");\n    }\n}\n\nlet x = Mouth;\nx.chocolate(); // ok!\n```\n"},"level":"error","spans":[{"file_name":"tests/run-pass/simple_both_inblock.rs","byte_start":144,"byte_end":161,"line_start":7,"line_end":7,"column_start":5,"column_end":22,"is_primary":false,"text":[{"text":"    pub struct Simple {","highlight_start":5,"highlight_end":22}],"label":"method `with_add_1` not found for this struct","suggested_replacement":null,"suggestion_applicability":null,"expansion":null},{"file_name":"tests/run-pass/simple_both_inblock.rs","byte_start":657,"byte_end":667,"line_start":33,"line_end":33,"column_start":38,"column_end":48,"is_primary":true,"text":[{"text":"    assert_eq!(s1, Simple::default().with_add_1());","highlight_start":38,"highlight_end":48}],"label":null,"suggested_replacement":null,"suggestion_applicability":null,"expansion":null}],"children":[{"message":"there is a method with a similar name","code":null,"level":"help","spans":[{"file_name":"tests/run-pass/simple_both_inblock.rs","byte_start":657,"byte_end":667,"line_start":33,"line_end":33,"column_start":38,"column_end":48,"is_primary":true,"text":[{"text":"    assert_eq!(s1, Simple::default().with_add_1());","highlight_start":38,"highlight_end":48}],"label":null,"suggested_replacement":"add_1","suggestion_applicability":"MaybeIncorrect","expansion":null}],"children":[],"rendered":null}],"rendered":"error[E0599]: no method named `with_add_1` found for struct `Simple` in the current scope\n  --> tests/run-pass/simple_both_inblock.rs:33:38\n   |\n7  |     pub struct Simple {\n   |     ----------------- method `with_add_1` not found for this struct\n...\n33 |     assert_eq!(s1, Simple::default().with_add_1());\n   |                                      ^^^^^^^^^^ help: there is a method with a similar name: `add_1`\n\n"}
[INFO] [stdout] {"message":"aborting due to 4 previous errors","code":null,"level":"error","spans":[],"children":[],"rendered":"error: aborting due to 4 previous errors\n\n"}
[INFO] [stdout] {"message":"Some errors have detailed explanations: E0463, E0599.","code":null,"level":"failure-note","spans":[],"children":[],"rendered":"Some errors have detailed explanations: E0463, E0599.\n"}
[INFO] [stdout] {"message":"For more information about an error, try `rustc --explain E0463`.","code":null,"level":"failure-note","spans":[],"children":[],"rendered":"For more information about an error, try `rustc --explain E0463`.\n"}
[INFO] [stdout] 
[INFO] [stdout] ------------------------------------------
[INFO] [stdout] 
[INFO] [stdout] 
[INFO] [stdout] error: compilation failed!
[INFO] [stdout] status: exit status: 1
[INFO] [stdout] command: "rustc" "tests/run-pass/impl_trait.rs" "-L" "/tmp" "--target=x86_64-unknown-linux-gnu" "--error-format" "json" "-C" "prefer-dynamic" "-o" "/tmp/impl_trait.stage-id" "-L" "target/debug" "-L" "target/debug/deps" "-L" "/tmp/impl_trait.stage-id.aux"
[INFO] [stdout] stdout:
[INFO] [stdout] ------------------------------------------
[INFO] [stdout] 
[INFO] [stdout] ------------------------------------------
[INFO] [stdout] stderr:
[INFO] [stdout] ------------------------------------------
[INFO] [stdout] {"message":"can't find crate for `fluent_impl`","code":{"code":"E0463","explanation":"A plugin/crate was declared but cannot be found.\n\nErroneous code example:\n\n```compile_fail,E0463\n#![feature(plugin)]\n#![plugin(cookie_monster)] // error: can't find crate for `cookie_monster`\nextern crate cake_is_a_lie; // error: can't find crate for `cake_is_a_lie`\n```\n\nYou need to link your code to the relevant crate in order to be able to use it\n(through Cargo or the `-L` option of rustc example). Plugins are crates as\nwell, and you link to them the same way.\n\n## Common causes\n\n- The crate is not present at all. If using Cargo, add it to `[dependencies]`\n  in Cargo.toml.\n- The crate is present, but under a different name. If using Cargo, look for\n  `package = ` under `[dependencies]` in Cargo.toml.\n\n## Common causes for missing `std` or `core`\n\n- You are cross-compiling for a target which doesn't have `std` prepackaged.\n  Consider one of the following:\n  + Adding a pre-compiled version of std with `rustup target add`\n  + Building std from source with `cargo build -Z build-std`\n  + Using `#![no_std]` at the crate root, so you won't need `std` in the first\n    place.\n- You are developing the compiler itself and haven't built libstd from source.\n  You can usually build it with `x.py build library/std`. More information\n  about x.py is available in the [rustc-dev-guide].\n\n[rustc-dev-guide]: https://rustc-dev-guide.rust-lang.org/building/how-to-build-and-run.html#building-the-compiler\n"},"level":"error","spans":[{"file_name":"tests/run-pass/impl_trait.rs","byte_start":0,"byte_end":25,"line_start":1,"line_end":1,"column_start":1,"column_end":26,"is_primary":true,"text":[{"text":"extern crate fluent_impl;","highlight_start":1,"highlight_end":26}],"label":"can't find crate","suggested_replacement":null,"suggestion_applicability":null,"expansion":null}],"children":[],"rendered":"error[E0463]: can't find crate for `fluent_impl`\n --> tests/run-pass/impl_trait.rs:1:1\n  |\n1 | extern crate fluent_impl;\n  | ^^^^^^^^^^^^^^^^^^^^^^^^^ can't find crate\n\n"}
[INFO] [stdout] {"message":"cannot determine resolution for the attribute macro `fluent_impl`","code":null,"level":"error","spans":[{"file_name":"tests/run-pass/impl_trait.rs","byte_start":219,"byte_end":230,"line_start":12,"line_end":12,"column_start":7,"column_end":18,"is_primary":true,"text":[{"text":"    #[fluent_impl]","highlight_start":7,"highlight_end":18}],"label":null,"suggested_replacement":null,"suggestion_applicability":null,"expansion":null}],"children":[{"message":"import resolution is stuck, try simplifying macro imports","code":null,"level":"note","spans":[],"children":[],"rendered":null}],"rendered":"error: cannot determine resolution for the attribute macro `fluent_impl`\n  --> tests/run-pass/impl_trait.rs:12:7\n   |\n12 |     #[fluent_impl]\n   |       ^^^^^^^^^^^\n   |\n   = note: import resolution is stuck, try simplifying macro imports\n\n"}
[INFO] [stdout] {"message":"cannot determine resolution for the attribute macro `fluent_impl_opts`","code":null,"level":"error","spans":[{"file_name":"tests/run-pass/impl_trait.rs","byte_start":331,"byte_end":347,"line_start":18,"line_end":18,"column_start":11,"column_end":27,"is_primary":true,"text":[{"text":"        #[fluent_impl_opts(rename = \"appended\")]","highlight_start":11,"highlight_end":27}],"label":null,"suggested_replacement":null,"suggestion_applicability":null,"expansion":null}],"children":[{"message":"import resolution is stuck, try simplifying macro imports","code":null,"level":"note","spans":[],"children":[],"rendered":null}],"rendered":"error: cannot determine resolution for the attribute macro `fluent_impl_opts`\n  --> tests/run-pass/impl_trait.rs:18:11\n   |\n18 |         #[fluent_impl_opts(rename = \"appended\")]\n   |           ^^^^^^^^^^^^^^^^\n   |\n   = note: import resolution is stuck, try simplifying macro imports\n\n"}
[INFO] [stdout] {"message":"no method named `with_appended` found for struct `St` in the current scope","code":{"code":"E0599","explanation":"This error occurs when a method is used on a type which doesn't implement it:\n\nErroneous code example:\n\n```compile_fail,E0599\nstruct Mouth;\n\nlet x = Mouth;\nx.chocolate(); // error: no method named `chocolate` found for type `Mouth`\n               //        in the current scope\n```\n\nIn this case, you need to implement the `chocolate` method to fix the error:\n\n```\nstruct Mouth;\n\nimpl Mouth {\n    fn chocolate(&self) { // We implement the `chocolate` method here.\n        println!(\"Hmmm! I love chocolate!\");\n    }\n}\n\nlet x = Mouth;\nx.chocolate(); // ok!\n```\n"},"level":"error","spans":[{"file_name":"tests/run-pass/impl_trait.rs","byte_start":168,"byte_end":181,"line_start":8,"line_end":8,"column_start":5,"column_end":18,"is_primary":false,"text":[{"text":"    pub struct St {","highlight_start":5,"highlight_end":18}],"label":"method `with_appended` not found for this struct","suggested_replacement":null,"suggestion_applicability":null,"expansion":null},{"file_name":"tests/run-pass/impl_trait.rs","byte_start":638,"byte_end":651,"line_start":30,"line_end":30,"column_start":34,"column_end":47,"is_primary":true,"text":[{"text":"    assert_eq!(s1, St::default().with_appended(\"foo\"));","highlight_start":34,"highlight_end":47}],"label":"method not found in `St`","suggested_replacement":null,"suggestion_applicability":null,"expansion":null}],"children":[],"rendered":"error[E0599]: no method named `with_appended` found for struct `St` in the current scope\n  --> tests/run-pass/impl_trait.rs:30:34\n   |\n8  |     pub struct St {\n   |     ------------- method `with_appended` not found for this struct\n...\n30 |     assert_eq!(s1, St::default().with_appended(\"foo\"));\n   |                                  ^^^^^^^^^^^^^ method not found in `St`\n\n"}
[INFO] [stdout] {"message":"aborting due to 4 previous errors","code":null,"level":"error","spans":[],"children":[],"rendered":"error: aborting due to 4 previous errors\n\n"}
[INFO] [stdout] {"message":"Some errors have detailed explanations: E0463, E0599.","code":null,"level":"failure-note","spans":[],"children":[],"rendered":"Some errors have detailed explanations: E0463, E0599.\n"}
[INFO] [stdout] {"message":"For more information about an error, try `rustc --explain E0463`.","code":null,"level":"failure-note","spans":[],"children":[],"rendered":"For more information about an error, try `rustc --explain E0463`.\n"}
[INFO] [stdout] 
[INFO] [stdout] ------------------------------------------
[INFO] [stdout] 
[INFO] [stdout] 
[INFO] [stdout] error: compilation failed!
[INFO] [stdout] status: exit status: 1
[INFO] [stdout] command: "rustc" "tests/run-pass/simple.rs" "-L" "/tmp" "--target=x86_64-unknown-linux-gnu" "--error-format" "json" "-C" "prefer-dynamic" "-o" "/tmp/simple.stage-id" "-L" "target/debug" "-L" "target/debug/deps" "-L" "/tmp/simple.stage-id.aux"
[INFO] [stdout] stdout:
[INFO] [stdout] ------------------------------------------
[INFO] [stdout] 
[INFO] [stdout] ------------------------------------------
[INFO] [stdout] stderr:
[INFO] [stdout] ------------------------------------------
[INFO] [stdout] {"message":"can't find crate for `fluent_impl`","code":{"code":"E0463","explanation":"A plugin/crate was declared but cannot be found.\n\nErroneous code example:\n\n```compile_fail,E0463\n#![feature(plugin)]\n#![plugin(cookie_monster)] // error: can't find crate for `cookie_monster`\nextern crate cake_is_a_lie; // error: can't find crate for `cake_is_a_lie`\n```\n\nYou need to link your code to the relevant crate in order to be able to use it\n(through Cargo or the `-L` option of rustc example). Plugins are crates as\nwell, and you link to them the same way.\n\n## Common causes\n\n- The crate is not present at all. If using Cargo, add it to `[dependencies]`\n  in Cargo.toml.\n- The crate is present, but under a different name. If using Cargo, look for\n  `package = ` under `[dependencies]` in Cargo.toml.\n\n## Common causes for missing `std` or `core`\n\n- You are cross-compiling for a target which doesn't have `std` prepackaged.\n  Consider one of the following:\n  + Adding a pre-compiled version of std with `rustup target add`\n  + Building std from source with `cargo build -Z build-std`\n  + Using `#![no_std]` at the crate root, so you won't need `std` in the first\n    place.\n- You are developing the compiler itself and haven't built libstd from source.\n  You can usually build it with `x.py build library/std`. More information\n  about x.py is available in the [rustc-dev-guide].\n\n[rustc-dev-guide]: https://rustc-dev-guide.rust-lang.org/building/how-to-build-and-run.html#building-the-compiler\n"},"level":"error","spans":[{"file_name":"tests/run-pass/simple.rs","byte_start":0,"byte_end":25,"line_start":1,"line_end":1,"column_start":1,"column_end":26,"is_primary":true,"text":[{"text":"extern crate fluent_impl;","highlight_start":1,"highlight_end":26}],"label":"can't find crate","suggested_replacement":null,"suggestion_applicability":null,"expansion":null}],"children":[],"rendered":"error[E0463]: can't find crate for `fluent_impl`\n --> tests/run-pass/simple.rs:1:1\n  |\n1 | extern crate fluent_impl;\n  | ^^^^^^^^^^^^^^^^^^^^^^^^^ can't find crate\n\n"}
[INFO] [stdout] {"message":"cannot determine resolution for the attribute macro `fluent_impl`","code":null,"level":"error","spans":[{"file_name":"tests/run-pass/simple.rs","byte_start":195,"byte_end":206,"line_start":11,"line_end":11,"column_start":7,"column_end":18,"is_primary":true,"text":[{"text":"    #[fluent_impl]","highlight_start":7,"highlight_end":18}],"label":null,"suggested_replacement":null,"suggestion_applicability":null,"expansion":null}],"children":[{"message":"import resolution is stuck, try simplifying macro imports","code":null,"level":"note","spans":[],"children":[],"rendered":null}],"rendered":"error: cannot determine resolution for the attribute macro `fluent_impl`\n  --> tests/run-pass/simple.rs:11:7\n   |\n11 |     #[fluent_impl]\n   |       ^^^^^^^^^^^\n   |\n   = note: import resolution is stuck, try simplifying macro imports\n\n"}
[INFO] [stdout] {"message":"no method named `with_add_1` found for struct `Simple` in the current scope","code":{"code":"E0599","explanation":"This error occurs when a method is used on a type which doesn't implement it:\n\nErroneous code example:\n\n```compile_fail,E0599\nstruct Mouth;\n\nlet x = Mouth;\nx.chocolate(); // error: no method named `chocolate` found for type `Mouth`\n               //        in the current scope\n```\n\nIn this case, you need to implement the `chocolate` method to fix the error:\n\n```\nstruct Mouth;\n\nimpl Mouth {\n    fn chocolate(&self) { // We implement the `chocolate` method here.\n        println!(\"Hmmm! I love chocolate!\");\n    }\n}\n\nlet x = Mouth;\nx.chocolate(); // ok!\n```\n"},"level":"error","spans":[{"file_name":"tests/run-pass/simple.rs","byte_start":144,"byte_end":161,"line_start":7,"line_end":7,"column_start":5,"column_end":22,"is_primary":false,"text":[{"text":"    pub struct Simple {","highlight_start":5,"highlight_end":22}],"label":"method `with_add_1` not found for this struct","suggested_replacement":null,"suggestion_applicability":null,"expansion":null},{"file_name":"tests/run-pass/simple.rs","byte_start":691,"byte_end":701,"line_start":36,"line_end":36,"column_start":38,"column_end":48,"is_primary":true,"text":[{"text":"    assert_eq!(s1, Simple::default().with_add_1());","highlight_start":38,"highlight_end":48}],"label":null,"suggested_replacement":null,"suggestion_applicability":null,"expansion":null}],"children":[{"message":"there is a method with a similar name","code":null,"level":"help","spans":[{"file_name":"tests/run-pass/simple.rs","byte_start":691,"byte_end":701,"line_start":36,"line_end":36,"column_start":38,"column_end":48,"is_primary":true,"text":[{"text":"    assert_eq!(s1, Simple::default().with_add_1());","highlight_start":38,"highlight_end":48}],"label":null,"suggested_replacement":"add_1","suggestion_applicability":"MaybeIncorrect","expansion":null}],"children":[],"rendered":null}],"rendered":"error[E0599]: no method named `with_add_1` found for struct `Simple` in the current scope\n  --> tests/run-pass/simple.rs:36:38\n   |\n7  |     pub struct Simple {\n   |     ----------------- method `with_add_1` not found for this struct\n...\n36 |     assert_eq!(s1, Simple::default().with_add_1());\n   |                                      ^^^^^^^^^^ help: there is a method with a similar name: `add_1`\n\n"}
[INFO] [stdout] {"message":"aborting due to 3 previous errors","code":null,"level":"error","spans":[],"children":[],"rendered":"error: aborting due to 3 previous errors\n\n"}
[INFO] [stdout] {"message":"Some errors have detailed explanations: E0463, E0599.","code":null,"level":"failure-note","spans":[],"children":[],"rendered":"Some errors have detailed explanations: E0463, E0599.\n"}
[INFO] [stdout] {"message":"For more information about an error, try `rustc --explain E0463`.","code":null,"level":"failure-note","spans":[],"children":[],"rendered":"For more information about an error, try `rustc --explain E0463`.\n"}
[INFO] [stdout] 
[INFO] [stdout] ------------------------------------------
[INFO] [stdout] 
[INFO] [stdout] 
[INFO] [stdout] error: compilation failed!
[INFO] [stdout] status: exit status: 1
[INFO] [stdout] command: "rustc" "tests/run-pass/pattern_fn_arg_generic_type_arg.rs" "-L" "/tmp" "--target=x86_64-unknown-linux-gnu" "--error-format" "json" "-C" "prefer-dynamic" "-o" "/tmp/pattern_fn_arg_generic_type_arg.stage-id" "-L" "target/debug" "-L" "target/debug/deps" "-L" "/tmp/pattern_fn_arg_generic_type_arg.stage-id.aux"
[INFO] [stdout] stdout:
[INFO] [stdout] ------------------------------------------
[INFO] [stdout] 
[INFO] [stdout] ------------------------------------------
[INFO] [stdout] stderr:
[INFO] [stdout] ------------------------------------------
[INFO] [stdout] {"message":"can't find crate for `fluent_impl`","code":{"code":"E0463","explanation":"A plugin/crate was declared but cannot be found.\n\nErroneous code example:\n\n```compile_fail,E0463\n#![feature(plugin)]\n#![plugin(cookie_monster)] // error: can't find crate for `cookie_monster`\nextern crate cake_is_a_lie; // error: can't find crate for `cake_is_a_lie`\n```\n\nYou need to link your code to the relevant crate in order to be able to use it\n(through Cargo or the `-L` option of rustc example). Plugins are crates as\nwell, and you link to them the same way.\n\n## Common causes\n\n- The crate is not present at all. If using Cargo, add it to `[dependencies]`\n  in Cargo.toml.\n- The crate is present, but under a different name. If using Cargo, look for\n  `package = ` under `[dependencies]` in Cargo.toml.\n\n## Common causes for missing `std` or `core`\n\n- You are cross-compiling for a target which doesn't have `std` prepackaged.\n  Consider one of the following:\n  + Adding a pre-compiled version of std with `rustup target add`\n  + Building std from source with `cargo build -Z build-std`\n  + Using `#![no_std]` at the crate root, so you won't need `std` in the first\n    place.\n- You are developing the compiler itself and haven't built libstd from source.\n  You can usually build it with `x.py build library/std`. More information\n  about x.py is available in the [rustc-dev-guide].\n\n[rustc-dev-guide]: https://rustc-dev-guide.rust-lang.org/building/how-to-build-and-run.html#building-the-compiler\n"},"level":"error","spans":[{"file_name":"tests/run-pass/pattern_fn_arg_generic_type_arg.rs","byte_start":0,"byte_end":25,"line_start":1,"line_end":1,"column_start":1,"column_end":26,"is_primary":true,"text":[{"text":"extern crate fluent_impl;","highlight_start":1,"highlight_end":26}],"label":"can't find crate","suggested_replacement":null,"suggestion_applicability":null,"expansion":null}],"children":[],"rendered":"error[E0463]: can't find crate for `fluent_impl`\n --> tests/run-pass/pattern_fn_arg_generic_type_arg.rs:1:1\n  |\n1 | extern crate fluent_impl;\n  | ^^^^^^^^^^^^^^^^^^^^^^^^^ can't find crate\n\n"}
[INFO] [stdout] {"message":"cannot determine resolution for the attribute macro `fluent_impl`","code":null,"level":"error","spans":[{"file_name":"tests/run-pass/pattern_fn_arg_generic_type_arg.rs","byte_start":338,"byte_end":349,"line_start":17,"line_end":17,"column_start":7,"column_end":18,"is_primary":true,"text":[{"text":"    #[fluent_impl]","highlight_start":7,"highlight_end":18}],"label":null,"suggested_replacement":null,"suggestion_applicability":null,"expansion":null}],"children":[{"message":"import resolution is stuck, try simplifying macro imports","code":null,"level":"note","spans":[],"children":[],"rendered":null}],"rendered":"error: cannot determine resolution for the attribute macro `fluent_impl`\n  --> tests/run-pass/pattern_fn_arg_generic_type_arg.rs:17:7\n   |\n17 |     #[fluent_impl]\n   |       ^^^^^^^^^^^\n   |\n   = note: import resolution is stuck, try simplifying macro imports\n\n"}
[INFO] [stdout] {"message":"cannot determine resolution for the attribute macro `fluent_impl_opts`","code":null,"level":"error","spans":[{"file_name":"tests/run-pass/pattern_fn_arg_generic_type_arg.rs","byte_start":794,"byte_end":810,"line_start":35,"line_end":35,"column_start":11,"column_end":27,"is_primary":true,"text":[{"text":"        #[fluent_impl_opts(rename = \"added_value\")]","highlight_start":11,"highlight_end":27}],"label":null,"suggested_replacement":null,"suggestion_applicability":null,"expansion":null}],"children":[{"message":"import resolution is stuck, try simplifying macro imports","code":null,"level":"note","spans":[],"children":[],"rendered":null}],"rendered":"error: cannot determine resolution for the attribute macro `fluent_impl_opts`\n  --> tests/run-pass/pattern_fn_arg_generic_type_arg.rs:35:11\n   |\n35 |         #[fluent_impl_opts(rename = \"added_value\")]\n   |           ^^^^^^^^^^^^^^^^\n   |\n   = note: import resolution is stuck, try simplifying macro imports\n\n"}
[INFO] [stdout] {"message":"cannot determine resolution for the attribute macro `fluent_impl_opts`","code":null,"level":"error","spans":[{"file_name":"tests/run-pass/pattern_fn_arg_generic_type_arg.rs","byte_start":1121,"byte_end":1137,"line_start":46,"line_end":46,"column_start":11,"column_end":27,"is_primary":true,"text":[{"text":"        #[fluent_impl_opts(rename = \"appended_text\")]","highlight_start":11,"highlight_end":27}],"label":null,"suggested_replacement":null,"suggestion_applicability":null,"expansion":null}],"children":[{"message":"import resolution is stuck, try simplifying macro imports","code":null,"level":"note","spans":[],"children":[],"rendered":null}],"rendered":"error: cannot determine resolution for the attribute macro `fluent_impl_opts`\n  --> tests/run-pass/pattern_fn_arg_generic_type_arg.rs:46:11\n   |\n46 |         #[fluent_impl_opts(rename = \"appended_text\")]\n   |           ^^^^^^^^^^^^^^^^\n   |\n   = note: import resolution is stuck, try simplifying macro imports\n\n"}
[INFO] [stdout] {"message":"cannot determine resolution for the attribute macro `fluent_impl_opts`","code":null,"level":"error","spans":[{"file_name":"tests/run-pass/pattern_fn_arg_generic_type_arg.rs","byte_start":1334,"byte_end":1350,"line_start":52,"line_end":52,"column_start":11,"column_end":27,"is_primary":true,"text":[{"text":"        #[fluent_impl_opts(rename = \"appended_text_impl_trait\")]","highlight_start":11,"highlight_end":27}],"label":null,"suggested_replacement":null,"suggestion_applicability":null,"expansion":null}],"children":[{"message":"import resolution is stuck, try simplifying macro imports","code":null,"level":"note","spans":[],"children":[],"rendered":null}],"rendered":"error: cannot determine resolution for the attribute macro `fluent_impl_opts`\n  --> tests/run-pass/pattern_fn_arg_generic_type_arg.rs:52:11\n   |\n52 |         #[fluent_impl_opts(rename = \"appended_text_impl_trait\")]\n   |           ^^^^^^^^^^^^^^^^\n   |\n   = note: import resolution is stuck, try simplifying macro imports\n\n"}
[INFO] [stdout] {"message":"no method named `with_appended_text` found for struct `St` in the current scope","code":{"code":"E0599","explanation":"This error occurs when a method is used on a type which doesn't implement it:\n\nErroneous code example:\n\n```compile_fail,E0599\nstruct Mouth;\n\nlet x = Mouth;\nx.chocolate(); // error: no method named `chocolate` found for type `Mouth`\n               //        in the current scope\n```\n\nIn this case, you need to implement the `chocolate` method to fix the error:\n\n```\nstruct Mouth;\n\nimpl Mouth {\n    fn chocolate(&self) { // We implement the `chocolate` method here.\n        println!(\"Hmmm! I love chocolate!\");\n    }\n}\n\nlet x = Mouth;\nx.chocolate(); // ok!\n```\n"},"level":"error","spans":[{"file_name":"tests/run-pass/pattern_fn_arg_generic_type_arg.rs","byte_start":2073,"byte_end":2107,"line_start":73,"line_end":74,"column_start":14,"column_end":10,"is_primary":false,"text":[{"text":"    let s2 = St::new(0u32, \"\".into())","highlight_start":14,"highlight_end":38},{"text":"        .with_appended_text(\"simple \")","highlight_start":1,"highlight_end":10}],"label":"","suggested_replacement":null,"suggestion_applicability":null,"expansion":null},{"file_name":"tests/run-pass/pattern_fn_arg_generic_type_arg.rs","byte_start":255,"byte_end":282,"line_start":12,"line_end":12,"column_start":5,"column_end":32,"is_primary":false,"text":[{"text":"    pub struct St<A: AddAssign> {","highlight_start":5,"highlight_end":32}],"label":"method `with_appended_text` not found for this struct","suggested_replacement":null,"suggestion_applicability":null,"expansion":null},{"file_name":"tests/run-pass/pattern_fn_arg_generic_type_arg.rs","byte_start":2107,"byte_end":2125,"line_start":74,"line_end":74,"column_start":10,"column_end":28,"is_primary":true,"text":[{"text":"        .with_appended_text(\"simple \")","highlight_start":10,"highlight_end":28}],"label":null,"suggested_replacement":null,"suggestion_applicability":null,"expansion":null}],"children":[{"message":"there is a method with a similar name","code":null,"level":"help","spans":[{"file_name":"tests/run-pass/pattern_fn_arg_generic_type_arg.rs","byte_start":2107,"byte_end":2125,"line_start":74,"line_end":74,"column_start":10,"column_end":28,"is_primary":true,"text":[{"text":"        .with_appended_text(\"simple \")","highlight_start":10,"highlight_end":28}],"label":null,"suggested_replacement":"append_text","suggestion_applicability":"MaybeIncorrect","expansion":null}],"children":[],"rendered":null}],"rendered":"error[E0599]: no method named `with_appended_text` found for struct `St` in the current scope\n  --> tests/run-pass/pattern_fn_arg_generic_type_arg.rs:74:10\n   |\n12 |       pub struct St<A: AddAssign> {\n   |       --------------------------- method `with_appended_text` not found for this struct\n...\n73 |       let s2 = St::new(0u32, \"\".into())\n   |  ______________-\n74 | |         .with_appended_text(\"simple \")\n   | |         -^^^^^^^^^^^^^^^^^^ help: there is a method with a similar name: `append_text`\n   | |_________|\n   | \n\n"}
[INFO] [stdout] {"message":"aborting due to 6 previous errors","code":null,"level":"error","spans":[],"children":[],"rendered":"error: aborting due to 6 previous errors\n\n"}
[INFO] [stdout] {"message":"Some errors have detailed explanations: E0463, E0599.","code":null,"level":"failure-note","spans":[],"children":[],"rendered":"Some errors have detailed explanations: E0463, E0599.\n"}
[INFO] [stdout] {"message":"For more information about an error, try `rustc --explain E0463`.","code":null,"level":"failure-note","spans":[],"children":[],"rendered":"For more information about an error, try `rustc --explain E0463`.\n"}
[INFO] [stdout] 
[INFO] [stdout] ------------------------------------------
[INFO] [stdout] 
[INFO] [stdout] 
[INFO] [stdout] error: compilation failed!
[INFO] [stdout] status: exit status: 1
[INFO] [stdout] command: "rustc" "tests/run-pass/simple_name.rs" "-L" "/tmp" "--target=x86_64-unknown-linux-gnu" "--error-format" "json" "-C" "prefer-dynamic" "-o" "/tmp/simple_name.stage-id" "-L" "target/debug" "-L" "target/debug/deps" "-L" "/tmp/simple_name.stage-id.aux"
[INFO] [stdout] stdout:
[INFO] [stdout] ------------------------------------------
[INFO] [stdout] 
[INFO] [stdout] ------------------------------------------
[INFO] [stdout] stderr:
[INFO] [stdout] ------------------------------------------
[INFO] [stdout] {"message":"can't find crate for `fluent_impl`","code":{"code":"E0463","explanation":"A plugin/crate was declared but cannot be found.\n\nErroneous code example:\n\n```compile_fail,E0463\n#![feature(plugin)]\n#![plugin(cookie_monster)] // error: can't find crate for `cookie_monster`\nextern crate cake_is_a_lie; // error: can't find crate for `cake_is_a_lie`\n```\n\nYou need to link your code to the relevant crate in order to be able to use it\n(through Cargo or the `-L` option of rustc example). Plugins are crates as\nwell, and you link to them the same way.\n\n## Common causes\n\n- The crate is not present at all. If using Cargo, add it to `[dependencies]`\n  in Cargo.toml.\n- The crate is present, but under a different name. If using Cargo, look for\n  `package = ` under `[dependencies]` in Cargo.toml.\n\n## Common causes for missing `std` or `core`\n\n- You are cross-compiling for a target which doesn't have `std` prepackaged.\n  Consider one of the following:\n  + Adding a pre-compiled version of std with `rustup target add`\n  + Building std from source with `cargo build -Z build-std`\n  + Using `#![no_std]` at the crate root, so you won't need `std` in the first\n    place.\n- You are developing the compiler itself and haven't built libstd from source.\n  You can usually build it with `x.py build library/std`. More information\n  about x.py is available in the [rustc-dev-guide].\n\n[rustc-dev-guide]: https://rustc-dev-guide.rust-lang.org/building/how-to-build-and-run.html#building-the-compiler\n"},"level":"error","spans":[{"file_name":"tests/run-pass/simple_name.rs","byte_start":0,"byte_end":25,"line_start":1,"line_end":1,"column_start":1,"column_end":26,"is_primary":true,"text":[{"text":"extern crate fluent_impl;","highlight_start":1,"highlight_end":26}],"label":"can't find crate","suggested_replacement":null,"suggestion_applicability":null,"expansion":null}],"children":[],"rendered":"error[E0463]: can't find crate for `fluent_impl`\n --> tests/run-pass/simple_name.rs:1:1\n  |\n1 | extern crate fluent_impl;\n  | ^^^^^^^^^^^^^^^^^^^^^^^^^ can't find crate\n\n"}
[INFO] [stdout] {"message":"cannot determine resolution for the attribute macro `fluent_impl`","code":null,"level":"error","spans":[{"file_name":"tests/run-pass/simple_name.rs","byte_start":195,"byte_end":206,"line_start":11,"line_end":11,"column_start":7,"column_end":18,"is_primary":true,"text":[{"text":"    #[fluent_impl(prefix = \"whatever_\")]","highlight_start":7,"highlight_end":18}],"label":null,"suggested_replacement":null,"suggestion_applicability":null,"expansion":null}],"children":[{"message":"import resolution is stuck, try simplifying macro imports","code":null,"level":"note","spans":[],"children":[],"rendered":null}],"rendered":"error: cannot determine resolution for the attribute macro `fluent_impl`\n  --> tests/run-pass/simple_name.rs:11:7\n   |\n11 |     #[fluent_impl(prefix = \"whatever_\")]\n   |       ^^^^^^^^^^^\n   |\n   = note: import resolution is stuck, try simplifying macro imports\n\n"}
[INFO] [stdout] {"message":"cannot determine resolution for the attribute macro `fluent_impl_opts`","code":null,"level":"error","spans":[{"file_name":"tests/run-pass/simple_name.rs","byte_start":405,"byte_end":421,"line_start":21,"line_end":21,"column_start":11,"column_end":27,"is_primary":true,"text":[{"text":"        #[fluent_impl_opts(name = \"ret_with_added_1\")]","highlight_start":11,"highlight_end":27}],"label":null,"suggested_replacement":null,"suggestion_applicability":null,"expansion":null}],"children":[{"message":"import resolution is stuck, try simplifying macro imports","code":null,"level":"note","spans":[],"children":[],"rendered":null}],"rendered":"error: cannot determine resolution for the attribute macro `fluent_impl_opts`\n  --> tests/run-pass/simple_name.rs:21:11\n   |\n21 |         #[fluent_impl_opts(name = \"ret_with_added_1\")]\n   |           ^^^^^^^^^^^^^^^^\n   |\n   = note: import resolution is stuck, try simplifying macro imports\n\n"}
[INFO] [stdout] {"message":"no method named `ret_with_added_1` found for struct `Simple` in the current scope","code":{"code":"E0599","explanation":"This error occurs when a method is used on a type which doesn't implement it:\n\nErroneous code example:\n\n```compile_fail,E0599\nstruct Mouth;\n\nlet x = Mouth;\nx.chocolate(); // error: no method named `chocolate` found for type `Mouth`\n               //        in the current scope\n```\n\nIn this case, you need to implement the `chocolate` method to fix the error:\n\n```\nstruct Mouth;\n\nimpl Mouth {\n    fn chocolate(&self) { // We implement the `chocolate` method here.\n        println!(\"Hmmm! I love chocolate!\");\n    }\n}\n\nlet x = Mouth;\nx.chocolate(); // ok!\n```\n"},"level":"error","spans":[{"file_name":"tests/run-pass/simple_name.rs","byte_start":144,"byte_end":161,"line_start":7,"line_end":7,"column_start":5,"column_end":22,"is_primary":false,"text":[{"text":"    pub struct Simple {","highlight_start":5,"highlight_end":22}],"label":"method `ret_with_added_1` not found for this struct","suggested_replacement":null,"suggestion_applicability":null,"expansion":null},{"file_name":"tests/run-pass/simple_name.rs","byte_start":688,"byte_end":704,"line_start":33,"line_end":33,"column_start":38,"column_end":54,"is_primary":true,"text":[{"text":"    assert_eq!(s1, Simple::default().ret_with_added_1());","highlight_start":38,"highlight_end":54}],"label":"method not found in `Simple`","suggested_replacement":null,"suggestion_applicability":null,"expansion":null}],"children":[],"rendered":"error[E0599]: no method named `ret_with_added_1` found for struct `Simple` in the current scope\n  --> tests/run-pass/simple_name.rs:33:38\n   |\n7  |     pub struct Simple {\n   |     ----------------- method `ret_with_added_1` not found for this struct\n...\n33 |     assert_eq!(s1, Simple::default().ret_with_added_1());\n   |                                      ^^^^^^^^^^^^^^^^ method not found in `Simple`\n\n"}
[INFO] [stdout] {"message":"aborting due to 4 previous errors","code":null,"level":"error","spans":[],"children":[],"rendered":"error: aborting due to 4 previous errors\n\n"}
[INFO] [stdout] {"message":"Some errors have detailed explanations: E0463, E0599.","code":null,"level":"failure-note","spans":[],"children":[],"rendered":"Some errors have detailed explanations: E0463, E0599.\n"}
[INFO] [stdout] {"message":"For more information about an error, try `rustc --explain E0463`.","code":null,"level":"failure-note","spans":[],"children":[],"rendered":"For more information about an error, try `rustc --explain E0463`.\n"}
[INFO] [stdout] 
[INFO] [stdout] ------------------------------------------
[INFO] [stdout] 
[INFO] [stdout] 
[INFO] [stdout] error: compilation failed!
[INFO] [stdout] status: exit status: 1
[INFO] [stdout] command: "rustc" "tests/run-pass/simple_pub_crate_from_macro.rs" "-L" "/tmp" "--target=x86_64-unknown-linux-gnu" "--error-format" "json" "-C" "prefer-dynamic" "-o" "/tmp/simple_pub_crate_from_macro.stage-id" "-L" "target/debug" "-L" "target/debug/deps" "-L" "/tmp/simple_pub_crate_from_macro.stage-id.aux"
[INFO] [stdout] stdout:
[INFO] [stdout] ------------------------------------------
[INFO] [stdout] 
[INFO] [stdout] ------------------------------------------
[INFO] [stdout] stderr:
[INFO] [stdout] ------------------------------------------
[INFO] [stdout] {"message":"can't find crate for `fluent_impl`","code":{"code":"E0463","explanation":"A plugin/crate was declared but cannot be found.\n\nErroneous code example:\n\n```compile_fail,E0463\n#![feature(plugin)]\n#![plugin(cookie_monster)] // error: can't find crate for `cookie_monster`\nextern crate cake_is_a_lie; // error: can't find crate for `cake_is_a_lie`\n```\n\nYou need to link your code to the relevant crate in order to be able to use it\n(through Cargo or the `-L` option of rustc example). Plugins are crates as\nwell, and you link to them the same way.\n\n## Common causes\n\n- The crate is not present at all. If using Cargo, add it to `[dependencies]`\n  in Cargo.toml.\n- The crate is present, but under a different name. If using Cargo, look for\n  `package = ` under `[dependencies]` in Cargo.toml.\n\n## Common causes for missing `std` or `core`\n\n- You are cross-compiling for a target which doesn't have `std` prepackaged.\n  Consider one of the following:\n  + Adding a pre-compiled version of std with `rustup target add`\n  + Building std from source with `cargo build -Z build-std`\n  + Using `#![no_std]` at the crate root, so you won't need `std` in the first\n    place.\n- You are developing the compiler itself and haven't built libstd from source.\n  You can usually build it with `x.py build library/std`. More information\n  about x.py is available in the [rustc-dev-guide].\n\n[rustc-dev-guide]: https://rustc-dev-guide.rust-lang.org/building/how-to-build-and-run.html#building-the-compiler\n"},"level":"error","spans":[{"file_name":"tests/run-pass/simple_pub_crate_from_macro.rs","byte_start":0,"byte_end":25,"line_start":1,"line_end":1,"column_start":1,"column_end":26,"is_primary":true,"text":[{"text":"extern crate fluent_impl;","highlight_start":1,"highlight_end":26}],"label":"can't find crate","suggested_replacement":null,"suggestion_applicability":null,"expansion":null}],"children":[],"rendered":"error[E0463]: can't find crate for `fluent_impl`\n --> tests/run-pass/simple_pub_crate_from_macro.rs:1:1\n  |\n1 | extern crate fluent_impl;\n  | ^^^^^^^^^^^^^^^^^^^^^^^^^ can't find crate\n\n"}
[INFO] [stdout] {"message":"cannot determine resolution for the attribute macro `fluent_impl`","code":null,"level":"error","spans":[{"file_name":"tests/run-pass/simple_pub_crate_from_macro.rs","byte_start":195,"byte_end":206,"line_start":11,"line_end":11,"column_start":7,"column_end":18,"is_primary":true,"text":[{"text":"    #[fluent_impl(non_public)]","highlight_start":7,"highlight_end":18}],"label":null,"suggested_replacement":null,"suggestion_applicability":null,"expansion":null}],"children":[{"message":"import resolution is stuck, try simplifying macro imports","code":null,"level":"note","spans":[],"children":[],"rendered":null}],"rendered":"error: cannot determine resolution for the attribute macro `fluent_impl`\n  --> tests/run-pass/simple_pub_crate_from_macro.rs:11:7\n   |\n11 |     #[fluent_impl(non_public)]\n   |       ^^^^^^^^^^^\n   |\n   = note: import resolution is stuck, try simplifying macro imports\n\n"}
[INFO] [stdout] {"message":"no method named `with_add_1` found for struct `Simple` in the current scope","code":{"code":"E0599","explanation":"This error occurs when a method is used on a type which doesn't implement it:\n\nErroneous code example:\n\n```compile_fail,E0599\nstruct Mouth;\n\nlet x = Mouth;\nx.chocolate(); // error: no method named `chocolate` found for type `Mouth`\n               //        in the current scope\n```\n\nIn this case, you need to implement the `chocolate` method to fix the error:\n\n```\nstruct Mouth;\n\nimpl Mouth {\n    fn chocolate(&self) { // We implement the `chocolate` method here.\n        println!(\"Hmmm! I love chocolate!\");\n    }\n}\n\nlet x = Mouth;\nx.chocolate(); // ok!\n```\n"},"level":"error","spans":[{"file_name":"tests/run-pass/simple_pub_crate_from_macro.rs","byte_start":144,"byte_end":161,"line_start":7,"line_end":7,"column_start":5,"column_end":22,"is_primary":false,"text":[{"text":"    pub struct Simple {","highlight_start":5,"highlight_end":22}],"label":"method `with_add_1` not found for this struct","suggested_replacement":null,"suggestion_applicability":null,"expansion":null},{"file_name":"tests/run-pass/simple_pub_crate_from_macro.rs","byte_start":630,"byte_end":640,"line_start":32,"line_end":32,"column_start":38,"column_end":48,"is_primary":true,"text":[{"text":"    assert_eq!(s1, Simple::default().with_add_1());","highlight_start":38,"highlight_end":48}],"label":null,"suggested_replacement":null,"suggestion_applicability":null,"expansion":null}],"children":[{"message":"there is a method with a similar name","code":null,"level":"help","spans":[{"file_name":"tests/run-pass/simple_pub_crate_from_macro.rs","byte_start":630,"byte_end":640,"line_start":32,"line_end":32,"column_start":38,"column_end":48,"is_primary":true,"text":[{"text":"    assert_eq!(s1, Simple::default().with_add_1());","highlight_start":38,"highlight_end":48}],"label":null,"suggested_replacement":"add_1","suggestion_applicability":"MaybeIncorrect","expansion":null}],"children":[],"rendered":null}],"rendered":"error[E0599]: no method named `with_add_1` found for struct `Simple` in the current scope\n  --> tests/run-pass/simple_pub_crate_from_macro.rs:32:38\n   |\n7  |     pub struct Simple {\n   |     ----------------- method `with_add_1` not found for this struct\n...\n32 |     assert_eq!(s1, Simple::default().with_add_1());\n   |                                      ^^^^^^^^^^ help: there is a method with a similar name: `add_1`\n\n"}
[INFO] [stdout] {"message":"aborting due to 3 previous errors","code":null,"level":"error","spans":[],"children":[],"rendered":"error: aborting due to 3 previous errors\n\n"}
[INFO] [stdout] {"message":"Some errors have detailed explanations: E0463, E0599.","code":null,"level":"failure-note","spans":[],"children":[],"rendered":"Some errors have detailed explanations: E0463, E0599.\n"}
[INFO] [stdout] {"message":"For more information about an error, try `rustc --explain E0463`.","code":null,"level":"failure-note","spans":[],"children":[],"rendered":"For more information about an error, try `rustc --explain E0463`.\n"}
[INFO] [stdout] 
[INFO] [stdout] ------------------------------------------
[INFO] [stdout] 
[INFO] [stdout] 
[INFO] [stdout] error: compilation failed!
[INFO] [stdout] status: exit status: 1
[INFO] [stdout] command: "rustc" "tests/run-pass/simple_method_inblock.rs" "-L" "/tmp" "--target=x86_64-unknown-linux-gnu" "--error-format" "json" "-C" "prefer-dynamic" "-o" "/tmp/simple_method_inblock.stage-id" "-L" "target/debug" "-L" "target/debug/deps" "-L" "/tmp/simple_method_inblock.stage-id.aux"
[INFO] [stdout] stdout:
[INFO] [stdout] ------------------------------------------
[INFO] [stdout] 
[INFO] [stdout] ------------------------------------------
[INFO] [stdout] stderr:
[INFO] [stdout] ------------------------------------------
[INFO] [stdout] {"message":"can't find crate for `fluent_impl`","code":{"code":"E0463","explanation":"A plugin/crate was declared but cannot be found.\n\nErroneous code example:\n\n```compile_fail,E0463\n#![feature(plugin)]\n#![plugin(cookie_monster)] // error: can't find crate for `cookie_monster`\nextern crate cake_is_a_lie; // error: can't find crate for `cake_is_a_lie`\n```\n\nYou need to link your code to the relevant crate in order to be able to use it\n(through Cargo or the `-L` option of rustc example). Plugins are crates as\nwell, and you link to them the same way.\n\n## Common causes\n\n- The crate is not present at all. If using Cargo, add it to `[dependencies]`\n  in Cargo.toml.\n- The crate is present, but under a different name. If using Cargo, look for\n  `package = ` under `[dependencies]` in Cargo.toml.\n\n## Common causes for missing `std` or `core`\n\n- You are cross-compiling for a target which doesn't have `std` prepackaged.\n  Consider one of the following:\n  + Adding a pre-compiled version of std with `rustup target add`\n  + Building std from source with `cargo build -Z build-std`\n  + Using `#![no_std]` at the crate root, so you won't need `std` in the first\n    place.\n- You are developing the compiler itself and haven't built libstd from source.\n  You can usually build it with `x.py build library/std`. More information\n  about x.py is available in the [rustc-dev-guide].\n\n[rustc-dev-guide]: https://rustc-dev-guide.rust-lang.org/building/how-to-build-and-run.html#building-the-compiler\n"},"level":"error","spans":[{"file_name":"tests/run-pass/simple_method_inblock.rs","byte_start":0,"byte_end":25,"line_start":1,"line_end":1,"column_start":1,"column_end":26,"is_primary":true,"text":[{"text":"extern crate fluent_impl;","highlight_start":1,"highlight_end":26}],"label":"can't find crate","suggested_replacement":null,"suggestion_applicability":null,"expansion":null}],"children":[],"rendered":"error[E0463]: can't find crate for `fluent_impl`\n --> tests/run-pass/simple_method_inblock.rs:1:1\n  |\n1 | extern crate fluent_impl;\n  | ^^^^^^^^^^^^^^^^^^^^^^^^^ can't find crate\n\n"}
[INFO] [stdout] {"message":"cannot determine resolution for the attribute macro `fluent_impl`","code":null,"level":"error","spans":[{"file_name":"tests/run-pass/simple_method_inblock.rs","byte_start":195,"byte_end":206,"line_start":11,"line_end":11,"column_start":7,"column_end":18,"is_primary":true,"text":[{"text":"    #[fluent_impl]","highlight_start":7,"highlight_end":18}],"label":null,"suggested_replacement":null,"suggestion_applicability":null,"expansion":null}],"children":[{"message":"import resolution is stuck, try simplifying macro imports","code":null,"level":"note","spans":[],"children":[],"rendered":null}],"rendered":"error: cannot determine resolution for the attribute macro `fluent_impl`\n  --> tests/run-pass/simple_method_inblock.rs:11:7\n   |\n11 |     #[fluent_impl]\n   |       ^^^^^^^^^^^\n   |\n   = note: import resolution is stuck, try simplifying macro imports\n\n"}
[INFO] [stdout] {"message":"cannot determine resolution for the attribute macro `fluent_impl_opts`","code":null,"level":"error","spans":[{"file_name":"tests/run-pass/simple_method_inblock.rs","byte_start":383,"byte_end":399,"line_start":21,"line_end":21,"column_start":11,"column_end":27,"is_primary":true,"text":[{"text":"        #[fluent_impl_opts(inblock)]","highlight_start":11,"highlight_end":27}],"label":null,"suggested_replacement":null,"suggestion_applicability":null,"expansion":null}],"children":[{"message":"import resolution is stuck, try simplifying macro imports","code":null,"level":"note","spans":[],"children":[],"rendered":null}],"rendered":"error: cannot determine resolution for the attribute macro `fluent_impl_opts`\n  --> tests/run-pass/simple_method_inblock.rs:21:11\n   |\n21 |         #[fluent_impl_opts(inblock)]\n   |           ^^^^^^^^^^^^^^^^\n   |\n   = note: import resolution is stuck, try simplifying macro imports\n\n"}
[INFO] [stdout] {"message":"no method named `with_add_1` found for struct `Simple` in the current scope","code":{"code":"E0599","explanation":"This error occurs when a method is used on a type which doesn't implement it:\n\nErroneous code example:\n\n```compile_fail,E0599\nstruct Mouth;\n\nlet x = Mouth;\nx.chocolate(); // error: no method named `chocolate` found for type `Mouth`\n               //        in the current scope\n```\n\nIn this case, you need to implement the `chocolate` method to fix the error:\n\n```\nstruct Mouth;\n\nimpl Mouth {\n    fn chocolate(&self) { // We implement the `chocolate` method here.\n        println!(\"Hmmm! I love chocolate!\");\n    }\n}\n\nlet x = Mouth;\nx.chocolate(); // ok!\n```\n"},"level":"error","spans":[{"file_name":"tests/run-pass/simple_method_inblock.rs","byte_start":144,"byte_end":161,"line_start":7,"line_end":7,"column_start":5,"column_end":22,"is_primary":false,"text":[{"text":"    pub struct Simple {","highlight_start":5,"highlight_end":22}],"label":"method `with_add_1` not found for this struct","suggested_replacement":null,"suggestion_applicability":null,"expansion":null},{"file_name":"tests/run-pass/simple_method_inblock.rs","byte_start":648,"byte_end":658,"line_start":33,"line_end":33,"column_start":38,"column_end":48,"is_primary":true,"text":[{"text":"    assert_eq!(s1, Simple::default().with_add_1());","highlight_start":38,"highlight_end":48}],"label":null,"suggested_replacement":null,"suggestion_applicability":null,"expansion":null}],"children":[{"message":"there is a method with a similar name","code":null,"level":"help","spans":[{"file_name":"tests/run-pass/simple_method_inblock.rs","byte_start":648,"byte_end":658,"line_start":33,"line_end":33,"column_start":38,"column_end":48,"is_primary":true,"text":[{"text":"    assert_eq!(s1, Simple::default().with_add_1());","highlight_start":38,"highlight_end":48}],"label":null,"suggested_replacement":"add_1","suggestion_applicability":"MaybeIncorrect","expansion":null}],"children":[],"rendered":null}],"rendered":"error[E0599]: no method named `with_add_1` found for struct `Simple` in the current scope\n  --> tests/run-pass/simple_method_inblock.rs:33:38\n   |\n7  |     pub struct Simple {\n   |     ----------------- method `with_add_1` not found for this struct\n...\n33 |     assert_eq!(s1, Simple::default().with_add_1());\n   |                                      ^^^^^^^^^^ help: there is a method with a similar name: `add_1`\n\n"}
[INFO] [stdout] {"message":"aborting due to 4 previous errors","code":null,"level":"error","spans":[],"children":[],"rendered":"error: aborting due to 4 previous errors\n\n"}
[INFO] [stdout] {"message":"Some errors have detailed explanations: E0463, E0599.","code":null,"level":"failure-note","spans":[],"children":[],"rendered":"Some errors have detailed explanations: E0463, E0599.\n"}
[INFO] [stdout] {"message":"For more information about an error, try `rustc --explain E0463`.","code":null,"level":"failure-note","spans":[],"children":[],"rendered":"For more information about an error, try `rustc --explain E0463`.\n"}
[INFO] [stdout] 
[INFO] [stdout] ------------------------------------------
[INFO] [stdout] 
[INFO] [stdout] 
[INFO] [stdout] error: compilation failed!
[INFO] [stdout] status: exit status: 1
[INFO] [stdout] command: "rustc" "tests/run-pass/simple_pub_crate_from_both.rs" "-L" "/tmp" "--target=x86_64-unknown-linux-gnu" "--error-format" "json" "-C" "prefer-dynamic" "-o" "/tmp/simple_pub_crate_from_both.stage-id" "-L" "target/debug" "-L" "target/debug/deps" "-L" "/tmp/simple_pub_crate_from_both.stage-id.aux"
[INFO] [stdout] stdout:
[INFO] [stdout] ------------------------------------------
[INFO] [stdout] 
[INFO] [stdout] ------------------------------------------
[INFO] [stdout] stderr:
[INFO] [stdout] ------------------------------------------
[INFO] [stdout] {"message":"can't find crate for `fluent_impl`","code":{"code":"E0463","explanation":"A plugin/crate was declared but cannot be found.\n\nErroneous code example:\n\n```compile_fail,E0463\n#![feature(plugin)]\n#![plugin(cookie_monster)] // error: can't find crate for `cookie_monster`\nextern crate cake_is_a_lie; // error: can't find crate for `cake_is_a_lie`\n```\n\nYou need to link your code to the relevant crate in order to be able to use it\n(through Cargo or the `-L` option of rustc example). Plugins are crates as\nwell, and you link to them the same way.\n\n## Common causes\n\n- The crate is not present at all. If using Cargo, add it to `[dependencies]`\n  in Cargo.toml.\n- The crate is present, but under a different name. If using Cargo, look for\n  `package = ` under `[dependencies]` in Cargo.toml.\n\n## Common causes for missing `std` or `core`\n\n- You are cross-compiling for a target which doesn't have `std` prepackaged.\n  Consider one of the following:\n  + Adding a pre-compiled version of std with `rustup target add`\n  + Building std from source with `cargo build -Z build-std`\n  + Using `#![no_std]` at the crate root, so you won't need `std` in the first\n    place.\n- You are developing the compiler itself and haven't built libstd from source.\n  You can usually build it with `x.py build library/std`. More information\n  about x.py is available in the [rustc-dev-guide].\n\n[rustc-dev-guide]: https://rustc-dev-guide.rust-lang.org/building/how-to-build-and-run.html#building-the-compiler\n"},"level":"error","spans":[{"file_name":"tests/run-pass/simple_pub_crate_from_both.rs","byte_start":0,"byte_end":25,"line_start":1,"line_end":1,"column_start":1,"column_end":26,"is_primary":true,"text":[{"text":"extern crate fluent_impl;","highlight_start":1,"highlight_end":26}],"label":"can't find crate","suggested_replacement":null,"suggestion_applicability":null,"expansion":null}],"children":[],"rendered":"error[E0463]: can't find crate for `fluent_impl`\n --> tests/run-pass/simple_pub_crate_from_both.rs:1:1\n  |\n1 | extern crate fluent_impl;\n  | ^^^^^^^^^^^^^^^^^^^^^^^^^ can't find crate\n\n"}
[INFO] [stdout] {"message":"cannot determine resolution for the attribute macro `fluent_impl`","code":null,"level":"error","spans":[{"file_name":"tests/run-pass/simple_pub_crate_from_both.rs","byte_start":195,"byte_end":206,"line_start":11,"line_end":11,"column_start":7,"column_end":18,"is_primary":true,"text":[{"text":"    #[fluent_impl(non_public)]","highlight_start":7,"highlight_end":18}],"label":null,"suggested_replacement":null,"suggestion_applicability":null,"expansion":null}],"children":[{"message":"import resolution is stuck, try simplifying macro imports","code":null,"level":"note","spans":[],"children":[],"rendered":null}],"rendered":"error: cannot determine resolution for the attribute macro `fluent_impl`\n  --> tests/run-pass/simple_pub_crate_from_both.rs:11:7\n   |\n11 |     #[fluent_impl(non_public)]\n   |       ^^^^^^^^^^^\n   |\n   = note: import resolution is stuck, try simplifying macro imports\n\n"}
[INFO] [stdout] {"message":"cannot determine resolution for the attribute macro `fluent_impl_opts`","code":null,"level":"error","spans":[{"file_name":"tests/run-pass/simple_pub_crate_from_both.rs","byte_start":395,"byte_end":411,"line_start":21,"line_end":21,"column_start":11,"column_end":27,"is_primary":true,"text":[{"text":"        #[fluent_impl_opts(non_public)]","highlight_start":11,"highlight_end":27}],"label":null,"suggested_replacement":null,"suggestion_applicability":null,"expansion":null}],"children":[{"message":"import resolution is stuck, try simplifying macro imports","code":null,"level":"note","spans":[],"children":[],"rendered":null}],"rendered":"error: cannot determine resolution for the attribute macro `fluent_impl_opts`\n  --> tests/run-pass/simple_pub_crate_from_both.rs:21:11\n   |\n21 |         #[fluent_impl_opts(non_public)]\n   |           ^^^^^^^^^^^^^^^^\n   |\n   = note: import resolution is stuck, try simplifying macro imports\n\n"}
[INFO] [stdout] {"message":"no method named `with_add_1` found for struct `Simple` in the current scope","code":{"code":"E0599","explanation":"This error occurs when a method is used on a type which doesn't implement it:\n\nErroneous code example:\n\n```compile_fail,E0599\nstruct Mouth;\n\nlet x = Mouth;\nx.chocolate(); // error: no method named `chocolate` found for type `Mouth`\n               //        in the current scope\n```\n\nIn this case, you need to implement the `chocolate` method to fix the error:\n\n```\nstruct Mouth;\n\nimpl Mouth {\n    fn chocolate(&self) { // We implement the `chocolate` method here.\n        println!(\"Hmmm! I love chocolate!\");\n    }\n}\n\nlet x = Mouth;\nx.chocolate(); // ok!\n```\n"},"level":"error","spans":[{"file_name":"tests/run-pass/simple_pub_crate_from_both.rs","byte_start":144,"byte_end":161,"line_start":7,"line_end":7,"column_start":5,"column_end":22,"is_primary":false,"text":[{"text":"    pub struct Simple {","highlight_start":5,"highlight_end":22}],"label":"method `with_add_1` not found for this struct","suggested_replacement":null,"suggestion_applicability":null,"expansion":null},{"file_name":"tests/run-pass/simple_pub_crate_from_both.rs","byte_start":670,"byte_end":680,"line_start":33,"line_end":33,"column_start":38,"column_end":48,"is_primary":true,"text":[{"text":"    assert_eq!(s1, Simple::default().with_add_1());","highlight_start":38,"highlight_end":48}],"label":null,"suggested_replacement":null,"suggestion_applicability":null,"expansion":null}],"children":[{"message":"there is a method with a similar name","code":null,"level":"help","spans":[{"file_name":"tests/run-pass/simple_pub_crate_from_both.rs","byte_start":670,"byte_end":680,"line_start":33,"line_end":33,"column_start":38,"column_end":48,"is_primary":true,"text":[{"text":"    assert_eq!(s1, Simple::default().with_add_1());","highlight_start":38,"highlight_end":48}],"label":null,"suggested_replacement":"add_1","suggestion_applicability":"MaybeIncorrect","expansion":null}],"children":[],"rendered":null}],"rendered":"error[E0599]: no method named `with_add_1` found for struct `Simple` in the current scope\n  --> tests/run-pass/simple_pub_crate_from_both.rs:33:38\n   |\n7  |     pub struct Simple {\n   |     ----------------- method `with_add_1` not found for this struct\n...\n33 |     assert_eq!(s1, Simple::default().with_add_1());\n   |                                      ^^^^^^^^^^ help: there is a method with a similar name: `add_1`\n\n"}
[INFO] [stdout] {"message":"aborting due to 4 previous errors","code":null,"level":"error","spans":[],"children":[],"rendered":"error: aborting due to 4 previous errors\n\n"}
[INFO] [stdout] {"message":"Some errors have detailed explanations: E0463, E0599.","code":null,"level":"failure-note","spans":[],"children":[],"rendered":"Some errors have detailed explanations: E0463, E0599.\n"}
[INFO] [stdout] {"message":"For more information about an error, try `rustc --explain E0463`.","code":null,"level":"failure-note","spans":[],"children":[],"rendered":"For more information about an error, try `rustc --explain E0463`.\n"}
[INFO] [stdout] 
[INFO] [stdout] ------------------------------------------
[INFO] [stdout] 
[INFO] [stdout] 
[INFO] [stdout] error: compilation failed!
[INFO] [stdout] status: exit status: 1
[INFO] [stdout] command: "rustc" "tests/run-pass/generic_arg.rs" "-L" "/tmp" "--target=x86_64-unknown-linux-gnu" "--error-format" "json" "-C" "prefer-dynamic" "-o" "/tmp/generic_arg.stage-id" "-L" "target/debug" "-L" "target/debug/deps" "-L" "/tmp/generic_arg.stage-id.aux"
[INFO] [stdout] stdout:
[INFO] [stdout] ------------------------------------------
[INFO] [stdout] 
[INFO] [stdout] ------------------------------------------
[INFO] [stdout] stderr:
[INFO] [stdout] ------------------------------------------
[INFO] [stdout] {"message":"can't find crate for `fluent_impl`","code":{"code":"E0463","explanation":"A plugin/crate was declared but cannot be found.\n\nErroneous code example:\n\n```compile_fail,E0463\n#![feature(plugin)]\n#![plugin(cookie_monster)] // error: can't find crate for `cookie_monster`\nextern crate cake_is_a_lie; // error: can't find crate for `cake_is_a_lie`\n```\n\nYou need to link your code to the relevant crate in order to be able to use it\n(through Cargo or the `-L` option of rustc example). Plugins are crates as\nwell, and you link to them the same way.\n\n## Common causes\n\n- The crate is not present at all. If using Cargo, add it to `[dependencies]`\n  in Cargo.toml.\n- The crate is present, but under a different name. If using Cargo, look for\n  `package = ` under `[dependencies]` in Cargo.toml.\n\n## Common causes for missing `std` or `core`\n\n- You are cross-compiling for a target which doesn't have `std` prepackaged.\n  Consider one of the following:\n  + Adding a pre-compiled version of std with `rustup target add`\n  + Building std from source with `cargo build -Z build-std`\n  + Using `#![no_std]` at the crate root, so you won't need `std` in the first\n    place.\n- You are developing the compiler itself and haven't built libstd from source.\n  You can usually build it with `x.py build library/std`. More information\n  about x.py is available in the [rustc-dev-guide].\n\n[rustc-dev-guide]: https://rustc-dev-guide.rust-lang.org/building/how-to-build-and-run.html#building-the-compiler\n"},"level":"error","spans":[{"file_name":"tests/run-pass/generic_arg.rs","byte_start":0,"byte_end":25,"line_start":1,"line_end":1,"column_start":1,"column_end":26,"is_primary":true,"text":[{"text":"extern crate fluent_impl;","highlight_start":1,"highlight_end":26}],"label":"can't find crate","suggested_replacement":null,"suggestion_applicability":null,"expansion":null}],"children":[],"rendered":"error[E0463]: can't find crate for `fluent_impl`\n --> tests/run-pass/generic_arg.rs:1:1\n  |\n1 | extern crate fluent_impl;\n  | ^^^^^^^^^^^^^^^^^^^^^^^^^ can't find crate\n\n"}
[INFO] [stdout] {"message":"cannot determine resolution for the attribute macro `fluent_impl`","code":null,"level":"error","spans":[{"file_name":"tests/run-pass/generic_arg.rs","byte_start":219,"byte_end":230,"line_start":12,"line_end":12,"column_start":7,"column_end":18,"is_primary":true,"text":[{"text":"    #[fluent_impl]","highlight_start":7,"highlight_end":18}],"label":null,"suggested_replacement":null,"suggestion_applicability":null,"expansion":null}],"children":[{"message":"import resolution is stuck, try simplifying macro imports","code":null,"level":"note","spans":[],"children":[],"rendered":null}],"rendered":"error: cannot determine resolution for the attribute macro `fluent_impl`\n  --> tests/run-pass/generic_arg.rs:12:7\n   |\n12 |     #[fluent_impl]\n   |       ^^^^^^^^^^^\n   |\n   = note: import resolution is stuck, try simplifying macro imports\n\n"}
[INFO] [stdout] {"message":"cannot determine resolution for the attribute macro `fluent_impl_opts`","code":null,"level":"error","spans":[{"file_name":"tests/run-pass/generic_arg.rs","byte_start":331,"byte_end":347,"line_start":18,"line_end":18,"column_start":11,"column_end":27,"is_primary":true,"text":[{"text":"        #[fluent_impl_opts(rename = \"appended\")]","highlight_start":11,"highlight_end":27}],"label":null,"suggested_replacement":null,"suggestion_applicability":null,"expansion":null}],"children":[{"message":"import resolution is stuck, try simplifying macro imports","code":null,"level":"note","spans":[],"children":[],"rendered":null}],"rendered":"error: cannot determine resolution for the attribute macro `fluent_impl_opts`\n  --> tests/run-pass/generic_arg.rs:18:11\n   |\n18 |         #[fluent_impl_opts(rename = \"appended\")]\n   |           ^^^^^^^^^^^^^^^^\n   |\n   = note: import resolution is stuck, try simplifying macro imports\n\n"}
[INFO] [stdout] {"message":"no method named `with_appended` found for struct `St` in the current scope","code":{"code":"E0599","explanation":"This error occurs when a method is used on a type which doesn't implement it:\n\nErroneous code example:\n\n```compile_fail,E0599\nstruct Mouth;\n\nlet x = Mouth;\nx.chocolate(); // error: no method named `chocolate` found for type `Mouth`\n               //        in the current scope\n```\n\nIn this case, you need to implement the `chocolate` method to fix the error:\n\n```\nstruct Mouth;\n\nimpl Mouth {\n    fn chocolate(&self) { // We implement the `chocolate` method here.\n        println!(\"Hmmm! I love chocolate!\");\n    }\n}\n\nlet x = Mouth;\nx.chocolate(); // ok!\n```\n"},"level":"error","spans":[{"file_name":"tests/run-pass/generic_arg.rs","byte_start":168,"byte_end":181,"line_start":8,"line_end":8,"column_start":5,"column_end":18,"is_primary":false,"text":[{"text":"    pub struct St {","highlight_start":5,"highlight_end":18}],"label":"method `with_appended` not found for this struct","suggested_replacement":null,"suggestion_applicability":null,"expansion":null},{"file_name":"tests/run-pass/generic_arg.rs","byte_start":639,"byte_end":652,"line_start":30,"line_end":30,"column_start":34,"column_end":47,"is_primary":true,"text":[{"text":"    assert_eq!(s1, St::default().with_appended::<&str>(\"foo\"));","highlight_start":34,"highlight_end":47}],"label":"method not found in `St`","suggested_replacement":null,"suggestion_applicability":null,"expansion":null}],"children":[],"rendered":"error[E0599]: no method named `with_appended` found for struct `St` in the current scope\n  --> tests/run-pass/generic_arg.rs:30:34\n   |\n8  |     pub struct St {\n   |     ------------- method `with_appended` not found for this struct\n...\n30 |     assert_eq!(s1, St::default().with_appended::<&str>(\"foo\"));\n   |                                  ^^^^^^^^^^^^^ method not found in `St`\n\n"}
[INFO] [stdout] {"message":"aborting due to 4 previous errors","code":null,"level":"error","spans":[],"children":[],"rendered":"error: aborting due to 4 previous errors\n\n"}
[INFO] [stdout] {"message":"Some errors have detailed explanations: E0463, E0599.","code":null,"level":"failure-note","spans":[],"children":[],"rendered":"Some errors have detailed explanations: E0463, E0599.\n"}
[INFO] [stdout] {"message":"For more information about an error, try `rustc --explain E0463`.","code":null,"level":"failure-note","spans":[],"children":[],"rendered":"For more information about an error, try `rustc --explain E0463`.\n"}
[INFO] [stdout] 
[INFO] [stdout] ------------------------------------------
[INFO] [stdout] 
[INFO] [stdout] 
[INFO] [stdout] error: compilation failed!
[INFO] [stdout] status: exit status: 1
[INFO] [stdout] command: "rustc" "tests/run-pass/pattern_args.rs" "-L" "/tmp" "--target=x86_64-unknown-linux-gnu" "--error-format" "json" "-C" "prefer-dynamic" "-o" "/tmp/pattern_args.stage-id" "-L" "target/debug" "-L" "target/debug/deps" "-L" "/tmp/pattern_args.stage-id.aux"
[INFO] [stdout] stdout:
[INFO] [stdout] ------------------------------------------
[INFO] [stdout] 
[INFO] [stdout] ------------------------------------------
[INFO] [stdout] stderr:
[INFO] [stdout] ------------------------------------------
[INFO] [stdout] {"message":"can't find crate for `fluent_impl`","code":{"code":"E0463","explanation":"A plugin/crate was declared but cannot be found.\n\nErroneous code example:\n\n```compile_fail,E0463\n#![feature(plugin)]\n#![plugin(cookie_monster)] // error: can't find crate for `cookie_monster`\nextern crate cake_is_a_lie; // error: can't find crate for `cake_is_a_lie`\n```\n\nYou need to link your code to the relevant crate in order to be able to use it\n(through Cargo or the `-L` option of rustc example). Plugins are crates as\nwell, and you link to them the same way.\n\n## Common causes\n\n- The crate is not present at all. If using Cargo, add it to `[dependencies]`\n  in Cargo.toml.\n- The crate is present, but under a different name. If using Cargo, look for\n  `package = ` under `[dependencies]` in Cargo.toml.\n\n## Common causes for missing `std` or `core`\n\n- You are cross-compiling for a target which doesn't have `std` prepackaged.\n  Consider one of the following:\n  + Adding a pre-compiled version of std with `rustup target add`\n  + Building std from source with `cargo build -Z build-std`\n  + Using `#![no_std]` at the crate root, so you won't need `std` in the first\n    place.\n- You are developing the compiler itself and haven't built libstd from source.\n  You can usually build it with `x.py build library/std`. More information\n  about x.py is available in the [rustc-dev-guide].\n\n[rustc-dev-guide]: https://rustc-dev-guide.rust-lang.org/building/how-to-build-and-run.html#building-the-compiler\n"},"level":"error","spans":[{"file_name":"tests/run-pass/pattern_args.rs","byte_start":0,"byte_end":25,"line_start":1,"line_end":1,"column_start":1,"column_end":26,"is_primary":true,"text":[{"text":"extern crate fluent_impl;","highlight_start":1,"highlight_end":26}],"label":"can't find crate","suggested_replacement":null,"suggestion_applicability":null,"expansion":null}],"children":[],"rendered":"error[E0463]: can't find crate for `fluent_impl`\n --> tests/run-pass/pattern_args.rs:1:1\n  |\n1 | extern crate fluent_impl;\n  | ^^^^^^^^^^^^^^^^^^^^^^^^^ can't find crate\n\n"}
[INFO] [stdout] {"message":"cannot determine resolution for the attribute macro `fluent_impl`","code":null,"level":"error","spans":[{"file_name":"tests/run-pass/pattern_args.rs","byte_start":389,"byte_end":400,"line_start":20,"line_end":20,"column_start":7,"column_end":18,"is_primary":true,"text":[{"text":"    #[fluent_impl]","highlight_start":7,"highlight_end":18}],"label":null,"suggested_replacement":null,"suggestion_applicability":null,"expansion":null}],"children":[{"message":"import resolution is stuck, try simplifying macro imports","code":null,"level":"note","spans":[],"children":[],"rendered":null}],"rendered":"error: cannot determine resolution for the attribute macro `fluent_impl`\n  --> tests/run-pass/pattern_args.rs:20:7\n   |\n20 |     #[fluent_impl]\n   |       ^^^^^^^^^^^\n   |\n   = note: import resolution is stuck, try simplifying macro imports\n\n"}
[INFO] [stdout] {"message":"cannot determine resolution for the attribute macro `fluent_impl_opts`","code":null,"level":"error","spans":[{"file_name":"tests/run-pass/pattern_args.rs","byte_start":582,"byte_end":598,"line_start":29,"line_end":29,"column_start":11,"column_end":27,"is_primary":true,"text":[{"text":"        #[fluent_impl_opts(rename = \"appended\")]","highlight_start":11,"highlight_end":27}],"label":null,"suggested_replacement":null,"suggestion_applicability":null,"expansion":null}],"children":[{"message":"import resolution is stuck, try simplifying macro imports","code":null,"level":"note","spans":[],"children":[],"rendered":null}],"rendered":"error: cannot determine resolution for the attribute macro `fluent_impl_opts`\n  --> tests/run-pass/pattern_args.rs:29:11\n   |\n29 |         #[fluent_impl_opts(rename = \"appended\")]\n   |           ^^^^^^^^^^^^^^^^\n   |\n   = note: import resolution is stuck, try simplifying macro imports\n\n"}
[INFO] [stdout] {"message":"cannot determine resolution for the attribute macro `fluent_impl_opts`","code":null,"level":"error","spans":[{"file_name":"tests/run-pass/pattern_args.rs","byte_start":788,"byte_end":804,"line_start":35,"line_end":35,"column_start":11,"column_end":27,"is_primary":true,"text":[{"text":"        #[fluent_impl_opts(rename = \"appended_tc\")]","highlight_start":11,"highlight_end":27}],"label":null,"suggested_replacement":null,"suggestion_applicability":null,"expansion":null}],"children":[{"message":"import resolution is stuck, try simplifying macro imports","code":null,"level":"note","spans":[],"children":[],"rendered":null}],"rendered":"error: cannot determine resolution for the attribute macro `fluent_impl_opts`\n  --> tests/run-pass/pattern_args.rs:35:11\n   |\n35 |         #[fluent_impl_opts(rename = \"appended_tc\")]\n   |           ^^^^^^^^^^^^^^^^\n   |\n   = note: import resolution is stuck, try simplifying macro imports\n\n"}
[INFO] [stdout] {"message":"cannot determine resolution for the attribute macro `fluent_impl_opts`","code":null,"level":"error","spans":[{"file_name":"tests/run-pass/pattern_args.rs","byte_start":1013,"byte_end":1029,"line_start":41,"line_end":41,"column_start":11,"column_end":27,"is_primary":true,"text":[{"text":"        #[fluent_impl_opts(rename = \"appended_sc\")]","highlight_start":11,"highlight_end":27}],"label":null,"suggested_replacement":null,"suggestion_applicability":null,"expansion":null}],"children":[{"message":"import resolution is stuck, try simplifying macro imports","code":null,"level":"note","spans":[],"children":[],"rendered":null}],"rendered":"error: cannot determine resolution for the attribute macro `fluent_impl_opts`\n  --> tests/run-pass/pattern_args.rs:41:11\n   |\n41 |         #[fluent_impl_opts(rename = \"appended_sc\")]\n   |           ^^^^^^^^^^^^^^^^\n   |\n   = note: import resolution is stuck, try simplifying macro imports\n\n"}
[INFO] [stdout] {"message":"no method named `with_appended` found for struct `St` in the current scope","code":{"code":"E0599","explanation":"This error occurs when a method is used on a type which doesn't implement it:\n\nErroneous code example:\n\n```compile_fail,E0599\nstruct Mouth;\n\nlet x = Mouth;\nx.chocolate(); // error: no method named `chocolate` found for type `Mouth`\n               //        in the current scope\n```\n\nIn this case, you need to implement the `chocolate` method to fix the error:\n\n```\nstruct Mouth;\n\nimpl Mouth {\n    fn chocolate(&self) { // We implement the `chocolate` method here.\n        println!(\"Hmmm! I love chocolate!\");\n    }\n}\n\nlet x = Mouth;\nx.chocolate(); // ok!\n```\n"},"level":"error","spans":[{"file_name":"tests/run-pass/pattern_args.rs","byte_start":338,"byte_end":351,"line_start":16,"line_end":16,"column_start":5,"column_end":18,"is_primary":false,"text":[{"text":"    pub struct St {","highlight_start":5,"highlight_end":18}],"label":"method `with_appended` not found for this struct","suggested_replacement":null,"suggestion_applicability":null,"expansion":null},{"file_name":"tests/run-pass/pattern_args.rs","byte_start":1693,"byte_end":1706,"line_start":62,"line_end":62,"column_start":33,"column_end":46,"is_primary":true,"text":[{"text":"    assert_eq!(s, St::default().with_appended(\"foo\", &mut c2));","highlight_start":33,"highlight_end":46}],"label":"method not found in `St`","suggested_replacement":null,"suggestion_applicability":null,"expansion":null}],"children":[],"rendered":"error[E0599]: no method named `with_appended` found for struct `St` in the current scope\n  --> tests/run-pass/pattern_args.rs:62:33\n   |\n16 |     pub struct St {\n   |     ------------- method `with_appended` not found for this struct\n...\n62 |     assert_eq!(s, St::default().with_appended(\"foo\", &mut c2));\n   |                                 ^^^^^^^^^^^^^ method not found in `St`\n\n"}
[INFO] [stdout] {"message":"no method named `with_appended_tc` found for struct `St` in the current scope","code":{"code":"E0599","explanation":"This error occurs when a method is used on a type which doesn't implement it:\n\nErroneous code example:\n\n```compile_fail,E0599\nstruct Mouth;\n\nlet x = Mouth;\nx.chocolate(); // error: no method named `chocolate` found for type `Mouth`\n               //        in the current scope\n```\n\nIn this case, you need to implement the `chocolate` method to fix the error:\n\n```\nstruct Mouth;\n\nimpl Mouth {\n    fn chocolate(&self) { // We implement the `chocolate` method here.\n        println!(\"Hmmm! I love chocolate!\");\n    }\n}\n\nlet x = Mouth;\nx.chocolate(); // ok!\n```\n"},"level":"error","spans":[{"file_name":"tests/run-pass/pattern_args.rs","byte_start":338,"byte_end":351,"line_start":16,"line_end":16,"column_start":5,"column_end":18,"is_primary":false,"text":[{"text":"    pub struct St {","highlight_start":5,"highlight_end":18}],"label":"method `with_appended_tc` not found for this struct","suggested_replacement":null,"suggestion_applicability":null,"expansion":null},{"file_name":"tests/run-pass/pattern_args.rs","byte_start":1900,"byte_end":1916,"line_start":68,"line_end":68,"column_start":36,"column_end":52,"is_primary":true,"text":[{"text":"    assert_eq!(s_tc, St::default().with_appended_tc(\"foo\", &mut tc2));","highlight_start":36,"highlight_end":52}],"label":null,"suggested_replacement":null,"suggestion_applicability":null,"expansion":null}],"children":[{"message":"there is a method with a similar name","code":null,"level":"help","spans":[{"file_name":"tests/run-pass/pattern_args.rs","byte_start":1900,"byte_end":1916,"line_start":68,"line_end":68,"column_start":36,"column_end":52,"is_primary":true,"text":[{"text":"    assert_eq!(s_tc, St::default().with_appended_tc(\"foo\", &mut tc2));","highlight_start":36,"highlight_end":52}],"label":null,"suggested_replacement":"append_tc","suggestion_applicability":"MaybeIncorrect","expansion":null}],"children":[],"rendered":null}],"rendered":"error[E0599]: no method named `with_appended_tc` found for struct `St` in the current scope\n  --> tests/run-pass/pattern_args.rs:68:36\n   |\n16 |     pub struct St {\n   |     ------------- method `with_appended_tc` not found for this struct\n...\n68 |     assert_eq!(s_tc, St::default().with_appended_tc(\"foo\", &mut tc2));\n   |                                    ^^^^^^^^^^^^^^^^ help: there is a method with a similar name: `append_tc`\n\n"}
[INFO] [stdout] {"message":"no method named `with_appended_sc` found for struct `St` in the current scope","code":{"code":"E0599","explanation":"This error occurs when a method is used on a type which doesn't implement it:\n\nErroneous code example:\n\n```compile_fail,E0599\nstruct Mouth;\n\nlet x = Mouth;\nx.chocolate(); // error: no method named `chocolate` found for type `Mouth`\n               //        in the current scope\n```\n\nIn this case, you need to implement the `chocolate` method to fix the error:\n\n```\nstruct Mouth;\n\nimpl Mouth {\n    fn chocolate(&self) { // We implement the `chocolate` method here.\n        println!(\"Hmmm! I love chocolate!\");\n    }\n}\n\nlet x = Mouth;\nx.chocolate(); // ok!\n```\n"},"level":"error","spans":[{"file_name":"tests/run-pass/pattern_args.rs","byte_start":338,"byte_end":351,"line_start":16,"line_end":16,"column_start":5,"column_end":18,"is_primary":false,"text":[{"text":"    pub struct St {","highlight_start":5,"highlight_end":18}],"label":"method `with_appended_sc` not found for this struct","suggested_replacement":null,"suggestion_applicability":null,"expansion":null},{"file_name":"tests/run-pass/pattern_args.rs","byte_start":2135,"byte_end":2151,"line_start":74,"line_end":74,"column_start":36,"column_end":52,"is_primary":true,"text":[{"text":"    assert_eq!(s_sc, St::default().with_appended_sc(\"foo\", &mut sc2));","highlight_start":36,"highlight_end":52}],"label":null,"suggested_replacement":null,"suggestion_applicability":null,"expansion":null}],"children":[{"message":"there is a method with a similar name","code":null,"level":"help","spans":[{"file_name":"tests/run-pass/pattern_args.rs","byte_start":2135,"byte_end":2151,"line_start":74,"line_end":74,"column_start":36,"column_end":52,"is_primary":true,"text":[{"text":"    assert_eq!(s_sc, St::default().with_appended_sc(\"foo\", &mut sc2));","highlight_start":36,"highlight_end":52}],"label":null,"suggested_replacement":"append_sc","suggestion_applicability":"MaybeIncorrect","expansion":null}],"children":[],"rendered":null}],"rendered":"error[E0599]: no method named `with_appended_sc` found for struct `St` in the current scope\n  --> tests/run-pass/pattern_args.rs:74:36\n   |\n16 |     pub struct St {\n   |     ------------- method `with_appended_sc` not found for this struct\n...\n74 |     assert_eq!(s_sc, St::default().with_appended_sc(\"foo\", &mut sc2));\n   |                                    ^^^^^^^^^^^^^^^^ help: there is a method with a similar name: `append_sc`\n\n"}
[INFO] [stdout] {"message":"aborting due to 8 previous errors","code":null,"level":"error","spans":[],"children":[],"rendered":"error: aborting due to 8 previous errors\n\n"}
[INFO] [stdout] {"message":"Some errors have detailed explanations: E0463, E0599.","code":null,"level":"failure-note","spans":[],"children":[],"rendered":"Some errors have detailed explanations: E0463, E0599.\n"}
[INFO] [stdout] {"message":"For more information about an error, try `rustc --explain E0463`.","code":null,"level":"failure-note","spans":[],"children":[],"rendered":"For more information about an error, try `rustc --explain E0463`.\n"}
[INFO] [stdout] 
[INFO] [stdout] ------------------------------------------
[INFO] [stdout] 
[INFO] [stdout] 
[INFO] [stdout] error: compilation failed!
[INFO] [stdout] status: exit status: 1
[INFO] [stdout] command: "rustc" "tests/run-pass/simple_pub_crate_from_method.rs" "-L" "/tmp" "--target=x86_64-unknown-linux-gnu" "--error-format" "json" "-C" "prefer-dynamic" "-o" "/tmp/simple_pub_crate_from_method.stage-id" "-L" "target/debug" "-L" "target/debug/deps" "-L" "/tmp/simple_pub_crate_from_method.stage-id.aux"
[INFO] [stdout] stdout:
[INFO] [stdout] ------------------------------------------
[INFO] [stdout] 
[INFO] [stdout] ------------------------------------------
[INFO] [stdout] stderr:
[INFO] [stdout] ------------------------------------------
[INFO] [stdout] {"message":"can't find crate for `fluent_impl`","code":{"code":"E0463","explanation":"A plugin/crate was declared but cannot be found.\n\nErroneous code example:\n\n```compile_fail,E0463\n#![feature(plugin)]\n#![plugin(cookie_monster)] // error: can't find crate for `cookie_monster`\nextern crate cake_is_a_lie; // error: can't find crate for `cake_is_a_lie`\n```\n\nYou need to link your code to the relevant crate in order to be able to use it\n(through Cargo or the `-L` option of rustc example). Plugins are crates as\nwell, and you link to them the same way.\n\n## Common causes\n\n- The crate is not present at all. If using Cargo, add it to `[dependencies]`\n  in Cargo.toml.\n- The crate is present, but under a different name. If using Cargo, look for\n  `package = ` under `[dependencies]` in Cargo.toml.\n\n## Common causes for missing `std` or `core`\n\n- You are cross-compiling for a target which doesn't have `std` prepackaged.\n  Consider one of the following:\n  + Adding a pre-compiled version of std with `rustup target add`\n  + Building std from source with `cargo build -Z build-std`\n  + Using `#![no_std]` at the crate root, so you won't need `std` in the first\n    place.\n- You are developing the compiler itself and haven't built libstd from source.\n  You can usually build it with `x.py build library/std`. More information\n  about x.py is available in the [rustc-dev-guide].\n\n[rustc-dev-guide]: https://rustc-dev-guide.rust-lang.org/building/how-to-build-and-run.html#building-the-compiler\n"},"level":"error","spans":[{"file_name":"tests/run-pass/simple_pub_crate_from_method.rs","byte_start":0,"byte_end":25,"line_start":1,"line_end":1,"column_start":1,"column_end":26,"is_primary":true,"text":[{"text":"extern crate fluent_impl;","highlight_start":1,"highlight_end":26}],"label":"can't find crate","suggested_replacement":null,"suggestion_applicability":null,"expansion":null}],"children":[],"rendered":"error[E0463]: can't find crate for `fluent_impl`\n --> tests/run-pass/simple_pub_crate_from_method.rs:1:1\n  |\n1 | extern crate fluent_impl;\n  | ^^^^^^^^^^^^^^^^^^^^^^^^^ can't find crate\n\n"}
[INFO] [stdout] {"message":"cannot determine resolution for the attribute macro `fluent_impl`","code":null,"level":"error","spans":[{"file_name":"tests/run-pass/simple_pub_crate_from_method.rs","byte_start":195,"byte_end":206,"line_start":11,"line_end":11,"column_start":7,"column_end":18,"is_primary":true,"text":[{"text":"    #[fluent_impl]","highlight_start":7,"highlight_end":18}],"label":null,"suggested_replacement":null,"suggestion_applicability":null,"expansion":null}],"children":[{"message":"import resolution is stuck, try simplifying macro imports","code":null,"level":"note","spans":[],"children":[],"rendered":null}],"rendered":"error: cannot determine resolution for the attribute macro `fluent_impl`\n  --> tests/run-pass/simple_pub_crate_from_method.rs:11:7\n   |\n11 |     #[fluent_impl]\n   |       ^^^^^^^^^^^\n   |\n   = note: import resolution is stuck, try simplifying macro imports\n\n"}
[INFO] [stdout] {"message":"cannot determine resolution for the attribute macro `fluent_impl_opts`","code":null,"level":"error","spans":[{"file_name":"tests/run-pass/simple_pub_crate_from_method.rs","byte_start":383,"byte_end":399,"line_start":21,"line_end":21,"column_start":11,"column_end":27,"is_primary":true,"text":[{"text":"        #[fluent_impl_opts(non_public)]","highlight_start":11,"highlight_end":27}],"label":null,"suggested_replacement":null,"suggestion_applicability":null,"expansion":null}],"children":[{"message":"import resolution is stuck, try simplifying macro imports","code":null,"level":"note","spans":[],"children":[],"rendered":null}],"rendered":"error: cannot determine resolution for the attribute macro `fluent_impl_opts`\n  --> tests/run-pass/simple_pub_crate_from_method.rs:21:11\n   |\n21 |         #[fluent_impl_opts(non_public)]\n   |           ^^^^^^^^^^^^^^^^\n   |\n   = note: import resolution is stuck, try simplifying macro imports\n\n"}
[INFO] [stdout] {"message":"no method named `with_add_1` found for struct `Simple` in the current scope","code":{"code":"E0599","explanation":"This error occurs when a method is used on a type which doesn't implement it:\n\nErroneous code example:\n\n```compile_fail,E0599\nstruct Mouth;\n\nlet x = Mouth;\nx.chocolate(); // error: no method named `chocolate` found for type `Mouth`\n               //        in the current scope\n```\n\nIn this case, you need to implement the `chocolate` method to fix the error:\n\n```\nstruct Mouth;\n\nimpl Mouth {\n    fn chocolate(&self) { // We implement the `chocolate` method here.\n        println!(\"Hmmm! I love chocolate!\");\n    }\n}\n\nlet x = Mouth;\nx.chocolate(); // ok!\n```\n"},"level":"error","spans":[{"file_name":"tests/run-pass/simple_pub_crate_from_method.rs","byte_start":144,"byte_end":161,"line_start":7,"line_end":7,"column_start":5,"column_end":22,"is_primary":false,"text":[{"text":"    pub struct Simple {","highlight_start":5,"highlight_end":22}],"label":"method `with_add_1` not found for this struct","suggested_replacement":null,"suggestion_applicability":null,"expansion":null},{"file_name":"tests/run-pass/simple_pub_crate_from_method.rs","byte_start":658,"byte_end":668,"line_start":33,"line_end":33,"column_start":38,"column_end":48,"is_primary":true,"text":[{"text":"    assert_eq!(s1, Simple::default().with_add_1());","highlight_start":38,"highlight_end":48}],"label":null,"suggested_replacement":null,"suggestion_applicability":null,"expansion":null}],"children":[{"message":"there is a method with a similar name","code":null,"level":"help","spans":[{"file_name":"tests/run-pass/simple_pub_crate_from_method.rs","byte_start":658,"byte_end":668,"line_start":33,"line_end":33,"column_start":38,"column_end":48,"is_primary":true,"text":[{"text":"    assert_eq!(s1, Simple::default().with_add_1());","highlight_start":38,"highlight_end":48}],"label":null,"suggested_replacement":"add_1","suggestion_applicability":"MaybeIncorrect","expansion":null}],"children":[],"rendered":null}],"rendered":"error[E0599]: no method named `with_add_1` found for struct `Simple` in the current scope\n  --> tests/run-pass/simple_pub_crate_from_method.rs:33:38\n   |\n7  |     pub struct Simple {\n   |     ----------------- method `with_add_1` not found for this struct\n...\n33 |     assert_eq!(s1, Simple::default().with_add_1());\n   |                                      ^^^^^^^^^^ help: there is a method with a similar name: `add_1`\n\n"}
[INFO] [stdout] {"message":"aborting due to 4 previous errors","code":null,"level":"error","spans":[],"children":[],"rendered":"error: aborting due to 4 previous errors\n\n"}
[INFO] [stdout] {"message":"Some errors have detailed explanations: E0463, E0599.","code":null,"level":"failure-note","spans":[],"children":[],"rendered":"Some errors have detailed explanations: E0463, E0599.\n"}
[INFO] [stdout] {"message":"For more information about an error, try `rustc --explain E0463`.","code":null,"level":"failure-note","spans":[],"children":[],"rendered":"For more information about an error, try `rustc --explain E0463`.\n"}
[INFO] [stdout] 
[INFO] [stdout] ------------------------------------------
[INFO] [stdout] 
[INFO] [stdout] 
[INFO] [stdout] error: compilation failed!
[INFO] [stdout] status: exit status: 1
[INFO] [stdout] command: "rustc" "tests/run-pass/simple_all_opts.rs" "-L" "/tmp" "--target=x86_64-unknown-linux-gnu" "--error-format" "json" "-C" "prefer-dynamic" "-o" "/tmp/simple_all_opts.stage-id" "-L" "target/debug" "-L" "target/debug/deps" "-L" "/tmp/simple_all_opts.stage-id.aux"
[INFO] [stdout] stdout:
[INFO] [stdout] ------------------------------------------
[INFO] [stdout] 
[INFO] [stdout] ------------------------------------------
[INFO] [stdout] stderr:
[INFO] [stdout] ------------------------------------------
[INFO] [stdout] {"message":"can't find crate for `fluent_impl`","code":{"code":"E0463","explanation":"A plugin/crate was declared but cannot be found.\n\nErroneous code example:\n\n```compile_fail,E0463\n#![feature(plugin)]\n#![plugin(cookie_monster)] // error: can't find crate for `cookie_monster`\nextern crate cake_is_a_lie; // error: can't find crate for `cake_is_a_lie`\n```\n\nYou need to link your code to the relevant crate in order to be able to use it\n(through Cargo or the `-L` option of rustc example). Plugins are crates as\nwell, and you link to them the same way.\n\n## Common causes\n\n- The crate is not present at all. If using Cargo, add it to `[dependencies]`\n  in Cargo.toml.\n- The crate is present, but under a different name. If using Cargo, look for\n  `package = ` under `[dependencies]` in Cargo.toml.\n\n## Common causes for missing `std` or `core`\n\n- You are cross-compiling for a target which doesn't have `std` prepackaged.\n  Consider one of the following:\n  + Adding a pre-compiled version of std with `rustup target add`\n  + Building std from source with `cargo build -Z build-std`\n  + Using `#![no_std]` at the crate root, so you won't need `std` in the first\n    place.\n- You are developing the compiler itself and haven't built libstd from source.\n  You can usually build it with `x.py build library/std`. More information\n  about x.py is available in the [rustc-dev-guide].\n\n[rustc-dev-guide]: https://rustc-dev-guide.rust-lang.org/building/how-to-build-and-run.html#building-the-compiler\n"},"level":"error","spans":[{"file_name":"tests/run-pass/simple_all_opts.rs","byte_start":0,"byte_end":25,"line_start":1,"line_end":1,"column_start":1,"column_end":26,"is_primary":true,"text":[{"text":"extern crate fluent_impl;","highlight_start":1,"highlight_end":26}],"label":"can't find crate","suggested_replacement":null,"suggestion_applicability":null,"expansion":null}],"children":[],"rendered":"error[E0463]: can't find crate for `fluent_impl`\n --> tests/run-pass/simple_all_opts.rs:1:1\n  |\n1 | extern crate fluent_impl;\n  | ^^^^^^^^^^^^^^^^^^^^^^^^^ can't find crate\n\n"}
[INFO] [stdout] {"message":"cannot determine resolution for the attribute macro `fluent_impl`","code":null,"level":"error","spans":[{"file_name":"tests/run-pass/simple_all_opts.rs","byte_start":195,"byte_end":206,"line_start":11,"line_end":11,"column_start":7,"column_end":18,"is_primary":true,"text":[{"text":"    #[fluent_impl(inblock, non_public, prefix = \"w_\", doc = \"\", impl_doc = \"\")]","highlight_start":7,"highlight_end":18}],"label":null,"suggested_replacement":null,"suggestion_applicability":null,"expansion":null}],"children":[{"message":"import resolution is stuck, try simplifying macro imports","code":null,"level":"note","spans":[],"children":[],"rendered":null}],"rendered":"error: cannot determine resolution for the attribute macro `fluent_impl`\n  --> tests/run-pass/simple_all_opts.rs:11:7\n   |\n11 |     #[fluent_impl(inblock, non_public, prefix = \"w_\", doc = \"\", impl_doc = \"\")]\n   |       ^^^^^^^^^^^\n   |\n   = note: import resolution is stuck, try simplifying macro imports\n\n"}
[INFO] [stdout] {"message":"cannot determine resolution for the attribute macro `fluent_impl_opts`","code":null,"level":"error","spans":[{"file_name":"tests/run-pass/simple_all_opts.rs","byte_start":478,"byte_end":494,"line_start":22,"line_end":22,"column_start":11,"column_end":27,"is_primary":true,"text":[{"text":"        #[fluent_impl_opts(inblock, non_public, prefix = \"w_\", doc = \"\", rename = \"bla\")]","highlight_start":11,"highlight_end":27}],"label":null,"suggested_replacement":null,"suggestion_applicability":null,"expansion":null}],"children":[{"message":"import resolution is stuck, try simplifying macro imports","code":null,"level":"note","spans":[],"children":[],"rendered":null}],"rendered":"error: cannot determine resolution for the attribute macro `fluent_impl_opts`\n  --> tests/run-pass/simple_all_opts.rs:22:11\n   |\n22 |         #[fluent_impl_opts(inblock, non_public, prefix = \"w_\", doc = \"\", rename = \"bla\")]\n   |           ^^^^^^^^^^^^^^^^\n   |\n   = note: import resolution is stuck, try simplifying macro imports\n\n"}
[INFO] [stdout] {"message":"no method named `w_bla` found for struct `Simple` in the current scope","code":{"code":"E0599","explanation":"This error occurs when a method is used on a type which doesn't implement it:\n\nErroneous code example:\n\n```compile_fail,E0599\nstruct Mouth;\n\nlet x = Mouth;\nx.chocolate(); // error: no method named `chocolate` found for type `Mouth`\n               //        in the current scope\n```\n\nIn this case, you need to implement the `chocolate` method to fix the error:\n\n```\nstruct Mouth;\n\nimpl Mouth {\n    fn chocolate(&self) { // We implement the `chocolate` method here.\n        println!(\"Hmmm! I love chocolate!\");\n    }\n}\n\nlet x = Mouth;\nx.chocolate(); // ok!\n```\n"},"level":"error","spans":[{"file_name":"tests/run-pass/simple_all_opts.rs","byte_start":144,"byte_end":161,"line_start":7,"line_end":7,"column_start":5,"column_end":22,"is_primary":false,"text":[{"text":"    pub struct Simple {","highlight_start":5,"highlight_end":22}],"label":"method `w_bla` not found for this struct","suggested_replacement":null,"suggestion_applicability":null,"expansion":null},{"file_name":"tests/run-pass/simple_all_opts.rs","byte_start":796,"byte_end":801,"line_start":34,"line_end":34,"column_start":38,"column_end":43,"is_primary":true,"text":[{"text":"    assert_eq!(s1, Simple::default().w_bla());","highlight_start":38,"highlight_end":43}],"label":"method not found in `Simple`","suggested_replacement":null,"suggestion_applicability":null,"expansion":null}],"children":[],"rendered":"error[E0599]: no method named `w_bla` found for struct `Simple` in the current scope\n  --> tests/run-pass/simple_all_opts.rs:34:38\n   |\n7  |     pub struct Simple {\n   |     ----------------- method `w_bla` not found for this struct\n...\n34 |     assert_eq!(s1, Simple::default().w_bla());\n   |                                      ^^^^^ method not found in `Simple`\n\n"}
[INFO] [stdout] {"message":"aborting due to 4 previous errors","code":null,"level":"error","spans":[],"children":[],"rendered":"error: aborting due to 4 previous errors\n\n"}
[INFO] [stdout] {"message":"Some errors have detailed explanations: E0463, E0599.","code":null,"level":"failure-note","spans":[],"children":[],"rendered":"Some errors have detailed explanations: E0463, E0599.\n"}
[INFO] [stdout] {"message":"For more information about an error, try `rustc --explain E0463`.","code":null,"level":"failure-note","spans":[],"children":[],"rendered":"For more information about an error, try `rustc --explain E0463`.\n"}
[INFO] [stdout] 
[INFO] [stdout] ------------------------------------------
[INFO] [stdout] 
[INFO] [stdout] 
[INFO] [stdout] error: compilation failed!
[INFO] [stdout] status: exit status: 1
[INFO] [stdout] command: "rustc" "tests/run-pass/simple_rename.rs" "-L" "/tmp" "--target=x86_64-unknown-linux-gnu" "--error-format" "json" "-C" "prefer-dynamic" "-o" "/tmp/simple_rename.stage-id" "-L" "target/debug" "-L" "target/debug/deps" "-L" "/tmp/simple_rename.stage-id.aux"
[INFO] [stdout] stdout:
[INFO] [stdout] ------------------------------------------
[INFO] [stdout] 
[INFO] [stdout] ------------------------------------------
[INFO] [stdout] stderr:
[INFO] [stdout] ------------------------------------------
[INFO] [stdout] {"message":"can't find crate for `fluent_impl`","code":{"code":"E0463","explanation":"A plugin/crate was declared but cannot be found.\n\nErroneous code example:\n\n```compile_fail,E0463\n#![feature(plugin)]\n#![plugin(cookie_monster)] // error: can't find crate for `cookie_monster`\nextern crate cake_is_a_lie; // error: can't find crate for `cake_is_a_lie`\n```\n\nYou need to link your code to the relevant crate in order to be able to use it\n(through Cargo or the `-L` option of rustc example). Plugins are crates as\nwell, and you link to them the same way.\n\n## Common causes\n\n- The crate is not present at all. If using Cargo, add it to `[dependencies]`\n  in Cargo.toml.\n- The crate is present, but under a different name. If using Cargo, look for\n  `package = ` under `[dependencies]` in Cargo.toml.\n\n## Common causes for missing `std` or `core`\n\n- You are cross-compiling for a target which doesn't have `std` prepackaged.\n  Consider one of the following:\n  + Adding a pre-compiled version of std with `rustup target add`\n  + Building std from source with `cargo build -Z build-std`\n  + Using `#![no_std]` at the crate root, so you won't need `std` in the first\n    place.\n- You are developing the compiler itself and haven't built libstd from source.\n  You can usually build it with `x.py build library/std`. More information\n  about x.py is available in the [rustc-dev-guide].\n\n[rustc-dev-guide]: https://rustc-dev-guide.rust-lang.org/building/how-to-build-and-run.html#building-the-compiler\n"},"level":"error","spans":[{"file_name":"tests/run-pass/simple_rename.rs","byte_start":0,"byte_end":25,"line_start":1,"line_end":1,"column_start":1,"column_end":26,"is_primary":true,"text":[{"text":"extern crate fluent_impl;","highlight_start":1,"highlight_end":26}],"label":"can't find crate","suggested_replacement":null,"suggestion_applicability":null,"expansion":null}],"children":[],"rendered":"error[E0463]: can't find crate for `fluent_impl`\n --> tests/run-pass/simple_rename.rs:1:1\n  |\n1 | extern crate fluent_impl;\n  | ^^^^^^^^^^^^^^^^^^^^^^^^^ can't find crate\n\n"}
[INFO] [stdout] {"message":"cannot determine resolution for the attribute macro `fluent_impl`","code":null,"level":"error","spans":[{"file_name":"tests/run-pass/simple_rename.rs","byte_start":195,"byte_end":206,"line_start":11,"line_end":11,"column_start":7,"column_end":18,"is_primary":true,"text":[{"text":"    #[fluent_impl]","highlight_start":7,"highlight_end":18}],"label":null,"suggested_replacement":null,"suggestion_applicability":null,"expansion":null}],"children":[{"message":"import resolution is stuck, try simplifying macro imports","code":null,"level":"note","spans":[],"children":[],"rendered":null}],"rendered":"error: cannot determine resolution for the attribute macro `fluent_impl`\n  --> tests/run-pass/simple_rename.rs:11:7\n   |\n11 |     #[fluent_impl]\n   |       ^^^^^^^^^^^\n   |\n   = note: import resolution is stuck, try simplifying macro imports\n\n"}
[INFO] [stdout] {"message":"cannot determine resolution for the attribute macro `fluent_impl_opts`","code":null,"level":"error","spans":[{"file_name":"tests/run-pass/simple_rename.rs","byte_start":383,"byte_end":399,"line_start":21,"line_end":21,"column_start":11,"column_end":27,"is_primary":true,"text":[{"text":"        #[fluent_impl_opts(rename = \"added_1\")]","highlight_start":11,"highlight_end":27}],"label":null,"suggested_replacement":null,"suggestion_applicability":null,"expansion":null}],"children":[{"message":"import resolution is stuck, try simplifying macro imports","code":null,"level":"note","spans":[],"children":[],"rendered":null}],"rendered":"error: cannot determine resolution for the attribute macro `fluent_impl_opts`\n  --> tests/run-pass/simple_rename.rs:21:11\n   |\n21 |         #[fluent_impl_opts(rename = \"added_1\")]\n   |           ^^^^^^^^^^^^^^^^\n   |\n   = note: import resolution is stuck, try simplifying macro imports\n\n"}
[INFO] [stdout] {"message":"no method named `with_added_1` found for struct `Simple` in the current scope","code":{"code":"E0599","explanation":"This error occurs when a method is used on a type which doesn't implement it:\n\nErroneous code example:\n\n```compile_fail,E0599\nstruct Mouth;\n\nlet x = Mouth;\nx.chocolate(); // error: no method named `chocolate` found for type `Mouth`\n               //        in the current scope\n```\n\nIn this case, you need to implement the `chocolate` method to fix the error:\n\n```\nstruct Mouth;\n\nimpl Mouth {\n    fn chocolate(&self) { // We implement the `chocolate` method here.\n        println!(\"Hmmm! I love chocolate!\");\n    }\n}\n\nlet x = Mouth;\nx.chocolate(); // ok!\n```\n"},"level":"error","spans":[{"file_name":"tests/run-pass/simple_rename.rs","byte_start":144,"byte_end":161,"line_start":7,"line_end":7,"column_start":5,"column_end":22,"is_primary":false,"text":[{"text":"    pub struct Simple {","highlight_start":5,"highlight_end":22}],"label":"method `with_added_1` not found for this struct","suggested_replacement":null,"suggestion_applicability":null,"expansion":null},{"file_name":"tests/run-pass/simple_rename.rs","byte_start":659,"byte_end":671,"line_start":33,"line_end":33,"column_start":38,"column_end":50,"is_primary":true,"text":[{"text":"    assert_eq!(s1, Simple::default().with_added_1());","highlight_start":38,"highlight_end":50}],"label":"method not found in `Simple`","suggested_replacement":null,"suggestion_applicability":null,"expansion":null}],"children":[],"rendered":"error[E0599]: no method named `with_added_1` found for struct `Simple` in the current scope\n  --> tests/run-pass/simple_rename.rs:33:38\n   |\n7  |     pub struct Simple {\n   |     ----------------- method `with_added_1` not found for this struct\n...\n33 |     assert_eq!(s1, Simple::default().with_added_1());\n   |                                      ^^^^^^^^^^^^ method not found in `Simple`\n\n"}
[INFO] [stdout] {"message":"aborting due to 4 previous errors","code":null,"level":"error","spans":[],"children":[],"rendered":"error: aborting due to 4 previous errors\n\n"}
[INFO] [stdout] {"message":"Some errors have detailed explanations: E0463, E0599.","code":null,"level":"failure-note","spans":[],"children":[],"rendered":"Some errors have detailed explanations: E0463, E0599.\n"}
[INFO] [stdout] {"message":"For more information about an error, try `rustc --explain E0463`.","code":null,"level":"failure-note","spans":[],"children":[],"rendered":"For more information about an error, try `rustc --explain E0463`.\n"}
[INFO] [stdout] 
[INFO] [stdout] ------------------------------------------
[INFO] [stdout] 
[INFO] [stdout] 
[INFO] [stdout] error: compilation failed!
[INFO] [stdout] status: exit status: 1
[INFO] [stdout] command: "rustc" "tests/run-pass/simple_empty_attrs.rs" "-L" "/tmp" "--target=x86_64-unknown-linux-gnu" "--error-format" "json" "-C" "prefer-dynamic" "-o" "/tmp/simple_empty_attrs.stage-id" "-L" "target/debug" "-L" "target/debug/deps" "-L" "/tmp/simple_empty_attrs.stage-id.aux"
[INFO] [stdout] stdout:
[INFO] [stdout] ------------------------------------------
[INFO] [stdout] 
[INFO] [stdout] ------------------------------------------
[INFO] [stdout] stderr:
[INFO] [stdout] ------------------------------------------
[INFO] [stdout] {"message":"can't find crate for `fluent_impl`","code":{"code":"E0463","explanation":"A plugin/crate was declared but cannot be found.\n\nErroneous code example:\n\n```compile_fail,E0463\n#![feature(plugin)]\n#![plugin(cookie_monster)] // error: can't find crate for `cookie_monster`\nextern crate cake_is_a_lie; // error: can't find crate for `cake_is_a_lie`\n```\n\nYou need to link your code to the relevant crate in order to be able to use it\n(through Cargo or the `-L` option of rustc example). Plugins are crates as\nwell, and you link to them the same way.\n\n## Common causes\n\n- The crate is not present at all. If using Cargo, add it to `[dependencies]`\n  in Cargo.toml.\n- The crate is present, but under a different name. If using Cargo, look for\n  `package = ` under `[dependencies]` in Cargo.toml.\n\n## Common causes for missing `std` or `core`\n\n- You are cross-compiling for a target which doesn't have `std` prepackaged.\n  Consider one of the following:\n  + Adding a pre-compiled version of std with `rustup target add`\n  + Building std from source with `cargo build -Z build-std`\n  + Using `#![no_std]` at the crate root, so you won't need `std` in the first\n    place.\n- You are developing the compiler itself and haven't built libstd from source.\n  You can usually build it with `x.py build library/std`. More information\n  about x.py is available in the [rustc-dev-guide].\n\n[rustc-dev-guide]: https://rustc-dev-guide.rust-lang.org/building/how-to-build-and-run.html#building-the-compiler\n"},"level":"error","spans":[{"file_name":"tests/run-pass/simple_empty_attrs.rs","byte_start":0,"byte_end":25,"line_start":1,"line_end":1,"column_start":1,"column_end":26,"is_primary":true,"text":[{"text":"extern crate fluent_impl;","highlight_start":1,"highlight_end":26}],"label":"can't find crate","suggested_replacement":null,"suggestion_applicability":null,"expansion":null}],"children":[],"rendered":"error[E0463]: can't find crate for `fluent_impl`\n --> tests/run-pass/simple_empty_attrs.rs:1:1\n  |\n1 | extern crate fluent_impl;\n  | ^^^^^^^^^^^^^^^^^^^^^^^^^ can't find crate\n\n"}
[INFO] [stdout] {"message":"cannot determine resolution for the attribute macro `fluent_impl`","code":null,"level":"error","spans":[{"file_name":"tests/run-pass/simple_empty_attrs.rs","byte_start":195,"byte_end":206,"line_start":11,"line_end":11,"column_start":7,"column_end":18,"is_primary":true,"text":[{"text":"    #[fluent_impl()]","highlight_start":7,"highlight_end":18}],"label":null,"suggested_replacement":null,"suggestion_applicability":null,"expansion":null}],"children":[{"message":"import resolution is stuck, try simplifying macro imports","code":null,"level":"note","spans":[],"children":[],"rendered":null}],"rendered":"error: cannot determine resolution for the attribute macro `fluent_impl`\n  --> tests/run-pass/simple_empty_attrs.rs:11:7\n   |\n11 |     #[fluent_impl()]\n   |       ^^^^^^^^^^^\n   |\n   = note: import resolution is stuck, try simplifying macro imports\n\n"}
[INFO] [stdout] {"message":"cannot determine resolution for the attribute macro `fluent_impl_opts`","code":null,"level":"error","spans":[{"file_name":"tests/run-pass/simple_empty_attrs.rs","byte_start":385,"byte_end":401,"line_start":21,"line_end":21,"column_start":11,"column_end":27,"is_primary":true,"text":[{"text":"        #[fluent_impl_opts()]","highlight_start":11,"highlight_end":27}],"label":null,"suggested_replacement":null,"suggestion_applicability":null,"expansion":null}],"children":[{"message":"import resolution is stuck, try simplifying macro imports","code":null,"level":"note","spans":[],"children":[],"rendered":null}],"rendered":"error: cannot determine resolution for the attribute macro `fluent_impl_opts`\n  --> tests/run-pass/simple_empty_attrs.rs:21:11\n   |\n21 |         #[fluent_impl_opts()]\n   |           ^^^^^^^^^^^^^^^^\n   |\n   = note: import resolution is stuck, try simplifying macro imports\n\n"}
[INFO] [stdout] {"message":"no method named `with_add_1` found for struct `Simple` in the current scope","code":{"code":"E0599","explanation":"This error occurs when a method is used on a type which doesn't implement it:\n\nErroneous code example:\n\n```compile_fail,E0599\nstruct Mouth;\n\nlet x = Mouth;\nx.chocolate(); // error: no method named `chocolate` found for type `Mouth`\n               //        in the current scope\n```\n\nIn this case, you need to implement the `chocolate` method to fix the error:\n\n```\nstruct Mouth;\n\nimpl Mouth {\n    fn chocolate(&self) { // We implement the `chocolate` method here.\n        println!(\"Hmmm! I love chocolate!\");\n    }\n}\n\nlet x = Mouth;\nx.chocolate(); // ok!\n```\n"},"level":"error","spans":[{"file_name":"tests/run-pass/simple_empty_attrs.rs","byte_start":144,"byte_end":161,"line_start":7,"line_end":7,"column_start":5,"column_end":22,"is_primary":false,"text":[{"text":"    pub struct Simple {","highlight_start":5,"highlight_end":22}],"label":"method `with_add_1` not found for this struct","suggested_replacement":null,"suggestion_applicability":null,"expansion":null},{"file_name":"tests/run-pass/simple_empty_attrs.rs","byte_start":643,"byte_end":653,"line_start":33,"line_end":33,"column_start":38,"column_end":48,"is_primary":true,"text":[{"text":"    assert_eq!(s1, Simple::default().with_add_1());","highlight_start":38,"highlight_end":48}],"label":null,"suggested_replacement":null,"suggestion_applicability":null,"expansion":null}],"children":[{"message":"there is a method with a similar name","code":null,"level":"help","spans":[{"file_name":"tests/run-pass/simple_empty_attrs.rs","byte_start":643,"byte_end":653,"line_start":33,"line_end":33,"column_start":38,"column_end":48,"is_primary":true,"text":[{"text":"    assert_eq!(s1, Simple::default().with_add_1());","highlight_start":38,"highlight_end":48}],"label":null,"suggested_replacement":"add_1","suggestion_applicability":"MaybeIncorrect","expansion":null}],"children":[],"rendered":null}],"rendered":"error[E0599]: no method named `with_add_1` found for struct `Simple` in the current scope\n  --> tests/run-pass/simple_empty_attrs.rs:33:38\n   |\n7  |     pub struct Simple {\n   |     ----------------- method `with_add_1` not found for this struct\n...\n33 |     assert_eq!(s1, Simple::default().with_add_1());\n   |                                      ^^^^^^^^^^ help: there is a method with a similar name: `add_1`\n\n"}
[INFO] [stdout] {"message":"aborting due to 4 previous errors","code":null,"level":"error","spans":[],"children":[],"rendered":"error: aborting due to 4 previous errors\n\n"}
[INFO] [stdout] {"message":"Some errors have detailed explanations: E0463, E0599.","code":null,"level":"failure-note","spans":[],"children":[],"rendered":"Some errors have detailed explanations: E0463, E0599.\n"}
[INFO] [stdout] {"message":"For more information about an error, try `rustc --explain E0463`.","code":null,"level":"failure-note","spans":[],"children":[],"rendered":"For more information about an error, try `rustc --explain E0463`.\n"}
[INFO] [stdout] 
[INFO] [stdout] ------------------------------------------
[INFO] [stdout] 
[INFO] [stdout] 
[INFO] [stdout] error: compilation failed!
[INFO] [stdout] status: exit status: 1
[INFO] [stdout] command: "rustc" "tests/run-pass/simple_macro_inblock.rs" "-L" "/tmp" "--target=x86_64-unknown-linux-gnu" "--error-format" "json" "-C" "prefer-dynamic" "-o" "/tmp/simple_macro_inblock.stage-id" "-L" "target/debug" "-L" "target/debug/deps" "-L" "/tmp/simple_macro_inblock.stage-id.aux"
[INFO] [stdout] stdout:
[INFO] [stdout] ------------------------------------------
[INFO] [stdout] 
[INFO] [stdout] ------------------------------------------
[INFO] [stdout] stderr:
[INFO] [stdout] ------------------------------------------
[INFO] [stdout] {"message":"can't find crate for `fluent_impl`","code":{"code":"E0463","explanation":"A plugin/crate was declared but cannot be found.\n\nErroneous code example:\n\n```compile_fail,E0463\n#![feature(plugin)]\n#![plugin(cookie_monster)] // error: can't find crate for `cookie_monster`\nextern crate cake_is_a_lie; // error: can't find crate for `cake_is_a_lie`\n```\n\nYou need to link your code to the relevant crate in order to be able to use it\n(through Cargo or the `-L` option of rustc example). Plugins are crates as\nwell, and you link to them the same way.\n\n## Common causes\n\n- The crate is not present at all. If using Cargo, add it to `[dependencies]`\n  in Cargo.toml.\n- The crate is present, but under a different name. If using Cargo, look for\n  `package = ` under `[dependencies]` in Cargo.toml.\n\n## Common causes for missing `std` or `core`\n\n- You are cross-compiling for a target which doesn't have `std` prepackaged.\n  Consider one of the following:\n  + Adding a pre-compiled version of std with `rustup target add`\n  + Building std from source with `cargo build -Z build-std`\n  + Using `#![no_std]` at the crate root, so you won't need `std` in the first\n    place.\n- You are developing the compiler itself and haven't built libstd from source.\n  You can usually build it with `x.py build library/std`. More information\n  about x.py is available in the [rustc-dev-guide].\n\n[rustc-dev-guide]: https://rustc-dev-guide.rust-lang.org/building/how-to-build-and-run.html#building-the-compiler\n"},"level":"error","spans":[{"file_name":"tests/run-pass/simple_macro_inblock.rs","byte_start":0,"byte_end":25,"line_start":1,"line_end":1,"column_start":1,"column_end":26,"is_primary":true,"text":[{"text":"extern crate fluent_impl;","highlight_start":1,"highlight_end":26}],"label":"can't find crate","suggested_replacement":null,"suggestion_applicability":null,"expansion":null}],"children":[],"rendered":"error[E0463]: can't find crate for `fluent_impl`\n --> tests/run-pass/simple_macro_inblock.rs:1:1\n  |\n1 | extern crate fluent_impl;\n  | ^^^^^^^^^^^^^^^^^^^^^^^^^ can't find crate\n\n"}
[INFO] [stdout] {"message":"cannot determine resolution for the attribute macro `fluent_impl`","code":null,"level":"error","spans":[{"file_name":"tests/run-pass/simple_macro_inblock.rs","byte_start":195,"byte_end":206,"line_start":11,"line_end":11,"column_start":7,"column_end":18,"is_primary":true,"text":[{"text":"    #[fluent_impl(inblock)]","highlight_start":7,"highlight_end":18}],"label":null,"suggested_replacement":null,"suggestion_applicability":null,"expansion":null}],"children":[{"message":"import resolution is stuck, try simplifying macro imports","code":null,"level":"note","spans":[],"children":[],"rendered":null}],"rendered":"error: cannot determine resolution for the attribute macro `fluent_impl`\n  --> tests/run-pass/simple_macro_inblock.rs:11:7\n   |\n11 |     #[fluent_impl(inblock)]\n   |       ^^^^^^^^^^^\n   |\n   = note: import resolution is stuck, try simplifying macro imports\n\n"}
[INFO] [stdout] {"message":"no method named `with_add_1` found for struct `Simple` in the current scope","code":{"code":"E0599","explanation":"This error occurs when a method is used on a type which doesn't implement it:\n\nErroneous code example:\n\n```compile_fail,E0599\nstruct Mouth;\n\nlet x = Mouth;\nx.chocolate(); // error: no method named `chocolate` found for type `Mouth`\n               //        in the current scope\n```\n\nIn this case, you need to implement the `chocolate` method to fix the error:\n\n```\nstruct Mouth;\n\nimpl Mouth {\n    fn chocolate(&self) { // We implement the `chocolate` method here.\n        println!(\"Hmmm! I love chocolate!\");\n    }\n}\n\nlet x = Mouth;\nx.chocolate(); // ok!\n```\n"},"level":"error","spans":[{"file_name":"tests/run-pass/simple_macro_inblock.rs","byte_start":144,"byte_end":161,"line_start":7,"line_end":7,"column_start":5,"column_end":22,"is_primary":false,"text":[{"text":"    pub struct Simple {","highlight_start":5,"highlight_end":22}],"label":"method `with_add_1` not found for this struct","suggested_replacement":null,"suggestion_applicability":null,"expansion":null},{"file_name":"tests/run-pass/simple_macro_inblock.rs","byte_start":620,"byte_end":630,"line_start":32,"line_end":32,"column_start":38,"column_end":48,"is_primary":true,"text":[{"text":"    assert_eq!(s1, Simple::default().with_add_1());","highlight_start":38,"highlight_end":48}],"label":null,"suggested_replacement":null,"suggestion_applicability":null,"expansion":null}],"children":[{"message":"there is a method with a similar name","code":null,"level":"help","spans":[{"file_name":"tests/run-pass/simple_macro_inblock.rs","byte_start":620,"byte_end":630,"line_start":32,"line_end":32,"column_start":38,"column_end":48,"is_primary":true,"text":[{"text":"    assert_eq!(s1, Simple::default().with_add_1());","highlight_start":38,"highlight_end":48}],"label":null,"suggested_replacement":"add_1","suggestion_applicability":"MaybeIncorrect","expansion":null}],"children":[],"rendered":null}],"rendered":"error[E0599]: no method named `with_add_1` found for struct `Simple` in the current scope\n  --> tests/run-pass/simple_macro_inblock.rs:32:38\n   |\n7  |     pub struct Simple {\n   |     ----------------- method `with_add_1` not found for this struct\n...\n32 |     assert_eq!(s1, Simple::default().with_add_1());\n   |                                      ^^^^^^^^^^ help: there is a method with a similar name: `add_1`\n\n"}
[INFO] [stdout] {"message":"aborting due to 3 previous errors","code":null,"level":"error","spans":[],"children":[],"rendered":"error: aborting due to 3 previous errors\n\n"}
[INFO] [stdout] {"message":"Some errors have detailed explanations: E0463, E0599.","code":null,"level":"failure-note","spans":[],"children":[],"rendered":"Some errors have detailed explanations: E0463, E0599.\n"}
[INFO] [stdout] {"message":"For more information about an error, try `rustc --explain E0463`.","code":null,"level":"failure-note","spans":[],"children":[],"rendered":"For more information about an error, try `rustc --explain E0463`.\n"}
[INFO] [stdout] 
[INFO] [stdout] ------------------------------------------
[INFO] [stdout] 
[INFO] [stdout] 
[INFO] [stdout] error: compilation failed!
[INFO] [stdout] status: exit status: 1
[INFO] [stdout] command: "rustc" "tests/run-pass/mutref_arg.rs" "-L" "/tmp" "--target=x86_64-unknown-linux-gnu" "--error-format" "json" "-C" "prefer-dynamic" "-o" "/tmp/mutref_arg.stage-id" "-L" "target/debug" "-L" "target/debug/deps" "-L" "/tmp/mutref_arg.stage-id.aux"
[INFO] [stdout] stdout:
[INFO] [stdout] ------------------------------------------
[INFO] [stdout] 
[INFO] [stdout] ------------------------------------------
[INFO] [stdout] stderr:
[INFO] [stdout] ------------------------------------------
[INFO] [stdout] {"message":"can't find crate for `fluent_impl`","code":{"code":"E0463","explanation":"A plugin/crate was declared but cannot be found.\n\nErroneous code example:\n\n```compile_fail,E0463\n#![feature(plugin)]\n#![plugin(cookie_monster)] // error: can't find crate for `cookie_monster`\nextern crate cake_is_a_lie; // error: can't find crate for `cake_is_a_lie`\n```\n\nYou need to link your code to the relevant crate in order to be able to use it\n(through Cargo or the `-L` option of rustc example). Plugins are crates as\nwell, and you link to them the same way.\n\n## Common causes\n\n- The crate is not present at all. If using Cargo, add it to `[dependencies]`\n  in Cargo.toml.\n- The crate is present, but under a different name. If using Cargo, look for\n  `package = ` under `[dependencies]` in Cargo.toml.\n\n## Common causes for missing `std` or `core`\n\n- You are cross-compiling for a target which doesn't have `std` prepackaged.\n  Consider one of the following:\n  + Adding a pre-compiled version of std with `rustup target add`\n  + Building std from source with `cargo build -Z build-std`\n  + Using `#![no_std]` at the crate root, so you won't need `std` in the first\n    place.\n- You are developing the compiler itself and haven't built libstd from source.\n  You can usually build it with `x.py build library/std`. More information\n  about x.py is available in the [rustc-dev-guide].\n\n[rustc-dev-guide]: https://rustc-dev-guide.rust-lang.org/building/how-to-build-and-run.html#building-the-compiler\n"},"level":"error","spans":[{"file_name":"tests/run-pass/mutref_arg.rs","byte_start":0,"byte_end":25,"line_start":1,"line_end":1,"column_start":1,"column_end":26,"is_primary":true,"text":[{"text":"extern crate fluent_impl;","highlight_start":1,"highlight_end":26}],"label":"can't find crate","suggested_replacement":null,"suggestion_applicability":null,"expansion":null}],"children":[],"rendered":"error[E0463]: can't find crate for `fluent_impl`\n --> tests/run-pass/mutref_arg.rs:1:1\n  |\n1 | extern crate fluent_impl;\n  | ^^^^^^^^^^^^^^^^^^^^^^^^^ can't find crate\n\n"}
[INFO] [stdout] {"message":"cannot determine resolution for the attribute macro `fluent_impl`","code":null,"level":"error","spans":[{"file_name":"tests/run-pass/mutref_arg.rs","byte_start":219,"byte_end":230,"line_start":12,"line_end":12,"column_start":7,"column_end":18,"is_primary":true,"text":[{"text":"    #[fluent_impl]","highlight_start":7,"highlight_end":18}],"label":null,"suggested_replacement":null,"suggestion_applicability":null,"expansion":null}],"children":[{"message":"import resolution is stuck, try simplifying macro imports","code":null,"level":"note","spans":[],"children":[],"rendered":null}],"rendered":"error: cannot determine resolution for the attribute macro `fluent_impl`\n  --> tests/run-pass/mutref_arg.rs:12:7\n   |\n12 |     #[fluent_impl]\n   |       ^^^^^^^^^^^\n   |\n   = note: import resolution is stuck, try simplifying macro imports\n\n"}
[INFO] [stdout] {"message":"cannot determine resolution for the attribute macro `fluent_impl_opts`","code":null,"level":"error","spans":[{"file_name":"tests/run-pass/mutref_arg.rs","byte_start":331,"byte_end":347,"line_start":18,"line_end":18,"column_start":11,"column_end":27,"is_primary":true,"text":[{"text":"        #[fluent_impl_opts(rename = \"appended\")]","highlight_start":11,"highlight_end":27}],"label":null,"suggested_replacement":null,"suggestion_applicability":null,"expansion":null}],"children":[{"message":"import resolution is stuck, try simplifying macro imports","code":null,"level":"note","spans":[],"children":[],"rendered":null}],"rendered":"error: cannot determine resolution for the attribute macro `fluent_impl_opts`\n  --> tests/run-pass/mutref_arg.rs:18:11\n   |\n18 |         #[fluent_impl_opts(rename = \"appended\")]\n   |           ^^^^^^^^^^^^^^^^\n   |\n   = note: import resolution is stuck, try simplifying macro imports\n\n"}
[INFO] [stdout] {"message":"no method named `with_appended` found for struct `St` in the current scope","code":{"code":"E0599","explanation":"This error occurs when a method is used on a type which doesn't implement it:\n\nErroneous code example:\n\n```compile_fail,E0599\nstruct Mouth;\n\nlet x = Mouth;\nx.chocolate(); // error: no method named `chocolate` found for type `Mouth`\n               //        in the current scope\n```\n\nIn this case, you need to implement the `chocolate` method to fix the error:\n\n```\nstruct Mouth;\n\nimpl Mouth {\n    fn chocolate(&self) { // We implement the `chocolate` method here.\n        println!(\"Hmmm! I love chocolate!\");\n    }\n}\n\nlet x = Mouth;\nx.chocolate(); // ok!\n```\n"},"level":"error","spans":[{"file_name":"tests/run-pass/mutref_arg.rs","byte_start":168,"byte_end":181,"line_start":8,"line_end":8,"column_start":5,"column_end":18,"is_primary":false,"text":[{"text":"    pub struct St {","highlight_start":5,"highlight_end":18}],"label":"method `with_appended` not found for this struct","suggested_replacement":null,"suggestion_applicability":null,"expansion":null},{"file_name":"tests/run-pass/mutref_arg.rs","byte_start":736,"byte_end":749,"line_start":33,"line_end":33,"column_start":34,"column_end":47,"is_primary":true,"text":[{"text":"    assert_eq!(s1, St::default().with_appended(\"foo\", &mut c2));","highlight_start":34,"highlight_end":47}],"label":"method not found in `St`","suggested_replacement":null,"suggestion_applicability":null,"expansion":null}],"children":[],"rendered":"error[E0599]: no method named `with_appended` found for struct `St` in the current scope\n  --> tests/run-pass/mutref_arg.rs:33:34\n   |\n8  |     pub struct St {\n   |     ------------- method `with_appended` not found for this struct\n...\n33 |     assert_eq!(s1, St::default().with_appended(\"foo\", &mut c2));\n   |                                  ^^^^^^^^^^^^^ method not found in `St`\n\n"}
[INFO] [stdout] {"message":"aborting due to 4 previous errors","code":null,"level":"error","spans":[],"children":[],"rendered":"error: aborting due to 4 previous errors\n\n"}
[INFO] [stdout] {"message":"Some errors have detailed explanations: E0463, E0599.","code":null,"level":"failure-note","spans":[],"children":[],"rendered":"Some errors have detailed explanations: E0463, E0599.\n"}
[INFO] [stdout] {"message":"For more information about an error, try `rustc --explain E0463`.","code":null,"level":"failure-note","spans":[],"children":[],"rendered":"For more information about an error, try `rustc --explain E0463`.\n"}
[INFO] [stdout] 
[INFO] [stdout] ------------------------------------------
[INFO] [stdout] 
[INFO] [stdout] 
[INFO] [stdout] error: compilation failed!
[INFO] [stdout] status: exit status: 1
[INFO] [stdout] command: "rustc" "tests/run-pass/trait_bound.rs" "-L" "/tmp" "--target=x86_64-unknown-linux-gnu" "--error-format" "json" "-C" "prefer-dynamic" "-o" "/tmp/trait_bound.stage-id" "-L" "target/debug" "-L" "target/debug/deps" "-L" "/tmp/trait_bound.stage-id.aux"
[INFO] [stdout] stdout:
[INFO] [stdout] ------------------------------------------
[INFO] [stdout] 
[INFO] [stdout] ------------------------------------------
[INFO] [stdout] stderr:
[INFO] [stdout] ------------------------------------------
[INFO] [stdout] {"message":"can't find crate for `fluent_impl`","code":{"code":"E0463","explanation":"A plugin/crate was declared but cannot be found.\n\nErroneous code example:\n\n```compile_fail,E0463\n#![feature(plugin)]\n#![plugin(cookie_monster)] // error: can't find crate for `cookie_monster`\nextern crate cake_is_a_lie; // error: can't find crate for `cake_is_a_lie`\n```\n\nYou need to link your code to the relevant crate in order to be able to use it\n(through Cargo or the `-L` option of rustc example). Plugins are crates as\nwell, and you link to them the same way.\n\n## Common causes\n\n- The crate is not present at all. If using Cargo, add it to `[dependencies]`\n  in Cargo.toml.\n- The crate is present, but under a different name. If using Cargo, look for\n  `package = ` under `[dependencies]` in Cargo.toml.\n\n## Common causes for missing `std` or `core`\n\n- You are cross-compiling for a target which doesn't have `std` prepackaged.\n  Consider one of the following:\n  + Adding a pre-compiled version of std with `rustup target add`\n  + Building std from source with `cargo build -Z build-std`\n  + Using `#![no_std]` at the crate root, so you won't need `std` in the first\n    place.\n- You are developing the compiler itself and haven't built libstd from source.\n  You can usually build it with `x.py build library/std`. More information\n  about x.py is available in the [rustc-dev-guide].\n\n[rustc-dev-guide]: https://rustc-dev-guide.rust-lang.org/building/how-to-build-and-run.html#building-the-compiler\n"},"level":"error","spans":[{"file_name":"tests/run-pass/trait_bound.rs","byte_start":0,"byte_end":25,"line_start":1,"line_end":1,"column_start":1,"column_end":26,"is_primary":true,"text":[{"text":"extern crate fluent_impl;","highlight_start":1,"highlight_end":26}],"label":"can't find crate","suggested_replacement":null,"suggestion_applicability":null,"expansion":null}],"children":[],"rendered":"error[E0463]: can't find crate for `fluent_impl`\n --> tests/run-pass/trait_bound.rs:1:1\n  |\n1 | extern crate fluent_impl;\n  | ^^^^^^^^^^^^^^^^^^^^^^^^^ can't find crate\n\n"}
[INFO] [stdout] {"message":"cannot determine resolution for the attribute macro `fluent_impl`","code":null,"level":"error","spans":[{"file_name":"tests/run-pass/trait_bound.rs","byte_start":219,"byte_end":230,"line_start":12,"line_end":12,"column_start":7,"column_end":18,"is_primary":true,"text":[{"text":"    #[fluent_impl]","highlight_start":7,"highlight_end":18}],"label":null,"suggested_replacement":null,"suggestion_applicability":null,"expansion":null}],"children":[{"message":"import resolution is stuck, try simplifying macro imports","code":null,"level":"note","spans":[],"children":[],"rendered":null}],"rendered":"error: cannot determine resolution for the attribute macro `fluent_impl`\n  --> tests/run-pass/trait_bound.rs:12:7\n   |\n12 |     #[fluent_impl]\n   |       ^^^^^^^^^^^\n   |\n   = note: import resolution is stuck, try simplifying macro imports\n\n"}
[INFO] [stdout] {"message":"cannot determine resolution for the attribute macro `fluent_impl_opts`","code":null,"level":"error","spans":[{"file_name":"tests/run-pass/trait_bound.rs","byte_start":331,"byte_end":347,"line_start":18,"line_end":18,"column_start":11,"column_end":27,"is_primary":true,"text":[{"text":"        #[fluent_impl_opts(rename = \"appended\")]","highlight_start":11,"highlight_end":27}],"label":null,"suggested_replacement":null,"suggestion_applicability":null,"expansion":null}],"children":[{"message":"import resolution is stuck, try simplifying macro imports","code":null,"level":"note","spans":[],"children":[],"rendered":null}],"rendered":"error: cannot determine resolution for the attribute macro `fluent_impl_opts`\n  --> tests/run-pass/trait_bound.rs:18:11\n   |\n18 |         #[fluent_impl_opts(rename = \"appended\")]\n   |           ^^^^^^^^^^^^^^^^\n   |\n   = note: import resolution is stuck, try simplifying macro imports\n\n"}
[INFO] [stdout] {"message":"no method named `with_appended` found for struct `St` in the current scope","code":{"code":"E0599","explanation":"This error occurs when a method is used on a type which doesn't implement it:\n\nErroneous code example:\n\n```compile_fail,E0599\nstruct Mouth;\n\nlet x = Mouth;\nx.chocolate(); // error: no method named `chocolate` found for type `Mouth`\n               //        in the current scope\n```\n\nIn this case, you need to implement the `chocolate` method to fix the error:\n\n```\nstruct Mouth;\n\nimpl Mouth {\n    fn chocolate(&self) { // We implement the `chocolate` method here.\n        println!(\"Hmmm! I love chocolate!\");\n    }\n}\n\nlet x = Mouth;\nx.chocolate(); // ok!\n```\n"},"level":"error","spans":[{"file_name":"tests/run-pass/trait_bound.rs","byte_start":168,"byte_end":181,"line_start":8,"line_end":8,"column_start":5,"column_end":18,"is_primary":false,"text":[{"text":"    pub struct St {","highlight_start":5,"highlight_end":18}],"label":"method `with_appended` not found for this struct","suggested_replacement":null,"suggestion_applicability":null,"expansion":null},{"file_name":"tests/run-pass/trait_bound.rs","byte_start":639,"byte_end":652,"line_start":30,"line_end":30,"column_start":34,"column_end":47,"is_primary":true,"text":[{"text":"    assert_eq!(s1, St::default().with_appended(\"foo\"));","highlight_start":34,"highlight_end":47}],"label":"method not found in `St`","suggested_replacement":null,"suggestion_applicability":null,"expansion":null}],"children":[],"rendered":"error[E0599]: no method named `with_appended` found for struct `St` in the current scope\n  --> tests/run-pass/trait_bound.rs:30:34\n   |\n8  |     pub struct St {\n   |     ------------- method `with_appended` not found for this struct\n...\n30 |     assert_eq!(s1, St::default().with_appended(\"foo\"));\n   |                                  ^^^^^^^^^^^^^ method not found in `St`\n\n"}
[INFO] [stdout] {"message":"aborting due to 4 previous errors","code":null,"level":"error","spans":[],"children":[],"rendered":"error: aborting due to 4 previous errors\n\n"}
[INFO] [stdout] {"message":"Some errors have detailed explanations: E0463, E0599.","code":null,"level":"failure-note","spans":[],"children":[],"rendered":"Some errors have detailed explanations: E0463, E0599.\n"}
[INFO] [stdout] {"message":"For more information about an error, try `rustc --explain E0463`.","code":null,"level":"failure-note","spans":[],"children":[],"rendered":"For more information about an error, try `rustc --explain E0463`.\n"}
[INFO] [stdout] 
[INFO] [stdout] ------------------------------------------
[INFO] [stdout] 
[INFO] [stdout] 
[INFO] [stdout] error: compilation failed!
[INFO] [stdout] status: exit status: 1
[INFO] [stdout] command: "rustc" "tests/run-pass/where_clause.rs" "-L" "/tmp" "--target=x86_64-unknown-linux-gnu" "--error-format" "json" "-C" "prefer-dynamic" "-o" "/tmp/where_clause.stage-id" "-L" "target/debug" "-L" "target/debug/deps" "-L" "/tmp/where_clause.stage-id.aux"
[INFO] [stdout] stdout:
[INFO] [stdout] ------------------------------------------
[INFO] [stdout] 
[INFO] [stdout] ------------------------------------------
[INFO] [stdout] stderr:
[INFO] [stdout] ------------------------------------------
[INFO] [stdout] {"message":"can't find crate for `fluent_impl`","code":{"code":"E0463","explanation":"A plugin/crate was declared but cannot be found.\n\nErroneous code example:\n\n```compile_fail,E0463\n#![feature(plugin)]\n#![plugin(cookie_monster)] // error: can't find crate for `cookie_monster`\nextern crate cake_is_a_lie; // error: can't find crate for `cake_is_a_lie`\n```\n\nYou need to link your code to the relevant crate in order to be able to use it\n(through Cargo or the `-L` option of rustc example). Plugins are crates as\nwell, and you link to them the same way.\n\n## Common causes\n\n- The crate is not present at all. If using Cargo, add it to `[dependencies]`\n  in Cargo.toml.\n- The crate is present, but under a different name. If using Cargo, look for\n  `package = ` under `[dependencies]` in Cargo.toml.\n\n## Common causes for missing `std` or `core`\n\n- You are cross-compiling for a target which doesn't have `std` prepackaged.\n  Consider one of the following:\n  + Adding a pre-compiled version of std with `rustup target add`\n  + Building std from source with `cargo build -Z build-std`\n  + Using `#![no_std]` at the crate root, so you won't need `std` in the first\n    place.\n- You are developing the compiler itself and haven't built libstd from source.\n  You can usually build it with `x.py build library/std`. More information\n  about x.py is available in the [rustc-dev-guide].\n\n[rustc-dev-guide]: https://rustc-dev-guide.rust-lang.org/building/how-to-build-and-run.html#building-the-compiler\n"},"level":"error","spans":[{"file_name":"tests/run-pass/where_clause.rs","byte_start":0,"byte_end":25,"line_start":1,"line_end":1,"column_start":1,"column_end":26,"is_primary":true,"text":[{"text":"extern crate fluent_impl;","highlight_start":1,"highlight_end":26}],"label":"can't find crate","suggested_replacement":null,"suggestion_applicability":null,"expansion":null}],"children":[],"rendered":"error[E0463]: can't find crate for `fluent_impl`\n --> tests/run-pass/where_clause.rs:1:1\n  |\n1 | extern crate fluent_impl;\n  | ^^^^^^^^^^^^^^^^^^^^^^^^^ can't find crate\n\n"}
[INFO] [stdout] {"message":"cannot determine resolution for the attribute macro `fluent_impl`","code":null,"level":"error","spans":[{"file_name":"tests/run-pass/where_clause.rs","byte_start":219,"byte_end":230,"line_start":12,"line_end":12,"column_start":7,"column_end":18,"is_primary":true,"text":[{"text":"    #[fluent_impl]","highlight_start":7,"highlight_end":18}],"label":null,"suggested_replacement":null,"suggestion_applicability":null,"expansion":null}],"children":[{"message":"import resolution is stuck, try simplifying macro imports","code":null,"level":"note","spans":[],"children":[],"rendered":null}],"rendered":"error: cannot determine resolution for the attribute macro `fluent_impl`\n  --> tests/run-pass/where_clause.rs:12:7\n   |\n12 |     #[fluent_impl]\n   |       ^^^^^^^^^^^\n   |\n   = note: import resolution is stuck, try simplifying macro imports\n\n"}
[INFO] [stdout] {"message":"cannot determine resolution for the attribute macro `fluent_impl_opts`","code":null,"level":"error","spans":[{"file_name":"tests/run-pass/where_clause.rs","byte_start":331,"byte_end":347,"line_start":18,"line_end":18,"column_start":11,"column_end":27,"is_primary":true,"text":[{"text":"        #[fluent_impl_opts(rename = \"appended\")]","highlight_start":11,"highlight_end":27}],"label":null,"suggested_replacement":null,"suggestion_applicability":null,"expansion":null}],"children":[{"message":"import resolution is stuck, try simplifying macro imports","code":null,"level":"note","spans":[],"children":[],"rendered":null}],"rendered":"error: cannot determine resolution for the attribute macro `fluent_impl_opts`\n  --> tests/run-pass/where_clause.rs:18:11\n   |\n18 |         #[fluent_impl_opts(rename = \"appended\")]\n   |           ^^^^^^^^^^^^^^^^\n   |\n   = note: import resolution is stuck, try simplifying macro imports\n\n"}
[INFO] [stdout] {"message":"no method named `with_appended` found for struct `St` in the current scope","code":{"code":"E0599","explanation":"This error occurs when a method is used on a type which doesn't implement it:\n\nErroneous code example:\n\n```compile_fail,E0599\nstruct Mouth;\n\nlet x = Mouth;\nx.chocolate(); // error: no method named `chocolate` found for type `Mouth`\n               //        in the current scope\n```\n\nIn this case, you need to implement the `chocolate` method to fix the error:\n\n```\nstruct Mouth;\n\nimpl Mouth {\n    fn chocolate(&self) { // We implement the `chocolate` method here.\n        println!(\"Hmmm! I love chocolate!\");\n    }\n}\n\nlet x = Mouth;\nx.chocolate(); // ok!\n```\n"},"level":"error","spans":[{"file_name":"tests/run-pass/where_clause.rs","byte_start":168,"byte_end":181,"line_start":8,"line_end":8,"column_start":5,"column_end":18,"is_primary":false,"text":[{"text":"    pub struct St {","highlight_start":5,"highlight_end":18}],"label":"method `with_appended` not found for this struct","suggested_replacement":null,"suggestion_applicability":null,"expansion":null},{"file_name":"tests/run-pass/where_clause.rs","byte_start":676,"byte_end":689,"line_start":33,"line_end":33,"column_start":34,"column_end":47,"is_primary":true,"text":[{"text":"    assert_eq!(s1, St::default().with_appended(\"foo\"));","highlight_start":34,"highlight_end":47}],"label":"method not found in `St`","suggested_replacement":null,"suggestion_applicability":null,"expansion":null}],"children":[],"rendered":"error[E0599]: no method named `with_appended` found for struct `St` in the current scope\n  --> tests/run-pass/where_clause.rs:33:34\n   |\n8  |     pub struct St {\n   |     ------------- method `with_appended` not found for this struct\n...\n33 |     assert_eq!(s1, St::default().with_appended(\"foo\"));\n   |                                  ^^^^^^^^^^^^^ method not found in `St`\n\n"}
[INFO] [stdout] {"message":"aborting due to 4 previous errors","code":null,"level":"error","spans":[],"children":[],"rendered":"error: aborting due to 4 previous errors\n\n"}
[INFO] [stdout] {"message":"Some errors have detailed explanations: E0463, E0599.","code":null,"level":"failure-note","spans":[],"children":[],"rendered":"Some errors have detailed explanations: E0463, E0599.\n"}
[INFO] [stdout] {"message":"For more information about an error, try `rustc --explain E0463`.","code":null,"level":"failure-note","spans":[],"children":[],"rendered":"For more information about an error, try `rustc --explain E0463`.\n"}
[INFO] [stdout] 
[INFO] [stdout] ------------------------------------------
[INFO] [stdout] 
[INFO] [stdout] thread 'compile_test_run_pass' panicked at 'Some tests failed', /opt/rustwide/cargo-home/registry/src/github.com-1ecc6299db9ec823/compiletest_rs-0.3.26/src/lib.rs:101:22
[INFO] [stdout] stack backtrace:
[INFO] [stdout]    0:     0x55a0afaffaba - std::backtrace_rs::backtrace::libunwind::trace::ha9053a9a07ca49cb
[INFO] [stdout]                                at /rustc/84c898d65adf2f39a5a98507f1fe0ce10a2b8dbc/library/std/src/../../backtrace/src/backtrace/libunwind.rs:93:5
[INFO] [stdout]    1:     0x55a0afaffaba - std::backtrace_rs::backtrace::trace_unsynchronized::h9c2852a457ad564e
[INFO] [stdout]                                at /rustc/84c898d65adf2f39a5a98507f1fe0ce10a2b8dbc/library/std/src/../../backtrace/src/backtrace/mod.rs:66:5
[INFO] [stdout]    2:     0x55a0afaffaba - std::sys_common::backtrace::_print_fmt::h457936fbfaa0070f
[INFO] [stdout]                                at /rustc/84c898d65adf2f39a5a98507f1fe0ce10a2b8dbc/library/std/src/sys_common/backtrace.rs:65:5
[INFO] [stdout]    3:     0x55a0afaffaba - <std::sys_common::backtrace::_print::DisplayBacktrace as core::fmt::Display>::fmt::h5779d7bf7f70cb0c
[INFO] [stdout]                                at /rustc/84c898d65adf2f39a5a98507f1fe0ce10a2b8dbc/library/std/src/sys_common/backtrace.rs:44:22
[INFO] [stdout]    4:     0x55a0afb2652e - core::fmt::write::h5a4baaff1bcd3eb5
[INFO] [stdout]                                at /rustc/84c898d65adf2f39a5a98507f1fe0ce10a2b8dbc/library/core/src/fmt/mod.rs:1232:17
[INFO] [stdout]    5:     0x55a0afafc265 - std::io::Write::write_fmt::h478f79c628ef31d1
[INFO] [stdout]                                at /rustc/84c898d65adf2f39a5a98507f1fe0ce10a2b8dbc/library/std/src/io/mod.rs:1684:15
[INFO] [stdout]    6:     0x55a0afaff885 - std::sys_common::backtrace::_print::h5fcdc36060f177e8
[INFO] [stdout]                                at /rustc/84c898d65adf2f39a5a98507f1fe0ce10a2b8dbc/library/std/src/sys_common/backtrace.rs:47:5
[INFO] [stdout]    7:     0x55a0afaff885 - std::sys_common::backtrace::print::h54ca9458b876c8bf
[INFO] [stdout]                                at /rustc/84c898d65adf2f39a5a98507f1fe0ce10a2b8dbc/library/std/src/sys_common/backtrace.rs:34:9
[INFO] [stdout]    8:     0x55a0afb01cff - std::panicking::default_hook::{{closure}}::hbe471161c7664ed6
[INFO] [stdout]                                at /rustc/84c898d65adf2f39a5a98507f1fe0ce10a2b8dbc/library/std/src/panicking.rs:271:22
[INFO] [stdout]    9:     0x55a0afb019bf - std::panicking::default_hook::ha3500da57aa4ac4f
[INFO] [stdout]                                at /rustc/84c898d65adf2f39a5a98507f1fe0ce10a2b8dbc/library/std/src/panicking.rs:287:9
[INFO] [stdout]   10:     0x55a0af678d27 - <alloc::boxed::Box<F,A> as core::ops::function::Fn<Args>>::call::hdf1b89dd137ece34
[INFO] [stdout]                                at /rustc/84c898d65adf2f39a5a98507f1fe0ce10a2b8dbc/library/alloc/src/boxed.rs:2001:9
[INFO] [stdout]   11:     0x55a0af678d27 - test::test_main::{{closure}}::h9081a79f20e75698
[INFO] [stdout]                                at /rustc/84c898d65adf2f39a5a98507f1fe0ce10a2b8dbc/library/test/src/lib.rs:135:21
[INFO] [stdout]   12:     0x55a0afb0242d - <alloc::boxed::Box<F,A> as core::ops::function::Fn<Args>>::call::h6507bddc3eebb4a5
[INFO] [stdout]                                at /rustc/84c898d65adf2f39a5a98507f1fe0ce10a2b8dbc/library/alloc/src/boxed.rs:2001:9
[INFO] [stdout]   13:     0x55a0afb0242d - std::panicking::rust_panic_with_hook::h50c09d000dc561d2
[INFO] [stdout]                                at /rustc/84c898d65adf2f39a5a98507f1fe0ce10a2b8dbc/library/std/src/panicking.rs:696:13
[INFO] [stdout]   14:     0x55a0af9842aa - std::panicking::begin_panic::{{closure}}::hab56abb622a7e5cf
[INFO] [stdout]                                at /rustc/84c898d65adf2f39a5a98507f1fe0ce10a2b8dbc/library/std/src/panicking.rs:612:9
[INFO] [stdout]   15:     0x55a0af98582a - std::sys_common::backtrace::__rust_end_short_backtrace::h65033e0a3f597325
[INFO] [stdout]                                at /rustc/84c898d65adf2f39a5a98507f1fe0ce10a2b8dbc/library/std/src/sys_common/backtrace.rs:150:18
[INFO] [stdout]   16:     0x55a0af9841f0 - std::panicking::begin_panic::h98ec4a8f026d3d81
[INFO] [stdout]                                at /rustc/84c898d65adf2f39a5a98507f1fe0ce10a2b8dbc/library/std/src/panicking.rs:611:12
[INFO] [stdout]   17:     0x55a0af688b1a - compiletest_rs::run_tests::hd36506088f414802
[INFO] [stdout]                                at /opt/rustwide/cargo-home/registry/src/github.com-1ecc6299db9ec823/compiletest_rs-0.3.26/src/lib.rs:101:22
[INFO] [stdout]   18:     0x55a0af64929b - compiletest::run_mode::hc797b7417f6183f3
[INFO] [stdout]                                at /opt/rustwide/workdir/tests/compiletest.rs:17:5
[INFO] [stdout]   19:     0x55a0af649312 - compiletest::compile_test_run_pass::h15d2c1b668df5e00
[INFO] [stdout]                                at /opt/rustwide/workdir/tests/compiletest.rs:22:5
[INFO] [stdout]   20:     0x55a0af6492e7 - compiletest::compile_test_run_pass::{{closure}}::h092780515cfaebcd
[INFO] [stdout]                                at /opt/rustwide/workdir/tests/compiletest.rs:21:28
[INFO] [stdout]   21:     0x55a0af649485 - core::ops::function::FnOnce::call_once::h4ad15d836082200a
[INFO] [stdout]                                at /rustc/84c898d65adf2f39a5a98507f1fe0ce10a2b8dbc/library/core/src/ops/function.rs:250:5
[INFO] [stdout]   22:     0x55a0af67e10f - core::ops::function::FnOnce::call_once::h7d969581be7d0075
[INFO] [stdout]                                at /rustc/84c898d65adf2f39a5a98507f1fe0ce10a2b8dbc/library/core/src/ops/function.rs:250:5
[INFO] [stdout]   23:     0x55a0af67e10f - test::__rust_begin_short_backtrace::hca25a52684e56655
[INFO] [stdout]                                at /rustc/84c898d65adf2f39a5a98507f1fe0ce10a2b8dbc/library/test/src/lib.rs:656:18
[INFO] [stdout]   24:     0x55a0af64f72c - test::run_test::{{closure}}::ha8ac744c4af1a4bb
[INFO] [stdout]                                at /rustc/84c898d65adf2f39a5a98507f1fe0ce10a2b8dbc/library/test/src/lib.rs:647:30
[INFO] [stdout]   25:     0x55a0af64f72c - core::ops::function::FnOnce::call_once{{vtable.shim}}::h7b411a9ed45bdecf
[INFO] [stdout]                                at /rustc/84c898d65adf2f39a5a98507f1fe0ce10a2b8dbc/library/core/src/ops/function.rs:250:5
[INFO] [stdout]   26:     0x55a0af67d0d6 - <alloc::boxed::Box<F,A> as core::ops::function::FnOnce<Args>>::call_once::hd05328869a8ed200
[INFO] [stdout]                                at /rustc/84c898d65adf2f39a5a98507f1fe0ce10a2b8dbc/library/alloc/src/boxed.rs:1987:9
[INFO] [stdout]   27:     0x55a0af67d0d6 - <core::panic::unwind_safe::AssertUnwindSafe<F> as core::ops::function::FnOnce<()>>::call_once::h0c601ce20bd5b2be
[INFO] [stdout]                                at /rustc/84c898d65adf2f39a5a98507f1fe0ce10a2b8dbc/library/core/src/panic/unwind_safe.rs:271:9
[INFO] [stdout]   28:     0x55a0af67d0d6 - std::panicking::try::do_call::ha4be5c164fe30854
[INFO] [stdout]                                at /rustc/84c898d65adf2f39a5a98507f1fe0ce10a2b8dbc/library/std/src/panicking.rs:487:40
[INFO] [stdout]   29:     0x55a0af67d0d6 - std::panicking::try::h604546f3609af05f
[INFO] [stdout]                                at /rustc/84c898d65adf2f39a5a98507f1fe0ce10a2b8dbc/library/std/src/panicking.rs:451:19
[INFO] [stdout]   30:     0x55a0af67d0d6 - std::panic::catch_unwind::h5bfa8afe44c9c2f9
[INFO] [stdout]                                at /rustc/84c898d65adf2f39a5a98507f1fe0ce10a2b8dbc/library/std/src/panic.rs:140:14
[INFO] [stdout]   31:     0x55a0af67d0d6 - test::run_test_in_process::hd50dee55dd63e6aa
[INFO] [stdout]                                at /rustc/84c898d65adf2f39a5a98507f1fe0ce10a2b8dbc/library/test/src/lib.rs:679:27
[INFO] [stdout]   32:     0x55a0af67d0d6 - test::run_test::run_test_inner::{{closure}}::h4aa0f433aa85cea8
[INFO] [stdout]                                at /rustc/84c898d65adf2f39a5a98507f1fe0ce10a2b8dbc/library/test/src/lib.rs:573:39
[INFO] [stdout]   33:     0x55a0af649da1 - test::run_test::run_test_inner::{{closure}}::had56431adf24b4d6
[INFO] [stdout]                                at /rustc/84c898d65adf2f39a5a98507f1fe0ce10a2b8dbc/library/test/src/lib.rs:600:37
[INFO] [stdout]   34:     0x55a0af649da1 - std::sys_common::backtrace::__rust_begin_short_backtrace::ha8d9890e0c73bf13
[INFO] [stdout]                                at /rustc/84c898d65adf2f39a5a98507f1fe0ce10a2b8dbc/library/std/src/sys_common/backtrace.rs:134:18
[INFO] [stdout]   35:     0x55a0af64f7bb - std::thread::Builder::spawn_unchecked_::{{closure}}::{{closure}}::h251832bcb4a95327
[INFO] [stdout]                                at /rustc/84c898d65adf2f39a5a98507f1fe0ce10a2b8dbc/library/std/src/thread/mod.rs:560:17
[INFO] [stdout]   36:     0x55a0af64f7bb - <core::panic::unwind_safe::AssertUnwindSafe<F> as core::ops::function::FnOnce<()>>::call_once::h8fdff598fa414831
[INFO] [stdout]                                at /rustc/84c898d65adf2f39a5a98507f1fe0ce10a2b8dbc/library/core/src/panic/unwind_safe.rs:271:9
[INFO] [stdout]   37:     0x55a0af64f7bb - std::panicking::try::do_call::h455dd2f7764a950f
[INFO] [stdout]                                at /rustc/84c898d65adf2f39a5a98507f1fe0ce10a2b8dbc/library/std/src/panicking.rs:487:40
[INFO] [stdout]   38:     0x55a0af64f7bb - std::panicking::try::had6f23b7b73ae72a
[INFO] [stdout]                                at /rustc/84c898d65adf2f39a5a98507f1fe0ce10a2b8dbc/library/std/src/panicking.rs:451:19
[INFO] [stdout]   39:     0x55a0af64f7bb - std::panic::catch_unwind::ha6a5ca3915b4dad0
[INFO] [stdout]                                at /rustc/84c898d65adf2f39a5a98507f1fe0ce10a2b8dbc/library/std/src/panic.rs:140:14
[INFO] [stdout]   40:     0x55a0af64f7bb - std::thread::Builder::spawn_unchecked_::{{closure}}::h883b72ef75da6231
[INFO] [stdout]                                at /rustc/84c898d65adf2f39a5a98507f1fe0ce10a2b8dbc/library/std/src/thread/mod.rs:559:30
[INFO] [stdout]   41:     0x55a0af64f7bb - core::ops::function::FnOnce::call_once{{vtable.shim}}::hb7dff73dc8bd2ccb
[INFO] [stdout]                                at /rustc/84c898d65adf2f39a5a98507f1fe0ce10a2b8dbc/library/core/src/ops/function.rs:250:5
[INFO] [stdout]   42:     0x55a0afb08003 - <alloc::boxed::Box<F,A> as core::ops::function::FnOnce<Args>>::call_once::h39990b24eedef2ab
[INFO] [stdout]                                at /rustc/84c898d65adf2f39a5a98507f1fe0ce10a2b8dbc/library/alloc/src/boxed.rs:1987:9
[INFO] [stdout]   43:     0x55a0afb08003 - <alloc::boxed::Box<F,A> as core::ops::function::FnOnce<Args>>::call_once::h01a027258444143b
[INFO] [stdout]                                at /rustc/84c898d65adf2f39a5a98507f1fe0ce10a2b8dbc/library/alloc/src/boxed.rs:1987:9
[INFO] [stdout]   44:     0x55a0afb08003 - std::sys::unix::thread::Thread::new::thread_start::ha4f1cdd9c25884ba
[INFO] [stdout]                                at /rustc/84c898d65adf2f39a5a98507f1fe0ce10a2b8dbc/library/std/src/sys/unix/thread.rs:108:17
[INFO] [stdout]   45:     0x7f7128c9db43 - <unknown>
[INFO] [stdout]   46:     0x7f7128d2ebb4 - __clone
[INFO] [stdout]   47:                0x0 - <unknown>
[INFO] [stdout] 
[INFO] [stdout] 
[INFO] [stdout] failures:
[INFO] [stdout]     compile_test_run_pass
[INFO] [stdout] 
[INFO] [stdout] test result: FAILED. 0 passed; 1 failed; 1 ignored; 0 measured; 0 filtered out; finished in 0.34s
[INFO] [stdout] 
[INFO] [stderr] error: test failed, to rerun pass `--test compiletest`
[INFO] running `Command { std: "docker" "inspect" "ccba588fab1be1bd8055858306edd3d55c08cf975a8e8b6fc30c7cff861d6c92", kill_on_drop: false }`
[INFO] running `Command { std: "docker" "rm" "-f" "ccba588fab1be1bd8055858306edd3d55c08cf975a8e8b6fc30c7cff861d6c92", kill_on_drop: false }`
[INFO] [stdout] ccba588fab1be1bd8055858306edd3d55c08cf975a8e8b6fc30c7cff861d6c92
