[INFO] fetching crate fluence-fork-libp2p-request-response 0.10.1...
[INFO] testing fluence-fork-libp2p-request-response-0.10.1 against 1.69.0 for beta-1.70-1
[INFO] extracting crate fluence-fork-libp2p-request-response 0.10.1 into /workspace/builds/worker-6-tc1/source
[INFO] validating manifest of crates.io crate fluence-fork-libp2p-request-response 0.10.1 on toolchain 1.69.0
[INFO] running `Command { std: CARGO_HOME="/workspace/cargo-home" RUSTUP_HOME="/workspace/rustup-home" "/workspace/cargo-home/bin/cargo" "+1.69.0" "metadata" "--manifest-path" "Cargo.toml" "--no-deps", kill_on_drop: false }`
[INFO] started tweaking crates.io crate fluence-fork-libp2p-request-response 0.10.1
[INFO] finished tweaking crates.io crate fluence-fork-libp2p-request-response 0.10.1
[INFO] tweaked toml for crates.io crate fluence-fork-libp2p-request-response 0.10.1 written to /workspace/builds/worker-6-tc1/source/Cargo.toml
[INFO] running `Command { std: CARGO_HOME="/workspace/cargo-home" RUSTUP_HOME="/workspace/rustup-home" __CARGO_TEST_CHANNEL_OVERRIDE_DO_NOT_USE_THIS="nightly" "/workspace/cargo-home/bin/cargo" "+1.69.0" "generate-lockfile" "--manifest-path" "Cargo.toml" "-Zno-index-update", kill_on_drop: false }`
[INFO] running `Command { std: CARGO_HOME="/workspace/cargo-home" RUSTUP_HOME="/workspace/rustup-home" "/workspace/cargo-home/bin/cargo" "+1.69.0" "fetch" "--manifest-path" "Cargo.toml", kill_on_drop: false }`
[INFO] [stderr]  Downloading crates ...
[INFO] [stderr]   Downloaded fluence-fork-libp2p-swarm v0.28.1
[INFO] [stderr]   Downloaded prost v0.7.0
[INFO] [stderr]   Downloaded minicbor v0.7.2
[INFO] [stderr]   Downloaded rw-stream-sink v0.2.1
[INFO] [stderr]   Downloaded multihash-derive v0.7.2
[INFO] [stderr]   Downloaded unsigned-varint v0.7.1
[INFO] [stderr]   Downloaded asn1_der_derive v0.1.2
[INFO] [stderr]   Downloaded lru v0.6.6
[INFO] [stderr]   Downloaded fluence-fork-multistream-select v0.10.3
[INFO] [stderr]   Downloaded fluence-fork-parity-multiaddr v0.11.2
[INFO] [stderr]   Downloaded multihash v0.13.2
[INFO] [stderr]   Downloaded fixedbitset v0.2.0
[INFO] [stderr]   Downloaded unsigned-varint v0.5.1
[INFO] [stderr]   Downloaded prost-types v0.7.0
[INFO] [stderr]   Downloaded prost-derive v0.7.0
[INFO] [stderr]   Downloaded fluence-fork-libp2p-core v0.27.2
[INFO] [stderr]   Downloaded petgraph v0.5.1
[INFO] [stderr]   Downloaded asn1_der v0.6.3
[INFO] [stderr]   Downloaded prost-build v0.7.0
[INFO] [stderr]   Downloaded minicbor-derive v0.6.4
[INFO] running `Command { std: "docker" "create" "-v" "/var/lib/crater-agent-workspace/builds/worker-6-tc1/target:/opt/rustwide/target:rw,Z" "-v" "/var/lib/crater-agent-workspace/builds/worker-6-tc1/source:/opt/rustwide/workdir:ro,Z" "-v" "/var/lib/crater-agent-workspace/cargo-home:/opt/rustwide/cargo-home:ro,Z" "-v" "/var/lib/crater-agent-workspace/rustup-home:/opt/rustwide/rustup-home:ro,Z" "-e" "SOURCE_DIR=/opt/rustwide/workdir" "-e" "CARGO_TARGET_DIR=/opt/rustwide/target" "-e" "CARGO_HOME=/opt/rustwide/cargo-home" "-e" "RUSTUP_HOME=/opt/rustwide/rustup-home" "-w" "/opt/rustwide/workdir" "-m" "1610612736" "--user" "0:0" "--network" "none" "ghcr.io/rust-lang/crates-build-env/linux@sha256:5ff2268d62e97bff2cde7d5815dd6ed5b47097566f13b8d0ca110b04b60e07ed" "/opt/rustwide/cargo-home/bin/cargo" "+1.69.0" "metadata" "--no-deps" "--format-version=1", kill_on_drop: false }`
[INFO] [stdout] d773d619e9b2a13da3641891bdfbc7d345a783ffd814d61320ef7a8d55bcdce9
[INFO] running `Command { std: "docker" "start" "-a" "d773d619e9b2a13da3641891bdfbc7d345a783ffd814d61320ef7a8d55bcdce9", kill_on_drop: false }`
[INFO] running `Command { std: "docker" "inspect" "d773d619e9b2a13da3641891bdfbc7d345a783ffd814d61320ef7a8d55bcdce9", kill_on_drop: false }`
[INFO] running `Command { std: "docker" "rm" "-f" "d773d619e9b2a13da3641891bdfbc7d345a783ffd814d61320ef7a8d55bcdce9", kill_on_drop: false }`
[INFO] [stdout] d773d619e9b2a13da3641891bdfbc7d345a783ffd814d61320ef7a8d55bcdce9
[INFO] running `Command { std: "docker" "create" "-v" "/var/lib/crater-agent-workspace/builds/worker-6-tc1/target:/opt/rustwide/target:rw,Z" "-v" "/var/lib/crater-agent-workspace/builds/worker-6-tc1/source:/opt/rustwide/workdir:ro,Z" "-v" "/var/lib/crater-agent-workspace/cargo-home:/opt/rustwide/cargo-home:ro,Z" "-v" "/var/lib/crater-agent-workspace/rustup-home:/opt/rustwide/rustup-home:ro,Z" "-e" "SOURCE_DIR=/opt/rustwide/workdir" "-e" "CARGO_TARGET_DIR=/opt/rustwide/target" "-e" "CARGO_INCREMENTAL=0" "-e" "RUST_BACKTRACE=full" "-e" "RUSTFLAGS=--cap-lints=warn" "-e" "RUSTDOCFLAGS=--cap-lints=warn" "-e" "CARGO_HOME=/opt/rustwide/cargo-home" "-e" "RUSTUP_HOME=/opt/rustwide/rustup-home" "-w" "/opt/rustwide/workdir" "-m" "1610612736" "--user" "0:0" "--network" "none" "ghcr.io/rust-lang/crates-build-env/linux@sha256:5ff2268d62e97bff2cde7d5815dd6ed5b47097566f13b8d0ca110b04b60e07ed" "/opt/rustwide/cargo-home/bin/cargo" "+1.69.0" "build" "--frozen" "--message-format=json", kill_on_drop: false }`
[INFO] [stdout] 14c22f84ce86181af3f6c595e98010452e9e160c471959d216c71e1b8701c4eb
[INFO] running `Command { std: "docker" "start" "-a" "14c22f84ce86181af3f6c595e98010452e9e160c471959d216c71e1b8701c4eb", kill_on_drop: false }`
[INFO] [stderr]     Blocking waiting for file lock on package cache
[INFO] [stderr]    Compiling syn v1.0.109
[INFO] [stderr]    Compiling indexmap v1.9.3
[INFO] [stderr]    Compiling hashbrown v0.12.3
[INFO] [stderr]    Compiling syn v2.0.15
[INFO] [stderr]    Compiling either v1.8.1
[INFO] [stderr]    Compiling futures-channel v0.3.28
[INFO] [stderr]    Compiling futures-util v0.3.28
[INFO] [stderr]    Compiling futures-sink v0.3.28
[INFO] [stderr]    Compiling generic-array v0.12.4
[INFO] [stderr]    Compiling value-bag v1.0.0-alpha.9
[INFO] [stderr]    Compiling io-lifetimes v1.0.10
[INFO] [stderr]    Compiling itertools v0.9.0
[INFO] [stderr]    Compiling log v0.4.17
[INFO] [stderr]    Compiling rustix v0.37.18
[INFO] [stderr]    Compiling which v4.4.0
[INFO] [stderr]    Compiling toml_datetime v0.6.1
[INFO] [stderr]    Compiling linux-raw-sys v0.3.6
[INFO] [stderr]    Compiling bitflags v1.3.2
[INFO] [stderr]    Compiling winnow v0.4.4
[INFO] [stderr]    Compiling prost-build v0.7.0
[INFO] [stderr]    Compiling proc-macro-error-attr v1.0.4
[INFO] [stderr]    Compiling digest v0.8.1
[INFO] [stderr]    Compiling fixedbitset v0.2.0
[INFO] [stderr]    Compiling unicode-xid v0.2.4
[INFO] [stderr]    Compiling fastrand v1.9.0
[INFO] [stderr]    Compiling pin-project-internal v0.4.30
[INFO] [stderr]    Compiling subtle v1.0.0
[INFO] [stderr]    Compiling byte-tools v0.3.1
[INFO] [stderr]    Compiling parking_lot_core v0.8.6
[INFO] [stderr]    Compiling block-padding v0.1.5
[INFO] [stderr]    Compiling crypto-mac v0.7.0
[INFO] [stderr]    Compiling ring v0.16.20
[INFO] [stderr]    Compiling petgraph v0.5.1
[INFO] [stderr]    Compiling instant v0.1.12
[INFO] [stderr]    Compiling crunchy v0.2.2
[INFO] [stderr]    Compiling subtle v2.5.0
[INFO] [stderr]    Compiling multimap v0.8.3
[INFO] [stderr]    Compiling block-buffer v0.7.3
[INFO] [stderr]    Compiling toml_edit v0.19.8
[INFO] [stderr]    Compiling hmac v0.7.1
[INFO] [stderr]    Compiling ahash v0.7.6
[INFO] [stderr]    Compiling opaque-debug v0.2.3
[INFO] [stderr]    Compiling signature v1.6.4
[INFO] [stderr]    Compiling unsigned-varint v0.5.1
[INFO] [stderr]    Compiling fake-simd v0.1.2
[INFO] [stderr]    Compiling sha2 v0.8.2
[INFO] [stderr]    Compiling ed25519 v1.5.3
[INFO] [stderr]    Compiling hmac-drbg v0.2.0
[INFO] [stderr]    Compiling tempfile v3.5.0
[INFO] [stderr]    Compiling parking_lot v0.11.2
[INFO] [stderr]    Compiling url v2.3.1
[INFO] [stderr]    Compiling getrandom v0.2.9
[INFO] [stderr]    Compiling bs58 v0.4.0
[INFO] [stderr]    Compiling data-encoding v2.3.3
[INFO] [stderr]    Compiling libsecp256k1 v0.3.5
[INFO] [stderr]    Compiling futures-timer v3.0.2
[INFO] [stderr]    Compiling synstructure v0.12.6
[INFO] [stderr]    Compiling proc-macro-error v1.0.4
[INFO] [stderr]    Compiling proc-macro-crate v1.3.1
[INFO] [stderr]    Compiling void v1.0.2
[INFO] [stderr]    Compiling hashbrown v0.11.2
[INFO] [stderr]    Compiling lru v0.6.6
[INFO] [stderr]    Compiling futures-macro v0.3.28
[INFO] [stderr]    Compiling zeroize_derive v1.4.2
[INFO] [stderr]    Compiling thiserror-impl v1.0.40
[INFO] [stderr]    Compiling async-trait v0.1.68
[INFO] [stderr]    Compiling ctor v0.1.26
[INFO] [stderr]    Compiling prost-derive v0.7.0
[INFO] [stderr]    Compiling multihash-derive v0.7.2
[INFO] [stderr]    Compiling zeroize v1.3.0
[INFO] [stderr]    Compiling pin-project-internal v1.0.12
[INFO] [stderr]    Compiling multihash v0.13.2
[INFO] [stderr]    Compiling curve25519-dalek v3.2.1
[INFO] [stderr]    Compiling asn1_der_derive v0.1.2
[INFO] [stderr]    Compiling thiserror v1.0.40
[INFO] [stderr]    Compiling minicbor-derive v0.6.4
[INFO] [stderr]    Compiling prost v0.7.0
[INFO] [stderr]    Compiling asn1_der v0.6.3
[INFO] [stderr]    Compiling pin-project v1.0.12
[INFO] [stderr]    Compiling prost-types v0.7.0
[INFO] [stderr]    Compiling ed25519-dalek v1.0.1
[INFO] [stderr]    Compiling pin-project v0.4.30
[INFO] [stderr]    Compiling minicbor v0.7.2
[INFO] [stderr]    Compiling futures-executor v0.3.28
[INFO] [stderr]    Compiling unsigned-varint v0.7.1
[INFO] [stderr]    Compiling fluence-fork-parity-multiaddr v0.11.2
[INFO] [stderr]    Compiling futures v0.3.28
[INFO] [stderr]    Compiling fluence-fork-libp2p-core v0.27.2
[INFO] [stderr]    Compiling fluence-fork-multistream-select v0.10.3
[INFO] [stderr]    Compiling rw-stream-sink v0.2.1
[INFO] [stderr]    Compiling wasm-timer v0.2.5
[INFO] [stderr]    Compiling fluence-fork-libp2p-swarm v0.28.1
[INFO] [stderr]    Compiling fluence-fork-libp2p-request-response v0.10.1 (/opt/rustwide/workdir)
[INFO] [stderr]     Finished dev [unoptimized + debuginfo] target(s) in 46.75s
[INFO] running `Command { std: "docker" "inspect" "14c22f84ce86181af3f6c595e98010452e9e160c471959d216c71e1b8701c4eb", kill_on_drop: false }`
[INFO] running `Command { std: "docker" "rm" "-f" "14c22f84ce86181af3f6c595e98010452e9e160c471959d216c71e1b8701c4eb", kill_on_drop: false }`
[INFO] [stdout] 14c22f84ce86181af3f6c595e98010452e9e160c471959d216c71e1b8701c4eb
[INFO] running `Command { std: "docker" "create" "-v" "/var/lib/crater-agent-workspace/builds/worker-6-tc1/target:/opt/rustwide/target:rw,Z" "-v" "/var/lib/crater-agent-workspace/builds/worker-6-tc1/source:/opt/rustwide/workdir:ro,Z" "-v" "/var/lib/crater-agent-workspace/cargo-home:/opt/rustwide/cargo-home:ro,Z" "-v" "/var/lib/crater-agent-workspace/rustup-home:/opt/rustwide/rustup-home:ro,Z" "-e" "SOURCE_DIR=/opt/rustwide/workdir" "-e" "CARGO_TARGET_DIR=/opt/rustwide/target" "-e" "CARGO_INCREMENTAL=0" "-e" "RUST_BACKTRACE=full" "-e" "RUSTFLAGS=--cap-lints=warn" "-e" "RUSTDOCFLAGS=--cap-lints=warn" "-e" "CARGO_HOME=/opt/rustwide/cargo-home" "-e" "RUSTUP_HOME=/opt/rustwide/rustup-home" "-w" "/opt/rustwide/workdir" "-m" "1610612736" "--user" "0:0" "--network" "none" "ghcr.io/rust-lang/crates-build-env/linux@sha256:5ff2268d62e97bff2cde7d5815dd6ed5b47097566f13b8d0ca110b04b60e07ed" "/opt/rustwide/cargo-home/bin/cargo" "+1.69.0" "test" "--frozen" "--no-run" "--message-format=json", kill_on_drop: false }`
[INFO] [stdout] 93c5a29aabe6716f4b73ba9427b75cf49e0fd3a11f78158e06ac719fecbf857e
[INFO] running `Command { std: "docker" "start" "-a" "93c5a29aabe6716f4b73ba9427b75cf49e0fd3a11f78158e06ac719fecbf857e", kill_on_drop: false }`
[INFO] [stderr]    Compiling tempfile v3.5.0
[INFO] [stderr]    Compiling polling v2.8.0
[INFO] [stderr]    Compiling blocking v1.3.1
[INFO] [stderr]    Compiling kv-log-macro v1.0.7
[INFO] [stderr]    Compiling async-io v1.13.0
[INFO] [stderr]    Compiling prost-build v0.7.0
[INFO] [stderr]    Compiling async-global-executor v2.3.1
[INFO] [stderr]    Compiling fluence-fork-libp2p-core v0.27.2
[INFO] [stderr]    Compiling async-std v1.12.0
[INFO] [stderr]    Compiling fluence-fork-libp2p-swarm v0.28.1
[INFO] [stderr]    Compiling fluence-fork-libp2p-request-response v0.10.1 (/opt/rustwide/workdir)
[INFO] [stdout] error[E0432]: unresolved import `libp2p_noise`
[INFO] [stdout]   --> tests/ping.rs:32:5
[INFO] [stdout]    |
[INFO] [stdout] 32 | use libp2p_noise::{NoiseConfig, X25519Spec, Keypair};
[INFO] [stdout]    |     ^^^^^^^^^^^^ use of undeclared crate or module `libp2p_noise`
[INFO] [stdout]    |
[INFO] [stdout] help: there is a crate or module with a similar name
[INFO] [stdout]    |
[INFO] [stdout] 32 | use libp2p_core::{NoiseConfig, X25519Spec, Keypair};
[INFO] [stdout]    |     ~~~~~~~~~~~
[INFO] [stdout] 
[INFO] [stdout] 
[INFO] [stdout] error[E0432]: unresolved import `libp2p_tcp`
[INFO] [stdout]   --> tests/ping.rs:35:5
[INFO] [stdout]    |
[INFO] [stdout] 35 | use libp2p_tcp::TcpConfig;
[INFO] [stdout]    |     ^^^^^^^^^^ use of undeclared crate or module `libp2p_tcp`
[INFO] [stdout] 
[INFO] [stdout] 
[INFO] [stdout] error[E0433]: failed to resolve: use of undeclared crate or module `libp2p_yamux`
[INFO] [stdout]    --> tests/ping.rs:313:20
[INFO] [stdout]     |
[INFO] [stdout] 313 |         .multiplex(libp2p_yamux::YamuxConfig::default())
[INFO] [stdout]     |                    ^^^^^^^^^^^^ use of undeclared crate or module `libp2p_yamux`
[INFO] [stdout] 
[INFO] [stdout] 
[INFO] [stdout] warning: unused import: `Transport`
[INFO] [stdout]   --> tests/ping.rs:29:23
[INFO] [stdout]    |
[INFO] [stdout] 29 |     transport::{self, Transport},
[INFO] [stdout]    |                       ^^^^^^^^^
[INFO] [stdout]    |
[INFO] [stdout]    = note: `#[warn(unused_imports)]` on by default
[INFO] [stdout] 
[INFO] [stdout] 
[INFO] [stdout] error: aborting due to 3 previous errors; 1 warning emitted
[INFO] [stdout] 
[INFO] [stdout] 
[INFO] [stdout] Some errors have detailed explanations: E0432, E0433.
[INFO] [stdout] 
[INFO] [stdout] For more information about an error, try `rustc --explain E0432`.
[INFO] [stdout] 
[INFO] [stderr] error: could not compile `fluence-fork-libp2p-request-response` due to 4 previous errors; 1 warning emitted
[INFO] [stderr] warning: build failed, waiting for other jobs to finish...
[INFO] running `Command { std: "docker" "inspect" "93c5a29aabe6716f4b73ba9427b75cf49e0fd3a11f78158e06ac719fecbf857e", kill_on_drop: false }`
[INFO] running `Command { std: "docker" "rm" "-f" "93c5a29aabe6716f4b73ba9427b75cf49e0fd3a11f78158e06ac719fecbf857e", kill_on_drop: false }`
[INFO] [stdout] 93c5a29aabe6716f4b73ba9427b75cf49e0fd3a11f78158e06ac719fecbf857e
