[INFO] fetching crate fluence-fork-libp2p-core 0.27.2...
[INFO] testing fluence-fork-libp2p-core-0.27.2 against 1.69.0 for beta-1.70-1
[INFO] extracting crate fluence-fork-libp2p-core 0.27.2 into /workspace/builds/worker-2-tc1/source
[INFO] validating manifest of crates.io crate fluence-fork-libp2p-core 0.27.2 on toolchain 1.69.0
[INFO] running `Command { std: CARGO_HOME="/workspace/cargo-home" RUSTUP_HOME="/workspace/rustup-home" "/workspace/cargo-home/bin/cargo" "+1.69.0" "metadata" "--manifest-path" "Cargo.toml" "--no-deps", kill_on_drop: false }`
[INFO] started tweaking crates.io crate fluence-fork-libp2p-core 0.27.2
[INFO] finished tweaking crates.io crate fluence-fork-libp2p-core 0.27.2
[INFO] tweaked toml for crates.io crate fluence-fork-libp2p-core 0.27.2 written to /workspace/builds/worker-2-tc1/source/Cargo.toml
[INFO] running `Command { std: CARGO_HOME="/workspace/cargo-home" RUSTUP_HOME="/workspace/rustup-home" __CARGO_TEST_CHANNEL_OVERRIDE_DO_NOT_USE_THIS="nightly" "/workspace/cargo-home/bin/cargo" "+1.69.0" "generate-lockfile" "--manifest-path" "Cargo.toml" "-Zno-index-update", kill_on_drop: false }`
[INFO] running `Command { std: CARGO_HOME="/workspace/cargo-home" RUSTUP_HOME="/workspace/rustup-home" "/workspace/cargo-home/bin/cargo" "+1.69.0" "fetch" "--manifest-path" "Cargo.toml", kill_on_drop: false }`
[INFO] [stderr]  Downloading crates ...
[INFO] [stderr]   Downloaded fluence-fork-parity-multiaddr v0.11.2
[INFO] [stderr]   Downloaded fluence-fork-multistream-select v0.10.3
[INFO] running `Command { std: "docker" "create" "-v" "/var/lib/crater-agent-workspace/builds/worker-2-tc1/target:/opt/rustwide/target:rw,Z" "-v" "/var/lib/crater-agent-workspace/builds/worker-2-tc1/source:/opt/rustwide/workdir:ro,Z" "-v" "/var/lib/crater-agent-workspace/cargo-home:/opt/rustwide/cargo-home:ro,Z" "-v" "/var/lib/crater-agent-workspace/rustup-home:/opt/rustwide/rustup-home:ro,Z" "-e" "SOURCE_DIR=/opt/rustwide/workdir" "-e" "CARGO_TARGET_DIR=/opt/rustwide/target" "-e" "CARGO_HOME=/opt/rustwide/cargo-home" "-e" "RUSTUP_HOME=/opt/rustwide/rustup-home" "-w" "/opt/rustwide/workdir" "-m" "1610612736" "--user" "0:0" "--network" "none" "ghcr.io/rust-lang/crates-build-env/linux@sha256:5ff2268d62e97bff2cde7d5815dd6ed5b47097566f13b8d0ca110b04b60e07ed" "/opt/rustwide/cargo-home/bin/cargo" "+1.69.0" "metadata" "--no-deps" "--format-version=1", kill_on_drop: false }`
[INFO] [stdout] 07148f3a3b4884f4983fe89ee780cde52156f125456e8e03dd1ad5919858c93d
[INFO] running `Command { std: "docker" "start" "-a" "07148f3a3b4884f4983fe89ee780cde52156f125456e8e03dd1ad5919858c93d", kill_on_drop: false }`
[INFO] running `Command { std: "docker" "inspect" "07148f3a3b4884f4983fe89ee780cde52156f125456e8e03dd1ad5919858c93d", kill_on_drop: false }`
[INFO] running `Command { std: "docker" "rm" "-f" "07148f3a3b4884f4983fe89ee780cde52156f125456e8e03dd1ad5919858c93d", kill_on_drop: false }`
[INFO] [stdout] 07148f3a3b4884f4983fe89ee780cde52156f125456e8e03dd1ad5919858c93d
[INFO] running `Command { std: "docker" "create" "-v" "/var/lib/crater-agent-workspace/builds/worker-2-tc1/target:/opt/rustwide/target:rw,Z" "-v" "/var/lib/crater-agent-workspace/builds/worker-2-tc1/source:/opt/rustwide/workdir:ro,Z" "-v" "/var/lib/crater-agent-workspace/cargo-home:/opt/rustwide/cargo-home:ro,Z" "-v" "/var/lib/crater-agent-workspace/rustup-home:/opt/rustwide/rustup-home:ro,Z" "-e" "SOURCE_DIR=/opt/rustwide/workdir" "-e" "CARGO_TARGET_DIR=/opt/rustwide/target" "-e" "CARGO_INCREMENTAL=0" "-e" "RUST_BACKTRACE=full" "-e" "RUSTFLAGS=--cap-lints=warn" "-e" "RUSTDOCFLAGS=--cap-lints=warn" "-e" "CARGO_HOME=/opt/rustwide/cargo-home" "-e" "RUSTUP_HOME=/opt/rustwide/rustup-home" "-w" "/opt/rustwide/workdir" "-m" "1610612736" "--user" "0:0" "--network" "none" "ghcr.io/rust-lang/crates-build-env/linux@sha256:5ff2268d62e97bff2cde7d5815dd6ed5b47097566f13b8d0ca110b04b60e07ed" "/opt/rustwide/cargo-home/bin/cargo" "+1.69.0" "build" "--frozen" "--message-format=json", kill_on_drop: false }`
[INFO] [stdout] 887200301afb04a242d3ee86673ae6793bd881dfd00c4915952e912b20139048
[INFO] running `Command { std: "docker" "start" "-a" "887200301afb04a242d3ee86673ae6793bd881dfd00c4915952e912b20139048", kill_on_drop: false }`
[INFO] [stderr]    Compiling syn v1.0.109
[INFO] [stderr]    Compiling getrandom v0.1.16
[INFO] [stderr]    Compiling either v1.8.1
[INFO] [stderr]    Compiling hashbrown v0.12.3
[INFO] [stderr]    Compiling log v0.4.17
[INFO] [stderr]    Compiling anyhow v1.0.71
[INFO] [stderr]    Compiling value-bag v1.0.0-alpha.9
[INFO] [stderr]    Compiling generic-array v0.14.7
[INFO] [stderr]    Compiling indexmap v1.9.3
[INFO] [stderr]    Compiling futures-task v0.3.28
[INFO] [stderr]    Compiling ppv-lite86 v0.2.17
[INFO] [stderr]    Compiling syn v2.0.15
[INFO] [stderr]    Compiling generic-array v0.12.4
[INFO] [stderr]    Compiling io-lifetimes v1.0.10
[INFO] [stderr]    Compiling futures-sink v0.3.28
[INFO] [stderr]    Compiling byteorder v1.4.3
[INFO] [stderr]    Compiling futures-util v0.3.28
[INFO] [stderr]    Compiling futures-channel v0.3.28
[INFO] [stderr]    Compiling itertools v0.9.0
[INFO] [stderr]    Compiling which v4.4.0
[INFO] [stderr]    Compiling rustix v0.37.18
[INFO] [stderr]    Compiling futures-io v0.3.28
[INFO] [stderr]    Compiling winnow v0.4.4
[INFO] [stderr]    Compiling bitflags v1.3.2
[INFO] [stderr]    Compiling toml_datetime v0.6.1
[INFO] [stderr]    Compiling linux-raw-sys v0.3.6
[INFO] [stderr]    Compiling proc-macro-error-attr v1.0.4
[INFO] [stderr]    Compiling digest v0.8.1
[INFO] [stderr]    Compiling rand_core v0.5.1
[INFO] [stderr]    Compiling fixedbitset v0.2.0
[INFO] [stderr]    Compiling pin-project-internal v0.4.30
[INFO] [stderr]    Compiling fastrand v1.9.0
[INFO] [stderr]    Compiling prost-build v0.7.0
[INFO] [stderr]    Compiling unicode-segmentation v1.10.1
[INFO] [stderr]    Compiling rand_chacha v0.2.2
[INFO] [stderr]    Compiling digest v0.9.0
[INFO] [stderr]    Compiling block-buffer v0.9.0
[INFO] [stderr]    Compiling opaque-debug v0.3.0
[INFO] [stderr]    Compiling subtle v1.0.0
[INFO] [stderr]    Compiling byte-tools v0.3.1
[INFO] [stderr]    Compiling ring v0.16.20
[INFO] [stderr]    Compiling rand v0.7.3
[INFO] [stderr]    Compiling sha2 v0.9.9
[INFO] [stderr]    Compiling subtle v2.5.0
[INFO] [stderr]    Compiling crypto-mac v0.7.0
[INFO] [stderr]    Compiling block-padding v0.1.5
[INFO] [stderr]    Compiling petgraph v0.5.1
[INFO] [stderr]    Compiling crunchy v0.2.2
[INFO] [stderr]    Compiling heck v0.3.3
[INFO] [stderr]    Compiling multimap v0.8.3
[INFO] [stderr]    Compiling parking_lot_core v0.8.6
[INFO] [stderr]    Compiling block-buffer v0.7.3
[INFO] [stderr]    Compiling hmac v0.7.1
[INFO] [stderr]    Compiling instant v0.1.12
[INFO] [stderr]    Compiling opaque-debug v0.2.3
[INFO] [stderr]    Compiling unsigned-varint v0.7.1
[INFO] [stderr]    Compiling signature v1.6.4
[INFO] [stderr]    Compiling unsigned-varint v0.5.1
[INFO] [stderr]    Compiling arrayref v0.3.7
[INFO] [stderr]    Compiling fake-simd v0.1.2
[INFO] [stderr]    Compiling hmac-drbg v0.2.0
[INFO] [stderr]    Compiling url v2.3.1
[INFO] [stderr]    Compiling bs58 v0.4.0
[INFO] [stderr]    Compiling ed25519 v1.5.3
[INFO] [stderr]    Compiling sha2 v0.8.2
[INFO] [stderr]    Compiling untrusted v0.7.1
[INFO] [stderr]    Compiling spin v0.5.2
[INFO] [stderr]    Compiling data-encoding v2.3.3
[INFO] [stderr]    Compiling void v1.0.2
[INFO] [stderr]    Compiling futures-timer v3.0.2
[INFO] [stderr]    Compiling libsecp256k1 v0.3.5
[INFO] [stderr]    Compiling parking_lot v0.11.2
[INFO] [stderr]    Compiling toml_edit v0.19.8
[INFO] [stderr]    Compiling tempfile v3.5.0
[INFO] [stderr]    Compiling proc-macro-crate v1.3.1
[INFO] [stderr]    Compiling futures-macro v0.3.28
[INFO] [stderr]    Compiling zeroize_derive v1.4.2
[INFO] [stderr]    Compiling thiserror-impl v1.0.40
[INFO] [stderr]    Compiling synstructure v0.12.6
[INFO] [stderr]    Compiling proc-macro-error v1.0.4
[INFO] [stderr]    Compiling zeroize v1.3.0
[INFO] [stderr]    Compiling curve25519-dalek v3.2.1
[INFO] [stderr]    Compiling ctor v0.1.26
[INFO] [stderr]    Compiling prost-derive v0.7.0
[INFO] [stderr]    Compiling pin-project-internal v1.0.12
[INFO] [stderr]    Compiling multihash-derive v0.7.2
[INFO] [stderr]    Compiling asn1_der_derive v0.1.2
[INFO] [stderr]    Compiling thiserror v1.0.40
[INFO] [stderr]    Compiling asn1_der v0.6.3
[INFO] [stderr]    Compiling ed25519-dalek v1.0.1
[INFO] [stderr]    Compiling pin-project v1.0.12
[INFO] [stderr]    Compiling pin-project v0.4.30
[INFO] [stderr]    Compiling env_logger v0.7.1
[INFO] [stderr]    Compiling prost v0.7.0
[INFO] [stderr]    Compiling quickcheck v0.9.2
[INFO] [stderr]    Compiling prost-types v0.7.0
[INFO] [stderr]    Compiling multihash v0.13.2
[INFO] [stderr]    Compiling fluence-fork-parity-multiaddr v0.11.2
[INFO] [stderr]    Compiling futures-executor v0.3.28
[INFO] [stderr]    Compiling futures v0.3.28
[INFO] [stderr]    Compiling rw-stream-sink v0.2.1
[INFO] [stderr]    Compiling fluence-fork-multistream-select v0.10.3
[INFO] [stderr]    Compiling fluence-fork-libp2p-core v0.27.2 (/opt/rustwide/workdir)
[INFO] [stdout] warning: field `marker` is never read
[INFO] [stdout]    --> src/transport/and_then.rs:142:5
[INFO] [stdout]     |
[INFO] [stdout] 139 | pub struct AndThenFuture<TFut, TMap, TMapOut> {
[INFO] [stdout]     |            ------------- field in this struct
[INFO] [stdout] ...
[INFO] [stdout] 142 |     marker: PhantomPinned,
[INFO] [stdout]     |     ^^^^^^
[INFO] [stdout]     |
[INFO] [stdout]     = note: `AndThenFuture` has a derived impl for the trait `Debug`, but this is intentionally ignored during dead code analysis
[INFO] [stdout]     = note: `#[warn(dead_code)]` on by default
[INFO] [stdout] 
[INFO] [stdout] 
[INFO] [stdout] warning: 1 warning emitted
[INFO] [stdout] 
[INFO] [stdout] 
[INFO] [stderr]     Finished dev [unoptimized + debuginfo] target(s) in 23.69s
[INFO] running `Command { std: "docker" "inspect" "887200301afb04a242d3ee86673ae6793bd881dfd00c4915952e912b20139048", kill_on_drop: false }`
[INFO] running `Command { std: "docker" "rm" "-f" "887200301afb04a242d3ee86673ae6793bd881dfd00c4915952e912b20139048", kill_on_drop: false }`
[INFO] [stdout] 887200301afb04a242d3ee86673ae6793bd881dfd00c4915952e912b20139048
[INFO] running `Command { std: "docker" "create" "-v" "/var/lib/crater-agent-workspace/builds/worker-2-tc1/target:/opt/rustwide/target:rw,Z" "-v" "/var/lib/crater-agent-workspace/builds/worker-2-tc1/source:/opt/rustwide/workdir:ro,Z" "-v" "/var/lib/crater-agent-workspace/cargo-home:/opt/rustwide/cargo-home:ro,Z" "-v" "/var/lib/crater-agent-workspace/rustup-home:/opt/rustwide/rustup-home:ro,Z" "-e" "SOURCE_DIR=/opt/rustwide/workdir" "-e" "CARGO_TARGET_DIR=/opt/rustwide/target" "-e" "CARGO_INCREMENTAL=0" "-e" "RUST_BACKTRACE=full" "-e" "RUSTFLAGS=--cap-lints=warn" "-e" "RUSTDOCFLAGS=--cap-lints=warn" "-e" "CARGO_HOME=/opt/rustwide/cargo-home" "-e" "RUSTUP_HOME=/opt/rustwide/rustup-home" "-w" "/opt/rustwide/workdir" "-m" "1610612736" "--user" "0:0" "--network" "none" "ghcr.io/rust-lang/crates-build-env/linux@sha256:5ff2268d62e97bff2cde7d5815dd6ed5b47097566f13b8d0ca110b04b60e07ed" "/opt/rustwide/cargo-home/bin/cargo" "+1.69.0" "test" "--frozen" "--no-run" "--message-format=json", kill_on_drop: false }`
[INFO] [stdout] 8716f2712b230231fb5027d29da2ce3f59155840c447bc283f60aadc6a992eef
[INFO] running `Command { std: "docker" "start" "-a" "8716f2712b230231fb5027d29da2ce3f59155840c447bc283f60aadc6a992eef", kill_on_drop: false }`
[INFO] [stderr]     Blocking waiting for file lock on package cache
[INFO] [stderr]     Blocking waiting for file lock on package cache
[INFO] [stderr]    Compiling crossbeam-utils v0.8.15
[INFO] [stderr]    Compiling memoffset v0.8.0
[INFO] [stderr]    Compiling event-listener v2.5.3
[INFO] [stderr]    Compiling crossbeam-epoch v0.9.14
[INFO] [stderr]    Compiling parking v2.1.0
[INFO] [stderr]    Compiling waker-fn v1.1.0
[INFO] [stderr]    Compiling polling v2.8.0
[INFO] [stderr]    Compiling proc-macro-crate v1.3.1
[INFO] [stderr]    Compiling tempfile v3.5.0
[INFO] [stderr]    Compiling async-io v1.13.0
[INFO] [stderr]    Compiling rayon-core v1.11.0
[INFO] [stderr]    Compiling async-task v4.4.0
[INFO] [stderr]    Compiling socket2 v0.4.9
[INFO] [stderr]    Compiling atomic-waker v1.1.1
[INFO] [stderr]    Compiling plotters-backend v0.3.4
[INFO] [stderr]    Compiling textwrap v0.11.0
[INFO] [stderr]    Compiling serde_json v1.0.96
[INFO] [stderr]    Compiling async-lock v2.7.0
[INFO] [stderr]    Compiling futures-lite v1.13.0
[INFO] [stderr]    Compiling prost-build v0.7.0
[INFO] [stderr]    Compiling plotters-svg v0.3.3
[INFO] [stderr]    Compiling csv-core v0.1.10
[INFO] [stderr]    Compiling itertools v0.10.5
[INFO] [stderr]    Compiling same-file v1.0.6
[INFO] [stderr]    Compiling cast v0.3.0
[INFO] [stderr]    Compiling half v1.8.2
[INFO] [stderr]    Compiling clap v2.34.0
[INFO] [stderr]    Compiling serde_derive v1.0.160
[INFO] [stderr]    Compiling walkdir v2.3.3
[INFO] [stderr]    Compiling multihash-derive v0.7.2
[INFO] [stderr]    Compiling csv v1.2.1
[INFO] [stderr]    Compiling plotters v0.3.4
[INFO] [stderr]    Compiling concurrent-queue v2.2.0
[INFO] [stderr]    Compiling crossbeam-channel v0.5.8
[INFO] [stderr]    Compiling serde_cbor v0.11.2
[INFO] [stderr]    Compiling async-channel v1.8.0
[INFO] [stderr]    Compiling crossbeam-deque v0.8.3
[INFO] [stderr]    Compiling async-executor v1.5.1
[INFO] [stderr]    Compiling blocking v1.3.1
[INFO] [stderr]    Compiling tinytemplate v1.2.1
[INFO] [stderr]    Compiling kv-log-macro v1.0.7
[INFO] [stderr]    Compiling fluence-fork-libp2p-core v0.27.2 (/opt/rustwide/workdir)
[INFO] [stderr]    Compiling async-attributes v1.1.2
[INFO] [stderr]    Compiling oorandom v11.1.3
[INFO] [stderr]    Compiling wasm-timer v0.2.5
[INFO] [stderr]    Compiling rayon v1.7.0
[INFO] [stderr]    Compiling async-global-executor v2.3.1
[INFO] [stderr]    Compiling criterion-plot v0.4.5
[INFO] [stderr]    Compiling multihash v0.13.2
[INFO] [stderr]    Compiling fluence-fork-parity-multiaddr v0.11.2
[INFO] [stderr]    Compiling async-std v1.12.0
[INFO] [stdout] warning: field `marker` is never read
[INFO] [stdout]    --> src/transport/and_then.rs:142:5
[INFO] [stdout]     |
[INFO] [stdout] 139 | pub struct AndThenFuture<TFut, TMap, TMapOut> {
[INFO] [stdout]     |            ------------- field in this struct
[INFO] [stdout] ...
[INFO] [stdout] 142 |     marker: PhantomPinned,
[INFO] [stdout]     |     ^^^^^^
[INFO] [stdout]     |
[INFO] [stdout]     = note: `AndThenFuture` has a derived impl for the trait `Debug`, but this is intentionally ignored during dead code analysis
[INFO] [stdout]     = note: `#[warn(dead_code)]` on by default
[INFO] [stdout] 
[INFO] [stdout] 
[INFO] [stderr]    Compiling criterion v0.3.6
[INFO] [stdout] warning: 1 warning emitted
[INFO] [stdout] 
[INFO] [stdout] 
[INFO] [stdout] error[E0432]: unresolved import `libp2p_mplex`
[INFO] [stdout]   --> tests/util.rs:21:5
[INFO] [stdout]    |
[INFO] [stdout] 21 | use libp2p_mplex as mplex;
[INFO] [stdout]    |     ^^^^^^^^^^^^^^^^^^^^^ no external crate `libp2p_mplex`
[INFO] [stdout] 
[INFO] [stdout] 
[INFO] [stdout] error[E0432]: unresolved import `libp2p_noise`
[INFO] [stdout]   --> tests/util.rs:22:5
[INFO] [stdout]    |
[INFO] [stdout] 22 | use libp2p_noise as noise;
[INFO] [stdout]    |     ^^^^^^^^^^^^^^^^^^^^^ no external crate `libp2p_noise`
[INFO] [stdout] 
[INFO] [stdout] 
[INFO] [stdout] error[E0432]: unresolved import `libp2p_tcp`
[INFO] [stdout]   --> tests/util.rs:23:5
[INFO] [stdout]    |
[INFO] [stdout] 23 | use libp2p_tcp as tcp;
[INFO] [stdout]    |     ^^^^^^^^^^^^^^^^^ no external crate `libp2p_tcp`
[INFO] [stdout] 
[INFO] [stdout] 
[INFO] [stdout] warning: unused import: `Transport`
[INFO] [stdout]  --> tests/util.rs:8:5
[INFO] [stdout]   |
[INFO] [stdout] 8 |     Transport,
[INFO] [stdout]   |     ^^^^^^^^^
[INFO] [stdout]   |
[INFO] [stdout]   = note: `#[warn(unused_imports)]` on by default
[INFO] [stdout] 
[INFO] [stdout] 
[INFO] [stdout] error[E0432]: unresolved import `libp2p_mplex`
[INFO] [stdout]   --> tests/util.rs:21:5
[INFO] [stdout]    |
[INFO] [stdout] 21 | use libp2p_mplex as mplex;
[INFO] [stdout]    |     ^^^^^^^^^^^^^^^^^^^^^ no external crate `libp2p_mplex`
[INFO] [stdout] 
[INFO] [stdout] 
[INFO] [stdout] error[E0432]: unresolved import `libp2p_noise`
[INFO] [stdout]   --> tests/util.rs:22:5
[INFO] [stdout]    |
[INFO] [stdout] 22 | use libp2p_noise as noise;
[INFO] [stdout]    |     ^^^^^^^^^^^^^^^^^^^^^ no external crate `libp2p_noise`
[INFO] [stdout] 
[INFO] [stdout] 
[INFO] [stdout] error[E0432]: unresolved import `libp2p_tcp`
[INFO] [stdout]   --> tests/util.rs:23:5
[INFO] [stdout]    |
[INFO] [stdout] 23 | use libp2p_tcp as tcp;
[INFO] [stdout]    |     ^^^^^^^^^^^^^^^^^ no external crate `libp2p_tcp`
[INFO] [stdout] 
[INFO] [stdout] 
[INFO] [stdout] error: aborting due to 3 previous errors; 1 warning emitted
[INFO] [stdout] 
[INFO] [stdout] 
[INFO] [stdout] For more information about this error, try `rustc --explain E0432`.
[INFO] [stdout] 
[INFO] [stderr] error: could not compile `fluence-fork-libp2p-core` due to 4 previous errors; 1 warning emitted
[INFO] [stderr] warning: build failed, waiting for other jobs to finish...
[INFO] [stdout] error[E0432]: unresolved import `libp2p_mplex`
[INFO] [stdout]   --> tests/util.rs:21:5
[INFO] [stdout]    |
[INFO] [stdout] 21 | use libp2p_mplex as mplex;
[INFO] [stdout]    |     ^^^^^^^^^^^^^^^^^^^^^ no external crate `libp2p_mplex`
[INFO] [stdout] 
[INFO] [stdout] 
[INFO] [stdout] error[E0432]: unresolved import `libp2p_noise`
[INFO] [stdout]   --> tests/util.rs:22:5
[INFO] [stdout]    |
[INFO] [stdout] 22 | use libp2p_noise as noise;
[INFO] [stdout]    |     ^^^^^^^^^^^^^^^^^^^^^ no external crate `libp2p_noise`
[INFO] [stdout] 
[INFO] [stdout] 
[INFO] [stdout] error[E0432]: unresolved import `libp2p_mplex`
[INFO] [stdout]   --> tests/util.rs:21:5
[INFO] [stdout]    |
[INFO] [stdout] 21 | use libp2p_mplex as mplex;
[INFO] [stdout]    |     ^^^^^^^^^^^^^^^^^^^^^ no external crate `libp2p_mplex`
[INFO] [stdout] 
[INFO] [stdout] 
[INFO] [stdout] error[E0432]: unresolved import `libp2p_tcp`
[INFO] [stdout]   --> tests/util.rs:23:5
[INFO] [stdout]    |
[INFO] [stdout] 23 | use libp2p_tcp as tcp;
[INFO] [stdout]    |     ^^^^^^^^^^^^^^^^^ no external crate `libp2p_tcp`
[INFO] [stdout] 
[INFO] [stdout] 
[INFO] [stdout] error[E0432]: unresolved import `libp2p_noise`
[INFO] [stdout]   --> tests/util.rs:22:5
[INFO] [stdout]    |
[INFO] [stdout] 22 | use libp2p_noise as noise;
[INFO] [stdout]    |     ^^^^^^^^^^^^^^^^^^^^^ no external crate `libp2p_noise`
[INFO] [stdout] 
[INFO] [stdout] 
[INFO] [stdout] error[E0432]: unresolved import `libp2p_mplex`
[INFO] [stdout]   --> tests/transport_upgrade.rs:27:5
[INFO] [stdout]    |
[INFO] [stdout] 27 | use libp2p_mplex::MplexConfig;
[INFO] [stdout]    |     ^^^^^^^^^^^^ use of undeclared crate or module `libp2p_mplex`
[INFO] [stdout]    |
[INFO] [stdout] help: there is a crate or module with a similar name
[INFO] [stdout]    |
[INFO] [stdout] 27 | use libp2p_core::MplexConfig;
[INFO] [stdout]    |     ~~~~~~~~~~~
[INFO] [stdout] 
[INFO] [stdout] 
[INFO] [stdout] error[E0432]: unresolved import `libp2p_tcp`
[INFO] [stdout]   --> tests/util.rs:23:5
[INFO] [stdout]    |
[INFO] [stdout] 23 | use libp2p_tcp as tcp;
[INFO] [stdout]    |     ^^^^^^^^^^^^^^^^^ no external crate `libp2p_tcp`
[INFO] [stdout] 
[INFO] [stdout] 
[INFO] [stdout] error[E0432]: unresolved import `libp2p_noise`
[INFO] [stdout]   --> tests/transport_upgrade.rs:28:5
[INFO] [stdout]    |
[INFO] [stdout] 28 | use libp2p_noise as noise;
[INFO] [stdout]    |     ^^^^^^^^^^^^^^^^^^^^^ no external crate `libp2p_noise`
[INFO] [stdout] 
[INFO] [stdout] 
[INFO] [stdout] warning: unused import: `Transport`
[INFO] [stdout]  --> tests/util.rs:8:5
[INFO] [stdout]   |
[INFO] [stdout] 8 |     Transport,
[INFO] [stdout]   |     ^^^^^^^^^
[INFO] [stdout]   |
[INFO] [stdout]   = note: `#[warn(unused_imports)]` on by default
[INFO] [stdout] 
[INFO] [stdout] 
[INFO] [stdout] warning: unused import: `Transport`
[INFO] [stdout]  --> tests/util.rs:8:5
[INFO] [stdout]   |
[INFO] [stdout] 8 |     Transport,
[INFO] [stdout]   |     ^^^^^^^^^
[INFO] [stdout]   |
[INFO] [stdout]   = note: `#[warn(unused_imports)]` on by default
[INFO] [stdout] 
[INFO] [stdout] 
[INFO] [stdout] error: aborting due to 3 previous errors; 1 warning emitted
[INFO] [stdout] 
[INFO] [stdout] 
[INFO] [stdout] For more information about this error, try `rustc --explain E0432`.
[INFO] [stdout] 
[INFO] [stdout] error: aborting due to 3 previous errors; 1 warning emitted
[INFO] [stdout] 
[INFO] [stdout] 
[INFO] [stdout] For more information about this error, try `rustc --explain E0432`.
[INFO] [stdout] 
[INFO] [stderr] error: could not compile `fluence-fork-libp2p-core` due to 4 previous errors; 1 warning emitted
[INFO] [stderr] error: could not compile `fluence-fork-libp2p-core` due to 4 previous errors; 1 warning emitted
[INFO] [stdout] warning: unused import: `Transport`
[INFO] [stdout]  --> tests/util.rs:8:5
[INFO] [stdout]   |
[INFO] [stdout] 8 |     Transport,
[INFO] [stdout]   |     ^^^^^^^^^
[INFO] [stdout]   |
[INFO] [stdout]   = note: `#[warn(unused_imports)]` on by default
[INFO] [stdout] 
[INFO] [stdout] 
[INFO] [stdout] error: aborting due to 5 previous errors; 1 warning emitted
[INFO] [stdout] 
[INFO] [stdout] 
[INFO] [stdout] For more information about this error, try `rustc --explain E0432`.
[INFO] [stdout] 
[INFO] [stderr] error: could not compile `fluence-fork-libp2p-core` due to 6 previous errors; 1 warning emitted
[INFO] [stdout] warning: field `marker` is never read
[INFO] [stdout]    --> src/transport/and_then.rs:142:5
[INFO] [stdout]     |
[INFO] [stdout] 139 | pub struct AndThenFuture<TFut, TMap, TMapOut> {
[INFO] [stdout]     |            ------------- field in this struct
[INFO] [stdout] ...
[INFO] [stdout] 142 |     marker: PhantomPinned,
[INFO] [stdout]     |     ^^^^^^
[INFO] [stdout]     |
[INFO] [stdout]     = note: `AndThenFuture` has a derived impl for the trait `Debug`, but this is intentionally ignored during dead code analysis
[INFO] [stdout]     = note: `#[warn(dead_code)]` on by default
[INFO] [stdout] 
[INFO] [stdout] 
[INFO] [stdout] warning: 1 warning emitted
[INFO] [stdout] 
[INFO] [stdout] 
[INFO] running `Command { std: "docker" "inspect" "8716f2712b230231fb5027d29da2ce3f59155840c447bc283f60aadc6a992eef", kill_on_drop: false }`
[INFO] running `Command { std: "docker" "rm" "-f" "8716f2712b230231fb5027d29da2ce3f59155840c447bc283f60aadc6a992eef", kill_on_drop: false }`
[INFO] [stdout] 8716f2712b230231fb5027d29da2ce3f59155840c447bc283f60aadc6a992eef
