[INFO] fetching crate flowrstructs 0.34.6...
[INFO] testing flowrstructs-0.34.6 against 1.69.0 for beta-1.70-1
[INFO] extracting crate flowrstructs 0.34.6 into /workspace/builds/worker-1-tc1/source
[INFO] validating manifest of crates.io crate flowrstructs 0.34.6 on toolchain 1.69.0
[INFO] running `Command { std: CARGO_HOME="/workspace/cargo-home" RUSTUP_HOME="/workspace/rustup-home" "/workspace/cargo-home/bin/cargo" "+1.69.0" "metadata" "--manifest-path" "Cargo.toml" "--no-deps", kill_on_drop: false }`
[INFO] started tweaking crates.io crate flowrstructs 0.34.6
[INFO] finished tweaking crates.io crate flowrstructs 0.34.6
[INFO] tweaked toml for crates.io crate flowrstructs 0.34.6 written to /workspace/builds/worker-1-tc1/source/Cargo.toml
[INFO] running `Command { std: CARGO_HOME="/workspace/cargo-home" RUSTUP_HOME="/workspace/rustup-home" __CARGO_TEST_CHANNEL_OVERRIDE_DO_NOT_USE_THIS="nightly" "/workspace/cargo-home/bin/cargo" "+1.69.0" "generate-lockfile" "--manifest-path" "Cargo.toml" "-Zno-index-update", kill_on_drop: false }`
[INFO] running `Command { std: CARGO_HOME="/workspace/cargo-home" RUSTUP_HOME="/workspace/rustup-home" "/workspace/cargo-home/bin/cargo" "+1.69.0" "fetch" "--manifest-path" "Cargo.toml", kill_on_drop: false }`
[INFO] [stderr]  Downloading crates ...
[INFO] [stderr]   Downloaded flow_impl v0.21.0
[INFO] [stderr]   Downloaded simpath v2.2.1
[INFO] [stderr]   Downloaded provider v0.34.7
[INFO] running `Command { std: "docker" "create" "-v" "/var/lib/crater-agent-workspace/builds/worker-1-tc1/target:/opt/rustwide/target:rw,Z" "-v" "/var/lib/crater-agent-workspace/builds/worker-1-tc1/source:/opt/rustwide/workdir:ro,Z" "-v" "/var/lib/crater-agent-workspace/cargo-home:/opt/rustwide/cargo-home:ro,Z" "-v" "/var/lib/crater-agent-workspace/rustup-home:/opt/rustwide/rustup-home:ro,Z" "-e" "SOURCE_DIR=/opt/rustwide/workdir" "-e" "CARGO_TARGET_DIR=/opt/rustwide/target" "-e" "CARGO_HOME=/opt/rustwide/cargo-home" "-e" "RUSTUP_HOME=/opt/rustwide/rustup-home" "-w" "/opt/rustwide/workdir" "-m" "1610612736" "--user" "0:0" "--network" "none" "ghcr.io/rust-lang/crates-build-env/linux@sha256:5ff2268d62e97bff2cde7d5815dd6ed5b47097566f13b8d0ca110b04b60e07ed" "/opt/rustwide/cargo-home/bin/cargo" "+1.69.0" "metadata" "--no-deps" "--format-version=1", kill_on_drop: false }`
[INFO] [stdout] eed231b92af0266db1b52e7a665e1966df069c0575238656e7caf9bceb13a3ff
[INFO] running `Command { std: "docker" "start" "-a" "eed231b92af0266db1b52e7a665e1966df069c0575238656e7caf9bceb13a3ff", kill_on_drop: false }`
[INFO] running `Command { std: "docker" "inspect" "eed231b92af0266db1b52e7a665e1966df069c0575238656e7caf9bceb13a3ff", kill_on_drop: false }`
[INFO] running `Command { std: "docker" "rm" "-f" "eed231b92af0266db1b52e7a665e1966df069c0575238656e7caf9bceb13a3ff", kill_on_drop: false }`
[INFO] [stdout] eed231b92af0266db1b52e7a665e1966df069c0575238656e7caf9bceb13a3ff
[INFO] running `Command { std: "docker" "create" "-v" "/var/lib/crater-agent-workspace/builds/worker-1-tc1/target:/opt/rustwide/target:rw,Z" "-v" "/var/lib/crater-agent-workspace/builds/worker-1-tc1/source:/opt/rustwide/workdir:ro,Z" "-v" "/var/lib/crater-agent-workspace/cargo-home:/opt/rustwide/cargo-home:ro,Z" "-v" "/var/lib/crater-agent-workspace/rustup-home:/opt/rustwide/rustup-home:ro,Z" "-e" "SOURCE_DIR=/opt/rustwide/workdir" "-e" "CARGO_TARGET_DIR=/opt/rustwide/target" "-e" "CARGO_INCREMENTAL=0" "-e" "RUST_BACKTRACE=full" "-e" "RUSTFLAGS=--cap-lints=warn" "-e" "RUSTDOCFLAGS=--cap-lints=warn" "-e" "CARGO_HOME=/opt/rustwide/cargo-home" "-e" "RUSTUP_HOME=/opt/rustwide/rustup-home" "-w" "/opt/rustwide/workdir" "-m" "1610612736" "--user" "0:0" "--network" "none" "ghcr.io/rust-lang/crates-build-env/linux@sha256:5ff2268d62e97bff2cde7d5815dd6ed5b47097566f13b8d0ca110b04b60e07ed" "/opt/rustwide/cargo-home/bin/cargo" "+1.69.0" "build" "--frozen" "--message-format=json", kill_on_drop: false }`
[INFO] [stdout] 045c05977b2329d19f77b4cdba2c3ec9bd6fd87a8674420caaf602ac1d02be12
[INFO] running `Command { std: "docker" "start" "-a" "045c05977b2329d19f77b4cdba2c3ec9bd6fd87a8674420caaf602ac1d02be12", kill_on_drop: false }`
[INFO] [stderr]    Compiling pkg-config v0.3.26
[INFO] [stderr]    Compiling libc v0.2.142
[INFO] [stderr]    Compiling serde_derive v1.0.160
[INFO] [stderr]    Compiling serde v1.0.160
[INFO] [stderr]    Compiling tinyvec_macros v0.1.1
[INFO] [stderr]    Compiling curl v0.4.44
[INFO] [stderr]    Compiling syn v2.0.15
[INFO] [stderr]    Compiling matches v0.1.10
[INFO] [stderr]    Compiling tinyvec v1.6.0
[INFO] [stderr]    Compiling version_check v0.9.4
[INFO] [stderr]    Compiling unicode-bidi v0.3.13
[INFO] [stderr]    Compiling percent-encoding v2.2.0
[INFO] [stderr]    Compiling error-chain v0.12.4
[INFO] [stderr]    Compiling form_urlencoded v1.1.0
[INFO] [stderr]    Compiling log v0.4.17
[INFO] [stderr]    Compiling openssl-probe v0.1.5
[INFO] [stderr]    Compiling serde_json v1.0.96
[INFO] [stderr]    Compiling libz-sys v1.1.9
[INFO] [stderr]    Compiling openssl-sys v0.9.87
[INFO] [stderr]    Compiling curl-sys v0.4.61+curl-8.0.1
[INFO] [stderr]    Compiling unicode-normalization v0.1.22
[INFO] [stderr]    Compiling ryu v1.0.13
[INFO] [stderr]    Compiling itoa v1.0.6
[INFO] [stderr]    Compiling socket2 v0.4.9
[INFO] [stderr]    Compiling idna v0.2.3
[INFO] [stderr]    Compiling backtrace v0.3.67
[INFO] [stderr]    Compiling url v2.2.2
[INFO] [stderr]    Compiling simpath v2.2.1
[INFO] [stderr]    Compiling provider v0.34.7
[INFO] [stderr]    Compiling flow_impl v0.21.0
[INFO] [stderr]    Compiling flowrstructs v0.34.6 (/opt/rustwide/workdir)
[INFO] [stdout] error[E0432]: unresolved import `provider::content::provider`
[INFO] [stdout]  --> src/lib_manifest.rs:8:24
[INFO] [stdout]   |
[INFO] [stdout] 8 | use provider::content::provider::Provider;
[INFO] [stdout]   |                        ^^^^^^^^ could not find `provider` in `content`
[INFO] [stdout] 
[INFO] [stdout] 
[INFO] [stdout] error[E0432]: unresolved import `provider::content::provider`
[INFO] [stdout]  --> src/manifest.rs:5:24
[INFO] [stdout]   |
[INFO] [stdout] 5 | use provider::content::provider::Provider;
[INFO] [stdout]   |                        ^^^^^^^^ could not find `provider` in `content`
[INFO] [stdout] 
[INFO] [stdout] 
[INFO] [stdout] error[E0603]: module `content` is private
[INFO] [stdout]  --> src/lib_manifest.rs:8:15
[INFO] [stdout]   |
[INFO] [stdout] 8 | use provider::content::provider::Provider;
[INFO] [stdout]   |               ^^^^^^^ private module
[INFO] [stdout]   |
[INFO] [stdout] note: the module `content` is defined here
[INFO] [stdout]  --> /opt/rustwide/cargo-home/registry/src/github.com-1ecc6299db9ec823/provider-0.34.7/src/lib.rs:8:1
[INFO] [stdout]   |
[INFO] [stdout] 8 | mod content;
[INFO] [stdout]   | ^^^^^^^^^^^
[INFO] [stdout] 
[INFO] [stdout] 
[INFO] [stdout] error[E0603]: module `content` is private
[INFO] [stdout]  --> src/manifest.rs:5:15
[INFO] [stdout]   |
[INFO] [stdout] 5 | use provider::content::provider::Provider;
[INFO] [stdout]   |               ^^^^^^^ private module
[INFO] [stdout]   |
[INFO] [stdout] note: the module `content` is defined here
[INFO] [stdout]  --> /opt/rustwide/cargo-home/registry/src/github.com-1ecc6299db9ec823/provider-0.34.7/src/lib.rs:8:1
[INFO] [stdout]   |
[INFO] [stdout] 8 | mod content;
[INFO] [stdout]   | ^^^^^^^^^^^
[INFO] [stdout] 
[INFO] [stdout] 
[INFO] [stdout] warning: unused attribute `doc`
[INFO] [stdout]   --> src/lib.rs:26:1
[INFO] [stdout]    |
[INFO] [stdout] 26 | #[doc(hidden)]
[INFO] [stdout]    | ^^^^^^^^^^^^^^
[INFO] [stdout]    |
[INFO] [stdout] note: the built-in attribute `doc` will be ignored, since it's applied to the macro invocation `error_chain`
[INFO] [stdout]   --> src/lib.rs:27:1
[INFO] [stdout]    |
[INFO] [stdout] 27 | error_chain! {
[INFO] [stdout]    | ^^^^^^^^^^^
[INFO] [stdout]    = note: `#[warn(unused_attributes)]` on by default
[INFO] [stdout] 
[INFO] [stdout] 
[INFO] [stdout] error: aborting due to 4 previous errors; 1 warning emitted
[INFO] [stdout] 
[INFO] [stdout] 
[INFO] [stdout] Some errors have detailed explanations: E0432, E0603.
[INFO] [stdout] 
[INFO] [stdout] For more information about an error, try `rustc --explain E0432`.
[INFO] [stdout] 
[INFO] [stderr] error: could not compile `flowrstructs` due to 5 previous errors; 1 warning emitted
[INFO] [stderr] warning: build failed, waiting for other jobs to finish...
[INFO] running `Command { std: "docker" "inspect" "045c05977b2329d19f77b4cdba2c3ec9bd6fd87a8674420caaf602ac1d02be12", kill_on_drop: false }`
[INFO] running `Command { std: "docker" "rm" "-f" "045c05977b2329d19f77b4cdba2c3ec9bd6fd87a8674420caaf602ac1d02be12", kill_on_drop: false }`
[INFO] [stdout] 045c05977b2329d19f77b4cdba2c3ec9bd6fd87a8674420caaf602ac1d02be12
